[INFO] fetching crate enum_vec 0.3.1...
[INFO] testing enum_vec-0.3.1 against 1.54.0 for beta-1.55-1
[INFO] extracting crate enum_vec 0.3.1 into /workspace/builds/worker-0/source
[INFO] validating manifest of crates.io crate enum_vec 0.3.1 on toolchain 1.54.0
[INFO] running `Command { std: "/workspace/cargo-home/bin/cargo" "+1.54.0" "metadata" "--manifest-path" "Cargo.toml" "--no-deps", kill_on_drop: false }`
[INFO] started tweaking crates.io crate enum_vec 0.3.1
[INFO] finished tweaking crates.io crate enum_vec 0.3.1
[INFO] tweaked toml for crates.io crate enum_vec 0.3.1 written to /workspace/builds/worker-0/source/Cargo.toml
[INFO] running `Command { std: "/workspace/cargo-home/bin/cargo" "+1.54.0" "generate-lockfile" "--manifest-path" "Cargo.toml" "-Zno-index-update", kill_on_drop: false }`
[INFO] running `Command { std: "/workspace/cargo-home/bin/cargo" "+1.54.0" "fetch" "--manifest-path" "Cargo.toml", kill_on_drop: false }`
[INFO] [stderr]     Blocking waiting for file lock on package cache
[INFO] running `Command { std: "docker" "create" "-v" "/var/lib/crater-agent-workspace/builds/worker-0/target:/opt/rustwide/target:rw,Z" "-v" "/var/lib/crater-agent-workspace/builds/worker-0/source:/opt/rustwide/workdir:ro,Z" "-v" "/var/lib/crater-agent-workspace/cargo-home:/opt/rustwide/cargo-home:ro,Z" "-v" "/var/lib/crater-agent-workspace/rustup-home:/opt/rustwide/rustup-home:ro,Z" "-e" "SOURCE_DIR=/opt/rustwide/workdir" "-e" "CARGO_TARGET_DIR=/opt/rustwide/target" "-e" "CARGO_HOME=/opt/rustwide/cargo-home" "-e" "RUSTUP_HOME=/opt/rustwide/rustup-home" "-w" "/opt/rustwide/workdir" "-m" "1610612736" "--user" "0:0" "--network" "none" "ghcr.io/rust-lang/crates-build-env/linux@sha256:34b6a614d2c27851fe6cbf88fbd1137609cefab8b10d0615aaeb6fd47975d74e" "/opt/rustwide/cargo-home/bin/cargo" "+1.54.0" "metadata" "--no-deps" "--format-version=1", kill_on_drop: false }`
[INFO] [stdout] ad5d59ead1be64bf56f076f538dc45921e13ada15c3a356fe298e5cb0917fb8e
[INFO] [stderr] WARNING: Your kernel does not support swap limit capabilities or the cgroup is not mounted. Memory limited without swap.
[INFO] running `Command { std: "docker" "start" "-a" "ad5d59ead1be64bf56f076f538dc45921e13ada15c3a356fe298e5cb0917fb8e", kill_on_drop: false }`
[INFO] running `Command { std: "docker" "inspect" "ad5d59ead1be64bf56f076f538dc45921e13ada15c3a356fe298e5cb0917fb8e", kill_on_drop: false }`
[INFO] running `Command { std: "docker" "rm" "-f" "ad5d59ead1be64bf56f076f538dc45921e13ada15c3a356fe298e5cb0917fb8e", kill_on_drop: false }`
[INFO] [stdout] ad5d59ead1be64bf56f076f538dc45921e13ada15c3a356fe298e5cb0917fb8e
[INFO] running `Command { std: "docker" "create" "-v" "/var/lib/crater-agent-workspace/builds/worker-0/target:/opt/rustwide/target:rw,Z" "-v" "/var/lib/crater-agent-workspace/builds/worker-0/source:/opt/rustwide/workdir:ro,Z" "-v" "/var/lib/crater-agent-workspace/cargo-home:/opt/rustwide/cargo-home:ro,Z" "-v" "/var/lib/crater-agent-workspace/rustup-home:/opt/rustwide/rustup-home:ro,Z" "-e" "SOURCE_DIR=/opt/rustwide/workdir" "-e" "CARGO_TARGET_DIR=/opt/rustwide/target" "-e" "CARGO_INCREMENTAL=0" "-e" "RUST_BACKTRACE=full" "-e" "RUSTFLAGS=--cap-lints=warn" "-e" "CARGO_HOME=/opt/rustwide/cargo-home" "-e" "RUSTUP_HOME=/opt/rustwide/rustup-home" "-w" "/opt/rustwide/workdir" "-m" "1610612736" "--user" "0:0" "--network" "none" "ghcr.io/rust-lang/crates-build-env/linux@sha256:34b6a614d2c27851fe6cbf88fbd1137609cefab8b10d0615aaeb6fd47975d74e" "/opt/rustwide/cargo-home/bin/cargo" "+1.54.0" "build" "--frozen" "--message-format=json", kill_on_drop: false }`
[INFO] [stdout] 0eda64cbe5e09756eb3db40fe3fc752212320911b76581404b44d90878fe0ba3
[INFO] [stderr] WARNING: Your kernel does not support swap limit capabilities or the cgroup is not mounted. Memory limited without swap.
[INFO] running `Command { std: "docker" "start" "-a" "0eda64cbe5e09756eb3db40fe3fc752212320911b76581404b44d90878fe0ba3", kill_on_drop: false }`
[INFO] [stderr]    Compiling enum_like v0.2.1
[INFO] [stderr]    Compiling proc-macro2 v0.2.3
[INFO] [stderr]    Compiling quote v0.4.2
[INFO] [stderr]    Compiling syn v0.12.15
[INFO] [stderr]    Compiling enum_like_derive v0.1.0
[INFO] [stderr]    Compiling enum_vec v0.3.1 (/opt/rustwide/workdir)
[INFO] [stdout] warning: missing documentation for macro
[INFO] [stdout]   --> src/lib.rs:19:1
[INFO] [stdout]    |
[INFO] [stdout] 19 | macro_rules! enum_vec {
[INFO] [stdout]    | ^^^^^^^^^^^^^^^^^^^^^
[INFO] [stdout]    |
[INFO] [stdout] note: the lint level is defined here
[INFO] [stdout]   --> src/lib.rs:1:9
[INFO] [stdout]    |
[INFO] [stdout] 1  | #![deny(missing_docs)]
[INFO] [stdout]    |         ^^^^^^^^^^^^
[INFO] [stdout] 
[INFO] [stdout] 
[INFO] [stdout] warning: 1 warning emitted
[INFO] [stdout] 
[INFO] [stdout] 
[INFO] [stderr]     Finished dev [unoptimized + debuginfo] target(s) in 6.56s
[INFO] running `Command { std: "docker" "inspect" "0eda64cbe5e09756eb3db40fe3fc752212320911b76581404b44d90878fe0ba3", kill_on_drop: false }`
[INFO] running `Command { std: "docker" "rm" "-f" "0eda64cbe5e09756eb3db40fe3fc752212320911b76581404b44d90878fe0ba3", kill_on_drop: false }`
[INFO] [stdout] 0eda64cbe5e09756eb3db40fe3fc752212320911b76581404b44d90878fe0ba3
[INFO] running `Command { std: "docker" "create" "-v" "/var/lib/crater-agent-workspace/builds/worker-0/target:/opt/rustwide/target:rw,Z" "-v" "/var/lib/crater-agent-workspace/builds/worker-0/source:/opt/rustwide/workdir:ro,Z" "-v" "/var/lib/crater-agent-workspace/cargo-home:/opt/rustwide/cargo-home:ro,Z" "-v" "/var/lib/crater-agent-workspace/rustup-home:/opt/rustwide/rustup-home:ro,Z" "-e" "SOURCE_DIR=/opt/rustwide/workdir" "-e" "CARGO_TARGET_DIR=/opt/rustwide/target" "-e" "CARGO_INCREMENTAL=0" "-e" "RUST_BACKTRACE=full" "-e" "RUSTFLAGS=--cap-lints=warn" "-e" "CARGO_HOME=/opt/rustwide/cargo-home" "-e" "RUSTUP_HOME=/opt/rustwide/rustup-home" "-w" "/opt/rustwide/workdir" "-m" "1610612736" "--user" "0:0" "--network" "none" "ghcr.io/rust-lang/crates-build-env/linux@sha256:34b6a614d2c27851fe6cbf88fbd1137609cefab8b10d0615aaeb6fd47975d74e" "/opt/rustwide/cargo-home/bin/cargo" "+1.54.0" "test" "--frozen" "--no-run" "--message-format=json", kill_on_drop: false }`
[INFO] [stdout] 238f1ccafa36af8e294df574d8d3f38dddcf5f3ac073873e1f491be7c9eea70c
[INFO] [stderr] WARNING: Your kernel does not support swap limit capabilities or the cgroup is not mounted. Memory limited without swap.
[INFO] running `Command { std: "docker" "start" "-a" "238f1ccafa36af8e294df574d8d3f38dddcf5f3ac073873e1f491be7c9eea70c", kill_on_drop: false }`
[INFO] [stdout] warning: missing documentation for macro
[INFO] [stdout]   --> src/lib.rs:19:1
[INFO] [stdout]    |
[INFO] [stdout] 19 | macro_rules! enum_vec {
[INFO] [stdout]    | ^^^^^^^^^^^^^^^^^^^^^
[INFO] [stdout]    |
[INFO] [stdout] note: the lint level is defined here
[INFO] [stdout]   --> src/lib.rs:1:9
[INFO] [stdout]    |
[INFO] [stdout] 1  | #![deny(missing_docs)]
[INFO] [stdout]    |         ^^^^^^^^^^^^
[INFO] [stdout] 
[INFO] [stdout] 
[INFO] [stderr]    Compiling enum_vec v0.3.1 (/opt/rustwide/workdir)
[INFO] [stdout] warning: 1 warning emitted
[INFO] [stdout] 
[INFO] [stdout] 
[INFO] [stdout] warning: missing documentation for macro
[INFO] [stdout]   --> src/lib.rs:19:1
[INFO] [stdout]    |
[INFO] [stdout] 19 | macro_rules! enum_vec {
[INFO] [stdout]    | ^^^^^^^^^^^^^^^^^^^^^
[INFO] [stdout]    |
[INFO] [stdout] note: the lint level is defined here
[INFO] [stdout]   --> src/lib.rs:1:9
[INFO] [stdout]    |
[INFO] [stdout] 1  | #![deny(missing_docs)]
[INFO] [stdout]    |         ^^^^^^^^^^^^
[INFO] [stdout] 
[INFO] [stdout] 
[INFO] [stdout] warning: 1 warning emitted
[INFO] [stdout] 
[INFO] [stdout] 
[INFO] [stderr]     Finished test [unoptimized + debuginfo] target(s) in 2.20s
[INFO] running `Command { std: "docker" "inspect" "238f1ccafa36af8e294df574d8d3f38dddcf5f3ac073873e1f491be7c9eea70c", kill_on_drop: false }`
[INFO] running `Command { std: "docker" "rm" "-f" "238f1ccafa36af8e294df574d8d3f38dddcf5f3ac073873e1f491be7c9eea70c", kill_on_drop: false }`
[INFO] [stdout] 238f1ccafa36af8e294df574d8d3f38dddcf5f3ac073873e1f491be7c9eea70c
[INFO] running `Command { std: "docker" "create" "-v" "/var/lib/crater-agent-workspace/builds/worker-0/target:/opt/rustwide/target:rw,Z" "-v" "/var/lib/crater-agent-workspace/builds/worker-0/source:/opt/rustwide/workdir:ro,Z" "-v" "/var/lib/crater-agent-workspace/cargo-home:/opt/rustwide/cargo-home:ro,Z" "-v" "/var/lib/crater-agent-workspace/rustup-home:/opt/rustwide/rustup-home:ro,Z" "-e" "SOURCE_DIR=/opt/rustwide/workdir" "-e" "CARGO_TARGET_DIR=/opt/rustwide/target" "-e" "CARGO_INCREMENTAL=0" "-e" "RUST_BACKTRACE=full" "-e" "RUSTFLAGS=--cap-lints=warn" "-e" "CARGO_HOME=/opt/rustwide/cargo-home" "-e" "RUSTUP_HOME=/opt/rustwide/rustup-home" "-w" "/opt/rustwide/workdir" "-m" "1610612736" "--user" "0:0" "--network" "none" "ghcr.io/rust-lang/crates-build-env/linux@sha256:34b6a614d2c27851fe6cbf88fbd1137609cefab8b10d0615aaeb6fd47975d74e" "/opt/rustwide/cargo-home/bin/cargo" "+1.54.0" "test" "--frozen", kill_on_drop: false }`
[INFO] [stdout] 8bebd3dfa5e6a11099e0f3747c9dcd321e2ed5cdda9e20bf893f8e3ae0aebae3
[INFO] [stderr] WARNING: Your kernel does not support swap limit capabilities or the cgroup is not mounted. Memory limited without swap.
[INFO] running `Command { std: "docker" "start" "-a" "8bebd3dfa5e6a11099e0f3747c9dcd321e2ed5cdda9e20bf893f8e3ae0aebae3", kill_on_drop: false }`
[INFO] [stderr] warning: missing documentation for macro
[INFO] [stderr]   --> src/lib.rs:19:1
[INFO] [stderr]    |
[INFO] [stderr] 19 | macro_rules! enum_vec {
[INFO] [stderr]    | ^^^^^^^^^^^^^^^^^^^^^
[INFO] [stderr]    |
[INFO] [stderr] note: the lint level is defined here
[INFO] [stderr]   --> src/lib.rs:1:9
[INFO] [stderr]    |
[INFO] [stderr] 1  | #![deny(missing_docs)]
[INFO] [stderr]    |         ^^^^^^^^^^^^
[INFO] [stderr] 
[INFO] [stderr] warning: 1 warning emitted
[INFO] [stderr] 
[INFO] [stderr] warning: missing documentation for macro
[INFO] [stderr]   --> src/lib.rs:19:1
[INFO] [stderr]    |
[INFO] [stderr] 19 | macro_rules! enum_vec {
[INFO] [stderr]    | ^^^^^^^^^^^^^^^^^^^^^
[INFO] [stderr]    |
[INFO] [stderr] note: the lint level is defined here
[INFO] [stderr]   --> src/lib.rs:1:9
[INFO] [stderr]    |
[INFO] [stderr] 1  | #![deny(missing_docs)]
[INFO] [stderr]    |         ^^^^^^^^^^^^
[INFO] [stderr] 
[INFO] [stderr] warning: 1 warning emitted
[INFO] [stderr] 
[INFO] [stderr]     Finished test [unoptimized + debuginfo] target(s) in 0.01s
[INFO] [stderr]      Running unittests (/opt/rustwide/target/debug/deps/enum_vec-5f81b1fac1f00cdb)
[INFO] [stdout] 
[INFO] [stdout] running 70 tests
[INFO] [stdout] test vec_u128::tests::any_magic_constants ... ok
[INFO] [stdout] test vec_u128::tests::digit_test ... ok
[INFO] [stdout] test vec_u128::tests::clone_push_segfault ... ok
[INFO] [stdout] test vec_u128::tests::get_set ... ok
[INFO] [stdout] test vec_u128::tests::insert_remove ... ok
[INFO] [stdout] test vec_u128::tests::option_abc ... ok
[INFO] [stdout] test vec_u128::tests::macro_enum_vec ... ok
[INFO] [stdout] test vec_u128::tests::reserve_modifies_storage ... ok
[INFO] [stdout] test vec_u128::tests::storage_resize ... ok
[INFO] [stdout] test vec_u128::tests::two_digit_test ... ok
[INFO] [stdout] test vec_u16::tests::abc_push_pop ... ok
[INFO] [stdout] test vec_u16::tests::any_magic_constants ... ok
[INFO] [stdout] test vec_u16::tests::clone_push_segfault ... ok
[INFO] [stdout] test vec_u16::tests::digit_test ... ok
[INFO] [stdout] test vec_u16::tests::digit_uses_4_bits ... ok
[INFO] [stdout] test vec_u16::tests::from_vec ... ok
[INFO] [stdout] test vec_u16::tests::insert_remove ... ok
[INFO] [stdout] test vec_u16::tests::option_abc ... ok
[INFO] [stdout] test vec_u16::tests::storage_resize ... ok
[INFO] [stdout] test vec_u16::tests::reserve_modifies_storage ... ok
[INFO] [stdout] test vec_u32::tests::abc_push_pop ... ok
[INFO] [stdout] test vec_u32::tests::any_magic_constants ... ok
[INFO] [stdout] test vec_u16::tests::two_digit_test ... ok
[INFO] [stdout] test vec_u32::tests::get_set ... ok
[INFO] [stdout] test vec_u32::tests::insert_remove ... ok
[INFO] [stdout] test vec_u32::tests::option_abc ... ok
[INFO] [stdout] test vec_u32::tests::reserve_modifies_storage ... ok
[INFO] [stdout] test vec_u32::tests::macro_enum_vec ... ok
[INFO] [stdout] test vec_u32::tests::two_digit_test ... ok
[INFO] [stdout] test vec_u32::tests::storage_resize ... ok
[INFO] [stdout] test vec_u64::tests::abc_push_pop ... ok
[INFO] [stdout] test vec_u64::tests::any_magic_constants ... ok
[INFO] [stdout] test vec_u64::tests::clone_push_segfault ... ok
[INFO] [stdout] test vec_u128::tests::digit_uses_4_bits ... ok
[INFO] [stdout] test vec_u64::tests::digit_uses_4_bits ... ok
[INFO] [stdout] test vec_u64::tests::from_vec ... ok
[INFO] [stdout] test vec_u64::tests::get_set ... ok
[INFO] [stdout] test vec_u64::tests::macro_enum_vec ... ok
[INFO] [stdout] test vec_u64::tests::option_abc ... ok
[INFO] [stdout] test vec_u64::tests::reserve_modifies_storage ... ok
[INFO] [stdout] test vec_u64::tests::storage_resize ... ok
[INFO] [stdout] test vec_u64::tests::two_digit_test ... ok
[INFO] [stdout] test vec_u128::tests::abc_push_pop ... ok
[INFO] [stdout] test vec_u8::tests::abc_push_pop ... ok
[INFO] [stdout] test vec_u8::tests::any_magic_constants ... ok
[INFO] [stdout] test vec_u8::tests::clone_push_segfault ... ok
[INFO] [stdout] test vec_u8::tests::digit_test ... ok
[INFO] [stdout] test vec_u128::tests::false_positive_any_all ... ok
[INFO] [stdout] test vec_u8::tests::digit_uses_4_bits ... ok
[INFO] [stdout] test vec_u128::tests::from_vec ... ok
[INFO] [stdout] test vec_u32::tests::digit_test ... ok
[INFO] [stdout] test vec_u32::tests::digit_uses_4_bits ... ok
[INFO] [stdout] test vec_u64::tests::digit_test ... ok
[INFO] [stdout] test vec_u8::tests::get_set ... ok
[INFO] [stdout] test vec_u16::tests::get_set ... ok
[INFO] [stdout] test vec_u8::tests::insert_remove ... ok
[INFO] [stdout] test vec_u8::tests::option_abc ... ok
[INFO] [stdout] test vec_u8::tests::macro_enum_vec ... ok
[INFO] [stdout] test vec_u8::tests::two_digit_test ... ok
[INFO] [stdout] test vec_u64::tests::false_positive_any_all ... ok
[INFO] [stdout] test vec_u32::tests::clone_push_segfault ... ok
[INFO] [stdout] test vec_u32::tests::from_vec ... ok
[INFO] [stdout] test vec_u64::tests::insert_remove ... ok
[INFO] [stdout] test vec_u8::tests::from_vec ... ok
[INFO] [stdout] test vec_u8::tests::storage_resize ... ok
[INFO] [stdout] test vec_u8::tests::reserve_modifies_storage ... ok
[INFO] [stdout] test vec_u16::tests::macro_enum_vec ... ok
[INFO] [stdout] test vec_u32::tests::false_positive_any_all ... ok
[INFO] [stdout] test vec_u16::tests::false_positive_any_all ... ok
[INFO] [stderr]    Doc-tests enum_vec
[INFO] [stdout] test vec_u8::tests::false_positive_any_all ... ok
[INFO] [stdout] 
[INFO] [stdout] test result: ok. 70 passed; 0 failed; 0 ignored; 0 measured; 0 filtered out; finished in 0.04s
[INFO] [stdout] 
[INFO] [stdout] 
[INFO] [stdout] running 85 tests
[INFO] [stdout] test src/vec_u128/mod.rs - vec_u128::EnumVec<T>::capacity (line 97) ... ok
[INFO] [stdout] test src/vec_u128/mod.rs - vec_u128::EnumVec<T>::all (line 820) ... ok
[INFO] [stdout] test src/vec_u128/mod.rs - vec_u128::EnumVec<T>::storage_mut (line 707) ... ok
[INFO] [stdout] test src/vec_u128/mod.rs - vec_u128::EnumVec<T>::push (line 346) ... ok
[INFO] [stdout] test src/vec_u128/mod.rs - vec_u128::EnumVec<T>::extend_with_value (line 473) ... ok
[INFO] [stdout] test src/vec_u128/mod.rs - vec_u128::EnumVec<T>::remove (line 255) ... FAILED
[INFO] [stdout] test src/vec_u128/mod.rs - vec_u128::EnumVec<T>::clear (line 414) ... ok
[INFO] [stdout] test src/vec_u128/mod.rs - vec_u128::EnumVec<T>::retain (line 315) ... ok
[INFO] [stdout] test src/vec_u128/mod.rs - vec_u128::EnumVec<T>::from_slice (line 676) ... ok
[INFO] [stdout] test src/vec_u128/mod.rs - vec_u128::EnumVec<T>::append (line 377) ... ok
[INFO] [stdout] test src/vec_u128/mod.rs - vec_u128::EnumVec<T>::swap_remove (line 164) ... ok
[INFO] [stdout] test src/vec_u128/mod.rs - vec_u128::EnumVec<T>::storage (line 694) ... ok
[INFO] [stdout] test src/vec_u128/mod.rs - vec_u128::EnumVec<T>::for_each (line 621) ... ok
[INFO] [stdout] test src/vec_u128/mod.rs - vec_u128::EnumVec<T>::insert (line 183) ... ok
[INFO] [stdout] test src/vec_u128/mod.rs - vec_u128::EnumVec<T>::reserve (line 116) ... ok
[INFO] [stdout] test src/vec_u128/mod.rs - vec_u128::EnumVec<T>::any (line 736) ... ok
[INFO] [stdout] test src/vec_u16/mod.rs - vec_u16::EnumVec<T>::clear (line 414) ... ok
[INFO] [stdout] test src/vec_u16/mod.rs - vec_u16::EnumVec<T>::capacity (line 97) ... ok
[INFO] [stdout] test src/vec_u16/mod.rs - vec_u16::EnumVec<T>::for_each (line 621) ... ok
[INFO] [stdout] test src/vec_u16/mod.rs - vec_u16::EnumVec<T>::extend_with_value (line 473) ... ok
[INFO] [stdout] test src/vec_u128/mod.rs - vec_u128::EnumVec<T>::to_vec (line 652) ... ok
[INFO] [stdout] test src/vec_u16/mod.rs - vec_u16::EnumVec<T>::insert (line 183) ... ok
[INFO] [stdout] test src/vec_u16/mod.rs - vec_u16::EnumVec<T>::append (line 377) ... ok
[INFO] [stdout] test src/vec_u16/mod.rs - vec_u16::EnumVec<T>::from_slice (line 676) ... ok
[INFO] [stdout] test src/vec_u16/mod.rs - vec_u16::EnumVec<T>::any (line 736) ... ok
[INFO] [stdout] test src/vec_u16/mod.rs - vec_u16::EnumVec<T>::push (line 346) ... ok
[INFO] [stdout] test src/vec_u16/mod.rs - vec_u16::EnumVec<T>::all (line 820) ... ok
[INFO] [stdout] test src/vec_u16/mod.rs - vec_u16::EnumVec<T>::retain (line 315) ... ok
[INFO] [stdout] test src/vec_u16/mod.rs - vec_u16::EnumVec<T>::reserve (line 116) ... ok
[INFO] [stdout] test src/vec_u16/mod.rs - vec_u16::EnumVec<T>::remove (line 255) ... FAILED
[INFO] [stdout] test src/vec_u16/mod.rs - vec_u16::EnumVec<T>::storage_mut (line 707) ... ok
[INFO] [stdout] test src/vec_u16/mod.rs - vec_u16::EnumVec<T>::storage (line 694) ... ok
[INFO] [stdout] test src/vec_u32/mod.rs - vec_u32::EnumVec<T>::any (line 736) ... ok
[INFO] [stdout] test src/vec_u16/mod.rs - vec_u16::EnumVec<T>::swap_remove (line 164) ... ok
[INFO] [stdout] test src/vec_u32/mod.rs - vec_u32::EnumVec<T>::all (line 820) ... ok
[INFO] [stdout] test src/vec_u16/mod.rs - vec_u16::EnumVec<T>::to_vec (line 652) ... ok
[INFO] [stdout] test src/vec_u32/mod.rs - vec_u32::EnumVec<T>::from_slice (line 676) ... ok
[INFO] [stdout] test src/vec_u32/mod.rs - vec_u32::EnumVec<T>::for_each (line 621) ... ok
[INFO] [stdout] test src/vec_u32/mod.rs - vec_u32::EnumVec<T>::clear (line 414) ... ok
[INFO] [stdout] test src/vec_u32/mod.rs - vec_u32::EnumVec<T>::append (line 377) ... ok
[INFO] [stdout] test src/vec_u32/mod.rs - vec_u32::EnumVec<T>::capacity (line 97) ... ok
[INFO] [stdout] test src/vec_u32/mod.rs - vec_u32::EnumVec<T>::reserve (line 116) ... ok
[INFO] [stdout] test src/vec_u32/mod.rs - vec_u32::EnumVec<T>::push (line 346) ... ok
[INFO] [stdout] test src/vec_u32/mod.rs - vec_u32::EnumVec<T>::extend_with_value (line 473) ... ok
[INFO] [stdout] test src/vec_u32/mod.rs - vec_u32::EnumVec<T>::remove (line 255) ... FAILED
[INFO] [stdout] test src/vec_u32/mod.rs - vec_u32::EnumVec<T>::storage (line 694) ... ok
[INFO] [stdout] test src/vec_u32/mod.rs - vec_u32::EnumVec<T>::insert (line 183) ... ok
[INFO] [stdout] test src/vec_u32/mod.rs - vec_u32::EnumVec<T>::retain (line 315) ... ok
[INFO] [stdout] test src/vec_u32/mod.rs - vec_u32::EnumVec<T>::swap_remove (line 164) ... ok
[INFO] [stdout] test src/vec_u64/mod.rs - vec_u64::EnumVec<T>::extend_with_value (line 473) ... ok
[INFO] [stdout] test src/vec_u64/mod.rs - vec_u64::EnumVec<T>::capacity (line 97) ... ok
[INFO] [stdout] test src/vec_u32/mod.rs - vec_u32::EnumVec<T>::storage_mut (line 707) ... ok
[INFO] [stdout] test src/vec_u64/mod.rs - vec_u64::EnumVec<T>::push (line 346) ... ok
[INFO] [stdout] test src/vec_u64/mod.rs - vec_u64::EnumVec<T>::append (line 377) ... ok
[INFO] [stdout] test src/vec_u64/mod.rs - vec_u64::EnumVec<T>::for_each (line 621) ... ok
[INFO] [stdout] test src/vec_u32/mod.rs - vec_u32::EnumVec<T>::to_vec (line 652) ... ok
[INFO] [stdout] test src/vec_u64/mod.rs - vec_u64::EnumVec<T>::any (line 736) ... ok
[INFO] [stdout] test src/vec_u64/mod.rs - vec_u64::EnumVec<T>::clear (line 414) ... ok
[INFO] [stdout] test src/vec_u64/mod.rs - vec_u64::EnumVec<T>::from_slice (line 676) ... ok
[INFO] [stdout] test src/vec_u64/mod.rs - vec_u64::EnumVec<T>::insert (line 183) ... ok
[INFO] [stdout] test src/vec_u64/mod.rs - vec_u64::EnumVec<T>::remove (line 255) ... FAILED
[INFO] [stdout] test src/vec_u64/mod.rs - vec_u64::EnumVec<T>::all (line 820) ... ok
[INFO] [stdout] test src/vec_u64/mod.rs - vec_u64::EnumVec<T>::reserve (line 116) ... ok
[INFO] [stdout] test src/vec_u8/mod.rs - vec_u8::EnumVec<T>::capacity (line 97) ... ok
[INFO] [stdout] test src/vec_u64/mod.rs - vec_u64::EnumVec<T>::storage_mut (line 707) ... ok
[INFO] [stdout] test src/vec_u64/mod.rs - vec_u64::EnumVec<T>::retain (line 315) ... ok
[INFO] [stdout] test src/vec_u64/mod.rs - vec_u64::EnumVec<T>::storage (line 694) ... ok
[INFO] [stdout] test src/vec_u64/mod.rs - vec_u64::EnumVec<T>::to_vec (line 652) ... ok
[INFO] [stdout] test src/vec_u8/mod.rs - vec_u8::EnumVec<T>::clear (line 414) ... ok
[INFO] [stdout] test src/vec_u8/mod.rs - vec_u8::EnumVec<T>::extend_with_value (line 473) ... ok
[INFO] [stdout] test src/vec_u8/mod.rs - vec_u8::EnumVec<T>::for_each (line 621) ... ok
[INFO] [stdout] test src/vec_u8/mod.rs - vec_u8::EnumVec<T>::append (line 377) ... ok
[INFO] [stdout] test src/vec_u64/mod.rs - vec_u64::EnumVec<T>::swap_remove (line 164) ... ok
[INFO] [stdout] test src/vec_u8/mod.rs - vec_u8::EnumVec<T>::all (line 820) ... ok
[INFO] [stdout] test src/vec_u8/mod.rs - vec_u8::EnumVec<T>::from_slice (line 676) ... ok
[INFO] [stdout] test src/vec_u8/mod.rs - vec_u8::EnumVec<T>::any (line 736) ... ok
[INFO] [stdout] test src/vec_u8/mod.rs - vec_u8::EnumVec<T>::push (line 346) ... ok
[INFO] [stdout] test src/vec_u8/mod.rs - vec_u8::EnumVec<T>::insert (line 183) ... ok
[INFO] [stdout] test src/vec_u8/mod.rs - vec_u8::EnumVec<T>::reserve (line 116) ... ok
[INFO] [stdout] test src/vec_u8/mod.rs - vec_u8::EnumVec<T>::remove (line 255) ... FAILED
[INFO] [stdout] test src/vec_u8/mod.rs - vec_u8::EnumVec<T>::storage (line 694) ... ok
[INFO] [stdout] test src/vec_u8/mod.rs - vec_u8::EnumVec<T>::retain (line 315) ... ok
[INFO] [stdout] test src/vec_u8/mod.rs - vec_u8::EnumVec<T>::storage_mut (line 707) ... ok
[INFO] [stdout] test src/vec_u8/mod.rs - vec_u8::EnumVec<T>::to_vec (line 652) ... ok
[INFO] [stdout] test src/vec_u8/mod.rs - vec_u8::EnumVec<T>::swap_remove (line 164) ... ok
[INFO] [stdout] 
[INFO] [stdout] failures:
[INFO] [stdout] 
[INFO] [stdout] ---- src/vec_u128/mod.rs - vec_u128::EnumVec<T>::remove (line 255) stdout ----
[INFO] [stdout] Test executable failed (exit code 101).
[INFO] [stdout] 
[INFO] [stdout] stderr:
[INFO] [stdout] thread 'main' panicked at 'attempted to leave type `bool` uninitialized, which is invalid', /rustc/a178d0322ce20e33eac124758e837cbd80a6f633/library/core/src/mem/mod.rs:660:9
[INFO] [stdout] stack backtrace:
[INFO] [stdout]    0:     0x55b5f4d02920 - std::backtrace_rs::backtrace::libunwind::trace::h34055254b57d8e79
[INFO] [stdout]                                at /rustc/a178d0322ce20e33eac124758e837cbd80a6f633/library/std/src/../../backtrace/src/backtrace/libunwind.rs:90:5
[INFO] [stdout]    1:     0x55b5f4d02920 - std::backtrace_rs::backtrace::trace_unsynchronized::h8f1e3fbd9afff6ec
[INFO] [stdout]                                at /rustc/a178d0322ce20e33eac124758e837cbd80a6f633/library/std/src/../../backtrace/src/backtrace/mod.rs:66:5
[INFO] [stdout]    2:     0x55b5f4d02920 - std::sys_common::backtrace::_print_fmt::h3a99a796b770c360
[INFO] [stdout]                                at /rustc/a178d0322ce20e33eac124758e837cbd80a6f633/library/std/src/sys_common/backtrace.rs:67:5
[INFO] [stdout]    3:     0x55b5f4d02920 - <std::sys_common::backtrace::_print::DisplayBacktrace as core::fmt::Display>::fmt::h32d1f94a80615d18
[INFO] [stdout]                                at /rustc/a178d0322ce20e33eac124758e837cbd80a6f633/library/std/src/sys_common/backtrace.rs:46:22
[INFO] [stdout]    4:     0x55b5f4d1bf4c - core::fmt::write::h306731c068f7162c
[INFO] [stdout]                                at /rustc/a178d0322ce20e33eac124758e837cbd80a6f633/library/core/src/fmt/mod.rs:1110:17
[INFO] [stdout]    5:     0x55b5f4d01385 - std::io::Write::write_fmt::hd2fa90334eee2a21
[INFO] [stdout]                                at /rustc/a178d0322ce20e33eac124758e837cbd80a6f633/library/std/src/io/mod.rs:1588:15
[INFO] [stdout]    6:     0x55b5f4d0454b - std::sys_common::backtrace::_print::h5abaa2601a852287
[INFO] [stdout]                                at /rustc/a178d0322ce20e33eac124758e837cbd80a6f633/library/std/src/sys_common/backtrace.rs:49:5
[INFO] [stdout]    7:     0x55b5f4d0454b - std::sys_common::backtrace::print::h8d81445442bb638f
[INFO] [stdout]                                at /rustc/a178d0322ce20e33eac124758e837cbd80a6f633/library/std/src/sys_common/backtrace.rs:36:9
[INFO] [stdout]    8:     0x55b5f4d0454b - std::panicking::default_hook::{{closure}}::hcfe804496a9fa747
[INFO] [stdout]                                at /rustc/a178d0322ce20e33eac124758e837cbd80a6f633/library/std/src/panicking.rs:208:50
[INFO] [stdout]    9:     0x55b5f4d04021 - std::panicking::default_hook::hbea8e3ccf2ba8901
[INFO] [stdout]                                at /rustc/a178d0322ce20e33eac124758e837cbd80a6f633/library/std/src/panicking.rs:225:9
[INFO] [stdout]   10:     0x55b5f4d04c14 - std::panicking::rust_panic_with_hook::h7ee9e1a2d0f8975a
[INFO] [stdout]                                at /rustc/a178d0322ce20e33eac124758e837cbd80a6f633/library/std/src/panicking.rs:622:17
[INFO] [stdout]   11:     0x55b5f4d046c7 - std::panicking::begin_panic_handler::{{closure}}::h8ab3b4491718b2c7
[INFO] [stdout]                                at /rustc/a178d0322ce20e33eac124758e837cbd80a6f633/library/std/src/panicking.rs:517:13
[INFO] [stdout]   12:     0x55b5f4d02e1c - std::sys_common::backtrace::__rust_end_short_backtrace::hd489062ffa586a9f
[INFO] [stdout]                                at /rustc/a178d0322ce20e33eac124758e837cbd80a6f633/library/std/src/sys_common/backtrace.rs:141:18
[INFO] [stdout]   13:     0x55b5f4d04659 - rust_begin_unwind
[INFO] [stdout]                                at /rustc/a178d0322ce20e33eac124758e837cbd80a6f633/library/std/src/panicking.rs:515:5
[INFO] [stdout]   14:     0x55b5f4cebe31 - core::panicking::panic_fmt::hca6330e3e14086b4
[INFO] [stdout]                                at /rustc/a178d0322ce20e33eac124758e837cbd80a6f633/library/core/src/panicking.rs:92:14
[INFO] [stdout]   15:     0x55b5f4cebd7d - core::panicking::panic::h1a48d878ff3dcd40
[INFO] [stdout]                                at /rustc/a178d0322ce20e33eac124758e837cbd80a6f633/library/core/src/panicking.rs:50:5
[INFO] [stdout]   16:     0x55b5f4cf1fd3 - <[A; 4] as enum_like::EnumLike>::to_discr::hc91807445bc79484
[INFO] [stdout]   17:     0x55b5f4cf35ca - enum_vec::vec_u128::EnumVec<T>::set::hffc7d4978dc6e08d
[INFO] [stdout]   18:     0x55b5f4cf3689 - enum_vec::vec_u128::EnumVec<T>::push::h592221d544e8a500
[INFO] [stdout]   19:     0x55b5f4cf36d6 - enum_vec::vec_u128::EnumVec<T>::insert::h6151bbe75ce8cf52
[INFO] [stdout]   20:     0x55b5f4cf4991 - rust_out::main::_doctest_main_src_vec_u128_mod_rs_255_0::h69e2933f2284ba3f
[INFO] [stdout]   21:     0x55b5f4cf48f6 - rust_out::main::h2a38bb51b9580a7d
[INFO] [stdout]   22:     0x55b5f4cedab3 - core::ops::function::FnOnce::call_once::hb73b95e6982fd3f0
[INFO] [stdout]   23:     0x55b5f4cecf69 - std::sys_common::backtrace::__rust_begin_short_backtrace::h8371d112165838d3
[INFO] [stdout]   24:     0x55b5f4cecfd9 - std::rt::lang_start::{{closure}}::h783adf50233ec5ec
[INFO] [stdout]   25:     0x55b5f4d05119 - core::ops::function::impls::<impl core::ops::function::FnOnce<A> for &F>::call_once::h2aabc384aab89b7b
[INFO] [stdout]                                at /rustc/a178d0322ce20e33eac124758e837cbd80a6f633/library/core/src/ops/function.rs:259:13
[INFO] [stdout]   26:     0x55b5f4d05119 - std::panicking::try::do_call::hc5fcacb7a85fc7b1
[INFO] [stdout]                                at /rustc/a178d0322ce20e33eac124758e837cbd80a6f633/library/std/src/panicking.rs:401:40
[INFO] [stdout]   27:     0x55b5f4d05119 - std::panicking::try::hb5d9603af3abbe3a
[INFO] [stdout]                                at /rustc/a178d0322ce20e33eac124758e837cbd80a6f633/library/std/src/panicking.rs:365:19
[INFO] [stdout]   28:     0x55b5f4d05119 - std::panic::catch_unwind::h98fe6ac3925e64b4
[INFO] [stdout]                                at /rustc/a178d0322ce20e33eac124758e837cbd80a6f633/library/std/src/panic.rs:434:14
[INFO] [stdout]   29:     0x55b5f4d05119 - std::rt::lang_start_internal::h22ac7383c516f93e
[INFO] [stdout]                                at /rustc/a178d0322ce20e33eac124758e837cbd80a6f633/library/std/src/rt.rs:34:21
[INFO] [stdout]   30:     0x55b5f4cecfc1 - std::rt::lang_start::h11b9716471e37ff8
[INFO] [stdout]   31:     0x55b5f4cf4fb3 - main
[INFO] [stdout]   32:     0x7f6d8a4400b3 - __libc_start_main
[INFO] [stdout]   33:     0x55b5f4cec58e - _start
[INFO] [stdout]   34:                0x0 - <unknown>
[INFO] [stdout] 
[INFO] [stdout] 
[INFO] [stdout] ---- src/vec_u16/mod.rs - vec_u16::EnumVec<T>::remove (line 255) stdout ----
[INFO] [stdout] Test executable failed (exit code 101).
[INFO] [stdout] 
[INFO] [stdout] stderr:
[INFO] [stdout] thread 'main' panicked at 'attempted to leave type `bool` uninitialized, which is invalid', /rustc/a178d0322ce20e33eac124758e837cbd80a6f633/library/core/src/mem/mod.rs:660:9
[INFO] [stdout] stack backtrace:
[INFO] [stdout]    0:     0x564f5971d6b0 - std::backtrace_rs::backtrace::libunwind::trace::h34055254b57d8e79
[INFO] [stdout]                                at /rustc/a178d0322ce20e33eac124758e837cbd80a6f633/library/std/src/../../backtrace/src/backtrace/libunwind.rs:90:5
[INFO] [stdout]    1:     0x564f5971d6b0 - std::backtrace_rs::backtrace::trace_unsynchronized::h8f1e3fbd9afff6ec
[INFO] [stdout]                                at /rustc/a178d0322ce20e33eac124758e837cbd80a6f633/library/std/src/../../backtrace/src/backtrace/mod.rs:66:5
[INFO] [stdout]    2:     0x564f5971d6b0 - std::sys_common::backtrace::_print_fmt::h3a99a796b770c360
[INFO] [stdout]                                at /rustc/a178d0322ce20e33eac124758e837cbd80a6f633/library/std/src/sys_common/backtrace.rs:67:5
[INFO] [stdout]    3:     0x564f5971d6b0 - <std::sys_common::backtrace::_print::DisplayBacktrace as core::fmt::Display>::fmt::h32d1f94a80615d18
[INFO] [stdout]                                at /rustc/a178d0322ce20e33eac124758e837cbd80a6f633/library/std/src/sys_common/backtrace.rs:46:22
[INFO] [stdout]    4:     0x564f59736cdc - core::fmt::write::h306731c068f7162c
[INFO] [stdout]                                at /rustc/a178d0322ce20e33eac124758e837cbd80a6f633/library/core/src/fmt/mod.rs:1110:17
[INFO] [stdout]    5:     0x564f5971c115 - std::io::Write::write_fmt::hd2fa90334eee2a21
[INFO] [stdout]                                at /rustc/a178d0322ce20e33eac124758e837cbd80a6f633/library/std/src/io/mod.rs:1588:15
[INFO] [stdout]    6:     0x564f5971f2db - std::sys_common::backtrace::_print::h5abaa2601a852287
[INFO] [stdout]                                at /rustc/a178d0322ce20e33eac124758e837cbd80a6f633/library/std/src/sys_common/backtrace.rs:49:5
[INFO] [stdout]    7:     0x564f5971f2db - std::sys_common::backtrace::print::h8d81445442bb638f
[INFO] [stdout]                                at /rustc/a178d0322ce20e33eac124758e837cbd80a6f633/library/std/src/sys_common/backtrace.rs:36:9
[INFO] [stdout]    8:     0x564f5971f2db - std::panicking::default_hook::{{closure}}::hcfe804496a9fa747
[INFO] [stdout]                                at /rustc/a178d0322ce20e33eac124758e837cbd80a6f633/library/std/src/panicking.rs:208:50
[INFO] [stdout]    9:     0x564f5971edb1 - std::panicking::default_hook::hbea8e3ccf2ba8901
[INFO] [stdout]                                at /rustc/a178d0322ce20e33eac124758e837cbd80a6f633/library/std/src/panicking.rs:225:9
[INFO] [stdout]   10:     0x564f5971f9a4 - std::panicking::rust_panic_with_hook::h7ee9e1a2d0f8975a
[INFO] [stdout]                                at /rustc/a178d0322ce20e33eac124758e837cbd80a6f633/library/std/src/panicking.rs:622:17
[INFO] [stdout]   11:     0x564f5971f457 - std::panicking::begin_panic_handler::{{closure}}::h8ab3b4491718b2c7
[INFO] [stdout]                                at /rustc/a178d0322ce20e33eac124758e837cbd80a6f633/library/std/src/panicking.rs:517:13
[INFO] [stdout]   12:     0x564f5971dbac - std::sys_common::backtrace::__rust_end_short_backtrace::hd489062ffa586a9f
[INFO] [stdout]                                at /rustc/a178d0322ce20e33eac124758e837cbd80a6f633/library/std/src/sys_common/backtrace.rs:141:18
[INFO] [stdout]   13:     0x564f5971f3e9 - rust_begin_unwind
[INFO] [stdout]                                at /rustc/a178d0322ce20e33eac124758e837cbd80a6f633/library/std/src/panicking.rs:515:5
[INFO] [stdout]   14:     0x564f59706e31 - core::panicking::panic_fmt::hca6330e3e14086b4
[INFO] [stdout]                                at /rustc/a178d0322ce20e33eac124758e837cbd80a6f633/library/core/src/panicking.rs:92:14
[INFO] [stdout]   15:     0x564f59706d7d - core::panicking::panic::h1a48d878ff3dcd40
[INFO] [stdout]                                at /rustc/a178d0322ce20e33eac124758e837cbd80a6f633/library/core/src/panicking.rs:50:5
[INFO] [stdout]   16:     0x564f5970cf33 - <[A; 4] as enum_like::EnumLike>::to_discr::hc91807445bc79484
[INFO] [stdout]   17:     0x564f5970e4aa - enum_vec::vec_u16::EnumVec<T>::set::h7f8c93d3730ac668
[INFO] [stdout]   18:     0x564f5970e569 - enum_vec::vec_u16::EnumVec<T>::push::hd848689c2c6d1c0a
[INFO] [stdout]   19:     0x564f5970e5b6 - enum_vec::vec_u16::EnumVec<T>::insert::h8abd365fb418d91c
[INFO] [stdout]   20:     0x564f5970f721 - rust_out::main::_doctest_main_src_vec_u16_mod_rs_255_0::ha4d51f150b713108
[INFO] [stdout]   21:     0x564f5970f686 - rust_out::main::h2a38bb51b9580a7d
[INFO] [stdout]   22:     0x564f59708ab3 - core::ops::function::FnOnce::call_once::hb73b95e6982fd3f0
[INFO] [stdout]   23:     0x564f59707f69 - std::sys_common::backtrace::__rust_begin_short_backtrace::h8371d112165838d3
[INFO] [stdout]   24:     0x564f59707fd9 - std::rt::lang_start::{{closure}}::h783adf50233ec5ec
[INFO] [stdout]   25:     0x564f5971fea9 - core::ops::function::impls::<impl core::ops::function::FnOnce<A> for &F>::call_once::h2aabc384aab89b7b
[INFO] [stdout]                                at /rustc/a178d0322ce20e33eac124758e837cbd80a6f633/library/core/src/ops/function.rs:259:13
[INFO] [stdout]   26:     0x564f5971fea9 - std::panicking::try::do_call::hc5fcacb7a85fc7b1
[INFO] [stdout]                                at /rustc/a178d0322ce20e33eac124758e837cbd80a6f633/library/std/src/panicking.rs:401:40
[INFO] [stdout]   27:     0x564f5971fea9 - std::panicking::try::hb5d9603af3abbe3a
[INFO] [stdout]                                at /rustc/a178d0322ce20e33eac124758e837cbd80a6f633/library/std/src/panicking.rs:365:19
[INFO] [stdout]   28:     0x564f5971fea9 - std::panic::catch_unwind::h98fe6ac3925e64b4
[INFO] [stdout]                                at /rustc/a178d0322ce20e33eac124758e837cbd80a6f633/library/std/src/panic.rs:434:14
[INFO] [stdout]   29:     0x564f5971fea9 - std::rt::lang_start_internal::h22ac7383c516f93e
[INFO] [stdout]                                at /rustc/a178d0322ce20e33eac124758e837cbd80a6f633/library/std/src/rt.rs:34:21
[INFO] [stdout]   30:     0x564f59707fc1 - std::rt::lang_start::h11b9716471e37ff8
[INFO] [stdout]   31:     0x564f5970fd43 - main
[INFO] [stdout]   32:     0x7fd5d1d460b3 - __libc_start_main
[INFO] [stdout]   33:     0x564f5970758e - _start
[INFO] [stdout]   34:                0x0 - <unknown>
[INFO] [stdout] 
[INFO] [stdout] 
[INFO] [stdout] ---- src/vec_u32/mod.rs - vec_u32::EnumVec<T>::remove (line 255) stdout ----
[INFO] [stdout] Test executable failed (exit code 101).
[INFO] [stdout] 
[INFO] [stdout] stderr:
[INFO] [stdout] thread 'main' panicked at 'attempted to leave type `bool` uninitialized, which is invalid', /rustc/a178d0322ce20e33eac124758e837cbd80a6f633/library/core/src/mem/mod.rs:660:9
[INFO] [stdout] stack backtrace:
[INFO] [stdout]    0:     0x55f305a4c670 - std::backtrace_rs::backtrace::libunwind::trace::h34055254b57d8e79
[INFO] [stdout]                                at /rustc/a178d0322ce20e33eac124758e837cbd80a6f633/library/std/src/../../backtrace/src/backtrace/libunwind.rs:90:5
[INFO] [stdout]    1:     0x55f305a4c670 - std::backtrace_rs::backtrace::trace_unsynchronized::h8f1e3fbd9afff6ec
[INFO] [stdout]                                at /rustc/a178d0322ce20e33eac124758e837cbd80a6f633/library/std/src/../../backtrace/src/backtrace/mod.rs:66:5
[INFO] [stdout]    2:     0x55f305a4c670 - std::sys_common::backtrace::_print_fmt::h3a99a796b770c360
[INFO] [stdout]                                at /rustc/a178d0322ce20e33eac124758e837cbd80a6f633/library/std/src/sys_common/backtrace.rs:67:5
[INFO] [stdout]    3:     0x55f305a4c670 - <std::sys_common::backtrace::_print::DisplayBacktrace as core::fmt::Display>::fmt::h32d1f94a80615d18
[INFO] [stdout]                                at /rustc/a178d0322ce20e33eac124758e837cbd80a6f633/library/std/src/sys_common/backtrace.rs:46:22
[INFO] [stdout]    4:     0x55f305a65c9c - core::fmt::write::h306731c068f7162c
[INFO] [stdout]                                at /rustc/a178d0322ce20e33eac124758e837cbd80a6f633/library/core/src/fmt/mod.rs:1110:17
[INFO] [stdout]    5:     0x55f305a4b0d5 - std::io::Write::write_fmt::hd2fa90334eee2a21
[INFO] [stdout]                                at /rustc/a178d0322ce20e33eac124758e837cbd80a6f633/library/std/src/io/mod.rs:1588:15
[INFO] [stdout]    6:     0x55f305a4e29b - std::sys_common::backtrace::_print::h5abaa2601a852287
[INFO] [stdout]                                at /rustc/a178d0322ce20e33eac124758e837cbd80a6f633/library/std/src/sys_common/backtrace.rs:49:5
[INFO] [stdout]    7:     0x55f305a4e29b - std::sys_common::backtrace::print::h8d81445442bb638f
[INFO] [stdout]                                at /rustc/a178d0322ce20e33eac124758e837cbd80a6f633/library/std/src/sys_common/backtrace.rs:36:9
[INFO] [stdout]    8:     0x55f305a4e29b - std::panicking::default_hook::{{closure}}::hcfe804496a9fa747
[INFO] [stdout]                                at /rustc/a178d0322ce20e33eac124758e837cbd80a6f633/library/std/src/panicking.rs:208:50
[INFO] [stdout]    9:     0x55f305a4dd71 - std::panicking::default_hook::hbea8e3ccf2ba8901
[INFO] [stdout]                                at /rustc/a178d0322ce20e33eac124758e837cbd80a6f633/library/std/src/panicking.rs:225:9
[INFO] [stdout]   10:     0x55f305a4e964 - std::panicking::rust_panic_with_hook::h7ee9e1a2d0f8975a
[INFO] [stdout]                                at /rustc/a178d0322ce20e33eac124758e837cbd80a6f633/library/std/src/panicking.rs:622:17
[INFO] [stdout]   11:     0x55f305a4e417 - std::panicking::begin_panic_handler::{{closure}}::h8ab3b4491718b2c7
[INFO] [stdout]                                at /rustc/a178d0322ce20e33eac124758e837cbd80a6f633/library/std/src/panicking.rs:517:13
[INFO] [stdout]   12:     0x55f305a4cb6c - std::sys_common::backtrace::__rust_end_short_backtrace::hd489062ffa586a9f
[INFO] [stdout]                                at /rustc/a178d0322ce20e33eac124758e837cbd80a6f633/library/std/src/sys_common/backtrace.rs:141:18
[INFO] [stdout]   13:     0x55f305a4e3a9 - rust_begin_unwind
[INFO] [stdout]                                at /rustc/a178d0322ce20e33eac124758e837cbd80a6f633/library/std/src/panicking.rs:515:5
[INFO] [stdout]   14:     0x55f305a35e31 - core::panicking::panic_fmt::hca6330e3e14086b4
[INFO] [stdout]                                at /rustc/a178d0322ce20e33eac124758e837cbd80a6f633/library/core/src/panicking.rs:92:14
[INFO] [stdout]   15:     0x55f305a35d7d - core::panicking::panic::h1a48d878ff3dcd40
[INFO] [stdout]                                at /rustc/a178d0322ce20e33eac124758e837cbd80a6f633/library/core/src/panicking.rs:50:5
[INFO] [stdout]   16:     0x55f305a3bf23 - <[A; 4] as enum_like::EnumLike>::to_discr::hc91807445bc79484
[INFO] [stdout]   17:     0x55f305a3d48a - enum_vec::vec_u32::EnumVec<T>::set::h2ebece71bad7f9f3
[INFO] [stdout]   18:     0x55f305a3d549 - enum_vec::vec_u32::EnumVec<T>::push::h736dcc1b437e884c
[INFO] [stdout]   19:     0x55f305a3d596 - enum_vec::vec_u32::EnumVec<T>::insert::hc055c90415416329
[INFO] [stdout]   20:     0x55f305a3e6e1 - rust_out::main::_doctest_main_src_vec_u32_mod_rs_255_0::hfece92499ac11050
[INFO] [stdout]   21:     0x55f305a3e646 - rust_out::main::h2a38bb51b9580a7d
[INFO] [stdout]   22:     0x55f305a37ab3 - core::ops::function::FnOnce::call_once::hb73b95e6982fd3f0
[INFO] [stdout]   23:     0x55f305a36f69 - std::sys_common::backtrace::__rust_begin_short_backtrace::h8371d112165838d3
[INFO] [stdout]   24:     0x55f305a36fd9 - std::rt::lang_start::{{closure}}::h783adf50233ec5ec
[INFO] [stdout]   25:     0x55f305a4ee69 - core::ops::function::impls::<impl core::ops::function::FnOnce<A> for &F>::call_once::h2aabc384aab89b7b
[INFO] [stdout]                                at /rustc/a178d0322ce20e33eac124758e837cbd80a6f633/library/core/src/ops/function.rs:259:13
[INFO] [stdout]   26:     0x55f305a4ee69 - std::panicking::try::do_call::hc5fcacb7a85fc7b1
[INFO] [stdout]                                at /rustc/a178d0322ce20e33eac124758e837cbd80a6f633/library/std/src/panicking.rs:401:40
[INFO] [stdout]   27:     0x55f305a4ee69 - std::panicking::try::hb5d9603af3abbe3a
[INFO] [stdout]                                at /rustc/a178d0322ce20e33eac124758e837cbd80a6f633/library/std/src/panicking.rs:365:19
[INFO] [stdout]   28:     0x55f305a4ee69 - std::panic::catch_unwind::h98fe6ac3925e64b4
[INFO] [stdout]                                at /rustc/a178d0322ce20e33eac124758e837cbd80a6f633/library/std/src/panic.rs:434:14
[INFO] [stdout]   29:     0x55f305a4ee69 - std::rt::lang_start_internal::h22ac7383c516f93e
[INFO] [stdout]                                at /rustc/a178d0322ce20e33eac124758e837cbd80a6f633/library/std/src/rt.rs:34:21
[INFO] [stdout]   30:     0x55f305a36fc1 - std::rt::lang_start::h11b9716471e37ff8
[INFO] [stdout]   31:     0x55f305a3ed03 - main
[INFO] [stdout]   32:     0x7f25f5b2e0b3 - __libc_start_main
[INFO] [stdout]   33:     0x55f305a3658e - _start
[INFO] [stdout]   34:                0x0 - <unknown>
[INFO] [stdout] 
[INFO] [stdout] 
[INFO] [stdout] ---- src/vec_u64/mod.rs - vec_u64::EnumVec<T>::remove (line 255) stdout ----
[INFO] [stdout] Test executable failed (exit code 101).
[INFO] [stdout] 
[INFO] [stdout] stderr:
[INFO] [stdout] thread 'main' panicked at 'attempted to leave type `bool` uninitialized, which is invalid', /rustc/a178d0322ce20e33eac124758e837cbd80a6f633/library/core/src/mem/mod.rs:660:9
[INFO] [stdout] stack backtrace:
[INFO] [stdout]    0:     0x55e987edc690 - std::backtrace_rs::backtrace::libunwind::trace::h34055254b57d8e79
[INFO] [stdout]                                at /rustc/a178d0322ce20e33eac124758e837cbd80a6f633/library/std/src/../../backtrace/src/backtrace/libunwind.rs:90:5
[INFO] [stdout]    1:     0x55e987edc690 - std::backtrace_rs::backtrace::trace_unsynchronized::h8f1e3fbd9afff6ec
[INFO] [stdout]                                at /rustc/a178d0322ce20e33eac124758e837cbd80a6f633/library/std/src/../../backtrace/src/backtrace/mod.rs:66:5
[INFO] [stdout]    2:     0x55e987edc690 - std::sys_common::backtrace::_print_fmt::h3a99a796b770c360
[INFO] [stdout]                                at /rustc/a178d0322ce20e33eac124758e837cbd80a6f633/library/std/src/sys_common/backtrace.rs:67:5
[INFO] [stdout]    3:     0x55e987edc690 - <std::sys_common::backtrace::_print::DisplayBacktrace as core::fmt::Display>::fmt::h32d1f94a80615d18
[INFO] [stdout]                                at /rustc/a178d0322ce20e33eac124758e837cbd80a6f633/library/std/src/sys_common/backtrace.rs:46:22
[INFO] [stdout]    4:     0x55e987ef5cbc - core::fmt::write::h306731c068f7162c
[INFO] [stdout]                                at /rustc/a178d0322ce20e33eac124758e837cbd80a6f633/library/core/src/fmt/mod.rs:1110:17
[INFO] [stdout]    5:     0x55e987edb0f5 - std::io::Write::write_fmt::hd2fa90334eee2a21
[INFO] [stdout]                                at /rustc/a178d0322ce20e33eac124758e837cbd80a6f633/library/std/src/io/mod.rs:1588:15
[INFO] [stdout]    6:     0x55e987ede2bb - std::sys_common::backtrace::_print::h5abaa2601a852287
[INFO] [stdout]                                at /rustc/a178d0322ce20e33eac124758e837cbd80a6f633/library/std/src/sys_common/backtrace.rs:49:5
[INFO] [stdout]    7:     0x55e987ede2bb - std::sys_common::backtrace::print::h8d81445442bb638f
[INFO] [stdout]                                at /rustc/a178d0322ce20e33eac124758e837cbd80a6f633/library/std/src/sys_common/backtrace.rs:36:9
[INFO] [stdout]    8:     0x55e987ede2bb - std::panicking::default_hook::{{closure}}::hcfe804496a9fa747
[INFO] [stdout]                                at /rustc/a178d0322ce20e33eac124758e837cbd80a6f633/library/std/src/panicking.rs:208:50
[INFO] [stdout]    9:     0x55e987eddd91 - std::panicking::default_hook::hbea8e3ccf2ba8901
[INFO] [stdout]                                at /rustc/a178d0322ce20e33eac124758e837cbd80a6f633/library/std/src/panicking.rs:225:9
[INFO] [stdout]   10:     0x55e987ede984 - std::panicking::rust_panic_with_hook::h7ee9e1a2d0f8975a
[INFO] [stdout]                                at /rustc/a178d0322ce20e33eac124758e837cbd80a6f633/library/std/src/panicking.rs:622:17
[INFO] [stdout]   11:     0x55e987ede437 - std::panicking::begin_panic_handler::{{closure}}::h8ab3b4491718b2c7
[INFO] [stdout]                                at /rustc/a178d0322ce20e33eac124758e837cbd80a6f633/library/std/src/panicking.rs:517:13
[INFO] [stdout]   12:     0x55e987edcb8c - std::sys_common::backtrace::__rust_end_short_backtrace::hd489062ffa586a9f
[INFO] [stdout]                                at /rustc/a178d0322ce20e33eac124758e837cbd80a6f633/library/std/src/sys_common/backtrace.rs:141:18
[INFO] [stdout]   13:     0x55e987ede3c9 - rust_begin_unwind
[INFO] [stdout]                                at /rustc/a178d0322ce20e33eac124758e837cbd80a6f633/library/std/src/panicking.rs:515:5
[INFO] [stdout]   14:     0x55e987ec5e31 - core::panicking::panic_fmt::hca6330e3e14086b4
[INFO] [stdout]                                at /rustc/a178d0322ce20e33eac124758e837cbd80a6f633/library/core/src/panicking.rs:92:14
[INFO] [stdout]   15:     0x55e987ec5d7d - core::panicking::panic::h1a48d878ff3dcd40
[INFO] [stdout]                                at /rustc/a178d0322ce20e33eac124758e837cbd80a6f633/library/core/src/panicking.rs:50:5
[INFO] [stdout]   16:     0x55e987ecbf23 - <[A; 4] as enum_like::EnumLike>::to_discr::hc91807445bc79484
[INFO] [stdout]   17:     0x55e987ecd48a - enum_vec::vec_u64::EnumVec<T>::set::hc2563e88d5381ebc
[INFO] [stdout]   18:     0x55e987ecd549 - enum_vec::vec_u64::EnumVec<T>::push::h1f7f5866017bb276
[INFO] [stdout]   19:     0x55e987ecd596 - enum_vec::vec_u64::EnumVec<T>::insert::h1a8a5b6d46a38c81
[INFO] [stdout]   20:     0x55e987ece701 - rust_out::main::_doctest_main_src_vec_u64_mod_rs_255_0::h417871b6261c8279
[INFO] [stdout]   21:     0x55e987ece666 - rust_out::main::h2a38bb51b9580a7d
[INFO] [stdout]   22:     0x55e987ec7ab3 - core::ops::function::FnOnce::call_once::hb73b95e6982fd3f0
[INFO] [stdout]   23:     0x55e987ec6f69 - std::sys_common::backtrace::__rust_begin_short_backtrace::h8371d112165838d3
[INFO] [stdout]   24:     0x55e987ec6fd9 - std::rt::lang_start::{{closure}}::h783adf50233ec5ec
[INFO] [stdout]   25:     0x55e987edee89 - core::ops::function::impls::<impl core::ops::function::FnOnce<A> for &F>::call_once::h2aabc384aab89b7b
[INFO] [stdout]                                at /rustc/a178d0322ce20e33eac124758e837cbd80a6f633/library/core/src/ops/function.rs:259:13
[INFO] [stdout]   26:     0x55e987edee89 - std::panicking::try::do_call::hc5fcacb7a85fc7b1
[INFO] [stdout]                                at /rustc/a178d0322ce20e33eac124758e837cbd80a6f633/library/std/src/panicking.rs:401:40
[INFO] [stdout]   27:     0x55e987edee89 - std::panicking::try::hb5d9603af3abbe3a
[INFO] [stdout]                                at /rustc/a178d0322ce20e33eac124758e837cbd80a6f633/library/std/src/panicking.rs:365:19
[INFO] [stdout]   28:     0x55e987edee89 - std::panic::catch_unwind::h98fe6ac3925e64b4
[INFO] [stdout]                                at /rustc/a178d0322ce20e33eac124758e837cbd80a6f633/library/std/src/panic.rs:434:14
[INFO] [stdout]   29:     0x55e987edee89 - std::rt::lang_start_internal::h22ac7383c516f93e
[INFO] [stdout]                                at /rustc/a178d0322ce20e33eac124758e837cbd80a6f633/library/std/src/rt.rs:34:21
[INFO] [stdout]   30:     0x55e987ec6fc1 - std::rt::lang_start::h11b9716471e37ff8
[INFO] [stdout]   31:     0x55e987eced23 - main
[INFO] [stdout]   32:     0x7fefc2e160b3 - __libc_start_main
[INFO] [stdout]   33:     0x55e987ec658e - _start
[INFO] [stdout]   34:                0x0 - <unknown>
[INFO] [stdout] 
[INFO] [stdout] 
[INFO] [stdout] ---- src/vec_u8/mod.rs - vec_u8::EnumVec<T>::remove (line 255) stdout ----
[INFO] [stdout] Test executable failed (exit code 101).
[INFO] [stdout] 
[INFO] [stdout] stderr:
[INFO] [stdout] thread 'main' panicked at 'attempted to leave type `bool` uninitialized, which is invalid', /rustc/a178d0322ce20e33eac124758e837cbd80a6f633/library/core/src/mem/mod.rs:660:9
[INFO] [stdout] stack backtrace:
[INFO] [stdout]    0:     0x558fb57ec560 - std::backtrace_rs::backtrace::libunwind::trace::h34055254b57d8e79
[INFO] [stdout]                                at /rustc/a178d0322ce20e33eac124758e837cbd80a6f633/library/std/src/../../backtrace/src/backtrace/libunwind.rs:90:5
[INFO] [stdout]    1:     0x558fb57ec560 - std::backtrace_rs::backtrace::trace_unsynchronized::h8f1e3fbd9afff6ec
[INFO] [stdout]                                at /rustc/a178d0322ce20e33eac124758e837cbd80a6f633/library/std/src/../../backtrace/src/backtrace/mod.rs:66:5
[INFO] [stdout]    2:     0x558fb57ec560 - std::sys_common::backtrace::_print_fmt::h3a99a796b770c360
[INFO] [stdout]                                at /rustc/a178d0322ce20e33eac124758e837cbd80a6f633/library/std/src/sys_common/backtrace.rs:67:5
[INFO] [stdout]    3:     0x558fb57ec560 - <std::sys_common::backtrace::_print::DisplayBacktrace as core::fmt::Display>::fmt::h32d1f94a80615d18
[INFO] [stdout]                                at /rustc/a178d0322ce20e33eac124758e837cbd80a6f633/library/std/src/sys_common/backtrace.rs:46:22
[INFO] [stdout]    4:     0x558fb5805b8c - core::fmt::write::h306731c068f7162c
[INFO] [stdout]                                at /rustc/a178d0322ce20e33eac124758e837cbd80a6f633/library/core/src/fmt/mod.rs:1110:17
[INFO] [stdout]    5:     0x558fb57eafc5 - std::io::Write::write_fmt::hd2fa90334eee2a21
[INFO] [stdout]                                at /rustc/a178d0322ce20e33eac124758e837cbd80a6f633/library/std/src/io/mod.rs:1588:15
[INFO] [stdout]    6:     0x558fb57ee18b - std::sys_common::backtrace::_print::h5abaa2601a852287
[INFO] [stdout]                                at /rustc/a178d0322ce20e33eac124758e837cbd80a6f633/library/std/src/sys_common/backtrace.rs:49:5
[INFO] [stdout]    7:     0x558fb57ee18b - std::sys_common::backtrace::print::h8d81445442bb638f
[INFO] [stdout]                                at /rustc/a178d0322ce20e33eac124758e837cbd80a6f633/library/std/src/sys_common/backtrace.rs:36:9
[INFO] [stdout]    8:     0x558fb57ee18b - std::panicking::default_hook::{{closure}}::hcfe804496a9fa747
[INFO] [stdout]                                at /rustc/a178d0322ce20e33eac124758e837cbd80a6f633/library/std/src/panicking.rs:208:50
[INFO] [stdout]    9:     0x558fb57edc61 - std::panicking::default_hook::hbea8e3ccf2ba8901
[INFO] [stdout]                                at /rustc/a178d0322ce20e33eac124758e837cbd80a6f633/library/std/src/panicking.rs:225:9
[INFO] [stdout]   10:     0x558fb57ee854 - std::panicking::rust_panic_with_hook::h7ee9e1a2d0f8975a
[INFO] [stdout]                                at /rustc/a178d0322ce20e33eac124758e837cbd80a6f633/library/std/src/panicking.rs:622:17
[INFO] [stdout]   11:     0x558fb57ee307 - std::panicking::begin_panic_handler::{{closure}}::h8ab3b4491718b2c7
[INFO] [stdout]                                at /rustc/a178d0322ce20e33eac124758e837cbd80a6f633/library/std/src/panicking.rs:517:13
[INFO] [stdout]   12:     0x558fb57eca5c - std::sys_common::backtrace::__rust_end_short_backtrace::hd489062ffa586a9f
[INFO] [stdout]                                at /rustc/a178d0322ce20e33eac124758e837cbd80a6f633/library/std/src/sys_common/backtrace.rs:141:18
[INFO] [stdout]   13:     0x558fb57ee299 - rust_begin_unwind
[INFO] [stdout]                                at /rustc/a178d0322ce20e33eac124758e837cbd80a6f633/library/std/src/panicking.rs:515:5
[INFO] [stdout]   14:     0x558fb57d5e31 - core::panicking::panic_fmt::hca6330e3e14086b4
[INFO] [stdout]                                at /rustc/a178d0322ce20e33eac124758e837cbd80a6f633/library/core/src/panicking.rs:92:14
[INFO] [stdout]   15:     0x558fb57d5d7d - core::panicking::panic::h1a48d878ff3dcd40
[INFO] [stdout]                                at /rustc/a178d0322ce20e33eac124758e837cbd80a6f633/library/core/src/panicking.rs:50:5
[INFO] [stdout]   16:     0x558fb57dba53 - <[A; 4] as enum_like::EnumLike>::to_discr::hc91807445bc79484
[INFO] [stdout]   17:     0x558fb57dcf8a - enum_vec::vec_u8::EnumVec<T>::set::h86192a011cf3607d
[INFO] [stdout]   18:     0x558fb57dd049 - enum_vec::vec_u8::EnumVec<T>::push::h8e73a6e68249e04a
[INFO] [stdout]   19:     0x558fb57dd096 - enum_vec::vec_u8::EnumVec<T>::insert::h22fca3c0d45e27c8
[INFO] [stdout]   20:     0x558fb57de5d1 - rust_out::main::_doctest_main_src_vec_u8_mod_rs_255_0::h732d77728c4b1b7e
[INFO] [stdout]   21:     0x558fb57de536 - rust_out::main::h2a38bb51b9580a7d
[INFO] [stdout]   22:     0x558fb57d76c3 - core::ops::function::FnOnce::call_once::hb73b95e6982fd3f0
[INFO] [stdout]   23:     0x558fb57d6b79 - std::sys_common::backtrace::__rust_begin_short_backtrace::h8371d112165838d3
[INFO] [stdout]   24:     0x558fb57d6be9 - std::rt::lang_start::{{closure}}::h783adf50233ec5ec
[INFO] [stdout]   25:     0x558fb57eed59 - core::ops::function::impls::<impl core::ops::function::FnOnce<A> for &F>::call_once::h2aabc384aab89b7b
[INFO] [stdout]                                at /rustc/a178d0322ce20e33eac124758e837cbd80a6f633/library/core/src/ops/function.rs:259:13
[INFO] [stdout]   26:     0x558fb57eed59 - std::panicking::try::do_call::hc5fcacb7a85fc7b1
[INFO] [stdout]                                at /rustc/a178d0322ce20e33eac124758e837cbd80a6f633/library/std/src/panicking.rs:401:40
[INFO] [stdout]   27:     0x558fb57eed59 - std::panicking::try::hb5d9603af3abbe3a
[INFO] [stdout]                                at /rustc/a178d0322ce20e33eac124758e837cbd80a6f633/library/std/src/panicking.rs:365:19
[INFO] [stdout]   28:     0x558fb57eed59 - std::panic::catch_unwind::h98fe6ac3925e64b4
[INFO] [stdout]                                at /rustc/a178d0322ce20e33eac124758e837cbd80a6f633/library/std/src/panic.rs:434:14
[INFO] [stdout]   29:     0x558fb57eed59 - std::rt::lang_start_internal::h22ac7383c516f93e
[INFO] [stdout]                                at /rustc/a178d0322ce20e33eac124758e837cbd80a6f633/library/std/src/rt.rs:34:21
[INFO] [stdout]   30:     0x558fb57d6bd1 - std::rt::lang_start::h11b9716471e37ff8
[INFO] [stdout]   31:     0x558fb57debf3 - main
[INFO] [stdout]   32:     0x7fea01d580b3 - __libc_start_main
[INFO] [stdout]   33:     0x558fb57d658e - _start
[INFO] [stdout]   34:                0x0 - <unknown>
[INFO] [stdout] 
[INFO] [stdout] 
[INFO] [stdout] 
[INFO] [stdout] failures:
[INFO] [stdout]     src/vec_u128/mod.rs - vec_u128::EnumVec<T>::remove (line 255)
[INFO] [stdout]     src/vec_u16/mod.rs - vec_u16::EnumVec<T>::remove (line 255)
[INFO] [stdout]     src/vec_u32/mod.rs - vec_u32::EnumVec<T>::remove (line 255)
[INFO] [stdout]     src/vec_u64/mod.rs - vec_u64::EnumVec<T>::remove (line 255)
[INFO] [stdout]     src/vec_u8/mod.rs - vec_u8::EnumVec<T>::remove (line 255)
[INFO] [stdout] 
[INFO] [stdout] test result: FAILED. 80 passed; 5 failed; 0 ignored; 0 measured; 0 filtered out; finished in 6.87s
[INFO] [stdout] 
[INFO] [stderr] error: test failed, to rerun pass '--doc'
[INFO] running `Command { std: "docker" "inspect" "8bebd3dfa5e6a11099e0f3747c9dcd321e2ed5cdda9e20bf893f8e3ae0aebae3", kill_on_drop: false }`
[INFO] running `Command { std: "docker" "rm" "-f" "8bebd3dfa5e6a11099e0f3747c9dcd321e2ed5cdda9e20bf893f8e3ae0aebae3", kill_on_drop: false }`
[INFO] [stdout] 8bebd3dfa5e6a11099e0f3747c9dcd321e2ed5cdda9e20bf893f8e3ae0aebae3
