[INFO] fetching crate enocean 0.2.58...
[INFO] testing enocean-0.2.58 against 1.54.0 for beta-1.55-1
[INFO] extracting crate enocean 0.2.58 into /workspace/builds/worker-7/source
[INFO] validating manifest of crates.io crate enocean 0.2.58 on toolchain 1.54.0
[INFO] running `Command { std: "/workspace/cargo-home/bin/cargo" "+1.54.0" "metadata" "--manifest-path" "Cargo.toml" "--no-deps", kill_on_drop: false }`
[INFO] started tweaking crates.io crate enocean 0.2.58
[INFO] finished tweaking crates.io crate enocean 0.2.58
[INFO] tweaked toml for crates.io crate enocean 0.2.58 written to /workspace/builds/worker-7/source/Cargo.toml
[INFO] crate crates.io crate enocean 0.2.58 already has a lockfile, it will not be regenerated
[INFO] running `Command { std: "/workspace/cargo-home/bin/cargo" "+1.54.0" "fetch" "--manifest-path" "Cargo.toml", kill_on_drop: false }`
[INFO] running `Command { std: "docker" "create" "-v" "/var/lib/crater-agent-workspace/builds/worker-7/target:/opt/rustwide/target:rw,Z" "-v" "/var/lib/crater-agent-workspace/builds/worker-7/source:/opt/rustwide/workdir:ro,Z" "-v" "/var/lib/crater-agent-workspace/cargo-home:/opt/rustwide/cargo-home:ro,Z" "-v" "/var/lib/crater-agent-workspace/rustup-home:/opt/rustwide/rustup-home:ro,Z" "-e" "SOURCE_DIR=/opt/rustwide/workdir" "-e" "CARGO_TARGET_DIR=/opt/rustwide/target" "-e" "CARGO_HOME=/opt/rustwide/cargo-home" "-e" "RUSTUP_HOME=/opt/rustwide/rustup-home" "-w" "/opt/rustwide/workdir" "-m" "1610612736" "--user" "0:0" "--network" "none" "ghcr.io/rust-lang/crates-build-env/linux@sha256:34b6a614d2c27851fe6cbf88fbd1137609cefab8b10d0615aaeb6fd47975d74e" "/opt/rustwide/cargo-home/bin/cargo" "+1.54.0" "metadata" "--no-deps" "--format-version=1", kill_on_drop: false }`
[INFO] [stdout] 86063697f93c89cfd0956acb8ca88e9aec82e69ff9f25c85904c69ddc1f9df86
[INFO] [stderr] WARNING: Your kernel does not support swap limit capabilities or the cgroup is not mounted. Memory limited without swap.
[INFO] running `Command { std: "docker" "start" "-a" "86063697f93c89cfd0956acb8ca88e9aec82e69ff9f25c85904c69ddc1f9df86", kill_on_drop: false }`
[INFO] running `Command { std: "docker" "inspect" "86063697f93c89cfd0956acb8ca88e9aec82e69ff9f25c85904c69ddc1f9df86", kill_on_drop: false }`
[INFO] running `Command { std: "docker" "rm" "-f" "86063697f93c89cfd0956acb8ca88e9aec82e69ff9f25c85904c69ddc1f9df86", kill_on_drop: false }`
[INFO] [stdout] 86063697f93c89cfd0956acb8ca88e9aec82e69ff9f25c85904c69ddc1f9df86
[INFO] running `Command { std: "docker" "create" "-v" "/var/lib/crater-agent-workspace/builds/worker-7/target:/opt/rustwide/target:rw,Z" "-v" "/var/lib/crater-agent-workspace/builds/worker-7/source:/opt/rustwide/workdir:ro,Z" "-v" "/var/lib/crater-agent-workspace/cargo-home:/opt/rustwide/cargo-home:ro,Z" "-v" "/var/lib/crater-agent-workspace/rustup-home:/opt/rustwide/rustup-home:ro,Z" "-e" "SOURCE_DIR=/opt/rustwide/workdir" "-e" "CARGO_TARGET_DIR=/opt/rustwide/target" "-e" "CARGO_INCREMENTAL=0" "-e" "RUST_BACKTRACE=full" "-e" "RUSTFLAGS=--cap-lints=warn" "-e" "CARGO_HOME=/opt/rustwide/cargo-home" "-e" "RUSTUP_HOME=/opt/rustwide/rustup-home" "-w" "/opt/rustwide/workdir" "-m" "1610612736" "--user" "0:0" "--network" "none" "ghcr.io/rust-lang/crates-build-env/linux@sha256:34b6a614d2c27851fe6cbf88fbd1137609cefab8b10d0615aaeb6fd47975d74e" "/opt/rustwide/cargo-home/bin/cargo" "+1.54.0" "build" "--frozen" "--message-format=json", kill_on_drop: false }`
[INFO] [stdout] 5ee04a9918326014cf19d0b94c96ed3f8eb32dbac1808f56ef5a6ebe4c0f511a
[INFO] [stderr] WARNING: Your kernel does not support swap limit capabilities or the cgroup is not mounted. Memory limited without swap.
[INFO] running `Command { std: "docker" "start" "-a" "5ee04a9918326014cf19d0b94c96ed3f8eb32dbac1808f56ef5a6ebe4c0f511a", kill_on_drop: false }`
[INFO] [stderr]    Compiling libc v0.2.65
[INFO] [stderr]    Compiling nix v0.14.1
[INFO] [stderr]    Compiling libudev-sys v0.1.4
[INFO] [stderr]    Compiling libudev v0.2.0
[INFO] [stderr]    Compiling serialport v3.3.0
[INFO] [stderr]    Compiling enocean v0.2.58 (/opt/rustwide/workdir)
[INFO] [stderr]     Finished dev [unoptimized + debuginfo] target(s) in 7.25s
[INFO] running `Command { std: "docker" "inspect" "5ee04a9918326014cf19d0b94c96ed3f8eb32dbac1808f56ef5a6ebe4c0f511a", kill_on_drop: false }`
[INFO] running `Command { std: "docker" "rm" "-f" "5ee04a9918326014cf19d0b94c96ed3f8eb32dbac1808f56ef5a6ebe4c0f511a", kill_on_drop: false }`
[INFO] [stdout] 5ee04a9918326014cf19d0b94c96ed3f8eb32dbac1808f56ef5a6ebe4c0f511a
[INFO] running `Command { std: "docker" "create" "-v" "/var/lib/crater-agent-workspace/builds/worker-7/target:/opt/rustwide/target:rw,Z" "-v" "/var/lib/crater-agent-workspace/builds/worker-7/source:/opt/rustwide/workdir:ro,Z" "-v" "/var/lib/crater-agent-workspace/cargo-home:/opt/rustwide/cargo-home:ro,Z" "-v" "/var/lib/crater-agent-workspace/rustup-home:/opt/rustwide/rustup-home:ro,Z" "-e" "SOURCE_DIR=/opt/rustwide/workdir" "-e" "CARGO_TARGET_DIR=/opt/rustwide/target" "-e" "CARGO_INCREMENTAL=0" "-e" "RUST_BACKTRACE=full" "-e" "RUSTFLAGS=--cap-lints=warn" "-e" "CARGO_HOME=/opt/rustwide/cargo-home" "-e" "RUSTUP_HOME=/opt/rustwide/rustup-home" "-w" "/opt/rustwide/workdir" "-m" "1610612736" "--user" "0:0" "--network" "none" "ghcr.io/rust-lang/crates-build-env/linux@sha256:34b6a614d2c27851fe6cbf88fbd1137609cefab8b10d0615aaeb6fd47975d74e" "/opt/rustwide/cargo-home/bin/cargo" "+1.54.0" "test" "--frozen" "--no-run" "--message-format=json", kill_on_drop: false }`
[INFO] [stdout] 4440a4201dad9873ca8013f364649b263b98480a0b7f1753530ed76f94fa1b31
[INFO] [stderr] WARNING: Your kernel does not support swap limit capabilities or the cgroup is not mounted. Memory limited without swap.
[INFO] running `Command { std: "docker" "start" "-a" "4440a4201dad9873ca8013f364649b263b98480a0b7f1753530ed76f94fa1b31", kill_on_drop: false }`
[INFO] [stderr]    Compiling enocean v0.2.58 (/opt/rustwide/workdir)
[INFO] [stdout] warning: value assigned to `result_payload` is never read
[INFO] [stdout]    --> src/enocean.rs:684:17
[INFO] [stdout]     |
[INFO] [stdout] 684 |         let mut result_payload: Vec<u8> = Vec::new();
[INFO] [stdout]     |                 ^^^^^^^^^^^^^^
[INFO] [stdout]     |
[INFO] [stdout]     = note: `#[warn(unused_assignments)]` on by default
[INFO] [stdout]     = help: maybe it is overwritten before being read?
[INFO] [stdout] 
[INFO] [stdout] 
[INFO] [stdout] warning: variable does not need to be mutable
[INFO] [stdout]    --> src/enocean.rs:681:13
[INFO] [stdout]     |
[INFO] [stdout] 681 |         let mut result_sender_id: [u8; 4];
[INFO] [stdout]     |             ----^^^^^^^^^^^^^^^^
[INFO] [stdout]     |             |
[INFO] [stdout]     |             help: remove this `mut`
[INFO] [stdout]     |
[INFO] [stdout]     = note: `#[warn(unused_mut)]` on by default
[INFO] [stdout] 
[INFO] [stdout] 
[INFO] [stdout] warning: variable does not need to be mutable
[INFO] [stdout]    --> src/enocean.rs:682:13
[INFO] [stdout]     |
[INFO] [stdout] 682 |         let mut result_rorg: Rorg;
[INFO] [stdout]     |             ----^^^^^^^^^^^
[INFO] [stdout]     |             |
[INFO] [stdout]     |             help: remove this `mut`
[INFO] [stdout] 
[INFO] [stdout] 
[INFO] [stdout] warning: variable does not need to be mutable
[INFO] [stdout]    --> src/enocean.rs:683:13
[INFO] [stdout]     |
[INFO] [stdout] 683 |         let mut result_status: u8;
[INFO] [stdout]     |             ----^^^^^^^^^^^^^
[INFO] [stdout]     |             |
[INFO] [stdout]     |             help: remove this `mut`
[INFO] [stdout] 
[INFO] [stdout] 
[INFO] [stdout] warning: 4 warnings emitted
[INFO] [stdout] 
[INFO] [stdout] 
[INFO] [stderr]     Finished test [unoptimized + debuginfo] target(s) in 1.66s
[INFO] running `Command { std: "docker" "inspect" "4440a4201dad9873ca8013f364649b263b98480a0b7f1753530ed76f94fa1b31", kill_on_drop: false }`
[INFO] running `Command { std: "docker" "rm" "-f" "4440a4201dad9873ca8013f364649b263b98480a0b7f1753530ed76f94fa1b31", kill_on_drop: false }`
[INFO] [stdout] 4440a4201dad9873ca8013f364649b263b98480a0b7f1753530ed76f94fa1b31
[INFO] running `Command { std: "docker" "create" "-v" "/var/lib/crater-agent-workspace/builds/worker-7/target:/opt/rustwide/target:rw,Z" "-v" "/var/lib/crater-agent-workspace/builds/worker-7/source:/opt/rustwide/workdir:ro,Z" "-v" "/var/lib/crater-agent-workspace/cargo-home:/opt/rustwide/cargo-home:ro,Z" "-v" "/var/lib/crater-agent-workspace/rustup-home:/opt/rustwide/rustup-home:ro,Z" "-e" "SOURCE_DIR=/opt/rustwide/workdir" "-e" "CARGO_TARGET_DIR=/opt/rustwide/target" "-e" "CARGO_INCREMENTAL=0" "-e" "RUST_BACKTRACE=full" "-e" "RUSTFLAGS=--cap-lints=warn" "-e" "CARGO_HOME=/opt/rustwide/cargo-home" "-e" "RUSTUP_HOME=/opt/rustwide/rustup-home" "-w" "/opt/rustwide/workdir" "-m" "1610612736" "--user" "0:0" "--network" "none" "ghcr.io/rust-lang/crates-build-env/linux@sha256:34b6a614d2c27851fe6cbf88fbd1137609cefab8b10d0615aaeb6fd47975d74e" "/opt/rustwide/cargo-home/bin/cargo" "+1.54.0" "test" "--frozen", kill_on_drop: false }`
[INFO] [stderr] WARNING: Your kernel does not support swap limit capabilities or the cgroup is not mounted. Memory limited without swap.
[INFO] [stdout] e18fbaa92123a5ed7ea8e1bec7c9417fca30f08a8e6b6a23f0d4fbbf69bcb19a
[INFO] running `Command { std: "docker" "start" "-a" "e18fbaa92123a5ed7ea8e1bec7c9417fca30f08a8e6b6a23f0d4fbbf69bcb19a", kill_on_drop: false }`
[INFO] [stderr] warning: value assigned to `result_payload` is never read
[INFO] [stderr]    --> src/enocean.rs:684:17
[INFO] [stderr]     |
[INFO] [stderr] 684 |         let mut result_payload: Vec<u8> = Vec::new();
[INFO] [stderr]     |                 ^^^^^^^^^^^^^^
[INFO] [stderr]     |
[INFO] [stderr]     = note: `#[warn(unused_assignments)]` on by default
[INFO] [stderr]     = help: maybe it is overwritten before being read?
[INFO] [stderr] 
[INFO] [stderr] warning: variable does not need to be mutable
[INFO] [stderr]    --> src/enocean.rs:681:13
[INFO] [stderr]     |
[INFO] [stderr] 681 |         let mut result_sender_id: [u8; 4];
[INFO] [stderr]     |             ----^^^^^^^^^^^^^^^^
[INFO] [stderr]     |             |
[INFO] [stderr]     |             help: remove this `mut`
[INFO] [stderr]     |
[INFO] [stderr]     = note: `#[warn(unused_mut)]` on by default
[INFO] [stderr] 
[INFO] [stderr] warning: variable does not need to be mutable
[INFO] [stderr]    --> src/enocean.rs:682:13
[INFO] [stderr]     |
[INFO] [stderr] 682 |         let mut result_rorg: Rorg;
[INFO] [stderr]     |             ----^^^^^^^^^^^
[INFO] [stderr]     |             |
[INFO] [stderr]     |             help: remove this `mut`
[INFO] [stderr] 
[INFO] [stderr] warning: variable does not need to be mutable
[INFO] [stderr]    --> src/enocean.rs:683:13
[INFO] [stderr]     |
[INFO] [stderr] 683 |         let mut result_status: u8;
[INFO] [stderr]     |             ----^^^^^^^^^^^^^
[INFO] [stderr]     |             |
[INFO] [stderr]     |             help: remove this `mut`
[INFO] [stderr] 
[INFO] [stderr] warning: 4 warnings emitted
[INFO] [stderr] 
[INFO] [stderr]     Finished test [unoptimized + debuginfo] target(s) in 0.02s
[INFO] [stderr]      Running unittests (/opt/rustwide/target/debug/deps/enocean-86d3d7e6d5b5594f)
[INFO] [stdout] 
[INFO] [stdout] running 19 tests
[INFO] [stdout] test enocean::tests::given_valid_a50401_enocean_message_then_return_corresponding_esp ... ok
[INFO] [stdout] test eep::tests::given_valid_f60202_esp3_packet_when_a0_pushed_then_parse_all_data ... ok
[INFO] [stdout] test enocean::tests::given_incomplete_encoean_message_then_return_invalid_input_error ... ok
[INFO] [stdout] test enocean::tests::given_invalid_a50401_enocean_message_with_no_sync_byte_then_return_error ... ok
[INFO] [stdout] test enocean::tests::given_invalid_encoean_message_with_invalid_crc_data_then_return_error ... ok
[INFO] [stdout] test enocean::tests::given_invalid_enocean_message_with_invalid_crcheader_then_return_error ... ok
[INFO] [stdout] test enocean::tests::given_valid_a50401_enocean_message_then_return_esp_with_valid_header ... ok
[INFO] [stdout] test eep::tests::given_valid_f60201_esp3_packet_when_pressed_then_parse_all_data ... ok
[INFO] [stdout] test eep::tests::given_valid_d2010e_esp3_packet_when_consumption_changes_then_parse_all_data ... ok
[INFO] [stdout] test eep::tests::given_valid_a50401_esp3_packet_and_its_eep_then_parse_all_data_when_learn_button_not_pressed ... ok
[INFO] [stdout] test enocean::tests::given_valid_response_packet_then_return_corresponding_esp ... ok
[INFO] [stdout] test eep::tests::given_u8_byte_then_get_specific_bit_value ... ok
[INFO] [stdout] test enocean::tests::given_valid_f60201_message_with_valid_header_then_compute_crc_header ... ok
[INFO] [stdout] test eep::tests::given_u8_byte_then_get_bits_values ... ok
[INFO] [stdout] test eep::tests::given_d2010e_valid_esp3_packet_containing_teachin_query_then_create_valid_response_packet ... ok
[INFO] [stdout] test enocean::tests::given_valid_f60201_enocean_message_then_return_corresponding_esp ... ok
[INFO] [stdout] test enocean::tests::given_valid_f60201_enocean_message_then_return_esp_with_valid_header ... ok
[INFO] [stdout] test enocean::tests::given_valid_a50401_message_with_valid_header_then_return_esp_with_valid_crc_header ... ok
[INFO] [stdout] test eep::tests::given_f60201_valid_status_then_create_valid_f60201_packet ... FAILED
[INFO] [stdout] 
[INFO] [stdout] failures:
[INFO] [stdout] 
[INFO] [stdout] ---- eep::tests::given_f60201_valid_status_then_create_valid_f60201_packet stdout ----
[INFO] [stdout] thread 'eep::tests::given_f60201_valid_status_then_create_valid_f60201_packet' panicked at 'assertion failed: `(left == right)`
[INFO] [stdout]   left: `[85, 0, 7, 7, 1, 122, 246, 8, 0, 0, 0, 0, 48, 3, 255, 255, 255, 255, 255, 0, 208]`,
[INFO] [stdout]  right: `[85, 0, 7, 7, 1, 122, 246, 16, 0, 0, 0, 0, 48, 3, 255, 255, 255, 255, 255, 0, 19]`', src/eep.rs:545:9
[INFO] [stdout] stack backtrace:
[INFO] [stdout]    0:     0x556406e34e90 - std::backtrace_rs::backtrace::libunwind::trace::h34055254b57d8e79
[INFO] [stdout]                                at /rustc/a178d0322ce20e33eac124758e837cbd80a6f633/library/std/src/../../backtrace/src/backtrace/libunwind.rs:90:5
[INFO] [stdout]    1:     0x556406e34e90 - std::backtrace_rs::backtrace::trace_unsynchronized::h8f1e3fbd9afff6ec
[INFO] [stdout]                                at /rustc/a178d0322ce20e33eac124758e837cbd80a6f633/library/std/src/../../backtrace/src/backtrace/mod.rs:66:5
[INFO] [stdout]    2:     0x556406e34e90 - std::sys_common::backtrace::_print_fmt::h3a99a796b770c360
[INFO] [stdout]                                at /rustc/a178d0322ce20e33eac124758e837cbd80a6f633/library/std/src/sys_common/backtrace.rs:67:5
[INFO] [stdout]    3:     0x556406e34e90 - <std::sys_common::backtrace::_print::DisplayBacktrace as core::fmt::Display>::fmt::h32d1f94a80615d18
[INFO] [stdout]                                at /rustc/a178d0322ce20e33eac124758e837cbd80a6f633/library/std/src/sys_common/backtrace.rs:46:22
[INFO] [stdout]    4:     0x556406e57efc - core::fmt::write::h306731c068f7162c
[INFO] [stdout]                                at /rustc/a178d0322ce20e33eac124758e837cbd80a6f633/library/core/src/fmt/mod.rs:1110:17
[INFO] [stdout]    5:     0x556406e31db5 - std::io::Write::write_fmt::h87f19b0a2cd190bc
[INFO] [stdout]                                at /rustc/a178d0322ce20e33eac124758e837cbd80a6f633/library/std/src/io/mod.rs:1588:15
[INFO] [stdout]    6:     0x556406e36ffb - std::sys_common::backtrace::_print::h5abaa2601a852287
[INFO] [stdout]                                at /rustc/a178d0322ce20e33eac124758e837cbd80a6f633/library/std/src/sys_common/backtrace.rs:49:5
[INFO] [stdout]    7:     0x556406e36ffb - std::sys_common::backtrace::print::h8d81445442bb638f
[INFO] [stdout]                                at /rustc/a178d0322ce20e33eac124758e837cbd80a6f633/library/std/src/sys_common/backtrace.rs:36:9
[INFO] [stdout]    8:     0x556406e36ffb - std::panicking::default_hook::{{closure}}::hcfe804496a9fa747
[INFO] [stdout]                                at /rustc/a178d0322ce20e33eac124758e837cbd80a6f633/library/std/src/panicking.rs:208:50
[INFO] [stdout]    9:     0x556406e36b0c - std::panicking::default_hook::hbea8e3ccf2ba8901
[INFO] [stdout]                                at /rustc/a178d0322ce20e33eac124758e837cbd80a6f633/library/std/src/panicking.rs:222:9
[INFO] [stdout]   10:     0x556406e376c4 - std::panicking::rust_panic_with_hook::h7ee9e1a2d0f8975a
[INFO] [stdout]                                at /rustc/a178d0322ce20e33eac124758e837cbd80a6f633/library/std/src/panicking.rs:622:17
[INFO] [stdout]   11:     0x556406e371a7 - std::panicking::begin_panic_handler::{{closure}}::h8ab3b4491718b2c7
[INFO] [stdout]                                at /rustc/a178d0322ce20e33eac124758e837cbd80a6f633/library/std/src/panicking.rs:519:13
[INFO] [stdout]   12:     0x556406e3538c - std::sys_common::backtrace::__rust_end_short_backtrace::hd489062ffa586a9f
[INFO] [stdout]                                at /rustc/a178d0322ce20e33eac124758e837cbd80a6f633/library/std/src/sys_common/backtrace.rs:141:18
[INFO] [stdout]   13:     0x556406e37109 - rust_begin_unwind
[INFO] [stdout]                                at /rustc/a178d0322ce20e33eac124758e837cbd80a6f633/library/std/src/panicking.rs:515:5
[INFO] [stdout]   14:     0x556406dc5651 - core::panicking::panic_fmt::hca6330e3e14086b4
[INFO] [stdout]                                at /rustc/a178d0322ce20e33eac124758e837cbd80a6f633/library/core/src/panicking.rs:92:14
[INFO] [stdout]   15:     0x556406e55fa8 - core::panicking::assert_failed_inner::h33b45280069a80ed
[INFO] [stdout]   16:     0x556406dcefea - core::panicking::assert_failed::hf109e58e2ea420aa
[INFO] [stdout]                                at /rustc/a178d0322ce20e33eac124758e837cbd80a6f633/library/core/src/panicking.rs:117:5
[INFO] [stdout]   17:     0x556406dded70 - enocean::eep::tests::given_f60201_valid_status_then_create_valid_f60201_packet::hd054818fbd631809
[INFO] [stdout]                                at /opt/rustwide/workdir/src/eep.rs:545:9
[INFO] [stdout]   18:     0x556406ddeb6a - enocean::eep::tests::given_f60201_valid_status_then_create_valid_f60201_packet::{{closure}}::hebbaccd86d6ca340
[INFO] [stdout]                                at /opt/rustwide/workdir/src/eep.rs:536:5
[INFO] [stdout]   19:     0x556406ddbdce - core::ops::function::FnOnce::call_once::he05b0e95e49250cc
[INFO] [stdout]                                at /rustc/a178d0322ce20e33eac124758e837cbd80a6f633/library/core/src/ops/function.rs:227:5
[INFO] [stdout]   20:     0x556406e07933 - core::ops::function::FnOnce::call_once::h152e7e439ff59e19
[INFO] [stdout]                                at /rustc/a178d0322ce20e33eac124758e837cbd80a6f633/library/core/src/ops/function.rs:227:5
[INFO] [stdout]   21:     0x556406e07933 - test::__rust_begin_short_backtrace::h0908f3b1fdbb72ab
[INFO] [stdout]                                at /rustc/a178d0322ce20e33eac124758e837cbd80a6f633/library/test/src/lib.rs:577:5
[INFO] [stdout]   22:     0x556406e063f0 - <alloc::boxed::Box<F,A> as core::ops::function::FnOnce<Args>>::call_once::hf6d2a51e5587546c
[INFO] [stdout]                                at /rustc/a178d0322ce20e33eac124758e837cbd80a6f633/library/alloc/src/boxed.rs:1575:9
[INFO] [stdout]   23:     0x556406e063f0 - <std::panic::AssertUnwindSafe<F> as core::ops::function::FnOnce<()>>::call_once::h8af660f3a89ef593
[INFO] [stdout]                                at /rustc/a178d0322ce20e33eac124758e837cbd80a6f633/library/std/src/panic.rs:347:9
[INFO] [stdout]   24:     0x556406e063f0 - std::panicking::try::do_call::hd36aef60f84b6d36
[INFO] [stdout]                                at /rustc/a178d0322ce20e33eac124758e837cbd80a6f633/library/std/src/panicking.rs:401:40
[INFO] [stdout]   25:     0x556406e063f0 - std::panicking::try::h9932b4480e69817c
[INFO] [stdout]                                at /rustc/a178d0322ce20e33eac124758e837cbd80a6f633/library/std/src/panicking.rs:365:19
[INFO] [stdout]   26:     0x556406e063f0 - std::panic::catch_unwind::h6aa177099cfff5f8
[INFO] [stdout]                                at /rustc/a178d0322ce20e33eac124758e837cbd80a6f633/library/std/src/panic.rs:434:14
[INFO] [stdout]   27:     0x556406e063f0 - test::run_test_in_process::h5884d6f2d99e20c3
[INFO] [stdout]                                at /rustc/a178d0322ce20e33eac124758e837cbd80a6f633/library/test/src/lib.rs:600:18
[INFO] [stdout]   28:     0x556406e063f0 - test::run_test::run_test_inner::{{closure}}::h6fdc58c6d5f5b6e3
[INFO] [stdout]                                at /rustc/a178d0322ce20e33eac124758e837cbd80a6f633/library/test/src/lib.rs:492:39
[INFO] [stdout]   29:     0x556406ddfaa2 - test::run_test::run_test_inner::{{closure}}::h408365d67a78ade8
[INFO] [stdout]                                at /rustc/a178d0322ce20e33eac124758e837cbd80a6f633/library/test/src/lib.rs:519:37
[INFO] [stdout]   30:     0x556406ddfaa2 - std::sys_common::backtrace::__rust_begin_short_backtrace::hb560b77c4f701523
[INFO] [stdout]                                at /rustc/a178d0322ce20e33eac124758e837cbd80a6f633/library/std/src/sys_common/backtrace.rs:125:18
[INFO] [stdout]   31:     0x556406de3658 - std::thread::Builder::spawn_unchecked::{{closure}}::{{closure}}::hf2e7831dad93c597
[INFO] [stdout]                                at /rustc/a178d0322ce20e33eac124758e837cbd80a6f633/library/std/src/thread/mod.rs:481:17
[INFO] [stdout]   32:     0x556406de3658 - <std::panic::AssertUnwindSafe<F> as core::ops::function::FnOnce<()>>::call_once::hd2e08783d8be4d02
[INFO] [stdout]                                at /rustc/a178d0322ce20e33eac124758e837cbd80a6f633/library/std/src/panic.rs:347:9
[INFO] [stdout]   33:     0x556406de3658 - std::panicking::try::do_call::h062597b7acfd6b82
[INFO] [stdout]                                at /rustc/a178d0322ce20e33eac124758e837cbd80a6f633/library/std/src/panicking.rs:401:40
[INFO] [stdout]   34:     0x556406de3658 - std::panicking::try::h0d7b79db04c14552
[INFO] [stdout]                                at /rustc/a178d0322ce20e33eac124758e837cbd80a6f633/library/std/src/panicking.rs:365:19
[INFO] [stdout]   35:     0x556406de3658 - std::panic::catch_unwind::hb01a0b5e7c8cd43b
[INFO] [stdout]                                at /rustc/a178d0322ce20e33eac124758e837cbd80a6f633/library/std/src/panic.rs:434:14
[INFO] [stdout]   36:     0x556406de3658 - std::thread::Builder::spawn_unchecked::{{closure}}::h5bde48cc887e0d1e
[INFO] [stdout]                                at /rustc/a178d0322ce20e33eac124758e837cbd80a6f633/library/std/src/thread/mod.rs:480:30
[INFO] [stdout]   37:     0x556406de3658 - core::ops::function::FnOnce::call_once{{vtable.shim}}::h745ea30807a29e55
[INFO] [stdout]                                at /rustc/a178d0322ce20e33eac124758e837cbd80a6f633/library/core/src/ops/function.rs:227:5
[INFO] [stdout]   38:     0x556406e3c187 - <alloc::boxed::Box<F,A> as core::ops::function::FnOnce<Args>>::call_once::h7ece6cfefaff1005
[INFO] [stdout]                                at /rustc/a178d0322ce20e33eac124758e837cbd80a6f633/library/alloc/src/boxed.rs:1575:9
[INFO] [stdout]   39:     0x556406e3c187 - <alloc::boxed::Box<F,A> as core::ops::function::FnOnce<Args>>::call_once::hb8b48e55c21f193e
[INFO] [stdout]                                at /rustc/a178d0322ce20e33eac124758e837cbd80a6f633/library/alloc/src/boxed.rs:1575:9
[INFO] [stdout]   40:     0x556406e3c187 - std::sys::unix::thread::Thread::new::thread_start::h8c7c4450dba62914
[INFO] [stdout]                                at /rustc/a178d0322ce20e33eac124758e837cbd80a6f633/library/std/src/sys/unix/thread.rs:71:17
[INFO] [stdout]   41:     0x7f834847a609 - start_thread
[INFO] [stdout]   42:     0x7f834824a293 - clone
[INFO] [stdout]   43:                0x0 - <unknown>
[INFO] [stdout] 
[INFO] [stdout] 
[INFO] [stdout] failures:
[INFO] [stdout]     eep::tests::given_f60201_valid_status_then_create_valid_f60201_packet
[INFO] [stdout] 
[INFO] [stdout] test result: FAILED. 18 passed; 1 failed; 0 ignored; 0 measured; 0 filtered out; finished in 0.02s
[INFO] [stdout] 
[INFO] [stderr] error: test failed, to rerun pass '--lib'
[INFO] running `Command { std: "docker" "inspect" "e18fbaa92123a5ed7ea8e1bec7c9417fca30f08a8e6b6a23f0d4fbbf69bcb19a", kill_on_drop: false }`
[INFO] running `Command { std: "docker" "rm" "-f" "e18fbaa92123a5ed7ea8e1bec7c9417fca30f08a8e6b6a23f0d4fbbf69bcb19a", kill_on_drop: false }`
[INFO] [stdout] e18fbaa92123a5ed7ea8e1bec7c9417fca30f08a8e6b6a23f0d4fbbf69bcb19a
