[INFO] fetching crate emseries 0.5.1...
[INFO] testing emseries-0.5.1 against 1.54.0 for beta-1.55-1
[INFO] extracting crate emseries 0.5.1 into /workspace/builds/worker-0/source
[INFO] validating manifest of crates.io crate emseries 0.5.1 on toolchain 1.54.0
[INFO] running `Command { std: "/workspace/cargo-home/bin/cargo" "+1.54.0" "metadata" "--manifest-path" "Cargo.toml" "--no-deps", kill_on_drop: false }`
[INFO] started tweaking crates.io crate emseries 0.5.1
[INFO] finished tweaking crates.io crate emseries 0.5.1
[INFO] tweaked toml for crates.io crate emseries 0.5.1 written to /workspace/builds/worker-0/source/Cargo.toml
[INFO] running `Command { std: "/workspace/cargo-home/bin/cargo" "+1.54.0" "generate-lockfile" "--manifest-path" "Cargo.toml" "-Zno-index-update", kill_on_drop: false }`
[INFO] running `Command { std: "/workspace/cargo-home/bin/cargo" "+1.54.0" "fetch" "--manifest-path" "Cargo.toml", kill_on_drop: false }`
[INFO] running `Command { std: "docker" "create" "-v" "/var/lib/crater-agent-workspace/builds/worker-0/target:/opt/rustwide/target:rw,Z" "-v" "/var/lib/crater-agent-workspace/builds/worker-0/source:/opt/rustwide/workdir:ro,Z" "-v" "/var/lib/crater-agent-workspace/cargo-home:/opt/rustwide/cargo-home:ro,Z" "-v" "/var/lib/crater-agent-workspace/rustup-home:/opt/rustwide/rustup-home:ro,Z" "-e" "SOURCE_DIR=/opt/rustwide/workdir" "-e" "CARGO_TARGET_DIR=/opt/rustwide/target" "-e" "CARGO_HOME=/opt/rustwide/cargo-home" "-e" "RUSTUP_HOME=/opt/rustwide/rustup-home" "-w" "/opt/rustwide/workdir" "-m" "1610612736" "--user" "0:0" "--network" "none" "ghcr.io/rust-lang/crates-build-env/linux@sha256:34b6a614d2c27851fe6cbf88fbd1137609cefab8b10d0615aaeb6fd47975d74e" "/opt/rustwide/cargo-home/bin/cargo" "+1.54.0" "metadata" "--no-deps" "--format-version=1", kill_on_drop: false }`
[INFO] [stdout] e2cd838d02c24a4643ae14f6c2db5bdaf0f236e876d7d9eee477e3fef34f000d
[INFO] [stderr] WARNING: Your kernel does not support swap limit capabilities or the cgroup is not mounted. Memory limited without swap.
[INFO] running `Command { std: "docker" "start" "-a" "e2cd838d02c24a4643ae14f6c2db5bdaf0f236e876d7d9eee477e3fef34f000d", kill_on_drop: false }`
[INFO] running `Command { std: "docker" "inspect" "e2cd838d02c24a4643ae14f6c2db5bdaf0f236e876d7d9eee477e3fef34f000d", kill_on_drop: false }`
[INFO] running `Command { std: "docker" "rm" "-f" "e2cd838d02c24a4643ae14f6c2db5bdaf0f236e876d7d9eee477e3fef34f000d", kill_on_drop: false }`
[INFO] [stdout] e2cd838d02c24a4643ae14f6c2db5bdaf0f236e876d7d9eee477e3fef34f000d
[INFO] running `Command { std: "docker" "create" "-v" "/var/lib/crater-agent-workspace/builds/worker-0/target:/opt/rustwide/target:rw,Z" "-v" "/var/lib/crater-agent-workspace/builds/worker-0/source:/opt/rustwide/workdir:ro,Z" "-v" "/var/lib/crater-agent-workspace/cargo-home:/opt/rustwide/cargo-home:ro,Z" "-v" "/var/lib/crater-agent-workspace/rustup-home:/opt/rustwide/rustup-home:ro,Z" "-e" "SOURCE_DIR=/opt/rustwide/workdir" "-e" "CARGO_TARGET_DIR=/opt/rustwide/target" "-e" "CARGO_INCREMENTAL=0" "-e" "RUST_BACKTRACE=full" "-e" "RUSTFLAGS=--cap-lints=warn" "-e" "CARGO_HOME=/opt/rustwide/cargo-home" "-e" "RUSTUP_HOME=/opt/rustwide/rustup-home" "-w" "/opt/rustwide/workdir" "-m" "1610612736" "--user" "0:0" "--network" "none" "ghcr.io/rust-lang/crates-build-env/linux@sha256:34b6a614d2c27851fe6cbf88fbd1137609cefab8b10d0615aaeb6fd47975d74e" "/opt/rustwide/cargo-home/bin/cargo" "+1.54.0" "build" "--frozen" "--message-format=json", kill_on_drop: false }`
[INFO] [stdout] 86dc937b23a1998b1b4d8da89092bdc2a1e5046a4c4ef25ab3a95587219e26a8
[INFO] [stderr] WARNING: Your kernel does not support swap limit capabilities or the cgroup is not mounted. Memory limited without swap.
[INFO] running `Command { std: "docker" "start" "-a" "86dc937b23a1998b1b4d8da89092bdc2a1e5046a4c4ef25ab3a95587219e26a8", kill_on_drop: false }`
[INFO] [stderr]    Compiling dimensioned v0.7.0
[INFO] [stderr]    Compiling generic-array v0.11.2
[INFO] [stderr]    Compiling uuid v0.8.2
[INFO] [stderr]    Compiling parse-zoneinfo v0.1.1
[INFO] [stderr]    Compiling chrono v0.4.19
[INFO] [stderr]    Compiling chrono-tz v0.4.1
[INFO] [stderr]    Compiling emseries v0.5.1 (/opt/rustwide/workdir)
[INFO] [stdout] warning: use of deprecated associated function `std::error::Error::description`: use the Display impl or to_string()
[INFO] [stdout]   --> src/types.rs:48:51
[INFO] [stdout]    |
[INFO] [stdout] 48 |             Error::UUIDParseError(ref err) => err.description(),
[INFO] [stdout]    |                                                   ^^^^^^^^^^^
[INFO] [stdout]    |
[INFO] [stdout]    = note: `#[warn(deprecated)]` on by default
[INFO] [stdout] 
[INFO] [stdout] 
[INFO] [stdout] warning: use of deprecated associated function `std::error::Error::description`: use the Display impl or to_string()
[INFO] [stdout]   --> src/types.rs:49:52
[INFO] [stdout]    |
[INFO] [stdout] 49 |             Error::JSONStringError(ref err) => err.description(),
[INFO] [stdout]    |                                                    ^^^^^^^^^^^
[INFO] [stdout] 
[INFO] [stdout] 
[INFO] [stdout] warning: use of deprecated associated function `std::error::Error::description`: use the Display impl or to_string()
[INFO] [stdout]   --> src/types.rs:50:51
[INFO] [stdout]    |
[INFO] [stdout] 50 |             Error::JSONParseError(ref err) => err.description(),
[INFO] [stdout]    |                                                   ^^^^^^^^^^^
[INFO] [stdout] 
[INFO] [stdout] 
[INFO] [stdout] warning: use of deprecated associated function `std::error::Error::description`: use the Display impl or to_string()
[INFO] [stdout]   --> src/types.rs:51:44
[INFO] [stdout]    |
[INFO] [stdout] 51 |             Error::IOError(ref err) => err.description(),
[INFO] [stdout]    |                                            ^^^^^^^^^^^
[INFO] [stdout] 
[INFO] [stdout] 
[INFO] [stdout] warning: 4 warnings emitted
[INFO] [stdout] 
[INFO] [stdout] 
[INFO] [stderr]     Finished dev [unoptimized + debuginfo] target(s) in 19.45s
[INFO] running `Command { std: "docker" "inspect" "86dc937b23a1998b1b4d8da89092bdc2a1e5046a4c4ef25ab3a95587219e26a8", kill_on_drop: false }`
[INFO] running `Command { std: "docker" "rm" "-f" "86dc937b23a1998b1b4d8da89092bdc2a1e5046a4c4ef25ab3a95587219e26a8", kill_on_drop: false }`
[INFO] [stdout] 86dc937b23a1998b1b4d8da89092bdc2a1e5046a4c4ef25ab3a95587219e26a8
[INFO] running `Command { std: "docker" "create" "-v" "/var/lib/crater-agent-workspace/builds/worker-0/target:/opt/rustwide/target:rw,Z" "-v" "/var/lib/crater-agent-workspace/builds/worker-0/source:/opt/rustwide/workdir:ro,Z" "-v" "/var/lib/crater-agent-workspace/cargo-home:/opt/rustwide/cargo-home:ro,Z" "-v" "/var/lib/crater-agent-workspace/rustup-home:/opt/rustwide/rustup-home:ro,Z" "-e" "SOURCE_DIR=/opt/rustwide/workdir" "-e" "CARGO_TARGET_DIR=/opt/rustwide/target" "-e" "CARGO_INCREMENTAL=0" "-e" "RUST_BACKTRACE=full" "-e" "RUSTFLAGS=--cap-lints=warn" "-e" "CARGO_HOME=/opt/rustwide/cargo-home" "-e" "RUSTUP_HOME=/opt/rustwide/rustup-home" "-w" "/opt/rustwide/workdir" "-m" "1610612736" "--user" "0:0" "--network" "none" "ghcr.io/rust-lang/crates-build-env/linux@sha256:34b6a614d2c27851fe6cbf88fbd1137609cefab8b10d0615aaeb6fd47975d74e" "/opt/rustwide/cargo-home/bin/cargo" "+1.54.0" "test" "--frozen" "--no-run" "--message-format=json", kill_on_drop: false }`
[INFO] [stderr] WARNING: Your kernel does not support swap limit capabilities or the cgroup is not mounted. Memory limited without swap.
[INFO] [stdout] 98c4a9cf54cbaadd92c1ff409ed44fb25e7a449ffe5e2cb662bcff77d402810b
[INFO] running `Command { std: "docker" "start" "-a" "98c4a9cf54cbaadd92c1ff409ed44fb25e7a449ffe5e2cb662bcff77d402810b", kill_on_drop: false }`
[INFO] [stderr]    Compiling emseries v0.5.1 (/opt/rustwide/workdir)
[INFO] [stdout] warning: use of deprecated associated function `std::error::Error::description`: use the Display impl or to_string()
[INFO] [stdout]   --> src/types.rs:48:51
[INFO] [stdout]    |
[INFO] [stdout] 48 |             Error::UUIDParseError(ref err) => err.description(),
[INFO] [stdout]    |                                                   ^^^^^^^^^^^
[INFO] [stdout]    |
[INFO] [stdout]    = note: `#[warn(deprecated)]` on by default
[INFO] [stdout] 
[INFO] [stdout] 
[INFO] [stdout] warning: use of deprecated associated function `std::error::Error::description`: use the Display impl or to_string()
[INFO] [stdout]   --> src/types.rs:49:52
[INFO] [stdout]    |
[INFO] [stdout] 49 |             Error::JSONStringError(ref err) => err.description(),
[INFO] [stdout]    |                                                    ^^^^^^^^^^^
[INFO] [stdout] 
[INFO] [stdout] 
[INFO] [stdout] warning: use of deprecated associated function `std::error::Error::description`: use the Display impl or to_string()
[INFO] [stdout]   --> src/types.rs:50:51
[INFO] [stdout]    |
[INFO] [stdout] 50 |             Error::JSONParseError(ref err) => err.description(),
[INFO] [stdout]    |                                                   ^^^^^^^^^^^
[INFO] [stdout] 
[INFO] [stdout] 
[INFO] [stdout] warning: use of deprecated associated function `std::error::Error::description`: use the Display impl or to_string()
[INFO] [stdout]   --> src/types.rs:51:44
[INFO] [stdout]    |
[INFO] [stdout] 51 |             Error::IOError(ref err) => err.description(),
[INFO] [stdout]    |                                            ^^^^^^^^^^^
[INFO] [stdout] 
[INFO] [stdout] 
[INFO] [stdout] warning: 4 warnings emitted
[INFO] [stdout] 
[INFO] [stdout] 
[INFO] [stdout] warning: use of deprecated associated function `std::error::Error::description`: use the Display impl or to_string()
[INFO] [stdout]   --> src/types.rs:48:51
[INFO] [stdout]    |
[INFO] [stdout] 48 |             Error::UUIDParseError(ref err) => err.description(),
[INFO] [stdout]    |                                                   ^^^^^^^^^^^
[INFO] [stdout]    |
[INFO] [stdout]    = note: `#[warn(deprecated)]` on by default
[INFO] [stdout] 
[INFO] [stdout] 
[INFO] [stdout] warning: use of deprecated associated function `std::error::Error::description`: use the Display impl or to_string()
[INFO] [stdout]   --> src/types.rs:49:52
[INFO] [stdout]    |
[INFO] [stdout] 49 |             Error::JSONStringError(ref err) => err.description(),
[INFO] [stdout]    |                                                    ^^^^^^^^^^^
[INFO] [stdout] 
[INFO] [stdout] 
[INFO] [stdout] warning: use of deprecated associated function `std::error::Error::description`: use the Display impl or to_string()
[INFO] [stdout]   --> src/types.rs:50:51
[INFO] [stdout]    |
[INFO] [stdout] 50 |             Error::JSONParseError(ref err) => err.description(),
[INFO] [stdout]    |                                                   ^^^^^^^^^^^
[INFO] [stdout] 
[INFO] [stdout] 
[INFO] [stdout] warning: use of deprecated associated function `std::error::Error::description`: use the Display impl or to_string()
[INFO] [stdout]   --> src/types.rs:51:44
[INFO] [stdout]    |
[INFO] [stdout] 51 |             Error::IOError(ref err) => err.description(),
[INFO] [stdout]    |                                            ^^^^^^^^^^^
[INFO] [stdout] 
[INFO] [stdout] 
[INFO] [stdout] warning: panic message is not a string literal
[INFO] [stdout]    --> src/series.rs:278:44
[INFO] [stdout]     |
[INFO] [stdout] 278 |                 Err(err) => assert!(false, err),
[INFO] [stdout]     |                                            ^^^
[INFO] [stdout]     |
[INFO] [stdout]     = note: `#[warn(non_fmt_panic)]` on by default
[INFO] [stdout]     = note: this is no longer accepted in Rust 2021
[INFO] [stdout] help: add a "{}" format string to Display the message
[INFO] [stdout]     |
[INFO] [stdout] 278 |                 Err(err) => assert!(false, "{}", err),
[INFO] [stdout]     |                                            ^^^^^
[INFO] [stdout] 
[INFO] [stdout] 
[INFO] [stdout] warning: panic message is not a string literal
[INFO] [stdout]    --> src/series.rs:328:44
[INFO] [stdout]     |
[INFO] [stdout] 328 |                 Err(err) => assert!(false, err),
[INFO] [stdout]     |                                            ^^^
[INFO] [stdout]     |
[INFO] [stdout]     = note: this is no longer accepted in Rust 2021
[INFO] [stdout] help: add a "{}" format string to Display the message
[INFO] [stdout]     |
[INFO] [stdout] 328 |                 Err(err) => assert!(false, "{}", err),
[INFO] [stdout]     |                                            ^^^^^
[INFO] [stdout] 
[INFO] [stdout] 
[INFO] [stdout] warning: panic message is not a string literal
[INFO] [stdout]    --> src/series.rs:357:44
[INFO] [stdout]     |
[INFO] [stdout] 357 |                 Err(err) => assert!(false, err),
[INFO] [stdout]     |                                            ^^^
[INFO] [stdout]     |
[INFO] [stdout]     = note: this is no longer accepted in Rust 2021
[INFO] [stdout] help: add a "{}" format string to Display the message
[INFO] [stdout]     |
[INFO] [stdout] 357 |                 Err(err) => assert!(false, "{}", err),
[INFO] [stdout]     |                                            ^^^^^
[INFO] [stdout] 
[INFO] [stdout] 
[INFO] [stdout] warning: panic message is not a string literal
[INFO] [stdout]    --> src/series.rs:394:48
[INFO] [stdout]     |
[INFO] [stdout] 394 |                     Err(err) => assert!(false, err),
[INFO] [stdout]     |                                                ^^^
[INFO] [stdout]     |
[INFO] [stdout]     = note: this is no longer accepted in Rust 2021
[INFO] [stdout] help: add a "{}" format string to Display the message
[INFO] [stdout]     |
[INFO] [stdout] 394 |                     Err(err) => assert!(false, "{}", err),
[INFO] [stdout]     |                                                ^^^^^
[INFO] [stdout] 
[INFO] [stdout] 
[INFO] [stdout] warning: panic message is not a string literal
[INFO] [stdout]    --> src/series.rs:432:48
[INFO] [stdout]     |
[INFO] [stdout] 432 |                     Err(err) => assert!(false, err),
[INFO] [stdout]     |                                                ^^^
[INFO] [stdout]     |
[INFO] [stdout]     = note: this is no longer accepted in Rust 2021
[INFO] [stdout] help: add a "{}" format string to Display the message
[INFO] [stdout]     |
[INFO] [stdout] 432 |                     Err(err) => assert!(false, "{}", err),
[INFO] [stdout]     |                                                ^^^^^
[INFO] [stdout] 
[INFO] [stdout] 
[INFO] [stdout] warning: panic message is not a string literal
[INFO] [stdout]    --> src/series.rs:455:48
[INFO] [stdout]     |
[INFO] [stdout] 455 |                     Err(err) => assert!(false, err),
[INFO] [stdout]     |                                                ^^^
[INFO] [stdout]     |
[INFO] [stdout]     = note: this is no longer accepted in Rust 2021
[INFO] [stdout] help: add a "{}" format string to Display the message
[INFO] [stdout]     |
[INFO] [stdout] 455 |                     Err(err) => assert!(false, "{}", err),
[INFO] [stdout]     |                                                ^^^^^
[INFO] [stdout] 
[INFO] [stdout] 
[INFO] [stdout] warning: panic message is not a string literal
[INFO] [stdout]    --> src/series.rs:481:44
[INFO] [stdout]     |
[INFO] [stdout] 481 |                 Err(err) => assert!(false, err),
[INFO] [stdout]     |                                            ^^^
[INFO] [stdout]     |
[INFO] [stdout]     = note: this is no longer accepted in Rust 2021
[INFO] [stdout] help: add a "{}" format string to Display the message
[INFO] [stdout]     |
[INFO] [stdout] 481 |                 Err(err) => assert!(false, "{}", err),
[INFO] [stdout]     |                                            ^^^^^
[INFO] [stdout] 
[INFO] [stdout] 
[INFO] [stdout] warning: panic message is not a string literal
[INFO] [stdout]    --> src/series.rs:491:44
[INFO] [stdout]     |
[INFO] [stdout] 491 |                 Err(err) => assert!(false, err),
[INFO] [stdout]     |                                            ^^^
[INFO] [stdout]     |
[INFO] [stdout]     = note: this is no longer accepted in Rust 2021
[INFO] [stdout] help: add a "{}" format string to Display the message
[INFO] [stdout]     |
[INFO] [stdout] 491 |                 Err(err) => assert!(false, "{}", err),
[INFO] [stdout]     |                                            ^^^^^
[INFO] [stdout] 
[INFO] [stdout] 
[INFO] [stdout] warning: panic message is not a string literal
[INFO] [stdout]    --> src/series.rs:520:48
[INFO] [stdout]     |
[INFO] [stdout] 520 |                     Err(err) => assert!(false, err),
[INFO] [stdout]     |                                                ^^^
[INFO] [stdout]     |
[INFO] [stdout]     = note: this is no longer accepted in Rust 2021
[INFO] [stdout] help: add a "{}" format string to Display the message
[INFO] [stdout]     |
[INFO] [stdout] 520 |                     Err(err) => assert!(false, "{}", err),
[INFO] [stdout]     |                                                ^^^^^
[INFO] [stdout] 
[INFO] [stdout] 
[INFO] [stdout] warning: panic message is not a string literal
[INFO] [stdout]    --> src/series.rs:534:48
[INFO] [stdout]     |
[INFO] [stdout] 534 |                     Err(err) => assert!(false, err),
[INFO] [stdout]     |                                                ^^^
[INFO] [stdout]     |
[INFO] [stdout]     = note: this is no longer accepted in Rust 2021
[INFO] [stdout] help: add a "{}" format string to Display the message
[INFO] [stdout]     |
[INFO] [stdout] 534 |                     Err(err) => assert!(false, "{}", err),
[INFO] [stdout]     |                                                ^^^^^
[INFO] [stdout] 
[INFO] [stdout] 
[INFO] [stdout] warning: panic message is not a string literal
[INFO] [stdout]    --> src/series.rs:541:48
[INFO] [stdout]     |
[INFO] [stdout] 541 |                     Err(err) => assert!(false, err),
[INFO] [stdout]     |                                                ^^^
[INFO] [stdout]     |
[INFO] [stdout]     = note: this is no longer accepted in Rust 2021
[INFO] [stdout] help: add a "{}" format string to Display the message
[INFO] [stdout]     |
[INFO] [stdout] 541 |                     Err(err) => assert!(false, "{}", err),
[INFO] [stdout]     |                                                ^^^^^
[INFO] [stdout] 
[INFO] [stdout] 
[INFO] [stdout] warning: panic message is not a string literal
[INFO] [stdout]    --> src/series.rs:613:40
[INFO] [stdout]     |
[INFO] [stdout] 613 |             Err(err) => assert!(false, err),
[INFO] [stdout]     |                                        ^^^
[INFO] [stdout]     |
[INFO] [stdout]     = note: this is no longer accepted in Rust 2021
[INFO] [stdout] help: add a "{}" format string to Display the message
[INFO] [stdout]     |
[INFO] [stdout] 613 |             Err(err) => assert!(false, "{}", err),
[INFO] [stdout]     |                                        ^^^^^
[INFO] [stdout] 
[INFO] [stdout] 
[INFO] [stdout] warning: 16 warnings emitted
[INFO] [stdout] 
[INFO] [stdout] 
[INFO] [stderr]     Finished test [unoptimized + debuginfo] target(s) in 3.20s
[INFO] running `Command { std: "docker" "inspect" "98c4a9cf54cbaadd92c1ff409ed44fb25e7a449ffe5e2cb662bcff77d402810b", kill_on_drop: false }`
[INFO] running `Command { std: "docker" "rm" "-f" "98c4a9cf54cbaadd92c1ff409ed44fb25e7a449ffe5e2cb662bcff77d402810b", kill_on_drop: false }`
[INFO] [stdout] 98c4a9cf54cbaadd92c1ff409ed44fb25e7a449ffe5e2cb662bcff77d402810b
[INFO] running `Command { std: "docker" "create" "-v" "/var/lib/crater-agent-workspace/builds/worker-0/target:/opt/rustwide/target:rw,Z" "-v" "/var/lib/crater-agent-workspace/builds/worker-0/source:/opt/rustwide/workdir:ro,Z" "-v" "/var/lib/crater-agent-workspace/cargo-home:/opt/rustwide/cargo-home:ro,Z" "-v" "/var/lib/crater-agent-workspace/rustup-home:/opt/rustwide/rustup-home:ro,Z" "-e" "SOURCE_DIR=/opt/rustwide/workdir" "-e" "CARGO_TARGET_DIR=/opt/rustwide/target" "-e" "CARGO_INCREMENTAL=0" "-e" "RUST_BACKTRACE=full" "-e" "RUSTFLAGS=--cap-lints=warn" "-e" "CARGO_HOME=/opt/rustwide/cargo-home" "-e" "RUSTUP_HOME=/opt/rustwide/rustup-home" "-w" "/opt/rustwide/workdir" "-m" "1610612736" "--user" "0:0" "--network" "none" "ghcr.io/rust-lang/crates-build-env/linux@sha256:34b6a614d2c27851fe6cbf88fbd1137609cefab8b10d0615aaeb6fd47975d74e" "/opt/rustwide/cargo-home/bin/cargo" "+1.54.0" "test" "--frozen", kill_on_drop: false }`
[INFO] [stdout] 3665d38d1a6f3ed375a4297b15e4a4234359be65c9af074a3845ab88a5212cb2
[INFO] [stderr] WARNING: Your kernel does not support swap limit capabilities or the cgroup is not mounted. Memory limited without swap.
[INFO] running `Command { std: "docker" "start" "-a" "3665d38d1a6f3ed375a4297b15e4a4234359be65c9af074a3845ab88a5212cb2", kill_on_drop: false }`
[INFO] [stderr] warning: use of deprecated associated function `std::error::Error::description`: use the Display impl or to_string()
[INFO] [stderr]   --> src/types.rs:48:51
[INFO] [stderr]    |
[INFO] [stderr] 48 |             Error::UUIDParseError(ref err) => err.description(),
[INFO] [stderr]    |                                                   ^^^^^^^^^^^
[INFO] [stderr]    |
[INFO] [stderr]    = note: `#[warn(deprecated)]` on by default
[INFO] [stderr] 
[INFO] [stderr] warning: use of deprecated associated function `std::error::Error::description`: use the Display impl or to_string()
[INFO] [stderr]   --> src/types.rs:49:52
[INFO] [stderr]    |
[INFO] [stderr] 49 |             Error::JSONStringError(ref err) => err.description(),
[INFO] [stderr]    |                                                    ^^^^^^^^^^^
[INFO] [stderr] 
[INFO] [stderr] warning: use of deprecated associated function `std::error::Error::description`: use the Display impl or to_string()
[INFO] [stderr]   --> src/types.rs:50:51
[INFO] [stderr]    |
[INFO] [stderr] 50 |             Error::JSONParseError(ref err) => err.description(),
[INFO] [stderr]    |                                                   ^^^^^^^^^^^
[INFO] [stderr] 
[INFO] [stderr] warning: use of deprecated associated function `std::error::Error::description`: use the Display impl or to_string()
[INFO] [stderr]   --> src/types.rs:51:44
[INFO] [stderr]    |
[INFO] [stderr] 51 |             Error::IOError(ref err) => err.description(),
[INFO] [stderr]    |                                            ^^^^^^^^^^^
[INFO] [stderr] 
[INFO] [stderr] warning: 4 warnings emitted
[INFO] [stderr] 
[INFO] [stderr] warning: use of deprecated associated function `std::error::Error::description`: use the Display impl or to_string()
[INFO] [stderr]   --> src/types.rs:48:51
[INFO] [stderr]    |
[INFO] [stderr] 48 |             Error::UUIDParseError(ref err) => err.description(),
[INFO] [stderr]    |                                                   ^^^^^^^^^^^
[INFO] [stderr]    |
[INFO] [stderr]    = note: `#[warn(deprecated)]` on by default
[INFO] [stderr] 
[INFO] [stderr] warning: use of deprecated associated function `std::error::Error::description`: use the Display impl or to_string()
[INFO] [stderr]   --> src/types.rs:49:52
[INFO] [stderr]    |
[INFO] [stderr] 49 |             Error::JSONStringError(ref err) => err.description(),
[INFO] [stderr]    |                                                    ^^^^^^^^^^^
[INFO] [stderr] 
[INFO] [stderr] warning: use of deprecated associated function `std::error::Error::description`: use the Display impl or to_string()
[INFO] [stderr]   --> src/types.rs:50:51
[INFO] [stderr]    |
[INFO] [stderr] 50 |             Error::JSONParseError(ref err) => err.description(),
[INFO] [stderr]    |                                                   ^^^^^^^^^^^
[INFO] [stderr] 
[INFO] [stderr] warning: use of deprecated associated function `std::error::Error::description`: use the Display impl or to_string()
[INFO] [stderr]   --> src/types.rs:51:44
[INFO] [stderr]    |
[INFO] [stderr] 51 |             Error::IOError(ref err) => err.description(),
[INFO] [stderr]    |                                            ^^^^^^^^^^^
[INFO] [stderr] 
[INFO] [stderr] warning: panic message is not a string literal
[INFO] [stderr]    --> src/series.rs:278:44
[INFO] [stderr]     |
[INFO] [stderr] 278 |                 Err(err) => assert!(false, err),
[INFO] [stderr]     |                                            ^^^
[INFO] [stderr]     |
[INFO] [stderr]     = note: `#[warn(non_fmt_panic)]` on by default
[INFO] [stderr]     = note: this is no longer accepted in Rust 2021
[INFO] [stderr] help: add a "{}" format string to Display the message
[INFO] [stderr]     |
[INFO] [stderr] 278 |                 Err(err) => assert!(false, "{}", err),
[INFO] [stderr]     |                                            ^^^^^
[INFO] [stderr] 
[INFO] [stderr] warning: panic message is not a string literal
[INFO] [stderr]    --> src/series.rs:328:44
[INFO] [stderr]     |
[INFO] [stderr] 328 |                 Err(err) => assert!(false, err),
[INFO] [stderr]     |                                            ^^^
[INFO] [stderr]     |
[INFO] [stderr]     = note: this is no longer accepted in Rust 2021
[INFO] [stderr] help: add a "{}" format string to Display the message
[INFO] [stderr]     |
[INFO] [stderr] 328 |                 Err(err) => assert!(false, "{}", err),
[INFO] [stderr]     |                                            ^^^^^
[INFO] [stderr] 
[INFO] [stderr] warning: panic message is not a string literal
[INFO] [stderr]    --> src/series.rs:357:44
[INFO] [stderr]     |
[INFO] [stderr] 357 |                 Err(err) => assert!(false, err),
[INFO] [stderr]     |                                            ^^^
[INFO] [stderr]     |
[INFO] [stderr]     = note: this is no longer accepted in Rust 2021
[INFO] [stderr] help: add a "{}" format string to Display the message
[INFO] [stderr]     |
[INFO] [stderr] 357 |                 Err(err) => assert!(false, "{}", err),
[INFO] [stderr]     |                                            ^^^^^
[INFO] [stderr] 
[INFO] [stderr] warning: panic message is not a string literal
[INFO] [stderr]    --> src/series.rs:394:48
[INFO] [stderr]     |
[INFO] [stderr] 394 |                     Err(err) => assert!(false, err),
[INFO] [stderr]     |                                                ^^^
[INFO] [stderr]     |
[INFO] [stderr]     = note: this is no longer accepted in Rust 2021
[INFO] [stderr] help: add a "{}" format string to Display the message
[INFO] [stderr]     |
[INFO] [stderr] 394 |                     Err(err) => assert!(false, "{}", err),
[INFO] [stderr]     |                                                ^^^^^
[INFO] [stderr] 
[INFO] [stderr] warning: panic message is not a string literal
[INFO] [stderr]    --> src/series.rs:432:48
[INFO] [stderr]     |
[INFO] [stderr] 432 |                     Err(err) => assert!(false, err),
[INFO] [stderr]     |                                                ^^^
[INFO] [stderr]     |
[INFO] [stderr]     = note: this is no longer accepted in Rust 2021
[INFO] [stderr] help: add a "{}" format string to Display the message
[INFO] [stderr]     |
[INFO] [stderr] 432 |                     Err(err) => assert!(false, "{}", err),
[INFO] [stderr]     |                                                ^^^^^
[INFO] [stderr] 
[INFO] [stderr] warning: panic message is not a string literal
[INFO] [stderr]    --> src/series.rs:455:48
[INFO] [stderr]     |
[INFO] [stderr] 455 |                     Err(err) => assert!(false, err),
[INFO] [stderr]     |                                                ^^^
[INFO] [stderr]     |
[INFO] [stderr]     = note: this is no longer accepted in Rust 2021
[INFO] [stderr] help: add a "{}" format string to Display the message
[INFO] [stderr]     |
[INFO] [stderr] 455 |                     Err(err) => assert!(false, "{}", err),
[INFO] [stderr]     |                                                ^^^^^
[INFO] [stderr] 
[INFO] [stderr] warning: panic message is not a string literal
[INFO] [stderr]    --> src/series.rs:481:44
[INFO] [stderr]     |
[INFO] [stderr] 481 |                 Err(err) => assert!(false, err),
[INFO] [stderr]     |                                            ^^^
[INFO] [stderr]     |
[INFO] [stderr]     = note: this is no longer accepted in Rust 2021
[INFO] [stderr] help: add a "{}" format string to Display the message
[INFO] [stderr]     |
[INFO] [stderr] 481 |                 Err(err) => assert!(false, "{}", err),
[INFO] [stderr]     |                                            ^^^^^
[INFO] [stderr] 
[INFO] [stderr] warning: panic message is not a string literal
[INFO] [stderr]    --> src/series.rs:491:44
[INFO] [stderr]     |
[INFO] [stderr] 491 |                 Err(err) => assert!(false, err),
[INFO] [stderr]     |                                            ^^^
[INFO] [stderr]     |
[INFO] [stderr]     = note: this is no longer accepted in Rust 2021
[INFO] [stderr] help: add a "{}" format string to Display the message
[INFO] [stderr]     |
[INFO] [stderr] 491 |                 Err(err) => assert!(false, "{}", err),
[INFO] [stderr]     |                                            ^^^^^
[INFO] [stderr] 
[INFO] [stderr] warning: panic message is not a string literal
[INFO] [stderr]    --> src/series.rs:520:48
[INFO] [stderr]     |
[INFO] [stderr] 520 |                     Err(err) => assert!(false, err),
[INFO] [stderr]     |                                                ^^^
[INFO] [stderr]     |
[INFO] [stderr]     = note: this is no longer accepted in Rust 2021
[INFO] [stderr] help: add a "{}" format string to Display the message
[INFO] [stderr]     |
[INFO] [stderr] 520 |                     Err(err) => assert!(false, "{}", err),
[INFO] [stderr]     |                                                ^^^^^
[INFO] [stderr] 
[INFO] [stderr] warning: panic message is not a string literal
[INFO] [stderr]    --> src/series.rs:534:48
[INFO] [stderr]     |
[INFO] [stderr] 534 |                     Err(err) => assert!(false, err),
[INFO] [stderr]     |                                                ^^^
[INFO] [stderr]     |
[INFO] [stderr]     = note: this is no longer accepted in Rust 2021
[INFO] [stderr] help: add a "{}" format string to Display the message
[INFO] [stderr]     |
[INFO] [stderr] 534 |                     Err(err) => assert!(false, "{}", err),
[INFO] [stderr]     |                                                ^^^^^
[INFO] [stderr] 
[INFO] [stderr] warning: panic message is not a string literal
[INFO] [stderr]    --> src/series.rs:541:48
[INFO] [stderr]     |
[INFO] [stderr] 541 |                     Err(err) => assert!(false, err),
[INFO] [stderr]     |                                                ^^^
[INFO] [stderr]     |
[INFO] [stderr]     = note: this is no longer accepted in Rust 2021
[INFO] [stderr] help: add a "{}" format string to Display the message
[INFO] [stderr]     |
[INFO] [stderr] 541 |                     Err(err) => assert!(false, "{}", err),
[INFO] [stderr]     |                                                ^^^^^
[INFO] [stderr] 
[INFO] [stderr] warning: panic message is not a string literal
[INFO] [stderr]    --> src/series.rs:613:40
[INFO] [stderr]     |
[INFO] [stderr] 613 |             Err(err) => assert!(false, err),
[INFO] [stderr]     |                                        ^^^
[INFO] [stderr]     |
[INFO] [stderr]     = note: this is no longer accepted in Rust 2021
[INFO] [stderr] help: add a "{}" format string to Display the message
[INFO] [stderr]     |
[INFO] [stderr] 613 |             Err(err) => assert!(false, "{}", err),
[INFO] [stderr]     |                                        ^^^^^
[INFO] [stderr] 
[INFO] [stderr] warning: 16 warnings emitted
[INFO] [stderr] 
[INFO] [stderr]     Finished test [unoptimized + debuginfo] target(s) in 0.06s
[INFO] [stderr]      Running unittests (/opt/rustwide/target/debug/deps/emseries-9bd966d08e897ef5)
[INFO] [stdout] 
[INFO] [stdout] running 18 tests
[INFO] [stdout] test date_time_tz::test::it_parses_rfc3339_with_offset ... ok
[INFO] [stdout] test series::tests::can_add_and_retrieve_entries ... ok
[INFO] [stdout] test series::tests::can_get_entries_in_time_range ... ok
[INFO] [stdout] test date_time_tz::test::it_json_parses ... ok
[INFO] [stdout] test types::test::legacy_deserialization ... ok
[INFO] [stdout] test date_time_tz::test::it_parses_utc_rfc3339_z ... ok
[INFO] [stdout] test series::tests::can_search_for_an_entry_with_exact_time ... ok
[INFO] [stdout] test series::tests::can_write_to_existing_file ... ok
[INFO] [stdout] test series::tests::can_overwrite_existing_entry ... ok
[INFO] [stdout] test series::tests::record_overwrites_get_persisted ... ok
[INFO] [stdout] test series::tests::can_retrieve_entries_iterator ... ok
[INFO] [stdout] test types::test::serialization_output ... ok
[INFO] [stdout] test series::tests::can_delete_an_entry ... ok
[INFO] [stdout] test date_time_tz::test::it_parses_rfc3339_with_tz ... ok
[INFO] [stdout] test series::tests::persists_and_reads_an_entry ... ok
[INFO] [stdout] test date_time_tz::test::it_creates_timestamp_with_z ... ok
[INFO] [stdout] test date_time_tz::test::it_json_serializes ... ok
[INFO] [stdout] test series::tests::legacy_file_load ... FAILED
[INFO] [stdout] 
[INFO] [stdout] failures:
[INFO] [stdout] 
[INFO] [stdout] ---- series::tests::legacy_file_load stdout ----
[INFO] [stdout] thread 'series::tests::legacy_file_load' panicked at 'legacy series should open correctly: IOError(Os { code: 30, kind: Other, message: "Read-only file system" })', src/series.rs:606:50
[INFO] [stdout] stack backtrace:
[INFO] [stdout]    0:     0x56464da32480 - std::backtrace_rs::backtrace::libunwind::trace::h34055254b57d8e79
[INFO] [stdout]                                at /rustc/a178d0322ce20e33eac124758e837cbd80a6f633/library/std/src/../../backtrace/src/backtrace/libunwind.rs:90:5
[INFO] [stdout]    1:     0x56464da32480 - std::backtrace_rs::backtrace::trace_unsynchronized::h8f1e3fbd9afff6ec
[INFO] [stdout]                                at /rustc/a178d0322ce20e33eac124758e837cbd80a6f633/library/std/src/../../backtrace/src/backtrace/mod.rs:66:5
[INFO] [stdout]    2:     0x56464da32480 - std::sys_common::backtrace::_print_fmt::h3a99a796b770c360
[INFO] [stdout]                                at /rustc/a178d0322ce20e33eac124758e837cbd80a6f633/library/std/src/sys_common/backtrace.rs:67:5
[INFO] [stdout]    3:     0x56464da32480 - <std::sys_common::backtrace::_print::DisplayBacktrace as core::fmt::Display>::fmt::h32d1f94a80615d18
[INFO] [stdout]                                at /rustc/a178d0322ce20e33eac124758e837cbd80a6f633/library/std/src/sys_common/backtrace.rs:46:22
[INFO] [stdout]    4:     0x56464da54f4c - core::fmt::write::h306731c068f7162c
[INFO] [stdout]                                at /rustc/a178d0322ce20e33eac124758e837cbd80a6f633/library/core/src/fmt/mod.rs:1110:17
[INFO] [stdout]    5:     0x56464da2f235 - std::io::Write::write_fmt::h87f19b0a2cd190bc
[INFO] [stdout]                                at /rustc/a178d0322ce20e33eac124758e837cbd80a6f633/library/std/src/io/mod.rs:1588:15
[INFO] [stdout]    6:     0x56464da3465b - std::sys_common::backtrace::_print::h5abaa2601a852287
[INFO] [stdout]                                at /rustc/a178d0322ce20e33eac124758e837cbd80a6f633/library/std/src/sys_common/backtrace.rs:49:5
[INFO] [stdout]    7:     0x56464da3465b - std::sys_common::backtrace::print::h8d81445442bb638f
[INFO] [stdout]                                at /rustc/a178d0322ce20e33eac124758e837cbd80a6f633/library/std/src/sys_common/backtrace.rs:36:9
[INFO] [stdout]    8:     0x56464da3465b - std::panicking::default_hook::{{closure}}::hcfe804496a9fa747
[INFO] [stdout]                                at /rustc/a178d0322ce20e33eac124758e837cbd80a6f633/library/std/src/panicking.rs:208:50
[INFO] [stdout]    9:     0x56464da3416c - std::panicking::default_hook::hbea8e3ccf2ba8901
[INFO] [stdout]                                at /rustc/a178d0322ce20e33eac124758e837cbd80a6f633/library/std/src/panicking.rs:222:9
[INFO] [stdout]   10:     0x56464da34d24 - std::panicking::rust_panic_with_hook::h7ee9e1a2d0f8975a
[INFO] [stdout]                                at /rustc/a178d0322ce20e33eac124758e837cbd80a6f633/library/std/src/panicking.rs:622:17
[INFO] [stdout]   11:     0x56464da34807 - std::panicking::begin_panic_handler::{{closure}}::h8ab3b4491718b2c7
[INFO] [stdout]                                at /rustc/a178d0322ce20e33eac124758e837cbd80a6f633/library/std/src/panicking.rs:519:13
[INFO] [stdout]   12:     0x56464da3297c - std::sys_common::backtrace::__rust_end_short_backtrace::hd489062ffa586a9f
[INFO] [stdout]                                at /rustc/a178d0322ce20e33eac124758e837cbd80a6f633/library/std/src/sys_common/backtrace.rs:141:18
[INFO] [stdout]   13:     0x56464da34769 - rust_begin_unwind
[INFO] [stdout]                                at /rustc/a178d0322ce20e33eac124758e837cbd80a6f633/library/std/src/panicking.rs:515:5
[INFO] [stdout]   14:     0x56464d8d2ac1 - core::panicking::panic_fmt::hca6330e3e14086b4
[INFO] [stdout]                                at /rustc/a178d0322ce20e33eac124758e837cbd80a6f633/library/core/src/panicking.rs:92:14
[INFO] [stdout]   15:     0x56464d8d2bb3 - core::result::unwrap_failed::h6160d2b4bfbb0e87
[INFO] [stdout]                                at /rustc/a178d0322ce20e33eac124758e837cbd80a6f633/library/core/src/result.rs:1355:5
[INFO] [stdout]   16:     0x56464d908c61 - core::result::Result<T,E>::expect::hbf4df31207c57949
[INFO] [stdout]                                at /rustc/a178d0322ce20e33eac124758e837cbd80a6f633/library/core/src/result.rs:997:23
[INFO] [stdout]   17:     0x56464d91a2a5 - emseries::series::tests::legacy_file_load::ha79594ef3f57a779
[INFO] [stdout]                                at /opt/rustwide/workdir/src/series.rs:606:13
[INFO] [stdout]   18:     0x56464d91a24a - emseries::series::tests::legacy_file_load::{{closure}}::h465676d3934d73bd
[INFO] [stdout]                                at /opt/rustwide/workdir/src/series.rs:604:5
[INFO] [stdout]   19:     0x56464d8e92de - core::ops::function::FnOnce::call_once::h4367d3f88bc29dc2
[INFO] [stdout]                                at /rustc/a178d0322ce20e33eac124758e837cbd80a6f633/library/core/src/ops/function.rs:227:5
[INFO] [stdout]   20:     0x56464d9992c3 - core::ops::function::FnOnce::call_once::h152e7e439ff59e19
[INFO] [stdout]                                at /rustc/a178d0322ce20e33eac124758e837cbd80a6f633/library/core/src/ops/function.rs:227:5
[INFO] [stdout]   21:     0x56464d9992c3 - test::__rust_begin_short_backtrace::h0908f3b1fdbb72ab
[INFO] [stdout]                                at /rustc/a178d0322ce20e33eac124758e837cbd80a6f633/library/test/src/lib.rs:577:5
[INFO] [stdout]   22:     0x56464d997d80 - <alloc::boxed::Box<F,A> as core::ops::function::FnOnce<Args>>::call_once::hf6d2a51e5587546c
[INFO] [stdout]                                at /rustc/a178d0322ce20e33eac124758e837cbd80a6f633/library/alloc/src/boxed.rs:1575:9
[INFO] [stdout]   23:     0x56464d997d80 - <std::panic::AssertUnwindSafe<F> as core::ops::function::FnOnce<()>>::call_once::h8af660f3a89ef593
[INFO] [stdout]                                at /rustc/a178d0322ce20e33eac124758e837cbd80a6f633/library/std/src/panic.rs:347:9
[INFO] [stdout]   24:     0x56464d997d80 - std::panicking::try::do_call::hd36aef60f84b6d36
[INFO] [stdout]                                at /rustc/a178d0322ce20e33eac124758e837cbd80a6f633/library/std/src/panicking.rs:401:40
[INFO] [stdout]   25:     0x56464d997d80 - std::panicking::try::h9932b4480e69817c
[INFO] [stdout]                                at /rustc/a178d0322ce20e33eac124758e837cbd80a6f633/library/std/src/panicking.rs:365:19
[INFO] [stdout]   26:     0x56464d997d80 - std::panic::catch_unwind::h6aa177099cfff5f8
[INFO] [stdout]                                at /rustc/a178d0322ce20e33eac124758e837cbd80a6f633/library/std/src/panic.rs:434:14
[INFO] [stdout]   27:     0x56464d997d80 - test::run_test_in_process::h5884d6f2d99e20c3
[INFO] [stdout]                                at /rustc/a178d0322ce20e33eac124758e837cbd80a6f633/library/test/src/lib.rs:600:18
[INFO] [stdout]   28:     0x56464d997d80 - test::run_test::run_test_inner::{{closure}}::h6fdc58c6d5f5b6e3
[INFO] [stdout]                                at /rustc/a178d0322ce20e33eac124758e837cbd80a6f633/library/test/src/lib.rs:492:39
[INFO] [stdout]   29:     0x56464d971432 - test::run_test::run_test_inner::{{closure}}::h408365d67a78ade8
[INFO] [stdout]                                at /rustc/a178d0322ce20e33eac124758e837cbd80a6f633/library/test/src/lib.rs:519:37
[INFO] [stdout]   30:     0x56464d971432 - std::sys_common::backtrace::__rust_begin_short_backtrace::hb560b77c4f701523
[INFO] [stdout]                                at /rustc/a178d0322ce20e33eac124758e837cbd80a6f633/library/std/src/sys_common/backtrace.rs:125:18
[INFO] [stdout]   31:     0x56464d974fe8 - std::thread::Builder::spawn_unchecked::{{closure}}::{{closure}}::hf2e7831dad93c597
[INFO] [stdout]                                at /rustc/a178d0322ce20e33eac124758e837cbd80a6f633/library/std/src/thread/mod.rs:481:17
[INFO] [stdout]   32:     0x56464d974fe8 - <std::panic::AssertUnwindSafe<F> as core::ops::function::FnOnce<()>>::call_once::hd2e08783d8be4d02
[INFO] [stdout]                                at /rustc/a178d0322ce20e33eac124758e837cbd80a6f633/library/std/src/panic.rs:347:9
[INFO] [stdout]   33:     0x56464d974fe8 - std::panicking::try::do_call::h062597b7acfd6b82
[INFO] [stdout]                                at /rustc/a178d0322ce20e33eac124758e837cbd80a6f633/library/std/src/panicking.rs:401:40
[INFO] [stdout]   34:     0x56464d974fe8 - std::panicking::try::h0d7b79db04c14552
[INFO] [stdout]                                at /rustc/a178d0322ce20e33eac124758e837cbd80a6f633/library/std/src/panicking.rs:365:19
[INFO] [stdout]   35:     0x56464d974fe8 - std::panic::catch_unwind::hb01a0b5e7c8cd43b
[INFO] [stdout]                                at /rustc/a178d0322ce20e33eac124758e837cbd80a6f633/library/std/src/panic.rs:434:14
[INFO] [stdout]   36:     0x56464d974fe8 - std::thread::Builder::spawn_unchecked::{{closure}}::h5bde48cc887e0d1e
[INFO] [stdout]                                at /rustc/a178d0322ce20e33eac124758e837cbd80a6f633/library/std/src/thread/mod.rs:480:30
[INFO] [stdout]   37:     0x56464d974fe8 - core::ops::function::FnOnce::call_once{{vtable.shim}}::h745ea30807a29e55
[INFO] [stdout]                                at /rustc/a178d0322ce20e33eac124758e837cbd80a6f633/library/core/src/ops/function.rs:227:5
[INFO] [stdout]   38:     0x56464da399f7 - <alloc::boxed::Box<F,A> as core::ops::function::FnOnce<Args>>::call_once::h7ece6cfefaff1005
[INFO] [stdout]                                at /rustc/a178d0322ce20e33eac124758e837cbd80a6f633/library/alloc/src/boxed.rs:1575:9
[INFO] [stdout]   39:     0x56464da399f7 - <alloc::boxed::Box<F,A> as core::ops::function::FnOnce<Args>>::call_once::hb8b48e55c21f193e
[INFO] [stdout]                                at /rustc/a178d0322ce20e33eac124758e837cbd80a6f633/library/alloc/src/boxed.rs:1575:9
[INFO] [stdout]   40:     0x56464da399f7 - std::sys::unix::thread::Thread::new::thread_start::h8c7c4450dba62914
[INFO] [stdout]                                at /rustc/a178d0322ce20e33eac124758e837cbd80a6f633/library/std/src/sys/unix/thread.rs:71:17
[INFO] [stdout]   41:     0x7f41b1440609 - start_thread
[INFO] [stdout]   42:     0x7f41b1212293 - clone
[INFO] [stdout]   43:                0x0 - <unknown>
[INFO] [stdout] 
[INFO] [stdout] 
[INFO] [stdout] failures:
[INFO] [stdout]     series::tests::legacy_file_load
[INFO] [stdout] 
[INFO] [stdout] test result: FAILED. 17 passed; 1 failed; 0 ignored; 0 measured; 0 filtered out; finished in 0.10s
[INFO] [stdout] 
[INFO] [stderr] error: test failed, to rerun pass '--lib'
[INFO] running `Command { std: "docker" "inspect" "3665d38d1a6f3ed375a4297b15e4a4234359be65c9af074a3845ab88a5212cb2", kill_on_drop: false }`
[INFO] running `Command { std: "docker" "rm" "-f" "3665d38d1a6f3ed375a4297b15e4a4234359be65c9af074a3845ab88a5212cb2", kill_on_drop: false }`
[INFO] [stdout] 3665d38d1a6f3ed375a4297b15e4a4234359be65c9af074a3845ab88a5212cb2
