[INFO] fetching crate embly-wrapper 0.0.2...
[INFO] testing embly-wrapper-0.0.2 against 1.54.0 for beta-1.55-1
[INFO] extracting crate embly-wrapper 0.0.2 into /workspace/builds/worker-7/source
[INFO] validating manifest of crates.io crate embly-wrapper 0.0.2 on toolchain 1.54.0
[INFO] running `Command { std: "/workspace/cargo-home/bin/cargo" "+1.54.0" "metadata" "--manifest-path" "Cargo.toml" "--no-deps", kill_on_drop: false }`
[INFO] removed /workspace/builds/worker-7/source/.cargo/config
[INFO] started tweaking crates.io crate embly-wrapper 0.0.2
[INFO] finished tweaking crates.io crate embly-wrapper 0.0.2
[INFO] tweaked toml for crates.io crate embly-wrapper 0.0.2 written to /workspace/builds/worker-7/source/Cargo.toml
[INFO] crate crates.io crate embly-wrapper 0.0.2 already has a lockfile, it will not be regenerated
[INFO] running `Command { std: "/workspace/cargo-home/bin/cargo" "+1.54.0" "fetch" "--manifest-path" "Cargo.toml", kill_on_drop: false }`
[INFO] running `Command { std: "docker" "create" "-v" "/var/lib/crater-agent-workspace/builds/worker-7/target:/opt/rustwide/target:rw,Z" "-v" "/var/lib/crater-agent-workspace/builds/worker-7/source:/opt/rustwide/workdir:ro,Z" "-v" "/var/lib/crater-agent-workspace/cargo-home:/opt/rustwide/cargo-home:ro,Z" "-v" "/var/lib/crater-agent-workspace/rustup-home:/opt/rustwide/rustup-home:ro,Z" "-e" "SOURCE_DIR=/opt/rustwide/workdir" "-e" "CARGO_TARGET_DIR=/opt/rustwide/target" "-e" "CARGO_HOME=/opt/rustwide/cargo-home" "-e" "RUSTUP_HOME=/opt/rustwide/rustup-home" "-w" "/opt/rustwide/workdir" "-m" "1610612736" "--user" "0:0" "--network" "none" "ghcr.io/rust-lang/crates-build-env/linux@sha256:34b6a614d2c27851fe6cbf88fbd1137609cefab8b10d0615aaeb6fd47975d74e" "/opt/rustwide/cargo-home/bin/cargo" "+1.54.0" "metadata" "--no-deps" "--format-version=1", kill_on_drop: false }`
[INFO] [stdout] 9d21dc68d994437add1209216bbc1e1e4c4d3726fe2845843305e292849fb913
[INFO] [stderr] WARNING: Your kernel does not support swap limit capabilities or the cgroup is not mounted. Memory limited without swap.
[INFO] running `Command { std: "docker" "start" "-a" "9d21dc68d994437add1209216bbc1e1e4c4d3726fe2845843305e292849fb913", kill_on_drop: false }`
[INFO] running `Command { std: "docker" "inspect" "9d21dc68d994437add1209216bbc1e1e4c4d3726fe2845843305e292849fb913", kill_on_drop: false }`
[INFO] running `Command { std: "docker" "rm" "-f" "9d21dc68d994437add1209216bbc1e1e4c4d3726fe2845843305e292849fb913", kill_on_drop: false }`
[INFO] [stdout] 9d21dc68d994437add1209216bbc1e1e4c4d3726fe2845843305e292849fb913
[INFO] running `Command { std: "docker" "create" "-v" "/var/lib/crater-agent-workspace/builds/worker-7/target:/opt/rustwide/target:rw,Z" "-v" "/var/lib/crater-agent-workspace/builds/worker-7/source:/opt/rustwide/workdir:ro,Z" "-v" "/var/lib/crater-agent-workspace/cargo-home:/opt/rustwide/cargo-home:ro,Z" "-v" "/var/lib/crater-agent-workspace/rustup-home:/opt/rustwide/rustup-home:ro,Z" "-e" "SOURCE_DIR=/opt/rustwide/workdir" "-e" "CARGO_TARGET_DIR=/opt/rustwide/target" "-e" "CARGO_INCREMENTAL=0" "-e" "RUST_BACKTRACE=full" "-e" "RUSTFLAGS=--cap-lints=warn" "-e" "CARGO_HOME=/opt/rustwide/cargo-home" "-e" "RUSTUP_HOME=/opt/rustwide/rustup-home" "-w" "/opt/rustwide/workdir" "-m" "1610612736" "--user" "0:0" "--network" "none" "ghcr.io/rust-lang/crates-build-env/linux@sha256:34b6a614d2c27851fe6cbf88fbd1137609cefab8b10d0615aaeb6fd47975d74e" "/opt/rustwide/cargo-home/bin/cargo" "+1.54.0" "build" "--frozen" "--message-format=json", kill_on_drop: false }`
[INFO] [stdout] b5230b55ae1ed7ef959e1f9299fb3ccc6d11e5f5e3c30c538d97da4596656260
[INFO] [stderr] WARNING: Your kernel does not support swap limit capabilities or the cgroup is not mounted. Memory limited without swap.
[INFO] running `Command { std: "docker" "start" "-a" "b5230b55ae1ed7ef959e1f9299fb3ccc6d11e5f5e3c30c538d97da4596656260", kill_on_drop: false }`
[INFO] [stderr]    Compiling libc v0.2.59
[INFO] [stderr]    Compiling cc v1.0.48
[INFO] [stderr]    Compiling proc-macro2 v1.0.7
[INFO] [stderr]    Compiling syn v1.0.13
[INFO] [stderr]    Compiling serde v1.0.104
[INFO] [stderr]    Compiling failure_derive v0.1.6
[INFO] [stderr]    Compiling protobuf v2.10.0
[INFO] [stderr]    Compiling uuid v0.7.4
[INFO] [stderr]    Compiling parity-wasm v0.40.3
[INFO] [stderr]    Compiling cranelift-entity v0.46.1
[INFO] [stderr]    Compiling xfailure v0.1.0
[INFO] [stderr]    Compiling lucet-wasi v0.4.1
[INFO] [stderr]    Compiling human-size v0.4.0
[INFO] [stderr]    Compiling miniz_oxide v0.3.5
[INFO] [stderr]    Compiling scroll v0.9.2
[INFO] [stderr]    Compiling protoc v2.10.0
[INFO] [stderr]    Compiling crypto-mac v0.7.0
[INFO] [stderr]    Compiling block-buffer v0.7.3
[INFO] [stderr]    Compiling scroll_derive v0.9.5
[INFO] [stderr]    Compiling hmac v0.7.1
[INFO] [stderr]    Compiling pbkdf2 v0.3.0
[INFO] [stderr]    Compiling sha2 v0.8.0
[INFO] [stderr]    Compiling scrypt v0.2.0
[INFO] [stderr]    Compiling backtrace-sys v0.1.32
[INFO] [stderr]    Compiling raw-cpuid v6.1.0
[INFO] [stderr]    Compiling libloading v0.5.2
[INFO] [stderr]    Compiling lucet-runtime-internals v0.4.1
[INFO] [stderr]    Compiling lucet-runtime v0.4.1
[INFO] [stderr]    Compiling quote v1.0.2
[INFO] [stderr]    Compiling getrandom v0.1.3
[INFO] [stderr]    Compiling rpassword v4.0.3
[INFO] [stderr]    Compiling flate2 v1.0.12
[INFO] [stderr]    Compiling nix v0.13.1
[INFO] [stderr]    Compiling atty v0.2.13
[INFO] [stderr]    Compiling rand_os v0.1.3
[INFO] [stderr]    Compiling clap v2.33.0
[INFO] [stderr]    Compiling env_logger v0.6.2
[INFO] [stderr]    Compiling rand_core v0.5.1
[INFO] [stderr]    Compiling minisign v0.5.14
[INFO] [stderr]    Compiling rand v0.6.5
[INFO] [stderr]    Compiling backtrace v0.3.40
[INFO] [stderr]    Compiling rand_chacha v0.2.1
[INFO] [stderr]    Compiling goblin v0.0.24
[INFO] [stderr]    Compiling rand v0.7.2
[INFO] [stderr]    Compiling tempfile v3.1.0
[INFO] [stderr]    Compiling protobuf-codegen v2.10.0
[INFO] [stderr]    Compiling synstructure v0.12.3
[INFO] [stderr]    Compiling protoc-rust v2.10.0
[INFO] [stderr]    Compiling serde_derive v1.0.104
[INFO] [stderr]    Compiling num-derive v0.3.0
[INFO] [stderr]    Compiling failure v0.1.6
[INFO] [stderr]    Compiling embly-wrapper v0.0.2 (/opt/rustwide/workdir)
[INFO] [stderr]    Compiling serde_json v1.0.44
[INFO] [stderr]    Compiling bincode v1.2.1
[INFO] [stderr]    Compiling target-lexicon v0.8.1
[INFO] [stderr]    Compiling object v0.14.1
[INFO] [stderr]    Compiling lucet-module v0.4.1
[INFO] [stdout] warning: unnecessary parentheses around block return value
[INFO] [stdout]   --> src/hostcalls.rs:84:5
[INFO] [stdout]    |
[INFO] [stdout] 84 | /     (match rest {
[INFO] [stdout] 85 | |         Ok(_) => host::__WASI_ESUCCESS,
[INFO] [stdout] 86 | |         Err(err) => err.to_wasi_err(),
[INFO] [stdout] 87 | |     } as u16)
[INFO] [stdout]    | |_____________^
[INFO] [stdout]    |
[INFO] [stdout]    = note: `#[warn(unused_parens)]` on by default
[INFO] [stdout] help: remove these parentheses
[INFO] [stdout]    |
[INFO] [stdout] 84 |     match rest {
[INFO] [stdout] 85 |         Ok(_) => host::__WASI_ESUCCESS,
[INFO] [stdout] 86 |         Err(err) => err.to_wasi_err(),
[INFO] [stdout] 87 |     } as u16
[INFO] [stdout]    |
[INFO] [stdout] 
[INFO] [stdout] 
[INFO] [stdout] warning: 1 warning emitted
[INFO] [stdout] 
[INFO] [stdout] 
[INFO] [stdout] warning: unnecessary parentheses around block return value
[INFO] [stdout]   --> src/hostcalls.rs:84:5
[INFO] [stdout]    |
[INFO] [stdout] 84 | /     (match rest {
[INFO] [stdout] 85 | |         Ok(_) => host::__WASI_ESUCCESS,
[INFO] [stdout] 86 | |         Err(err) => err.to_wasi_err(),
[INFO] [stdout] 87 | |     } as u16)
[INFO] [stdout]    | |_____________^
[INFO] [stdout]    |
[INFO] [stdout] note: the lint level is defined here
[INFO] [stdout]   --> src/main.rs:10:31
[INFO] [stdout]    |
[INFO] [stdout] 10 | #![warn(unused_import_braces, unused_parens)]
[INFO] [stdout]    |                               ^^^^^^^^^^^^^
[INFO] [stdout] help: remove these parentheses
[INFO] [stdout]    |
[INFO] [stdout] 84 |     match rest {
[INFO] [stdout] 85 |         Ok(_) => host::__WASI_ESUCCESS,
[INFO] [stdout] 86 |         Err(err) => err.to_wasi_err(),
[INFO] [stdout] 87 |     } as u16
[INFO] [stdout]    |
[INFO] [stdout] 
[INFO] [stdout] 
[INFO] [stdout] warning: 1 warning emitted
[INFO] [stdout] 
[INFO] [stdout] 
[INFO] [stderr]     Finished dev [unoptimized + debuginfo] target(s) in 56.43s
[INFO] running `Command { std: "docker" "inspect" "b5230b55ae1ed7ef959e1f9299fb3ccc6d11e5f5e3c30c538d97da4596656260", kill_on_drop: false }`
[INFO] running `Command { std: "docker" "rm" "-f" "b5230b55ae1ed7ef959e1f9299fb3ccc6d11e5f5e3c30c538d97da4596656260", kill_on_drop: false }`
[INFO] [stdout] b5230b55ae1ed7ef959e1f9299fb3ccc6d11e5f5e3c30c538d97da4596656260
[INFO] running `Command { std: "docker" "create" "-v" "/var/lib/crater-agent-workspace/builds/worker-7/target:/opt/rustwide/target:rw,Z" "-v" "/var/lib/crater-agent-workspace/builds/worker-7/source:/opt/rustwide/workdir:ro,Z" "-v" "/var/lib/crater-agent-workspace/cargo-home:/opt/rustwide/cargo-home:ro,Z" "-v" "/var/lib/crater-agent-workspace/rustup-home:/opt/rustwide/rustup-home:ro,Z" "-e" "SOURCE_DIR=/opt/rustwide/workdir" "-e" "CARGO_TARGET_DIR=/opt/rustwide/target" "-e" "CARGO_INCREMENTAL=0" "-e" "RUST_BACKTRACE=full" "-e" "RUSTFLAGS=--cap-lints=warn" "-e" "CARGO_HOME=/opt/rustwide/cargo-home" "-e" "RUSTUP_HOME=/opt/rustwide/rustup-home" "-w" "/opt/rustwide/workdir" "-m" "1610612736" "--user" "0:0" "--network" "none" "ghcr.io/rust-lang/crates-build-env/linux@sha256:34b6a614d2c27851fe6cbf88fbd1137609cefab8b10d0615aaeb6fd47975d74e" "/opt/rustwide/cargo-home/bin/cargo" "+1.54.0" "test" "--frozen" "--no-run" "--message-format=json", kill_on_drop: false }`
[INFO] [stdout] 56799302ff95a003a4d05f311eb3cab2b939a1b6bc7b67767e801b6378352b37
[INFO] [stderr] WARNING: Your kernel does not support swap limit capabilities or the cgroup is not mounted. Memory limited without swap.
[INFO] running `Command { std: "docker" "start" "-a" "56799302ff95a003a4d05f311eb3cab2b939a1b6bc7b67767e801b6378352b37", kill_on_drop: false }`
[INFO] [stdout] warning: unnecessary parentheses around block return value
[INFO] [stdout]   --> src/hostcalls.rs:84:5
[INFO] [stdout]    |
[INFO] [stdout] 84 | /     (match rest {
[INFO] [stdout] 85 | |         Ok(_) => host::__WASI_ESUCCESS,
[INFO] [stdout] 86 | |         Err(err) => err.to_wasi_err(),
[INFO] [stdout] 87 | |     } as u16)
[INFO] [stdout]    | |_____________^
[INFO] [stdout]    |
[INFO] [stdout]    = note: `#[warn(unused_parens)]` on by default
[INFO] [stdout] help: remove these parentheses
[INFO] [stdout]    |
[INFO] [stdout] 84 |     match rest {
[INFO] [stdout] 85 |         Ok(_) => host::__WASI_ESUCCESS,
[INFO] [stdout] 86 |         Err(err) => err.to_wasi_err(),
[INFO] [stdout] 87 |     } as u16
[INFO] [stdout]    |
[INFO] [stdout] 
[INFO] [stdout] 
[INFO] [stdout] warning: 1 warning emitted
[INFO] [stdout] 
[INFO] [stdout] 
[INFO] [stdout] warning: unnecessary parentheses around block return value
[INFO] [stdout]   --> src/hostcalls.rs:84:5
[INFO] [stdout]    |
[INFO] [stdout] 84 | /     (match rest {
[INFO] [stdout] 85 | |         Ok(_) => host::__WASI_ESUCCESS,
[INFO] [stdout] 86 | |         Err(err) => err.to_wasi_err(),
[INFO] [stdout] 87 | |     } as u16)
[INFO] [stdout]    | |_____________^
[INFO] [stdout]    |
[INFO] [stdout] note: the lint level is defined here
[INFO] [stdout]   --> src/main.rs:10:31
[INFO] [stdout]    |
[INFO] [stdout] 10 | #![warn(unused_import_braces, unused_parens)]
[INFO] [stdout]    |                               ^^^^^^^^^^^^^
[INFO] [stdout] help: remove these parentheses
[INFO] [stdout]    |
[INFO] [stdout] 84 |     match rest {
[INFO] [stdout] 85 |         Ok(_) => host::__WASI_ESUCCESS,
[INFO] [stdout] 86 |         Err(err) => err.to_wasi_err(),
[INFO] [stdout] 87 |     } as u16
[INFO] [stdout]    |
[INFO] [stdout] 
[INFO] [stdout] 
[INFO] [stdout] warning: 1 warning emitted
[INFO] [stdout] 
[INFO] [stdout] 
[INFO] [stderr]    Compiling embly-wrapper v0.0.2 (/opt/rustwide/workdir)
[INFO] [stdout] warning: unnecessary parentheses around block return value
[INFO] [stdout]   --> src/hostcalls.rs:84:5
[INFO] [stdout]    |
[INFO] [stdout] 84 | /     (match rest {
[INFO] [stdout] 85 | |         Ok(_) => host::__WASI_ESUCCESS,
[INFO] [stdout] 86 | |         Err(err) => err.to_wasi_err(),
[INFO] [stdout] 87 | |     } as u16)
[INFO] [stdout]    | |_____________^
[INFO] [stdout]    |
[INFO] [stdout]    = note: `#[warn(unused_parens)]` on by default
[INFO] [stdout] help: remove these parentheses
[INFO] [stdout]    |
[INFO] [stdout] 84 |     match rest {
[INFO] [stdout] 85 |         Ok(_) => host::__WASI_ESUCCESS,
[INFO] [stdout] 86 |         Err(err) => err.to_wasi_err(),
[INFO] [stdout] 87 |     } as u16
[INFO] [stdout]    |
[INFO] [stdout] 
[INFO] [stdout] 
[INFO] [stdout] warning: unnecessary parentheses around block return value
[INFO] [stdout]   --> src/hostcalls.rs:84:5
[INFO] [stdout]    |
[INFO] [stdout] 84 | /     (match rest {
[INFO] [stdout] 85 | |         Ok(_) => host::__WASI_ESUCCESS,
[INFO] [stdout] 86 | |         Err(err) => err.to_wasi_err(),
[INFO] [stdout] 87 | |     } as u16)
[INFO] [stdout]    | |_____________^
[INFO] [stdout]    |
[INFO] [stdout] note: the lint level is defined here
[INFO] [stdout]   --> src/main.rs:10:31
[INFO] [stdout]    |
[INFO] [stdout] 10 | #![warn(unused_import_braces, unused_parens)]
[INFO] [stdout]    |                               ^^^^^^^^^^^^^
[INFO] [stdout] help: remove these parentheses
[INFO] [stdout]    |
[INFO] [stdout] 84 |     match rest {
[INFO] [stdout] 85 |         Ok(_) => host::__WASI_ESUCCESS,
[INFO] [stdout] 86 |         Err(err) => err.to_wasi_err(),
[INFO] [stdout] 87 |     } as u16
[INFO] [stdout]    |
[INFO] [stdout] 
[INFO] [stdout] 
[INFO] [stdout] warning: 1 warning emitted
[INFO] [stdout] 
[INFO] [stdout] 
[INFO] [stdout] warning: 1 warning emitted
[INFO] [stdout] 
[INFO] [stdout] 
[INFO] [stderr]     Finished test [unoptimized + debuginfo] target(s) in 7.32s
[INFO] running `Command { std: "docker" "inspect" "56799302ff95a003a4d05f311eb3cab2b939a1b6bc7b67767e801b6378352b37", kill_on_drop: false }`
[INFO] running `Command { std: "docker" "rm" "-f" "56799302ff95a003a4d05f311eb3cab2b939a1b6bc7b67767e801b6378352b37", kill_on_drop: false }`
[INFO] [stdout] 56799302ff95a003a4d05f311eb3cab2b939a1b6bc7b67767e801b6378352b37
[INFO] running `Command { std: "docker" "create" "-v" "/var/lib/crater-agent-workspace/builds/worker-7/target:/opt/rustwide/target:rw,Z" "-v" "/var/lib/crater-agent-workspace/builds/worker-7/source:/opt/rustwide/workdir:ro,Z" "-v" "/var/lib/crater-agent-workspace/cargo-home:/opt/rustwide/cargo-home:ro,Z" "-v" "/var/lib/crater-agent-workspace/rustup-home:/opt/rustwide/rustup-home:ro,Z" "-e" "SOURCE_DIR=/opt/rustwide/workdir" "-e" "CARGO_TARGET_DIR=/opt/rustwide/target" "-e" "CARGO_INCREMENTAL=0" "-e" "RUST_BACKTRACE=full" "-e" "RUSTFLAGS=--cap-lints=warn" "-e" "CARGO_HOME=/opt/rustwide/cargo-home" "-e" "RUSTUP_HOME=/opt/rustwide/rustup-home" "-w" "/opt/rustwide/workdir" "-m" "1610612736" "--user" "0:0" "--network" "none" "ghcr.io/rust-lang/crates-build-env/linux@sha256:34b6a614d2c27851fe6cbf88fbd1137609cefab8b10d0615aaeb6fd47975d74e" "/opt/rustwide/cargo-home/bin/cargo" "+1.54.0" "test" "--frozen", kill_on_drop: false }`
[INFO] [stdout] 418f92bc34333c1942b5ea195b15925db45fbb6ab366cb417cf5b14f0b93e24c
[INFO] [stderr] WARNING: Your kernel does not support swap limit capabilities or the cgroup is not mounted. Memory limited without swap.
[INFO] running `Command { std: "docker" "start" "-a" "418f92bc34333c1942b5ea195b15925db45fbb6ab366cb417cf5b14f0b93e24c", kill_on_drop: false }`
[INFO] [stderr] warning: unnecessary parentheses around block return value
[INFO] [stderr]   --> src/hostcalls.rs:84:5
[INFO] [stderr]    |
[INFO] [stderr] 84 | /     (match rest {
[INFO] [stderr] 85 | |         Ok(_) => host::__WASI_ESUCCESS,
[INFO] [stderr] 86 | |         Err(err) => err.to_wasi_err(),
[INFO] [stderr] 87 | |     } as u16)
[INFO] [stderr]    | |_____________^
[INFO] [stderr]    |
[INFO] [stderr]    = note: `#[warn(unused_parens)]` on by default
[INFO] [stderr] help: remove these parentheses
[INFO] [stderr]    |
[INFO] [stderr] 84 |     match rest {
[INFO] [stderr] 85 |         Ok(_) => host::__WASI_ESUCCESS,
[INFO] [stderr] 86 |         Err(err) => err.to_wasi_err(),
[INFO] [stderr] 87 |     } as u16
[INFO] [stderr]    |
[INFO] [stderr] 
[INFO] [stderr] warning: 1 warning emitted
[INFO] [stderr] 
[INFO] [stderr] warning: unnecessary parentheses around block return value
[INFO] [stderr]   --> src/hostcalls.rs:84:5
[INFO] [stderr]    |
[INFO] [stderr] 84 | /     (match rest {
[INFO] [stderr] 85 | |         Ok(_) => host::__WASI_ESUCCESS,
[INFO] [stderr] 86 | |         Err(err) => err.to_wasi_err(),
[INFO] [stderr] 87 | |     } as u16)
[INFO] [stderr]    | |_____________^
[INFO] [stderr]    |
[INFO] [stderr]    = note: `#[warn(unused_parens)]` on by default
[INFO] [stderr] help: remove these parentheses
[INFO] [stderr]    |
[INFO] [stderr] 84 |     match rest {
[INFO] [stderr] 85 |         Ok(_) => host::__WASI_ESUCCESS,
[INFO] [stderr] 86 |         Err(err) => err.to_wasi_err(),
[INFO] [stderr] 87 |     } as u16
[INFO] [stderr]    |
[INFO] [stderr] 
[INFO] [stderr] warning: 1 warning emitted
[INFO] [stderr] 
[INFO] [stderr] warning: unnecessary parentheses around block return value
[INFO] [stderr]   --> src/hostcalls.rs:84:5
[INFO] [stderr]    |
[INFO] [stderr] 84 | /     (match rest {
[INFO] [stderr] 85 | |         Ok(_) => host::__WASI_ESUCCESS,
[INFO] [stderr] 86 | |         Err(err) => err.to_wasi_err(),
[INFO] [stderr] 87 | |     } as u16)
[INFO] [stderr]    | |_____________^
[INFO] [stderr]    |
[INFO] [stderr] note: the lint level is defined here
[INFO] [stderr]   --> src/main.rs:10:31
[INFO] [stderr]    |
[INFO] [stderr] 10 | #![warn(unused_import_braces, unused_parens)]
[INFO] [stderr]    |                               ^^^^^^^^^^^^^
[INFO] [stderr] help: remove these parentheses
[INFO] [stderr]    |
[INFO] [stderr] 84 |     match rest {
[INFO] [stderr] 85 |         Ok(_) => host::__WASI_ESUCCESS,
[INFO] [stderr] 86 |         Err(err) => err.to_wasi_err(),
[INFO] [stderr] 87 |     } as u16
[INFO] [stderr]    |
[INFO] [stderr] 
[INFO] [stderr] warning: 1 warning emitted
[INFO] [stderr] 
[INFO] [stderr] warning: unnecessary parentheses around block return value
[INFO] [stderr]   --> src/hostcalls.rs:84:5
[INFO] [stderr]    |
[INFO] [stderr] 84 | /     (match rest {
[INFO] [stderr] 85 | |         Ok(_) => host::__WASI_ESUCCESS,
[INFO] [stderr] 86 | |         Err(err) => err.to_wasi_err(),
[INFO] [stderr] 87 | |     } as u16)
[INFO] [stderr]    | |_____________^
[INFO] [stderr]    |
[INFO] [stderr] note: the lint level is defined here
[INFO] [stderr]   --> src/main.rs:10:31
[INFO] [stderr]    |
[INFO] [stderr] 10 | #![warn(unused_import_braces, unused_parens)]
[INFO] [stderr]    |                               ^^^^^^^^^^^^^
[INFO] [stderr] help: remove these parentheses
[INFO] [stderr]    |
[INFO] [stderr] 84 |     match rest {
[INFO] [stderr] 85 |         Ok(_) => host::__WASI_ESUCCESS,
[INFO] [stderr] 86 |         Err(err) => err.to_wasi_err(),
[INFO] [stderr] 87 |     } as u16
[INFO] [stderr]    |
[INFO] [stderr] 
[INFO] [stderr] warning: 1 warning emitted
[INFO] [stderr] 
[INFO] [stderr]     Finished test [unoptimized + debuginfo] target(s) in 0.11s
[INFO] [stdout] 
[INFO] [stderr]      Running unittests (/opt/rustwide/target/debug/deps/embly_wrapper-d79bf4009da66f11)
[INFO] [stdout] running 0 tests
[INFO] [stderr]      Running unittests (/opt/rustwide/target/debug/deps/embly_wrapper-d6da8edbba115c7b)
[INFO] [stdout] 
[INFO] [stdout] test result: ok. 0 passed; 0 failed; 0 ignored; 0 measured; 0 filtered out; finished in 0.00s
[INFO] [stdout] 
[INFO] [stdout] 
[INFO] [stdout] running 2 tests
[INFO] [stdout] test tests::test_basic_read ... ok
[INFO] [stdout] test tests::test_spawn ... ok
[INFO] [stdout] 
[INFO] [stdout] test result: ok. 2 passed; 0 failed; 0 ignored; 0 measured; 0 filtered out; finished in 0.00s
[INFO] [stdout] 
[INFO] [stderr]      Running tests/basic.rs (/opt/rustwide/target/debug/deps/basic-f7ee221c035c7c54)
[INFO] [stdout] 
[INFO] [stdout] running 2 tests
[INFO] [stdout] test test_async_basic ... FAILED
[INFO] [stdout] test test_async_full ... FAILED
[INFO] [stdout] 
[INFO] [stdout] failures:
[INFO] [stdout] 
[INFO] [stdout] ---- test_async_basic stdout ----
[INFO] [stdout] Error: Io(Os { code: 2, kind: NotFound, message: "No such file or directory" })
[INFO] [stdout] thread 'test_async_basic' panicked at 'assertion failed: `(left == right)`
[INFO] [stdout]   left: `1`,
[INFO] [stdout]  right: `0`: the test returned a termination value with a non-zero status code (1) which indicates a failure', /rustc/a178d0322ce20e33eac124758e837cbd80a6f633/library/test/src/lib.rs:193:5
[INFO] [stdout] stack backtrace:
[INFO] [stdout]    0:     0x55ff74ff9190 - std::backtrace_rs::backtrace::libunwind::trace::h34055254b57d8e79
[INFO] [stdout]                                at /rustc/a178d0322ce20e33eac124758e837cbd80a6f633/library/std/src/../../backtrace/src/backtrace/libunwind.rs:90:5
[INFO] [stdout]    1:     0x55ff74ff9190 - std::backtrace_rs::backtrace::trace_unsynchronized::h8f1e3fbd9afff6ec
[INFO] [stdout]                                at /rustc/a178d0322ce20e33eac124758e837cbd80a6f633/library/std/src/../../backtrace/src/backtrace/mod.rs:66:5
[INFO] [stdout]    2:     0x55ff74ff9190 - std::sys_common::backtrace::_print_fmt::h3a99a796b770c360
[INFO] [stdout]                                at /rustc/a178d0322ce20e33eac124758e837cbd80a6f633/library/std/src/sys_common/backtrace.rs:67:5
[INFO] [stdout]    3:     0x55ff74ff9190 - <std::sys_common::backtrace::_print::DisplayBacktrace as core::fmt::Display>::fmt::h32d1f94a80615d18
[INFO] [stdout]                                at /rustc/a178d0322ce20e33eac124758e837cbd80a6f633/library/std/src/sys_common/backtrace.rs:46:22
[INFO] [stdout]    4:     0x55ff7501cdbc - core::fmt::write::h306731c068f7162c
[INFO] [stdout]                                at /rustc/a178d0322ce20e33eac124758e837cbd80a6f633/library/core/src/fmt/mod.rs:1110:17
[INFO] [stdout]    5:     0x55ff74ff5a15 - std::io::Write::write_fmt::h87f19b0a2cd190bc
[INFO] [stdout]                                at /rustc/a178d0322ce20e33eac124758e837cbd80a6f633/library/std/src/io/mod.rs:1588:15
[INFO] [stdout]    6:     0x55ff74ffb55b - std::sys_common::backtrace::_print::h5abaa2601a852287
[INFO] [stdout]                                at /rustc/a178d0322ce20e33eac124758e837cbd80a6f633/library/std/src/sys_common/backtrace.rs:49:5
[INFO] [stdout]    7:     0x55ff74ffb55b - std::sys_common::backtrace::print::h8d81445442bb638f
[INFO] [stdout]                                at /rustc/a178d0322ce20e33eac124758e837cbd80a6f633/library/std/src/sys_common/backtrace.rs:36:9
[INFO] [stdout]    8:     0x55ff74ffb55b - std::panicking::default_hook::{{closure}}::hcfe804496a9fa747
[INFO] [stdout]                                at /rustc/a178d0322ce20e33eac124758e837cbd80a6f633/library/std/src/panicking.rs:208:50
[INFO] [stdout]    9:     0x55ff74ffb06c - std::panicking::default_hook::hbea8e3ccf2ba8901
[INFO] [stdout]                                at /rustc/a178d0322ce20e33eac124758e837cbd80a6f633/library/std/src/panicking.rs:222:9
[INFO] [stdout]   10:     0x55ff74ffbc24 - std::panicking::rust_panic_with_hook::h7ee9e1a2d0f8975a
[INFO] [stdout]                                at /rustc/a178d0322ce20e33eac124758e837cbd80a6f633/library/std/src/panicking.rs:622:17
[INFO] [stdout]   11:     0x55ff74ffb707 - std::panicking::begin_panic_handler::{{closure}}::h8ab3b4491718b2c7
[INFO] [stdout]                                at /rustc/a178d0322ce20e33eac124758e837cbd80a6f633/library/std/src/panicking.rs:519:13
[INFO] [stdout]   12:     0x55ff74ff968c - std::sys_common::backtrace::__rust_end_short_backtrace::hd489062ffa586a9f
[INFO] [stdout]                                at /rustc/a178d0322ce20e33eac124758e837cbd80a6f633/library/std/src/sys_common/backtrace.rs:141:18
[INFO] [stdout]   13:     0x55ff74ffb669 - rust_begin_unwind
[INFO] [stdout]                                at /rustc/a178d0322ce20e33eac124758e837cbd80a6f633/library/std/src/panicking.rs:515:5
[INFO] [stdout]   14:     0x55ff74c2c821 - core::panicking::panic_fmt::hca6330e3e14086b4
[INFO] [stdout]                                at /rustc/a178d0322ce20e33eac124758e837cbd80a6f633/library/core/src/panicking.rs:92:14
[INFO] [stdout]   15:     0x55ff7501af4e - core::panicking::assert_failed_inner::h33b45280069a80ed
[INFO] [stdout]   16:     0x55ff74d16a3a - core::panicking::assert_failed::h31cc6f4444e95263
[INFO] [stdout]                                at /rustc/a178d0322ce20e33eac124758e837cbd80a6f633/library/core/src/panicking.rs:117:5
[INFO] [stdout]   17:     0x55ff74c2fb81 - test::assert_test_result::hb9dd11e3bef39ec8
[INFO] [stdout]                                at /rustc/a178d0322ce20e33eac124758e837cbd80a6f633/library/test/src/lib.rs:193:5
[INFO] [stdout]   18:     0x55ff74c3406f - basic::test_async_basic::{{closure}}::h116d75f50c141f0a
[INFO] [stdout]                                at /opt/rustwide/workdir/tests/basic.rs:106:1
[INFO] [stdout]   19:     0x55ff74c30aae - core::ops::function::FnOnce::call_once::h9ab800696832ff09
[INFO] [stdout]                                at /rustc/a178d0322ce20e33eac124758e837cbd80a6f633/library/core/src/ops/function.rs:227:5
[INFO] [stdout]   20:     0x55ff74c605b3 - core::ops::function::FnOnce::call_once::h152e7e439ff59e19
[INFO] [stdout]                                at /rustc/a178d0322ce20e33eac124758e837cbd80a6f633/library/core/src/ops/function.rs:227:5
[INFO] [stdout]   21:     0x55ff74c605b3 - test::__rust_begin_short_backtrace::h0908f3b1fdbb72ab
[INFO] [stdout]                                at /rustc/a178d0322ce20e33eac124758e837cbd80a6f633/library/test/src/lib.rs:577:5
[INFO] [stdout]   22:     0x55ff74c5f070 - <alloc::boxed::Box<F,A> as core::ops::function::FnOnce<Args>>::call_once::hf6d2a51e5587546c
[INFO] [stdout]                                at /rustc/a178d0322ce20e33eac124758e837cbd80a6f633/library/alloc/src/boxed.rs:1575:9
[INFO] [stdout]   23:     0x55ff74c5f070 - <std::panic::AssertUnwindSafe<F> as core::ops::function::FnOnce<()>>::call_once::h8af660f3a89ef593
[INFO] [stdout]                                at /rustc/a178d0322ce20e33eac124758e837cbd80a6f633/library/std/src/panic.rs:347:9
[INFO] [stdout]   24:     0x55ff74c5f070 - std::panicking::try::do_call::hd36aef60f84b6d36
[INFO] [stdout]                                at /rustc/a178d0322ce20e33eac124758e837cbd80a6f633/library/std/src/panicking.rs:401:40
[INFO] [stdout]   25:     0x55ff74c5f070 - std::panicking::try::h9932b4480e69817c
[INFO] [stdout]                                at /rustc/a178d0322ce20e33eac124758e837cbd80a6f633/library/std/src/panicking.rs:365:19
[INFO] [stdout]   26:     0x55ff74c5f070 - std::panic::catch_unwind::h6aa177099cfff5f8
[INFO] [stdout]                                at /rustc/a178d0322ce20e33eac124758e837cbd80a6f633/library/std/src/panic.rs:434:14
[INFO] [stdout]   27:     0x55ff74c5f070 - test::run_test_in_process::h5884d6f2d99e20c3
[INFO] [stdout]                                at /rustc/a178d0322ce20e33eac124758e837cbd80a6f633/library/test/src/lib.rs:600:18
[INFO] [stdout]   28:     0x55ff74c5f070 - test::run_test::run_test_inner::{{closure}}::h6fdc58c6d5f5b6e3
[INFO] [stdout]                                at /rustc/a178d0322ce20e33eac124758e837cbd80a6f633/library/test/src/lib.rs:492:39
[INFO] [stdout]   29:     0x55ff74c38722 - test::run_test::run_test_inner::{{closure}}::h408365d67a78ade8
[INFO] [stdout]                                at /rustc/a178d0322ce20e33eac124758e837cbd80a6f633/library/test/src/lib.rs:519:37
[INFO] [stdout]   30:     0x55ff74c38722 - std::sys_common::backtrace::__rust_begin_short_backtrace::hb560b77c4f701523
[INFO] [stdout]                                at /rustc/a178d0322ce20e33eac124758e837cbd80a6f633/library/std/src/sys_common/backtrace.rs:125:18
[INFO] [stdout]   31:     0x55ff74c3c2d8 - std::thread::Builder::spawn_unchecked::{{closure}}::{{closure}}::hf2e7831dad93c597
[INFO] [stdout]                                at /rustc/a178d0322ce20e33eac124758e837cbd80a6f633/library/std/src/thread/mod.rs:481:17
[INFO] [stdout]   32:     0x55ff74c3c2d8 - <std::panic::AssertUnwindSafe<F> as core::ops::function::FnOnce<()>>::call_once::hd2e08783d8be4d02
[INFO] [stdout]                                at /rustc/a178d0322ce20e33eac124758e837cbd80a6f633/library/std/src/panic.rs:347:9
[INFO] [stdout]   33:     0x55ff74c3c2d8 - std::panicking::try::do_call::h062597b7acfd6b82
[INFO] [stdout]                                at /rustc/a178d0322ce20e33eac124758e837cbd80a6f633/library/std/src/panicking.rs:401:40
[INFO] [stdout]   34:     0x55ff74c3c2d8 - std::panicking::try::h0d7b79db04c14552
[INFO] [stdout]                                at /rustc/a178d0322ce20e33eac124758e837cbd80a6f633/library/std/src/panicking.rs:365:19
[INFO] [stdout]   35:     0x55ff74c3c2d8 - std::panic::catch_unwind::hb01a0b5e7c8cd43b
[INFO] [stdout]                                at /rustc/a178d0322ce20e33eac124758e837cbd80a6f633/library/std/src/panic.rs:434:14
[INFO] [stdout]   36:     0x55ff74c3c2d8 - std::thread::Builder::spawn_unchecked::{{closure}}::h5bde48cc887e0d1e
[INFO] [stdout]                                at /rustc/a178d0322ce20e33eac124758e837cbd80a6f633/library/std/src/thread/mod.rs:480:30
[INFO] [stdout]   37:     0x55ff74c3c2d8 - core::ops::function::FnOnce::call_once{{vtable.shim}}::h745ea30807a29e55
[INFO] [stdout]                                at /rustc/a178d0322ce20e33eac124758e837cbd80a6f633/library/core/src/ops/function.rs:227:5
[INFO] [stdout]   38:     0x55ff75000cd7 - <alloc::boxed::Box<F,A> as core::ops::function::FnOnce<Args>>::call_once::h7ece6cfefaff1005
[INFO] [stdout]                                at /rustc/a178d0322ce20e33eac124758e837cbd80a6f633/library/alloc/src/boxed.rs:1575:9
[INFO] [stdout]   39:     0x55ff75000cd7 - <alloc::boxed::Box<F,A> as core::ops::function::FnOnce<Args>>::call_once::hb8b48e55c21f193e
[INFO] [stdout]                                at /rustc/a178d0322ce20e33eac124758e837cbd80a6f633/library/alloc/src/boxed.rs:1575:9
[INFO] [stdout]   40:     0x55ff75000cd7 - std::sys::unix::thread::Thread::new::thread_start::h8c7c4450dba62914
[INFO] [stdout]                                at /rustc/a178d0322ce20e33eac124758e837cbd80a6f633/library/std/src/sys/unix/thread.rs:71:17
[INFO] [stdout]   41:     0x7f45ad1f0609 - start_thread
[INFO] [stdout]   42:     0x7f45acfc6293 - clone
[INFO] [stdout]   43:                0x0 - <unknown>
[INFO] [stdout] 
[INFO] [stdout] ---- test_async_full stdout ----
[INFO] [stdout] Error: Io(Os { code: 2, kind: NotFound, message: "No such file or directory" })
[INFO] [stdout] thread 'test_async_full' panicked at 'assertion failed: `(left == right)`
[INFO] [stdout]   left: `1`,
[INFO] [stdout]  right: `0`: the test returned a termination value with a non-zero status code (1) which indicates a failure', /rustc/a178d0322ce20e33eac124758e837cbd80a6f633/library/test/src/lib.rs:193:5
[INFO] [stdout] stack backtrace:
[INFO] [stdout]    0:     0x55ff74ff9190 - std::backtrace_rs::backtrace::libunwind::trace::h34055254b57d8e79
[INFO] [stdout]                                at /rustc/a178d0322ce20e33eac124758e837cbd80a6f633/library/std/src/../../backtrace/src/backtrace/libunwind.rs:90:5
[INFO] [stdout]    1:     0x55ff74ff9190 - std::backtrace_rs::backtrace::trace_unsynchronized::h8f1e3fbd9afff6ec
[INFO] [stdout]                                at /rustc/a178d0322ce20e33eac124758e837cbd80a6f633/library/std/src/../../backtrace/src/backtrace/mod.rs:66:5
[INFO] [stdout]    2:     0x55ff74ff9190 - std::sys_common::backtrace::_print_fmt::h3a99a796b770c360
[INFO] [stdout]                                at /rustc/a178d0322ce20e33eac124758e837cbd80a6f633/library/std/src/sys_common/backtrace.rs:67:5
[INFO] [stdout]    3:     0x55ff74ff9190 - <std::sys_common::backtrace::_print::DisplayBacktrace as core::fmt::Display>::fmt::h32d1f94a80615d18
[INFO] [stdout]                                at /rustc/a178d0322ce20e33eac124758e837cbd80a6f633/library/std/src/sys_common/backtrace.rs:46:22
[INFO] [stdout]    4:     0x55ff7501cdbc - core::fmt::write::h306731c068f7162c
[INFO] [stdout]                                at /rustc/a178d0322ce20e33eac124758e837cbd80a6f633/library/core/src/fmt/mod.rs:1110:17
[INFO] [stdout]    5:     0x55ff74ff5a15 - std::io::Write::write_fmt::h87f19b0a2cd190bc
[INFO] [stdout]                                at /rustc/a178d0322ce20e33eac124758e837cbd80a6f633/library/std/src/io/mod.rs:1588:15
[INFO] [stdout]    6:     0x55ff74ffb55b - std::sys_common::backtrace::_print::h5abaa2601a852287
[INFO] [stdout]                                at /rustc/a178d0322ce20e33eac124758e837cbd80a6f633/library/std/src/sys_common/backtrace.rs:49:5
[INFO] [stdout]    7:     0x55ff74ffb55b - std::sys_common::backtrace::print::h8d81445442bb638f
[INFO] [stdout]                                at /rustc/a178d0322ce20e33eac124758e837cbd80a6f633/library/std/src/sys_common/backtrace.rs:36:9
[INFO] [stdout]    8:     0x55ff74ffb55b - std::panicking::default_hook::{{closure}}::hcfe804496a9fa747
[INFO] [stdout]                                at /rustc/a178d0322ce20e33eac124758e837cbd80a6f633/library/std/src/panicking.rs:208:50
[INFO] [stdout]    9:     0x55ff74ffb06c - std::panicking::default_hook::hbea8e3ccf2ba8901
[INFO] [stdout]                                at /rustc/a178d0322ce20e33eac124758e837cbd80a6f633/library/std/src/panicking.rs:222:9
[INFO] [stdout]   10:     0x55ff74ffbc24 - std::panicking::rust_panic_with_hook::h7ee9e1a2d0f8975a
[INFO] [stdout]                                at /rustc/a178d0322ce20e33eac124758e837cbd80a6f633/library/std/src/panicking.rs:622:17
[INFO] [stdout]   11:     0x55ff74ffb707 - std::panicking::begin_panic_handler::{{closure}}::h8ab3b4491718b2c7
[INFO] [stdout]                                at /rustc/a178d0322ce20e33eac124758e837cbd80a6f633/library/std/src/panicking.rs:519:13
[INFO] [stdout]   12:     0x55ff74ff968c - std::sys_common::backtrace::__rust_end_short_backtrace::hd489062ffa586a9f
[INFO] [stdout]                                at /rustc/a178d0322ce20e33eac124758e837cbd80a6f633/library/std/src/sys_common/backtrace.rs:141:18
[INFO] [stdout]   13:     0x55ff74ffb669 - rust_begin_unwind
[INFO] [stdout]                                at /rustc/a178d0322ce20e33eac124758e837cbd80a6f633/library/std/src/panicking.rs:515:5
[INFO] [stdout]   14:     0x55ff74c2c821 - core::panicking::panic_fmt::hca6330e3e14086b4
[INFO] [stdout]                                at /rustc/a178d0322ce20e33eac124758e837cbd80a6f633/library/core/src/panicking.rs:92:14
[INFO] [stdout]   15:     0x55ff7501af4e - core::panicking::assert_failed_inner::h33b45280069a80ed
[INFO] [stdout]   16:     0x55ff74d16a3a - core::panicking::assert_failed::h31cc6f4444e95263
[INFO] [stdout]                                at /rustc/a178d0322ce20e33eac124758e837cbd80a6f633/library/core/src/panicking.rs:117:5
[INFO] [stdout]   17:     0x55ff74c2fb81 - test::assert_test_result::hb9dd11e3bef39ec8
[INFO] [stdout]                                at /rustc/a178d0322ce20e33eac124758e837cbd80a6f633/library/test/src/lib.rs:193:5
[INFO] [stdout]   18:     0x55ff74c348ff - basic::test_async_full::{{closure}}::h68701123cbdc6d0f
[INFO] [stdout]                                at /opt/rustwide/workdir/tests/basic.rs:147:1
[INFO] [stdout]   19:     0x55ff74c30a3e - core::ops::function::FnOnce::call_once::h49e4e19a023f9e10
[INFO] [stdout]                                at /rustc/a178d0322ce20e33eac124758e837cbd80a6f633/library/core/src/ops/function.rs:227:5
[INFO] [stdout]   20:     0x55ff74c605b3 - core::ops::function::FnOnce::call_once::h152e7e439ff59e19
[INFO] [stdout]                                at /rustc/a178d0322ce20e33eac124758e837cbd80a6f633/library/core/src/ops/function.rs:227:5
[INFO] [stdout]   21:     0x55ff74c605b3 - test::__rust_begin_short_backtrace::h0908f3b1fdbb72ab
[INFO] [stdout]                                at /rustc/a178d0322ce20e33eac124758e837cbd80a6f633/library/test/src/lib.rs:577:5
[INFO] [stdout]   22:     0x55ff74c5f070 - <alloc::boxed::Box<F,A> as core::ops::function::FnOnce<Args>>::call_once::hf6d2a51e5587546c
[INFO] [stdout]                                at /rustc/a178d0322ce20e33eac124758e837cbd80a6f633/library/alloc/src/boxed.rs:1575:9
[INFO] [stdout]   23:     0x55ff74c5f070 - <std::panic::AssertUnwindSafe<F> as core::ops::function::FnOnce<()>>::call_once::h8af660f3a89ef593
[INFO] [stdout]                                at /rustc/a178d0322ce20e33eac124758e837cbd80a6f633/library/std/src/panic.rs:347:9
[INFO] [stdout]   24:     0x55ff74c5f070 - std::panicking::try::do_call::hd36aef60f84b6d36
[INFO] [stdout]                                at /rustc/a178d0322ce20e33eac124758e837cbd80a6f633/library/std/src/panicking.rs:401:40
[INFO] [stdout]   25:     0x55ff74c5f070 - std::panicking::try::h9932b4480e69817c
[INFO] [stdout]                                at /rustc/a178d0322ce20e33eac124758e837cbd80a6f633/library/std/src/panicking.rs:365:19
[INFO] [stdout]   26:     0x55ff74c5f070 - std::panic::catch_unwind::h6aa177099cfff5f8
[INFO] [stdout]                                at /rustc/a178d0322ce20e33eac124758e837cbd80a6f633/library/std/src/panic.rs:434:14
[INFO] [stdout]   27:     0x55ff74c5f070 - test::run_test_in_process::h5884d6f2d99e20c3
[INFO] [stdout]                                at /rustc/a178d0322ce20e33eac124758e837cbd80a6f633/library/test/src/lib.rs:600:18
[INFO] [stdout]   28:     0x55ff74c5f070 - test::run_test::run_test_inner::{{closure}}::h6fdc58c6d5f5b6e3
[INFO] [stdout]                                at /rustc/a178d0322ce20e33eac124758e837cbd80a6f633/library/test/src/lib.rs:492:39
[INFO] [stdout]   29:     0x55ff74c38722 - test::run_test::run_test_inner::{{closure}}::h408365d67a78ade8
[INFO] [stdout]                                at /rustc/a178d0322ce20e33eac124758e837cbd80a6f633/library/test/src/lib.rs:519:37
[INFO] [stdout]   30:     0x55ff74c38722 - std::sys_common::backtrace::__rust_begin_short_backtrace::hb560b77c4f701523
[INFO] [stdout]                                at /rustc/a178d0322ce20e33eac124758e837cbd80a6f633/library/std/src/sys_common/backtrace.rs:125:18
[INFO] [stdout]   31:     0x55ff74c3c2d8 - std::thread::Builder::spawn_unchecked::{{closure}}::{{closure}}::hf2e7831dad93c597
[INFO] [stdout]                                at /rustc/a178d0322ce20e33eac124758e837cbd80a6f633/library/std/src/thread/mod.rs:481:17
[INFO] [stdout]   32:     0x55ff74c3c2d8 - <std::panic::AssertUnwindSafe<F> as core::ops::function::FnOnce<()>>::call_once::hd2e08783d8be4d02
[INFO] [stdout]                                at /rustc/a178d0322ce20e33eac124758e837cbd80a6f633/library/std/src/panic.rs:347:9
[INFO] [stdout]   33:     0x55ff74c3c2d8 - std::panicking::try::do_call::h062597b7acfd6b82
[INFO] [stdout]                                at /rustc/a178d0322ce20e33eac124758e837cbd80a6f633/library/std/src/panicking.rs:401:40
[INFO] [stdout]   34:     0x55ff74c3c2d8 - std::panicking::try::h0d7b79db04c14552
[INFO] [stdout]                                at /rustc/a178d0322ce20e33eac124758e837cbd80a6f633/library/std/src/panicking.rs:365:19
[INFO] [stdout]   35:     0x55ff74c3c2d8 - std::panic::catch_unwind::hb01a0b5e7c8cd43b
[INFO] [stdout]                                at /rustc/a178d0322ce20e33eac124758e837cbd80a6f633/library/std/src/panic.rs:434:14
[INFO] [stdout]   36:     0x55ff74c3c2d8 - std::thread::Builder::spawn_unchecked::{{closure}}::h5bde48cc887e0d1e
[INFO] [stdout]                                at /rustc/a178d0322ce20e33eac124758e837cbd80a6f633/library/std/src/thread/mod.rs:480:30
[INFO] [stdout]   37:     0x55ff74c3c2d8 - core::ops::function::FnOnce::call_once{{vtable.shim}}::h745ea30807a29e55
[INFO] [stdout]                                at /rustc/a178d0322ce20e33eac124758e837cbd80a6f633/library/core/src/ops/function.rs:227:5
[INFO] [stdout]   38:     0x55ff75000cd7 - <alloc::boxed::Box<F,A> as core::ops::function::FnOnce<Args>>::call_once::h7ece6cfefaff1005
[INFO] [stdout]                                at /rustc/a178d0322ce20e33eac124758e837cbd80a6f633/library/alloc/src/boxed.rs:1575:9
[INFO] [stdout]   39:     0x55ff75000cd7 - <alloc::boxed::Box<F,A> as core::ops::function::FnOnce<Args>>::call_once::hb8b48e55c21f193e
[INFO] [stdout]                                at /rustc/a178d0322ce20e33eac124758e837cbd80a6f633/library/alloc/src/boxed.rs:1575:9
[INFO] [stdout]   40:     0x55ff75000cd7 - std::sys::unix::thread::Thread::new::thread_start::h8c7c4450dba62914
[INFO] [stdout]                                at /rustc/a178d0322ce20e33eac124758e837cbd80a6f633/library/std/src/sys/unix/thread.rs:71:17
[INFO] [stdout]   41:     0x7f45ad1f0609 - start_thread
[INFO] [stdout]   42:     0x7f45acfc6293 - clone
[INFO] [stdout]   43:                0x0 - <unknown>
[INFO] [stdout] 
[INFO] [stdout] 
[INFO] [stdout] failures:
[INFO] [stdout]     test_async_basic
[INFO] [stdout]     test_async_full
[INFO] [stdout] 
[INFO] [stdout] test result: FAILED. 0 passed; 2 failed; 0 ignored; 0 measured; 0 filtered out; finished in 0.08s
[INFO] [stdout] 
[INFO] [stderr] error: test failed, to rerun pass '--test basic'
[INFO] running `Command { std: "docker" "inspect" "418f92bc34333c1942b5ea195b15925db45fbb6ab366cb417cf5b14f0b93e24c", kill_on_drop: false }`
[INFO] running `Command { std: "docker" "rm" "-f" "418f92bc34333c1942b5ea195b15925db45fbb6ab366cb417cf5b14f0b93e24c", kill_on_drop: false }`
[INFO] [stdout] 418f92bc34333c1942b5ea195b15925db45fbb6ab366cb417cf5b14f0b93e24c
