[INFO] fetching crate embed-doc-image 0.1.4...
[INFO] testing embed-doc-image-0.1.4 against 1.54.0 for beta-1.55-1
[INFO] extracting crate embed-doc-image 0.1.4 into /workspace/builds/worker-1/source
[INFO] validating manifest of crates.io crate embed-doc-image 0.1.4 on toolchain 1.54.0
[INFO] running `Command { std: "/workspace/cargo-home/bin/cargo" "+1.54.0" "metadata" "--manifest-path" "Cargo.toml" "--no-deps", kill_on_drop: false }`
[INFO] started tweaking crates.io crate embed-doc-image 0.1.4
[INFO] finished tweaking crates.io crate embed-doc-image 0.1.4
[INFO] tweaked toml for crates.io crate embed-doc-image 0.1.4 written to /workspace/builds/worker-1/source/Cargo.toml
[INFO] running `Command { std: "/workspace/cargo-home/bin/cargo" "+1.54.0" "generate-lockfile" "--manifest-path" "Cargo.toml" "-Zno-index-update", kill_on_drop: false }`
[INFO] running `Command { std: "/workspace/cargo-home/bin/cargo" "+1.54.0" "fetch" "--manifest-path" "Cargo.toml", kill_on_drop: false }`
[INFO] running `Command { std: "docker" "create" "-v" "/var/lib/crater-agent-workspace/builds/worker-1/target:/opt/rustwide/target:rw,Z" "-v" "/var/lib/crater-agent-workspace/builds/worker-1/source:/opt/rustwide/workdir:ro,Z" "-v" "/var/lib/crater-agent-workspace/cargo-home:/opt/rustwide/cargo-home:ro,Z" "-v" "/var/lib/crater-agent-workspace/rustup-home:/opt/rustwide/rustup-home:ro,Z" "-e" "SOURCE_DIR=/opt/rustwide/workdir" "-e" "CARGO_TARGET_DIR=/opt/rustwide/target" "-e" "CARGO_HOME=/opt/rustwide/cargo-home" "-e" "RUSTUP_HOME=/opt/rustwide/rustup-home" "-w" "/opt/rustwide/workdir" "-m" "1610612736" "--user" "0:0" "--network" "none" "ghcr.io/rust-lang/crates-build-env/linux@sha256:34b6a614d2c27851fe6cbf88fbd1137609cefab8b10d0615aaeb6fd47975d74e" "/opt/rustwide/cargo-home/bin/cargo" "+1.54.0" "metadata" "--no-deps" "--format-version=1", kill_on_drop: false }`
[INFO] [stdout] 66697871230d58014d7e70823bf9c7f5d7698ecd3e5c27cdff4ccba12a7fb45b
[INFO] [stderr] WARNING: Your kernel does not support swap limit capabilities or the cgroup is not mounted. Memory limited without swap.
[INFO] running `Command { std: "docker" "start" "-a" "66697871230d58014d7e70823bf9c7f5d7698ecd3e5c27cdff4ccba12a7fb45b", kill_on_drop: false }`
[INFO] running `Command { std: "docker" "inspect" "66697871230d58014d7e70823bf9c7f5d7698ecd3e5c27cdff4ccba12a7fb45b", kill_on_drop: false }`
[INFO] running `Command { std: "docker" "rm" "-f" "66697871230d58014d7e70823bf9c7f5d7698ecd3e5c27cdff4ccba12a7fb45b", kill_on_drop: false }`
[INFO] [stdout] 66697871230d58014d7e70823bf9c7f5d7698ecd3e5c27cdff4ccba12a7fb45b
[INFO] running `Command { std: "docker" "create" "-v" "/var/lib/crater-agent-workspace/builds/worker-1/target:/opt/rustwide/target:rw,Z" "-v" "/var/lib/crater-agent-workspace/builds/worker-1/source:/opt/rustwide/workdir:ro,Z" "-v" "/var/lib/crater-agent-workspace/cargo-home:/opt/rustwide/cargo-home:ro,Z" "-v" "/var/lib/crater-agent-workspace/rustup-home:/opt/rustwide/rustup-home:ro,Z" "-e" "SOURCE_DIR=/opt/rustwide/workdir" "-e" "CARGO_TARGET_DIR=/opt/rustwide/target" "-e" "CARGO_INCREMENTAL=0" "-e" "RUST_BACKTRACE=full" "-e" "RUSTFLAGS=--cap-lints=warn" "-e" "CARGO_HOME=/opt/rustwide/cargo-home" "-e" "RUSTUP_HOME=/opt/rustwide/rustup-home" "-w" "/opt/rustwide/workdir" "-m" "1610612736" "--user" "0:0" "--network" "none" "ghcr.io/rust-lang/crates-build-env/linux@sha256:34b6a614d2c27851fe6cbf88fbd1137609cefab8b10d0615aaeb6fd47975d74e" "/opt/rustwide/cargo-home/bin/cargo" "+1.54.0" "build" "--frozen" "--message-format=json", kill_on_drop: false }`
[INFO] [stderr] WARNING: Your kernel does not support swap limit capabilities or the cgroup is not mounted. Memory limited without swap.
[INFO] [stdout] a0a4d63ab468280eef66fa76786cfbc5e1f2b537a5760d86224c6064af9157f7
[INFO] running `Command { std: "docker" "start" "-a" "a0a4d63ab468280eef66fa76786cfbc5e1f2b537a5760d86224c6064af9157f7", kill_on_drop: false }`
[INFO] [stderr]    Compiling syn v1.0.74
[INFO] [stderr]    Compiling embed-doc-image v0.1.4 (/opt/rustwide/workdir)
[INFO] [stderr]     Finished dev [unoptimized + debuginfo] target(s) in 9.92s
[INFO] running `Command { std: "docker" "inspect" "a0a4d63ab468280eef66fa76786cfbc5e1f2b537a5760d86224c6064af9157f7", kill_on_drop: false }`
[INFO] running `Command { std: "docker" "rm" "-f" "a0a4d63ab468280eef66fa76786cfbc5e1f2b537a5760d86224c6064af9157f7", kill_on_drop: false }`
[INFO] [stdout] a0a4d63ab468280eef66fa76786cfbc5e1f2b537a5760d86224c6064af9157f7
[INFO] running `Command { std: "docker" "create" "-v" "/var/lib/crater-agent-workspace/builds/worker-1/target:/opt/rustwide/target:rw,Z" "-v" "/var/lib/crater-agent-workspace/builds/worker-1/source:/opt/rustwide/workdir:ro,Z" "-v" "/var/lib/crater-agent-workspace/cargo-home:/opt/rustwide/cargo-home:ro,Z" "-v" "/var/lib/crater-agent-workspace/rustup-home:/opt/rustwide/rustup-home:ro,Z" "-e" "SOURCE_DIR=/opt/rustwide/workdir" "-e" "CARGO_TARGET_DIR=/opt/rustwide/target" "-e" "CARGO_INCREMENTAL=0" "-e" "RUST_BACKTRACE=full" "-e" "RUSTFLAGS=--cap-lints=warn" "-e" "CARGO_HOME=/opt/rustwide/cargo-home" "-e" "RUSTUP_HOME=/opt/rustwide/rustup-home" "-w" "/opt/rustwide/workdir" "-m" "1610612736" "--user" "0:0" "--network" "none" "ghcr.io/rust-lang/crates-build-env/linux@sha256:34b6a614d2c27851fe6cbf88fbd1137609cefab8b10d0615aaeb6fd47975d74e" "/opt/rustwide/cargo-home/bin/cargo" "+1.54.0" "test" "--frozen" "--no-run" "--message-format=json", kill_on_drop: false }`
[INFO] [stderr] WARNING: Your kernel does not support swap limit capabilities or the cgroup is not mounted. Memory limited without swap.
[INFO] [stdout] be46789b2eaa6675ff98e1a3d3e9f6ea43d8dd0bebf70841f8b52a00aaca82b6
[INFO] running `Command { std: "docker" "start" "-a" "be46789b2eaa6675ff98e1a3d3e9f6ea43d8dd0bebf70841f8b52a00aaca82b6", kill_on_drop: false }`
[INFO] [stderr]    Compiling embed-doc-image v0.1.4 (/opt/rustwide/workdir)
[INFO] [stderr]     Finished test [unoptimized + debuginfo] target(s) in 0.48s
[INFO] running `Command { std: "docker" "inspect" "be46789b2eaa6675ff98e1a3d3e9f6ea43d8dd0bebf70841f8b52a00aaca82b6", kill_on_drop: false }`
[INFO] running `Command { std: "docker" "rm" "-f" "be46789b2eaa6675ff98e1a3d3e9f6ea43d8dd0bebf70841f8b52a00aaca82b6", kill_on_drop: false }`
[INFO] [stdout] be46789b2eaa6675ff98e1a3d3e9f6ea43d8dd0bebf70841f8b52a00aaca82b6
[INFO] running `Command { std: "docker" "create" "-v" "/var/lib/crater-agent-workspace/builds/worker-1/target:/opt/rustwide/target:rw,Z" "-v" "/var/lib/crater-agent-workspace/builds/worker-1/source:/opt/rustwide/workdir:ro,Z" "-v" "/var/lib/crater-agent-workspace/cargo-home:/opt/rustwide/cargo-home:ro,Z" "-v" "/var/lib/crater-agent-workspace/rustup-home:/opt/rustwide/rustup-home:ro,Z" "-e" "SOURCE_DIR=/opt/rustwide/workdir" "-e" "CARGO_TARGET_DIR=/opt/rustwide/target" "-e" "CARGO_INCREMENTAL=0" "-e" "RUST_BACKTRACE=full" "-e" "RUSTFLAGS=--cap-lints=warn" "-e" "CARGO_HOME=/opt/rustwide/cargo-home" "-e" "RUSTUP_HOME=/opt/rustwide/rustup-home" "-w" "/opt/rustwide/workdir" "-m" "1610612736" "--user" "0:0" "--network" "none" "ghcr.io/rust-lang/crates-build-env/linux@sha256:34b6a614d2c27851fe6cbf88fbd1137609cefab8b10d0615aaeb6fd47975d74e" "/opt/rustwide/cargo-home/bin/cargo" "+1.54.0" "test" "--frozen", kill_on_drop: false }`
[INFO] [stdout] 2e95345a32764c43c837e61d9a5d1d58ed5f37211ef1be8ca833e147106f8456
[INFO] [stderr] WARNING: Your kernel does not support swap limit capabilities or the cgroup is not mounted. Memory limited without swap.
[INFO] running `Command { std: "docker" "start" "-a" "2e95345a32764c43c837e61d9a5d1d58ed5f37211ef1be8ca833e147106f8456", kill_on_drop: false }`
[INFO] [stderr]     Finished test [unoptimized + debuginfo] target(s) in 0.02s
[INFO] [stdout] 
[INFO] [stderr]      Running unittests (/opt/rustwide/target/debug/deps/embed_doc_image-03d9489b19d3cf0a)
[INFO] [stdout] running 0 tests
[INFO] [stdout] 
[INFO] [stdout] test result: ok. 0 passed; 0 failed; 0 ignored; 0 measured; 0 filtered out; finished in 0.00s
[INFO] [stdout] 
[INFO] [stderr]    Doc-tests embed-doc-image
[INFO] [stdout] 
[INFO] [stdout] running 3 tests
[INFO] [stdout] test src/lib.rs - (line 91) ... FAILED
[INFO] [stdout] test src/lib.rs - (line 157) ... FAILED
[INFO] [stderr] error: test failed, to rerun pass '--doc'
[INFO] [stdout] test src/lib.rs - (line 53) ... FAILED
[INFO] [stdout] 
[INFO] [stdout] failures:
[INFO] [stdout] 
[INFO] [stdout] ---- src/lib.rs - (line 91) stdout ----
[INFO] [stdout] error: unexpected closing delimiter: `}`
[INFO] [stdout]   --> src/lib.rs:109:1
[INFO] [stdout]    |
[INFO] [stdout] 21 | } _doctest_main_src_lib_rs_91_0() }
[INFO] [stdout]    | ^ unexpected closing delimiter
[INFO] [stdout] 
[INFO] [stdout] error: mismatched closing delimiter: `)`
[INFO] [stdout]   --> src/lib.rs:100:76
[INFO] [stdout]    |
[INFO] [stdout] 7  | #![cfg_attr(feature = "doc-images",
[INFO] [stdout]    |            - closing delimiter possibly meant for this
[INFO] [stdout] 8  | extern crate r#embed_doc_image;
[INFO] [stdout] 9  | fn main() { #[allow(non_snake_case)] fn _doctest_main_src_lib_rs_91_0() {
[INFO] [stdout]    |                                                                         - unclosed delimiter
[INFO] [stdout] ...
[INFO] [stdout] 12 | doc = ::embed_doc_image::embed_image!("foobaring", "assets/foobaring.png")))]
[INFO] [stdout]    |                                                                            ^ mismatched closing delimiter
[INFO] [stdout] 
[INFO] [stdout] error: aborting due to 2 previous errors
[INFO] [stdout] 
[INFO] [stdout] Couldn't compile the test.
[INFO] [stdout] ---- src/lib.rs - (line 157) stdout ----
[INFO] [stdout] error: expected one of `!`, `,`, `.`, `::`, `;`, `?`, `]`, `{`, or an operator, found `text`
[INFO] [stdout]  --> src/lib.rs:158:7
[INFO] [stdout]   |
[INFO] [stdout] 3 | ![Alt text][myimagelabel]
[INFO] [stdout]   |       ^^^^ expected one of 9 possible tokens
[INFO] [stdout] 
[INFO] [stdout] error: aborting due to previous error
[INFO] [stdout] 
[INFO] [stdout] Couldn't compile the test.
[INFO] [stdout] ---- src/lib.rs - (line 53) stdout ----
[INFO] [stdout] error: custom attribute panicked
[INFO] [stdout]   --> src/lib.rs:71:1
[INFO] [stdout]    |
[INFO] [stdout] 21 | #[embed_doc_image("myimagelabel", "images/foo.png")]
[INFO] [stdout]    | ^^^^^^^^^^^^^^^^^^^^^^^^^^^^^^^^^^^^^^^^^^^^^^^^^^^^
[INFO] [stdout]    |
[INFO] [stdout]    = help: message: Failed to load image at /opt/rustwide/workdir/images/foo.png
[INFO] [stdout] 
[INFO] [stdout] error: aborting due to previous error
[INFO] [stdout] 
[INFO] [stdout] Couldn't compile the test.
[INFO] [stdout] 
[INFO] [stdout] failures:
[INFO] [stdout]     src/lib.rs - (line 157)
[INFO] [stdout]     src/lib.rs - (line 53)
[INFO] [stdout]     src/lib.rs - (line 91)
[INFO] [stdout] 
[INFO] [stdout] test result: FAILED. 0 passed; 3 failed; 0 ignored; 0 measured; 0 filtered out; finished in 0.22s
[INFO] [stdout] 
[INFO] running `Command { std: "docker" "inspect" "2e95345a32764c43c837e61d9a5d1d58ed5f37211ef1be8ca833e147106f8456", kill_on_drop: false }`
[INFO] running `Command { std: "docker" "rm" "-f" "2e95345a32764c43c837e61d9a5d1d58ed5f37211ef1be8ca833e147106f8456", kill_on_drop: false }`
[INFO] [stdout] 2e95345a32764c43c837e61d9a5d1d58ed5f37211ef1be8ca833e147106f8456
