[INFO] fetching crate elements-frequency 0.1.5...
[INFO] testing elements-frequency-0.1.5 against beta-2021-08-01 for beta-1.55-1
[INFO] extracting crate elements-frequency 0.1.5 into /workspace/builds/worker-0/source
[INFO] validating manifest of crates.io crate elements-frequency 0.1.5 on toolchain beta-2021-08-01
[INFO] running `Command { std: "/workspace/cargo-home/bin/cargo" "+beta-2021-08-01" "metadata" "--manifest-path" "Cargo.toml" "--no-deps", kill_on_drop: false }`
[INFO] started tweaking crates.io crate elements-frequency 0.1.5
[INFO] finished tweaking crates.io crate elements-frequency 0.1.5
[INFO] tweaked toml for crates.io crate elements-frequency 0.1.5 written to /workspace/builds/worker-0/source/Cargo.toml
[INFO] running `Command { std: "/workspace/cargo-home/bin/cargo" "+beta-2021-08-01" "generate-lockfile" "--manifest-path" "Cargo.toml" "-Zno-index-update", kill_on_drop: false }`
[INFO] running `Command { std: "/workspace/cargo-home/bin/cargo" "+beta-2021-08-01" "fetch" "--manifest-path" "Cargo.toml", kill_on_drop: false }`
[INFO] running `Command { std: "docker" "create" "-v" "/var/lib/crater-agent-workspace/builds/worker-0/target:/opt/rustwide/target:rw,Z" "-v" "/var/lib/crater-agent-workspace/builds/worker-0/source:/opt/rustwide/workdir:ro,Z" "-v" "/var/lib/crater-agent-workspace/cargo-home:/opt/rustwide/cargo-home:ro,Z" "-v" "/var/lib/crater-agent-workspace/rustup-home:/opt/rustwide/rustup-home:ro,Z" "-e" "SOURCE_DIR=/opt/rustwide/workdir" "-e" "CARGO_TARGET_DIR=/opt/rustwide/target" "-e" "CARGO_HOME=/opt/rustwide/cargo-home" "-e" "RUSTUP_HOME=/opt/rustwide/rustup-home" "-w" "/opt/rustwide/workdir" "-m" "1610612736" "--user" "0:0" "--network" "none" "ghcr.io/rust-lang/crates-build-env/linux@sha256:34b6a614d2c27851fe6cbf88fbd1137609cefab8b10d0615aaeb6fd47975d74e" "/opt/rustwide/cargo-home/bin/cargo" "+beta-2021-08-01" "metadata" "--no-deps" "--format-version=1", kill_on_drop: false }`
[INFO] [stderr] WARNING: Your kernel does not support swap limit capabilities or the cgroup is not mounted. Memory limited without swap.
[INFO] [stdout] f5604c2b672a30a4abfab96ab8b661a3e685dd6eb0e398f11c3b5b73e4838339
[INFO] running `Command { std: "docker" "start" "-a" "f5604c2b672a30a4abfab96ab8b661a3e685dd6eb0e398f11c3b5b73e4838339", kill_on_drop: false }`
[INFO] running `Command { std: "docker" "inspect" "f5604c2b672a30a4abfab96ab8b661a3e685dd6eb0e398f11c3b5b73e4838339", kill_on_drop: false }`
[INFO] running `Command { std: "docker" "rm" "-f" "f5604c2b672a30a4abfab96ab8b661a3e685dd6eb0e398f11c3b5b73e4838339", kill_on_drop: false }`
[INFO] [stdout] f5604c2b672a30a4abfab96ab8b661a3e685dd6eb0e398f11c3b5b73e4838339
[INFO] running `Command { std: "docker" "create" "-v" "/var/lib/crater-agent-workspace/builds/worker-0/target:/opt/rustwide/target:rw,Z" "-v" "/var/lib/crater-agent-workspace/builds/worker-0/source:/opt/rustwide/workdir:ro,Z" "-v" "/var/lib/crater-agent-workspace/cargo-home:/opt/rustwide/cargo-home:ro,Z" "-v" "/var/lib/crater-agent-workspace/rustup-home:/opt/rustwide/rustup-home:ro,Z" "-e" "SOURCE_DIR=/opt/rustwide/workdir" "-e" "CARGO_TARGET_DIR=/opt/rustwide/target" "-e" "CARGO_INCREMENTAL=0" "-e" "RUST_BACKTRACE=full" "-e" "RUSTFLAGS=--cap-lints=warn" "-e" "CARGO_HOME=/opt/rustwide/cargo-home" "-e" "RUSTUP_HOME=/opt/rustwide/rustup-home" "-w" "/opt/rustwide/workdir" "-m" "1610612736" "--user" "0:0" "--network" "none" "ghcr.io/rust-lang/crates-build-env/linux@sha256:34b6a614d2c27851fe6cbf88fbd1137609cefab8b10d0615aaeb6fd47975d74e" "/opt/rustwide/cargo-home/bin/cargo" "+beta-2021-08-01" "build" "--frozen" "--message-format=json", kill_on_drop: false }`
[INFO] [stdout] 7d26180914fabe8eb14e110c55722386ea8124f94fa16a81570f73375f088e2c
[INFO] [stderr] WARNING: Your kernel does not support swap limit capabilities or the cgroup is not mounted. Memory limited without swap.
[INFO] running `Command { std: "docker" "start" "-a" "7d26180914fabe8eb14e110c55722386ea8124f94fa16a81570f73375f088e2c", kill_on_drop: false }`
[INFO] [stderr]    Compiling elements-frequency v0.1.5 (/opt/rustwide/workdir)
[INFO] [stderr]     Finished dev [unoptimized + debuginfo] target(s) in 0.28s
[INFO] running `Command { std: "docker" "inspect" "7d26180914fabe8eb14e110c55722386ea8124f94fa16a81570f73375f088e2c", kill_on_drop: false }`
[INFO] running `Command { std: "docker" "rm" "-f" "7d26180914fabe8eb14e110c55722386ea8124f94fa16a81570f73375f088e2c", kill_on_drop: false }`
[INFO] [stdout] 7d26180914fabe8eb14e110c55722386ea8124f94fa16a81570f73375f088e2c
[INFO] running `Command { std: "docker" "create" "-v" "/var/lib/crater-agent-workspace/builds/worker-0/target:/opt/rustwide/target:rw,Z" "-v" "/var/lib/crater-agent-workspace/builds/worker-0/source:/opt/rustwide/workdir:ro,Z" "-v" "/var/lib/crater-agent-workspace/cargo-home:/opt/rustwide/cargo-home:ro,Z" "-v" "/var/lib/crater-agent-workspace/rustup-home:/opt/rustwide/rustup-home:ro,Z" "-e" "SOURCE_DIR=/opt/rustwide/workdir" "-e" "CARGO_TARGET_DIR=/opt/rustwide/target" "-e" "CARGO_INCREMENTAL=0" "-e" "RUST_BACKTRACE=full" "-e" "RUSTFLAGS=--cap-lints=warn" "-e" "CARGO_HOME=/opt/rustwide/cargo-home" "-e" "RUSTUP_HOME=/opt/rustwide/rustup-home" "-w" "/opt/rustwide/workdir" "-m" "1610612736" "--user" "0:0" "--network" "none" "ghcr.io/rust-lang/crates-build-env/linux@sha256:34b6a614d2c27851fe6cbf88fbd1137609cefab8b10d0615aaeb6fd47975d74e" "/opt/rustwide/cargo-home/bin/cargo" "+beta-2021-08-01" "test" "--frozen" "--no-run" "--message-format=json", kill_on_drop: false }`
[INFO] [stdout] 0524b88987e131e1003761b9004651bc2c8be5ddc83064e922bc06b9407e82ba
[INFO] [stderr] WARNING: Your kernel does not support swap limit capabilities or the cgroup is not mounted. Memory limited without swap.
[INFO] running `Command { std: "docker" "start" "-a" "0524b88987e131e1003761b9004651bc2c8be5ddc83064e922bc06b9407e82ba", kill_on_drop: false }`
[INFO] [stderr]    Compiling elements-frequency v0.1.5 (/opt/rustwide/workdir)
[INFO] [stderr]     Finished test [unoptimized + debuginfo] target(s) in 1.34s
[INFO] running `Command { std: "docker" "inspect" "0524b88987e131e1003761b9004651bc2c8be5ddc83064e922bc06b9407e82ba", kill_on_drop: false }`
[INFO] running `Command { std: "docker" "rm" "-f" "0524b88987e131e1003761b9004651bc2c8be5ddc83064e922bc06b9407e82ba", kill_on_drop: false }`
[INFO] [stdout] 0524b88987e131e1003761b9004651bc2c8be5ddc83064e922bc06b9407e82ba
[INFO] running `Command { std: "docker" "create" "-v" "/var/lib/crater-agent-workspace/builds/worker-0/target:/opt/rustwide/target:rw,Z" "-v" "/var/lib/crater-agent-workspace/builds/worker-0/source:/opt/rustwide/workdir:ro,Z" "-v" "/var/lib/crater-agent-workspace/cargo-home:/opt/rustwide/cargo-home:ro,Z" "-v" "/var/lib/crater-agent-workspace/rustup-home:/opt/rustwide/rustup-home:ro,Z" "-e" "SOURCE_DIR=/opt/rustwide/workdir" "-e" "CARGO_TARGET_DIR=/opt/rustwide/target" "-e" "CARGO_INCREMENTAL=0" "-e" "RUST_BACKTRACE=full" "-e" "RUSTFLAGS=--cap-lints=warn" "-e" "CARGO_HOME=/opt/rustwide/cargo-home" "-e" "RUSTUP_HOME=/opt/rustwide/rustup-home" "-w" "/opt/rustwide/workdir" "-m" "1610612736" "--user" "0:0" "--network" "none" "ghcr.io/rust-lang/crates-build-env/linux@sha256:34b6a614d2c27851fe6cbf88fbd1137609cefab8b10d0615aaeb6fd47975d74e" "/opt/rustwide/cargo-home/bin/cargo" "+beta-2021-08-01" "test" "--frozen", kill_on_drop: false }`
[INFO] [stderr] WARNING: Your kernel does not support swap limit capabilities or the cgroup is not mounted. Memory limited without swap.
[INFO] [stdout] 5b1e1cc620151bf06b6015fa45fb07fe4065e63db73a93b1db73482cf9ba39f4
[INFO] running `Command { std: "docker" "start" "-a" "5b1e1cc620151bf06b6015fa45fb07fe4065e63db73a93b1db73482cf9ba39f4", kill_on_drop: false }`
[INFO] [stderr]     Finished test [unoptimized + debuginfo] target(s) in 0.00s
[INFO] [stderr]      Running unittests (/opt/rustwide/target/debug/deps/elements_frequency-3b31cb5e6850ad08)
[INFO] [stdout] 
[INFO] [stdout] running 0 tests
[INFO] [stdout] 
[INFO] [stdout] test result: ok. 0 passed; 0 failed; 0 ignored; 0 measured; 0 filtered out; finished in 0.00s
[INFO] [stdout] 
[INFO] [stderr]      Running tests/integration_test.rs (/opt/rustwide/target/debug/deps/integration_test-683d0398adee091a)
[INFO] [stdout] 
[INFO] [stdout] running 11 tests
[INFO] [stdout] test tests::char_1 ... ok
[INFO] [stdout] test tests::negative_int_2 ... ok
[INFO] [stdout] test tests::positive_int_2 ... ok
[INFO] [stdout] test tests::slice_2 ... ok
[INFO] [stdout] test tests::positive_int_1 ... ok
[INFO] [stdout] test tests::string_1 ... ok
[INFO] [stdout] test tests::negative_int_1 ... ok
[INFO] [stdout] test tests::string_2 ... ok
[INFO] [stdout] test tests::random_int_2 ... ok
[INFO] [stdout] test tests::slice_1 ... ok
[INFO] [stdout] test tests::random_int_1 ... ok
[INFO] [stdout] 
[INFO] [stdout] test result: ok. 11 passed; 0 failed; 0 ignored; 0 measured; 0 filtered out; finished in 0.01s
[INFO] [stdout] 
[INFO] [stderr]    Doc-tests elements-frequency
[INFO] [stdout] 
[INFO] [stdout] running 2 tests
[INFO] [stdout] test src/lib.rs - (line 11) ... FAILED
[INFO] [stdout] test src/interface.rs - interface::Elements::result (line 80) ... ok
[INFO] [stdout] 
[INFO] [stdout] failures:
[INFO] [stdout] 
[INFO] [stdout] ---- src/lib.rs - (line 11) stdout ----
[INFO] [stdout] error[E0308]: mismatched types
[INFO] [stdout]   --> src/lib.rs:19:34
[INFO] [stdout]    |
[INFO] [stdout] 11 | let mut elements = Elements::new(&list);
[INFO] [stdout]    |                                  ^^^^^ expected struct `Vec`, found array `[&str; 5]`
[INFO] [stdout]    |
[INFO] [stdout]    = note: expected reference `&Vec<_>`
[INFO] [stdout]               found reference `&[&str; 5]`
[INFO] [stdout] 
[INFO] [stdout] error: aborting due to previous error
[INFO] [stdout] 
[INFO] [stdout] For more information about this error, try `rustc --explain E0308`.
[INFO] [stdout] Couldn't compile the test.
[INFO] [stdout] 
[INFO] [stdout] failures:
[INFO] [stdout]     src/lib.rs - (line 11)
[INFO] [stdout] 
[INFO] [stdout] test result: FAILED. 1 passed; 1 failed; 0 ignored; 0 measured; 0 filtered out; finished in 0.60s
[INFO] [stdout] 
[INFO] [stderr] error: test failed, to rerun pass '--doc'
[INFO] running `Command { std: "docker" "inspect" "5b1e1cc620151bf06b6015fa45fb07fe4065e63db73a93b1db73482cf9ba39f4", kill_on_drop: false }`
[INFO] running `Command { std: "docker" "rm" "-f" "5b1e1cc620151bf06b6015fa45fb07fe4065e63db73a93b1db73482cf9ba39f4", kill_on_drop: false }`
[INFO] [stdout] 5b1e1cc620151bf06b6015fa45fb07fe4065e63db73a93b1db73482cf9ba39f4
