[INFO] fetching crate edisp 0.0.3...
[INFO] testing edisp-0.0.3 against beta-2021-08-01 for beta-1.55-1
[INFO] extracting crate edisp 0.0.3 into /workspace/builds/worker-2/source
[INFO] validating manifest of crates.io crate edisp 0.0.3 on toolchain beta-2021-08-01
[INFO] running `Command { std: "/workspace/cargo-home/bin/cargo" "+beta-2021-08-01" "metadata" "--manifest-path" "Cargo.toml" "--no-deps", kill_on_drop: false }`
[INFO] started tweaking crates.io crate edisp 0.0.3
[INFO] finished tweaking crates.io crate edisp 0.0.3
[INFO] tweaked toml for crates.io crate edisp 0.0.3 written to /workspace/builds/worker-2/source/Cargo.toml
[INFO] running `Command { std: "/workspace/cargo-home/bin/cargo" "+beta-2021-08-01" "generate-lockfile" "--manifest-path" "Cargo.toml" "-Zno-index-update", kill_on_drop: false }`
[INFO] running `Command { std: "/workspace/cargo-home/bin/cargo" "+beta-2021-08-01" "fetch" "--manifest-path" "Cargo.toml", kill_on_drop: false }`
[INFO] [stderr]     Blocking waiting for file lock on package cache
[INFO] running `Command { std: "docker" "create" "-v" "/var/lib/crater-agent-workspace/builds/worker-2/target:/opt/rustwide/target:rw,Z" "-v" "/var/lib/crater-agent-workspace/builds/worker-2/source:/opt/rustwide/workdir:ro,Z" "-v" "/var/lib/crater-agent-workspace/cargo-home:/opt/rustwide/cargo-home:ro,Z" "-v" "/var/lib/crater-agent-workspace/rustup-home:/opt/rustwide/rustup-home:ro,Z" "-e" "SOURCE_DIR=/opt/rustwide/workdir" "-e" "CARGO_TARGET_DIR=/opt/rustwide/target" "-e" "CARGO_HOME=/opt/rustwide/cargo-home" "-e" "RUSTUP_HOME=/opt/rustwide/rustup-home" "-w" "/opt/rustwide/workdir" "-m" "1610612736" "--user" "0:0" "--network" "none" "ghcr.io/rust-lang/crates-build-env/linux@sha256:34b6a614d2c27851fe6cbf88fbd1137609cefab8b10d0615aaeb6fd47975d74e" "/opt/rustwide/cargo-home/bin/cargo" "+beta-2021-08-01" "metadata" "--no-deps" "--format-version=1", kill_on_drop: false }`
[INFO] [stdout] d080504a7cc39139ce0bd6a42796fa6e54c73882e1310cfc4ce0c5d7a0bed04f
[INFO] [stderr] WARNING: Your kernel does not support swap limit capabilities or the cgroup is not mounted. Memory limited without swap.
[INFO] running `Command { std: "docker" "start" "-a" "d080504a7cc39139ce0bd6a42796fa6e54c73882e1310cfc4ce0c5d7a0bed04f", kill_on_drop: false }`
[INFO] running `Command { std: "docker" "inspect" "d080504a7cc39139ce0bd6a42796fa6e54c73882e1310cfc4ce0c5d7a0bed04f", kill_on_drop: false }`
[INFO] running `Command { std: "docker" "rm" "-f" "d080504a7cc39139ce0bd6a42796fa6e54c73882e1310cfc4ce0c5d7a0bed04f", kill_on_drop: false }`
[INFO] [stdout] d080504a7cc39139ce0bd6a42796fa6e54c73882e1310cfc4ce0c5d7a0bed04f
[INFO] running `Command { std: "docker" "create" "-v" "/var/lib/crater-agent-workspace/builds/worker-2/target:/opt/rustwide/target:rw,Z" "-v" "/var/lib/crater-agent-workspace/builds/worker-2/source:/opt/rustwide/workdir:ro,Z" "-v" "/var/lib/crater-agent-workspace/cargo-home:/opt/rustwide/cargo-home:ro,Z" "-v" "/var/lib/crater-agent-workspace/rustup-home:/opt/rustwide/rustup-home:ro,Z" "-e" "SOURCE_DIR=/opt/rustwide/workdir" "-e" "CARGO_TARGET_DIR=/opt/rustwide/target" "-e" "CARGO_INCREMENTAL=0" "-e" "RUST_BACKTRACE=full" "-e" "RUSTFLAGS=--cap-lints=warn" "-e" "CARGO_HOME=/opt/rustwide/cargo-home" "-e" "RUSTUP_HOME=/opt/rustwide/rustup-home" "-w" "/opt/rustwide/workdir" "-m" "1610612736" "--user" "0:0" "--network" "none" "ghcr.io/rust-lang/crates-build-env/linux@sha256:34b6a614d2c27851fe6cbf88fbd1137609cefab8b10d0615aaeb6fd47975d74e" "/opt/rustwide/cargo-home/bin/cargo" "+beta-2021-08-01" "build" "--frozen" "--message-format=json", kill_on_drop: false }`
[INFO] [stderr] WARNING: Your kernel does not support swap limit capabilities or the cgroup is not mounted. Memory limited without swap.
[INFO] [stdout] df10a558dfaf9704f03e26cee626b75957073f290d25e002d04d3ae8606d92f2
[INFO] running `Command { std: "docker" "start" "-a" "df10a558dfaf9704f03e26cee626b75957073f290d25e002d04d3ae8606d92f2", kill_on_drop: false }`
[INFO] [stderr]    Compiling edisp v0.0.3 (/opt/rustwide/workdir)
[INFO] [stderr]     Finished dev [unoptimized + debuginfo] target(s) in 0.99s
[INFO] running `Command { std: "docker" "inspect" "df10a558dfaf9704f03e26cee626b75957073f290d25e002d04d3ae8606d92f2", kill_on_drop: false }`
[INFO] running `Command { std: "docker" "rm" "-f" "df10a558dfaf9704f03e26cee626b75957073f290d25e002d04d3ae8606d92f2", kill_on_drop: false }`
[INFO] [stdout] df10a558dfaf9704f03e26cee626b75957073f290d25e002d04d3ae8606d92f2
[INFO] running `Command { std: "docker" "create" "-v" "/var/lib/crater-agent-workspace/builds/worker-2/target:/opt/rustwide/target:rw,Z" "-v" "/var/lib/crater-agent-workspace/builds/worker-2/source:/opt/rustwide/workdir:ro,Z" "-v" "/var/lib/crater-agent-workspace/cargo-home:/opt/rustwide/cargo-home:ro,Z" "-v" "/var/lib/crater-agent-workspace/rustup-home:/opt/rustwide/rustup-home:ro,Z" "-e" "SOURCE_DIR=/opt/rustwide/workdir" "-e" "CARGO_TARGET_DIR=/opt/rustwide/target" "-e" "CARGO_INCREMENTAL=0" "-e" "RUST_BACKTRACE=full" "-e" "RUSTFLAGS=--cap-lints=warn" "-e" "CARGO_HOME=/opt/rustwide/cargo-home" "-e" "RUSTUP_HOME=/opt/rustwide/rustup-home" "-w" "/opt/rustwide/workdir" "-m" "1610612736" "--user" "0:0" "--network" "none" "ghcr.io/rust-lang/crates-build-env/linux@sha256:34b6a614d2c27851fe6cbf88fbd1137609cefab8b10d0615aaeb6fd47975d74e" "/opt/rustwide/cargo-home/bin/cargo" "+beta-2021-08-01" "test" "--frozen" "--no-run" "--message-format=json", kill_on_drop: false }`
[INFO] [stdout] 5558321a89a9f8b3fbe3b9cc20a7b8c3e4c6ddf94d3f773bedcd250b636ee626
[INFO] [stderr] WARNING: Your kernel does not support swap limit capabilities or the cgroup is not mounted. Memory limited without swap.
[INFO] running `Command { std: "docker" "start" "-a" "5558321a89a9f8b3fbe3b9cc20a7b8c3e4c6ddf94d3f773bedcd250b636ee626", kill_on_drop: false }`
[INFO] [stderr]    Compiling edisp v0.0.3 (/opt/rustwide/workdir)
[INFO] [stderr]     Finished test [unoptimized + debuginfo] target(s) in 1.85s
[INFO] running `Command { std: "docker" "inspect" "5558321a89a9f8b3fbe3b9cc20a7b8c3e4c6ddf94d3f773bedcd250b636ee626", kill_on_drop: false }`
[INFO] running `Command { std: "docker" "rm" "-f" "5558321a89a9f8b3fbe3b9cc20a7b8c3e4c6ddf94d3f773bedcd250b636ee626", kill_on_drop: false }`
[INFO] [stdout] 5558321a89a9f8b3fbe3b9cc20a7b8c3e4c6ddf94d3f773bedcd250b636ee626
[INFO] running `Command { std: "docker" "create" "-v" "/var/lib/crater-agent-workspace/builds/worker-2/target:/opt/rustwide/target:rw,Z" "-v" "/var/lib/crater-agent-workspace/builds/worker-2/source:/opt/rustwide/workdir:ro,Z" "-v" "/var/lib/crater-agent-workspace/cargo-home:/opt/rustwide/cargo-home:ro,Z" "-v" "/var/lib/crater-agent-workspace/rustup-home:/opt/rustwide/rustup-home:ro,Z" "-e" "SOURCE_DIR=/opt/rustwide/workdir" "-e" "CARGO_TARGET_DIR=/opt/rustwide/target" "-e" "CARGO_INCREMENTAL=0" "-e" "RUST_BACKTRACE=full" "-e" "RUSTFLAGS=--cap-lints=warn" "-e" "CARGO_HOME=/opt/rustwide/cargo-home" "-e" "RUSTUP_HOME=/opt/rustwide/rustup-home" "-w" "/opt/rustwide/workdir" "-m" "1610612736" "--user" "0:0" "--network" "none" "ghcr.io/rust-lang/crates-build-env/linux@sha256:34b6a614d2c27851fe6cbf88fbd1137609cefab8b10d0615aaeb6fd47975d74e" "/opt/rustwide/cargo-home/bin/cargo" "+beta-2021-08-01" "test" "--frozen", kill_on_drop: false }`
[INFO] [stdout] b191f547569433a579cc269489042bf576e4fca83ee217c4b71d916bcef7e586
[INFO] [stderr] WARNING: Your kernel does not support swap limit capabilities or the cgroup is not mounted. Memory limited without swap.
[INFO] running `Command { std: "docker" "start" "-a" "b191f547569433a579cc269489042bf576e4fca83ee217c4b71d916bcef7e586", kill_on_drop: false }`
[INFO] [stdout] 
[INFO] [stdout] running 8 tests
[INFO] [stdout] test tests::dispatch_enum3 ... ok
[INFO] [stdout] test tests::dispatch_enum5 ... ok
[INFO] [stderr]     Finished test [unoptimized + debuginfo] target(s) in 0.02s
[INFO] [stderr]      Running unittests (/opt/rustwide/target/debug/deps/edisp-a09d25aa4f9948bc)
[INFO] [stdout] test tests::dispatch_enum6 ... ok
[INFO] [stdout] test tests::dispatch_enum4 ... ok
[INFO] [stdout] test std_enums::tests::collect_result_impl ... ok
[INFO] [stdout] test tests::dispatch_enum7 ... ok
[INFO] [stdout] test tests::dispatch_enum8 ... ok
[INFO] [stdout] test tests::dispatch_enum2 ... ok
[INFO] [stdout] 
[INFO] [stdout] test result: ok. 8 passed; 0 failed; 0 ignored; 0 measured; 0 filtered out; finished in 0.00s
[INFO] [stdout] 
[INFO] [stderr]    Doc-tests edisp
[INFO] [stdout] 
[INFO] [stdout] running 4 tests
[INFO] [stdout] test src/lib.rs - (line 56) ... FAILED
[INFO] [stdout] test src/lib.rs - implement_dispatch (line 201) ... ok
[INFO] [stdout] test src/lib.rs - (line 99) ... ok
[INFO] [stdout] test src/lib.rs - (line 18) ... ok
[INFO] [stdout] 
[INFO] [stdout] failures:
[INFO] [stdout] 
[INFO] [stdout] ---- src/lib.rs - (line 56) stdout ----
[INFO] [stdout] error: cannot find derive macro `Dispatch` in this scope
[INFO] [stdout]  --> src/lib.rs:59:10
[INFO] [stdout]   |
[INFO] [stdout] 6 | #[derive(Dispatch)]
[INFO] [stdout]   |          ^^^^^^^^
[INFO] [stdout] 
[INFO] [stdout] error[E0599]: no variant or associated item named `dispatch` found for enum `MyOwnEnum` in the current scope
[INFO] [stdout]   --> src/lib.rs:75:65
[INFO] [stdout]    |
[INFO] [stdout] 7  | enum MyOwnEnum<T> {
[INFO] [stdout]    | ----------------- variant or associated item `dispatch` not found here
[INFO] [stdout] ...
[INFO] [stdout] 22 | let (some_characters, some_strs): (Vec<_>, Vec<_>) = MyOwnEnum::dispatch(iter);
[INFO] [stdout]    |                                                                 ^^^^^^^^ variant or associated item not found in `MyOwnEnum<_>`
[INFO] [stdout]    |
[INFO] [stdout]    = help: items from traits can only be used if the trait is implemented and in scope
[INFO] [stdout]    = note: the following trait defines an item `dispatch`, perhaps you need to implement it:
[INFO] [stdout]            candidate #1: `edisp::dispatchers::Dispatch`
[INFO] [stdout] 
[INFO] [stdout] error: aborting due to 2 previous errors
[INFO] [stdout] 
[INFO] [stdout] For more information about this error, try `rustc --explain E0599`.
[INFO] [stdout] Couldn't compile the test.
[INFO] [stdout] 
[INFO] [stdout] failures:
[INFO] [stdout]     src/lib.rs - (line 56)
[INFO] [stdout] 
[INFO] [stdout] test result: FAILED. 3 passed; 1 failed; 0 ignored; 0 measured; 0 filtered out; finished in 1.40s
[INFO] [stdout] 
[INFO] [stderr] error: test failed, to rerun pass '--doc'
[INFO] running `Command { std: "docker" "inspect" "b191f547569433a579cc269489042bf576e4fca83ee217c4b71d916bcef7e586", kill_on_drop: false }`
[INFO] running `Command { std: "docker" "rm" "-f" "b191f547569433a579cc269489042bf576e4fca83ee217c4b71d916bcef7e586", kill_on_drop: false }`
[INFO] [stdout] b191f547569433a579cc269489042bf576e4fca83ee217c4b71d916bcef7e586
