[INFO] fetching crate edcert 9.0.1...
[INFO] testing edcert-9.0.1 against beta-2021-08-01 for beta-1.55-1
[INFO] extracting crate edcert 9.0.1 into /workspace/builds/worker-11/source
[INFO] validating manifest of crates.io crate edcert 9.0.1 on toolchain beta-2021-08-01
[INFO] running `Command { std: "/workspace/cargo-home/bin/cargo" "+beta-2021-08-01" "metadata" "--manifest-path" "Cargo.toml" "--no-deps", kill_on_drop: false }`
[INFO] started tweaking crates.io crate edcert 9.0.1
[INFO] finished tweaking crates.io crate edcert 9.0.1
[INFO] tweaked toml for crates.io crate edcert 9.0.1 written to /workspace/builds/worker-11/source/Cargo.toml
[INFO] running `Command { std: "/workspace/cargo-home/bin/cargo" "+beta-2021-08-01" "generate-lockfile" "--manifest-path" "Cargo.toml" "-Zno-index-update", kill_on_drop: false }`
[INFO] running `Command { std: "/workspace/cargo-home/bin/cargo" "+beta-2021-08-01" "fetch" "--manifest-path" "Cargo.toml", kill_on_drop: false }`
[INFO] [stderr]     Blocking waiting for file lock on package cache
[INFO] [stderr]     Blocking waiting for file lock on package cache
[INFO] running `Command { std: "docker" "create" "-v" "/var/lib/crater-agent-workspace/builds/worker-11/target:/opt/rustwide/target:rw,Z" "-v" "/var/lib/crater-agent-workspace/builds/worker-11/source:/opt/rustwide/workdir:ro,Z" "-v" "/var/lib/crater-agent-workspace/cargo-home:/opt/rustwide/cargo-home:ro,Z" "-v" "/var/lib/crater-agent-workspace/rustup-home:/opt/rustwide/rustup-home:ro,Z" "-e" "SOURCE_DIR=/opt/rustwide/workdir" "-e" "CARGO_TARGET_DIR=/opt/rustwide/target" "-e" "CARGO_HOME=/opt/rustwide/cargo-home" "-e" "RUSTUP_HOME=/opt/rustwide/rustup-home" "-w" "/opt/rustwide/workdir" "-m" "1610612736" "--user" "0:0" "--network" "none" "ghcr.io/rust-lang/crates-build-env/linux@sha256:34b6a614d2c27851fe6cbf88fbd1137609cefab8b10d0615aaeb6fd47975d74e" "/opt/rustwide/cargo-home/bin/cargo" "+beta-2021-08-01" "metadata" "--no-deps" "--format-version=1", kill_on_drop: false }`
[INFO] [stderr] WARNING: Your kernel does not support swap limit capabilities or the cgroup is not mounted. Memory limited without swap.
[INFO] [stdout] 238b4f70fa6ba43694b2afdc6ff796115e51ed7578b9ab7439933efb692b7554
[INFO] running `Command { std: "docker" "start" "-a" "238b4f70fa6ba43694b2afdc6ff796115e51ed7578b9ab7439933efb692b7554", kill_on_drop: false }`
[INFO] running `Command { std: "docker" "inspect" "238b4f70fa6ba43694b2afdc6ff796115e51ed7578b9ab7439933efb692b7554", kill_on_drop: false }`
[INFO] running `Command { std: "docker" "rm" "-f" "238b4f70fa6ba43694b2afdc6ff796115e51ed7578b9ab7439933efb692b7554", kill_on_drop: false }`
[INFO] [stdout] 238b4f70fa6ba43694b2afdc6ff796115e51ed7578b9ab7439933efb692b7554
[INFO] running `Command { std: "docker" "create" "-v" "/var/lib/crater-agent-workspace/builds/worker-11/target:/opt/rustwide/target:rw,Z" "-v" "/var/lib/crater-agent-workspace/builds/worker-11/source:/opt/rustwide/workdir:ro,Z" "-v" "/var/lib/crater-agent-workspace/cargo-home:/opt/rustwide/cargo-home:ro,Z" "-v" "/var/lib/crater-agent-workspace/rustup-home:/opt/rustwide/rustup-home:ro,Z" "-e" "SOURCE_DIR=/opt/rustwide/workdir" "-e" "CARGO_TARGET_DIR=/opt/rustwide/target" "-e" "CARGO_INCREMENTAL=0" "-e" "RUST_BACKTRACE=full" "-e" "RUSTFLAGS=--cap-lints=warn" "-e" "CARGO_HOME=/opt/rustwide/cargo-home" "-e" "RUSTUP_HOME=/opt/rustwide/rustup-home" "-w" "/opt/rustwide/workdir" "-m" "1610612736" "--user" "0:0" "--network" "none" "ghcr.io/rust-lang/crates-build-env/linux@sha256:34b6a614d2c27851fe6cbf88fbd1137609cefab8b10d0615aaeb6fd47975d74e" "/opt/rustwide/cargo-home/bin/cargo" "+beta-2021-08-01" "build" "--frozen" "--message-format=json", kill_on_drop: false }`
[INFO] [stdout] 02a39a2d83732d8e38e836e0f378025d54515c1a3f78bdeb6104be78c6d1373f
[INFO] [stderr] WARNING: Your kernel does not support swap limit capabilities or the cgroup is not mounted. Memory limited without swap.
[INFO] running `Command { std: "docker" "start" "-a" "02a39a2d83732d8e38e836e0f378025d54515c1a3f78bdeb6104be78c6d1373f", kill_on_drop: false }`
[INFO] [stderr]    Compiling serde v0.7.15
[INFO] [stderr]    Compiling libc v0.1.12
[INFO] [stderr]    Compiling num-iter v0.1.42
[INFO] [stderr]    Compiling libsodium-sys v0.0.12
[INFO] [stderr]    Compiling secrets v0.11.1
[INFO] [stderr]    Compiling num v0.1.42
[INFO] [stderr]    Compiling chrono v0.2.25
[INFO] [stderr]    Compiling sodiumoxide v0.0.12
[INFO] [stderr]    Compiling edcert v9.0.1 (/opt/rustwide/workdir)
[INFO] [stdout] warning: use of deprecated macro `try`: use the `?` operator instead
[INFO] [stdout]   --> src/bytescontainer.rs:63:23
[INFO] [stdout]    |
[INFO] [stdout] 63 |         let bytestr = try!(String::decode(d));
[INFO] [stdout]    |                       ^^^
[INFO] [stdout]    |
[INFO] [stdout]    = note: `#[warn(deprecated)]` on by default
[INFO] [stdout] 
[INFO] [stdout] 
[INFO] [stdout] warning: use of deprecated macro `RustcDecodable`: rustc-serialize is deprecated and no longer supported
[INFO] [stdout]   --> src/certificate.rs:62:16
[INFO] [stdout]    |
[INFO] [stdout] 62 | #[derive(Clone,RustcDecodable,RustcEncodable,Debug,PartialEq)]
[INFO] [stdout]    |                ^^^^^^^^^^^^^^
[INFO] [stdout] 
[INFO] [stdout] 
[INFO] [stdout] warning: use of deprecated macro `RustcEncodable`: rustc-serialize is deprecated and no longer supported
[INFO] [stdout]   --> src/certificate.rs:62:31
[INFO] [stdout]    |
[INFO] [stdout] 62 | #[derive(Clone,RustcDecodable,RustcEncodable,Debug,PartialEq)]
[INFO] [stdout]    |                               ^^^^^^^^^^^^^^
[INFO] [stdout] 
[INFO] [stdout] 
[INFO] [stdout] warning: use of deprecated macro `RustcEncodable`: rustc-serialize is deprecated and no longer supported
[INFO] [stdout]   --> src/meta.rs:29:16
[INFO] [stdout]    |
[INFO] [stdout] 29 | #[derive(Clone,RustcEncodable,RustcDecodable,Debug,PartialEq)]
[INFO] [stdout]    |                ^^^^^^^^^^^^^^
[INFO] [stdout] 
[INFO] [stdout] 
[INFO] [stdout] warning: use of deprecated macro `RustcDecodable`: rustc-serialize is deprecated and no longer supported
[INFO] [stdout]   --> src/meta.rs:29:31
[INFO] [stdout]    |
[INFO] [stdout] 29 | #[derive(Clone,RustcEncodable,RustcDecodable,Debug,PartialEq)]
[INFO] [stdout]    |                               ^^^^^^^^^^^^^^
[INFO] [stdout] 
[INFO] [stdout] 
[INFO] [stdout] warning: use of deprecated macro `RustcDecodable`: rustc-serialize is deprecated and no longer supported
[INFO] [stdout]   --> src/signature.rs:30:16
[INFO] [stdout]    |
[INFO] [stdout] 30 | #[derive(Clone,RustcDecodable,RustcEncodable,Debug,PartialEq)]
[INFO] [stdout]    |                ^^^^^^^^^^^^^^
[INFO] [stdout] 
[INFO] [stdout] 
[INFO] [stdout] warning: use of deprecated macro `RustcEncodable`: rustc-serialize is deprecated and no longer supported
[INFO] [stdout]   --> src/signature.rs:30:31
[INFO] [stdout]    |
[INFO] [stdout] 30 | #[derive(Clone,RustcDecodable,RustcEncodable,Debug,PartialEq)]
[INFO] [stdout]    |                               ^^^^^^^^^^^^^^
[INFO] [stdout] 
[INFO] [stdout] 
[INFO] [stdout] warning: use of deprecated macro `try`: use the `?` operator instead
[INFO] [stdout]   --> src/root_validator.rs:59:9
[INFO] [stdout]    |
[INFO] [stdout] 59 |         try!(cert.self_validate(self));
[INFO] [stdout]    |         ^^^
[INFO] [stdout] 
[INFO] [stdout] 
[INFO] [stdout] warning: use of deprecated macro `try`: use the `?` operator instead
[INFO] [stdout]   --> src/root_validator.rs:62:9
[INFO] [stdout]    |
[INFO] [stdout] 62 |         try!(self.revoker.is_revoked(cert));
[INFO] [stdout]    |         ^^^
[INFO] [stdout] 
[INFO] [stdout] 
[INFO] [stdout] warning: use of deprecated macro `try`: use the `?` operator instead
[INFO] [stdout]   --> src/trust_validator.rs:85:9
[INFO] [stdout]    |
[INFO] [stdout] 85 |         try!(cert.self_validate(self));
[INFO] [stdout]    |         ^^^
[INFO] [stdout] 
[INFO] [stdout] 
[INFO] [stdout] warning: use of deprecated macro `try`: use the `?` operator instead
[INFO] [stdout]   --> src/trust_validator.rs:88:9
[INFO] [stdout]    |
[INFO] [stdout] 88 |         try!(self.revoker.is_revoked(cert));
[INFO] [stdout]    |         ^^^
[INFO] [stdout] 
[INFO] [stdout] 
[INFO] [stdout] warning: anonymous parameters are deprecated and will be removed in the next edition.
[INFO] [stdout]   --> src/revoker.rs:49:54
[INFO] [stdout]    |
[INFO] [stdout] 49 |     fn is_revoked<F: Revokable + Fingerprint>(&self, &F) -> Result<(), RevokeError>;
[INFO] [stdout]    |                                                      ^^ help: try naming the parameter or explicitly ignoring it: `_: &F`
[INFO] [stdout]    |
[INFO] [stdout]    = note: `#[warn(anonymous_parameters)]` on by default
[INFO] [stdout]    = warning: this is accepted in the current edition (Rust 2015) but is a hard error in Rust 2018!
[INFO] [stdout]    = note: for more information, see issue #41686 <https://github.com/rust-lang/rust/issues/41686>
[INFO] [stdout] 
[INFO] [stdout] 
[INFO] [stdout] warning: use of deprecated constant `std::sync::ONCE_INIT`: the `new` function is now preferred
[INFO] [stdout]   --> src/ed25519.rs:28:16
[INFO] [stdout]    |
[INFO] [stdout] 28 | use std::sync::ONCE_INIT;
[INFO] [stdout]    |                ^^^^^^^^^
[INFO] [stdout] 
[INFO] [stdout] 
[INFO] [stdout] warning: use of deprecated constant `std::sync::ONCE_INIT`: the `new` function is now preferred
[INFO] [stdout]   --> src/ed25519.rs:30:22
[INFO] [stdout]    |
[INFO] [stdout] 30 | static START: Once = ONCE_INIT;
[INFO] [stdout]    |                      ^^^^^^^^^ help: replace the use of the deprecated constant: `Once::new()`
[INFO] [stdout] 
[INFO] [stdout] 
[INFO] [stdout] warning: 14 warnings emitted
[INFO] [stdout] 
[INFO] [stdout] 
[INFO] [stderr]     Finished dev [unoptimized + debuginfo] target(s) in 10.05s
[INFO] running `Command { std: "docker" "inspect" "02a39a2d83732d8e38e836e0f378025d54515c1a3f78bdeb6104be78c6d1373f", kill_on_drop: false }`
[INFO] running `Command { std: "docker" "rm" "-f" "02a39a2d83732d8e38e836e0f378025d54515c1a3f78bdeb6104be78c6d1373f", kill_on_drop: false }`
[INFO] [stdout] 02a39a2d83732d8e38e836e0f378025d54515c1a3f78bdeb6104be78c6d1373f
[INFO] running `Command { std: "docker" "create" "-v" "/var/lib/crater-agent-workspace/builds/worker-11/target:/opt/rustwide/target:rw,Z" "-v" "/var/lib/crater-agent-workspace/builds/worker-11/source:/opt/rustwide/workdir:ro,Z" "-v" "/var/lib/crater-agent-workspace/cargo-home:/opt/rustwide/cargo-home:ro,Z" "-v" "/var/lib/crater-agent-workspace/rustup-home:/opt/rustwide/rustup-home:ro,Z" "-e" "SOURCE_DIR=/opt/rustwide/workdir" "-e" "CARGO_TARGET_DIR=/opt/rustwide/target" "-e" "CARGO_INCREMENTAL=0" "-e" "RUST_BACKTRACE=full" "-e" "RUSTFLAGS=--cap-lints=warn" "-e" "CARGO_HOME=/opt/rustwide/cargo-home" "-e" "RUSTUP_HOME=/opt/rustwide/rustup-home" "-w" "/opt/rustwide/workdir" "-m" "1610612736" "--user" "0:0" "--network" "none" "ghcr.io/rust-lang/crates-build-env/linux@sha256:34b6a614d2c27851fe6cbf88fbd1137609cefab8b10d0615aaeb6fd47975d74e" "/opt/rustwide/cargo-home/bin/cargo" "+beta-2021-08-01" "test" "--frozen" "--no-run" "--message-format=json", kill_on_drop: false }`
[INFO] [stdout] 829bdb7db0b7b18ec59968dc74b79b9ac7a6c84a010608e183c39da0db7c08ed
[INFO] [stderr] WARNING: Your kernel does not support swap limit capabilities or the cgroup is not mounted. Memory limited without swap.
[INFO] running `Command { std: "docker" "start" "-a" "829bdb7db0b7b18ec59968dc74b79b9ac7a6c84a010608e183c39da0db7c08ed", kill_on_drop: false }`
[INFO] [stderr]    Compiling edcert v9.0.1 (/opt/rustwide/workdir)
[INFO] [stdout] warning: use of deprecated macro `try`: use the `?` operator instead
[INFO] [stdout]   --> src/bytescontainer.rs:63:23
[INFO] [stdout]    |
[INFO] [stdout] 63 |         let bytestr = try!(String::decode(d));
[INFO] [stdout]    |                       ^^^
[INFO] [stdout]    |
[INFO] [stdout]    = note: `#[warn(deprecated)]` on by default
[INFO] [stdout] 
[INFO] [stdout] 
[INFO] [stdout] warning: use of deprecated macro `RustcDecodable`: rustc-serialize is deprecated and no longer supported
[INFO] [stdout]   --> src/certificate.rs:62:16
[INFO] [stdout]    |
[INFO] [stdout] 62 | #[derive(Clone,RustcDecodable,RustcEncodable,Debug,PartialEq)]
[INFO] [stdout]    |                ^^^^^^^^^^^^^^
[INFO] [stdout] 
[INFO] [stdout] 
[INFO] [stdout] warning: use of deprecated macro `RustcEncodable`: rustc-serialize is deprecated and no longer supported
[INFO] [stdout]   --> src/certificate.rs:62:31
[INFO] [stdout]    |
[INFO] [stdout] 62 | #[derive(Clone,RustcDecodable,RustcEncodable,Debug,PartialEq)]
[INFO] [stdout]    |                               ^^^^^^^^^^^^^^
[INFO] [stdout] 
[INFO] [stdout] 
[INFO] [stdout] warning: use of deprecated macro `RustcEncodable`: rustc-serialize is deprecated and no longer supported
[INFO] [stdout]   --> src/meta.rs:29:16
[INFO] [stdout]    |
[INFO] [stdout] 29 | #[derive(Clone,RustcEncodable,RustcDecodable,Debug,PartialEq)]
[INFO] [stdout]    |                ^^^^^^^^^^^^^^
[INFO] [stdout] 
[INFO] [stdout] 
[INFO] [stdout] warning: use of deprecated macro `RustcDecodable`: rustc-serialize is deprecated and no longer supported
[INFO] [stdout]   --> src/meta.rs:29:31
[INFO] [stdout]    |
[INFO] [stdout] 29 | #[derive(Clone,RustcEncodable,RustcDecodable,Debug,PartialEq)]
[INFO] [stdout]    |                               ^^^^^^^^^^^^^^
[INFO] [stdout] 
[INFO] [stdout] 
[INFO] [stdout] warning: use of deprecated macro `RustcDecodable`: rustc-serialize is deprecated and no longer supported
[INFO] [stdout]   --> src/signature.rs:30:16
[INFO] [stdout]    |
[INFO] [stdout] 30 | #[derive(Clone,RustcDecodable,RustcEncodable,Debug,PartialEq)]
[INFO] [stdout]    |                ^^^^^^^^^^^^^^
[INFO] [stdout] 
[INFO] [stdout] 
[INFO] [stdout] warning: use of deprecated macro `RustcEncodable`: rustc-serialize is deprecated and no longer supported
[INFO] [stdout]   --> src/signature.rs:30:31
[INFO] [stdout]    |
[INFO] [stdout] 30 | #[derive(Clone,RustcDecodable,RustcEncodable,Debug,PartialEq)]
[INFO] [stdout]    |                               ^^^^^^^^^^^^^^
[INFO] [stdout] 
[INFO] [stdout] 
[INFO] [stdout] warning: use of deprecated macro `try`: use the `?` operator instead
[INFO] [stdout]   --> src/root_validator.rs:59:9
[INFO] [stdout]    |
[INFO] [stdout] 59 |         try!(cert.self_validate(self));
[INFO] [stdout]    |         ^^^
[INFO] [stdout] 
[INFO] [stdout] 
[INFO] [stdout] warning: use of deprecated macro `try`: use the `?` operator instead
[INFO] [stdout]   --> src/root_validator.rs:62:9
[INFO] [stdout]    |
[INFO] [stdout] 62 |         try!(self.revoker.is_revoked(cert));
[INFO] [stdout]    |         ^^^
[INFO] [stdout] 
[INFO] [stdout] 
[INFO] [stdout] warning: use of deprecated macro `try`: use the `?` operator instead
[INFO] [stdout]   --> src/trust_validator.rs:85:9
[INFO] [stdout]    |
[INFO] [stdout] 85 |         try!(cert.self_validate(self));
[INFO] [stdout]    |         ^^^
[INFO] [stdout] 
[INFO] [stdout] 
[INFO] [stdout] warning: use of deprecated macro `try`: use the `?` operator instead
[INFO] [stdout]   --> src/trust_validator.rs:88:9
[INFO] [stdout]    |
[INFO] [stdout] 88 |         try!(self.revoker.is_revoked(cert));
[INFO] [stdout]    |         ^^^
[INFO] [stdout] 
[INFO] [stdout] 
[INFO] [stdout] warning: anonymous parameters are deprecated and will be removed in the next edition.
[INFO] [stdout]   --> src/revoker.rs:49:54
[INFO] [stdout]    |
[INFO] [stdout] 49 |     fn is_revoked<F: Revokable + Fingerprint>(&self, &F) -> Result<(), RevokeError>;
[INFO] [stdout]    |                                                      ^^ help: try naming the parameter or explicitly ignoring it: `_: &F`
[INFO] [stdout]    |
[INFO] [stdout]    = note: `#[warn(anonymous_parameters)]` on by default
[INFO] [stdout]    = warning: this is accepted in the current edition (Rust 2015) but is a hard error in Rust 2018!
[INFO] [stdout]    = note: for more information, see issue #41686 <https://github.com/rust-lang/rust/issues/41686>
[INFO] [stdout] 
[INFO] [stdout] 
[INFO] [stdout] warning: use of deprecated constant `std::sync::ONCE_INIT`: the `new` function is now preferred
[INFO] [stdout]   --> src/ed25519.rs:28:16
[INFO] [stdout]    |
[INFO] [stdout] 28 | use std::sync::ONCE_INIT;
[INFO] [stdout]    |                ^^^^^^^^^
[INFO] [stdout] 
[INFO] [stdout] 
[INFO] [stdout] warning: use of deprecated constant `std::sync::ONCE_INIT`: the `new` function is now preferred
[INFO] [stdout]   --> src/ed25519.rs:30:22
[INFO] [stdout]    |
[INFO] [stdout] 30 | static START: Once = ONCE_INIT;
[INFO] [stdout]    |                      ^^^^^^^^^ help: replace the use of the deprecated constant: `Once::new()`
[INFO] [stdout] 
[INFO] [stdout] 
[INFO] [stdout] warning: 14 warnings emitted
[INFO] [stdout] 
[INFO] [stdout] 
[INFO] [stdout] warning: use of deprecated macro `try`: use the `?` operator instead
[INFO] [stdout]   --> src/bytescontainer.rs:63:23
[INFO] [stdout]    |
[INFO] [stdout] 63 |         let bytestr = try!(String::decode(d));
[INFO] [stdout]    |                       ^^^
[INFO] [stdout]    |
[INFO] [stdout]    = note: `#[warn(deprecated)]` on by default
[INFO] [stdout] 
[INFO] [stdout] 
[INFO] [stdout] warning: use of deprecated macro `RustcDecodable`: rustc-serialize is deprecated and no longer supported
[INFO] [stdout]   --> src/certificate.rs:62:16
[INFO] [stdout]    |
[INFO] [stdout] 62 | #[derive(Clone,RustcDecodable,RustcEncodable,Debug,PartialEq)]
[INFO] [stdout]    |                ^^^^^^^^^^^^^^
[INFO] [stdout] 
[INFO] [stdout] 
[INFO] [stdout] warning: use of deprecated macro `RustcEncodable`: rustc-serialize is deprecated and no longer supported
[INFO] [stdout]   --> src/certificate.rs:62:31
[INFO] [stdout]    |
[INFO] [stdout] 62 | #[derive(Clone,RustcDecodable,RustcEncodable,Debug,PartialEq)]
[INFO] [stdout]    |                               ^^^^^^^^^^^^^^
[INFO] [stdout] 
[INFO] [stdout] 
[INFO] [stdout] warning: use of deprecated macro `RustcEncodable`: rustc-serialize is deprecated and no longer supported
[INFO] [stdout]   --> src/meta.rs:29:16
[INFO] [stdout]    |
[INFO] [stdout] 29 | #[derive(Clone,RustcEncodable,RustcDecodable,Debug,PartialEq)]
[INFO] [stdout]    |                ^^^^^^^^^^^^^^
[INFO] [stdout] 
[INFO] [stdout] 
[INFO] [stdout] warning: use of deprecated macro `RustcDecodable`: rustc-serialize is deprecated and no longer supported
[INFO] [stdout]   --> src/meta.rs:29:31
[INFO] [stdout]    |
[INFO] [stdout] 29 | #[derive(Clone,RustcEncodable,RustcDecodable,Debug,PartialEq)]
[INFO] [stdout]    |                               ^^^^^^^^^^^^^^
[INFO] [stdout] 
[INFO] [stdout] 
[INFO] [stdout] warning: use of deprecated macro `RustcDecodable`: rustc-serialize is deprecated and no longer supported
[INFO] [stdout]   --> src/signature.rs:30:16
[INFO] [stdout]    |
[INFO] [stdout] 30 | #[derive(Clone,RustcDecodable,RustcEncodable,Debug,PartialEq)]
[INFO] [stdout]    |                ^^^^^^^^^^^^^^
[INFO] [stdout] 
[INFO] [stdout] 
[INFO] [stdout] warning: use of deprecated macro `RustcEncodable`: rustc-serialize is deprecated and no longer supported
[INFO] [stdout]   --> src/signature.rs:30:31
[INFO] [stdout]    |
[INFO] [stdout] 30 | #[derive(Clone,RustcDecodable,RustcEncodable,Debug,PartialEq)]
[INFO] [stdout]    |                               ^^^^^^^^^^^^^^
[INFO] [stdout] 
[INFO] [stdout] 
[INFO] [stdout] warning: use of deprecated macro `try`: use the `?` operator instead
[INFO] [stdout]   --> src/root_validator.rs:59:9
[INFO] [stdout]    |
[INFO] [stdout] 59 |         try!(cert.self_validate(self));
[INFO] [stdout]    |         ^^^
[INFO] [stdout] 
[INFO] [stdout] 
[INFO] [stdout] warning: use of deprecated macro `try`: use the `?` operator instead
[INFO] [stdout]   --> src/root_validator.rs:62:9
[INFO] [stdout]    |
[INFO] [stdout] 62 |         try!(self.revoker.is_revoked(cert));
[INFO] [stdout]    |         ^^^
[INFO] [stdout] 
[INFO] [stdout] 
[INFO] [stdout] warning: use of deprecated macro `try`: use the `?` operator instead
[INFO] [stdout]   --> src/trust_validator.rs:85:9
[INFO] [stdout]    |
[INFO] [stdout] 85 |         try!(cert.self_validate(self));
[INFO] [stdout]    |         ^^^
[INFO] [stdout] 
[INFO] [stdout] 
[INFO] [stdout] warning: use of deprecated macro `try`: use the `?` operator instead
[INFO] [stdout]   --> src/trust_validator.rs:88:9
[INFO] [stdout]    |
[INFO] [stdout] 88 |         try!(self.revoker.is_revoked(cert));
[INFO] [stdout]    |         ^^^
[INFO] [stdout] 
[INFO] [stdout] 
[INFO] [stdout] warning: anonymous parameters are deprecated and will be removed in the next edition.
[INFO] [stdout]   --> src/revoker.rs:49:54
[INFO] [stdout]    |
[INFO] [stdout] 49 |     fn is_revoked<F: Revokable + Fingerprint>(&self, &F) -> Result<(), RevokeError>;
[INFO] [stdout]    |                                                      ^^ help: try naming the parameter or explicitly ignoring it: `_: &F`
[INFO] [stdout]    |
[INFO] [stdout]    = note: `#[warn(anonymous_parameters)]` on by default
[INFO] [stdout]    = warning: this is accepted in the current edition (Rust 2015) but is a hard error in Rust 2018!
[INFO] [stdout]    = note: for more information, see issue #41686 <https://github.com/rust-lang/rust/issues/41686>
[INFO] [stdout] 
[INFO] [stdout] 
[INFO] [stdout] warning: use of deprecated constant `std::sync::ONCE_INIT`: the `new` function is now preferred
[INFO] [stdout]   --> src/ed25519.rs:28:16
[INFO] [stdout]    |
[INFO] [stdout] 28 | use std::sync::ONCE_INIT;
[INFO] [stdout]    |                ^^^^^^^^^
[INFO] [stdout] 
[INFO] [stdout] 
[INFO] [stdout] warning: use of deprecated constant `std::sync::ONCE_INIT`: the `new` function is now preferred
[INFO] [stdout]   --> src/ed25519.rs:30:22
[INFO] [stdout]    |
[INFO] [stdout] 30 | static START: Once = ONCE_INIT;
[INFO] [stdout]    |                      ^^^^^^^^^ help: replace the use of the deprecated constant: `Once::new()`
[INFO] [stdout] 
[INFO] [stdout] 
[INFO] [stdout] warning: 14 warnings emitted
[INFO] [stdout] 
[INFO] [stdout] 
[INFO] [stderr]     Finished test [unoptimized + debuginfo] target(s) in 2.80s
[INFO] running `Command { std: "docker" "inspect" "829bdb7db0b7b18ec59968dc74b79b9ac7a6c84a010608e183c39da0db7c08ed", kill_on_drop: false }`
[INFO] running `Command { std: "docker" "rm" "-f" "829bdb7db0b7b18ec59968dc74b79b9ac7a6c84a010608e183c39da0db7c08ed", kill_on_drop: false }`
[INFO] [stdout] 829bdb7db0b7b18ec59968dc74b79b9ac7a6c84a010608e183c39da0db7c08ed
[INFO] running `Command { std: "docker" "create" "-v" "/var/lib/crater-agent-workspace/builds/worker-11/target:/opt/rustwide/target:rw,Z" "-v" "/var/lib/crater-agent-workspace/builds/worker-11/source:/opt/rustwide/workdir:ro,Z" "-v" "/var/lib/crater-agent-workspace/cargo-home:/opt/rustwide/cargo-home:ro,Z" "-v" "/var/lib/crater-agent-workspace/rustup-home:/opt/rustwide/rustup-home:ro,Z" "-e" "SOURCE_DIR=/opt/rustwide/workdir" "-e" "CARGO_TARGET_DIR=/opt/rustwide/target" "-e" "CARGO_INCREMENTAL=0" "-e" "RUST_BACKTRACE=full" "-e" "RUSTFLAGS=--cap-lints=warn" "-e" "CARGO_HOME=/opt/rustwide/cargo-home" "-e" "RUSTUP_HOME=/opt/rustwide/rustup-home" "-w" "/opt/rustwide/workdir" "-m" "1610612736" "--user" "0:0" "--network" "none" "ghcr.io/rust-lang/crates-build-env/linux@sha256:34b6a614d2c27851fe6cbf88fbd1137609cefab8b10d0615aaeb6fd47975d74e" "/opt/rustwide/cargo-home/bin/cargo" "+beta-2021-08-01" "test" "--frozen", kill_on_drop: false }`
[INFO] [stdout] ffc55fd8cc6cc130a83fa7d7385e17f87f0863571e6499fe1f187d5824846de4
[INFO] [stderr] WARNING: Your kernel does not support swap limit capabilities or the cgroup is not mounted. Memory limited without swap.
[INFO] running `Command { std: "docker" "start" "-a" "ffc55fd8cc6cc130a83fa7d7385e17f87f0863571e6499fe1f187d5824846de4", kill_on_drop: false }`
[INFO] [stderr] warning: use of deprecated macro `try`: use the `?` operator instead
[INFO] [stderr]   --> src/bytescontainer.rs:63:23
[INFO] [stderr]    |
[INFO] [stderr] 63 |         let bytestr = try!(String::decode(d));
[INFO] [stderr]    |                       ^^^
[INFO] [stderr]    |
[INFO] [stderr]    = note: `#[warn(deprecated)]` on by default
[INFO] [stderr] 
[INFO] [stderr] warning: use of deprecated macro `RustcDecodable`: rustc-serialize is deprecated and no longer supported
[INFO] [stderr]   --> src/certificate.rs:62:16
[INFO] [stderr]    |
[INFO] [stderr] 62 | #[derive(Clone,RustcDecodable,RustcEncodable,Debug,PartialEq)]
[INFO] [stderr]    |                ^^^^^^^^^^^^^^
[INFO] [stderr] 
[INFO] [stderr] warning: use of deprecated macro `RustcEncodable`: rustc-serialize is deprecated and no longer supported
[INFO] [stderr]   --> src/certificate.rs:62:31
[INFO] [stderr]    |
[INFO] [stderr] 62 | #[derive(Clone,RustcDecodable,RustcEncodable,Debug,PartialEq)]
[INFO] [stderr]    |                               ^^^^^^^^^^^^^^
[INFO] [stderr] 
[INFO] [stderr] warning: use of deprecated macro `RustcEncodable`: rustc-serialize is deprecated and no longer supported
[INFO] [stderr]   --> src/meta.rs:29:16
[INFO] [stderr]    |
[INFO] [stderr] 29 | #[derive(Clone,RustcEncodable,RustcDecodable,Debug,PartialEq)]
[INFO] [stderr]    |                ^^^^^^^^^^^^^^
[INFO] [stderr] 
[INFO] [stdout] 
[INFO] [stderr] warning: use of deprecated macro `RustcDecodable`: rustc-serialize is deprecated and no longer supported
[INFO] [stdout] running 13 tests
[INFO] [stderr]   --> src/meta.rs:29:31
[INFO] [stderr]    |
[INFO] [stderr] 29 | #[derive(Clone,RustcEncodable,RustcDecodable,Debug,PartialEq)]
[INFO] [stderr]    |                               ^^^^^^^^^^^^^^
[INFO] [stderr] 
[INFO] [stderr] warning: use of deprecated macro `RustcDecodable`: rustc-serialize is deprecated and no longer supported
[INFO] [stderr]   --> src/signature.rs:30:16
[INFO] [stderr]    |
[INFO] [stderr] 30 | #[derive(Clone,RustcDecodable,RustcEncodable,Debug,PartialEq)]
[INFO] [stderr]    |                ^^^^^^^^^^^^^^
[INFO] [stderr] 
[INFO] [stderr] warning: use of deprecated macro `RustcEncodable`: rustc-serialize is deprecated and no longer supported
[INFO] [stderr]   --> src/signature.rs:30:31
[INFO] [stderr]    |
[INFO] [stderr] 30 | #[derive(Clone,RustcDecodable,RustcEncodable,Debug,PartialEq)]
[INFO] [stderr]    |                               ^^^^^^^^^^^^^^
[INFO] [stderr] 
[INFO] [stderr] warning: use of deprecated macro `try`: use the `?` operator instead
[INFO] [stderr]   --> src/root_validator.rs:59:9
[INFO] [stderr]    |
[INFO] [stderr] 59 |         try!(cert.self_validate(self));
[INFO] [stderr]    |         ^^^
[INFO] [stderr] 
[INFO] [stderr] warning: use of deprecated macro `try`: use the `?` operator instead
[INFO] [stderr]   --> src/root_validator.rs:62:9
[INFO] [stderr]    |
[INFO] [stderr] 62 |         try!(self.revoker.is_revoked(cert));
[INFO] [stderr]    |         ^^^
[INFO] [stderr] 
[INFO] [stderr] warning: use of deprecated macro `try`: use the `?` operator instead
[INFO] [stderr]   --> src/trust_validator.rs:85:9
[INFO] [stderr]    |
[INFO] [stderr] 85 |         try!(cert.self_validate(self));
[INFO] [stderr]    |         ^^^
[INFO] [stderr] 
[INFO] [stderr] warning: use of deprecated macro `try`: use the `?` operator instead
[INFO] [stderr]   --> src/trust_validator.rs:88:9
[INFO] [stderr]    |
[INFO] [stderr] 88 |         try!(self.revoker.is_revoked(cert));
[INFO] [stderr]    |         ^^^
[INFO] [stderr] 
[INFO] [stderr] warning: anonymous parameters are deprecated and will be removed in the next edition.
[INFO] [stderr]   --> src/revoker.rs:49:54
[INFO] [stderr]    |
[INFO] [stderr] 49 |     fn is_revoked<F: Revokable + Fingerprint>(&self, &F) -> Result<(), RevokeError>;
[INFO] [stderr]    |                                                      ^^ help: try naming the parameter or explicitly ignoring it: `_: &F`
[INFO] [stderr]    |
[INFO] [stderr]    = note: `#[warn(anonymous_parameters)]` on by default
[INFO] [stderr]    = warning: this is accepted in the current edition (Rust 2015) but is a hard error in Rust 2018!
[INFO] [stderr]    = note: for more information, see issue #41686 <https://github.com/rust-lang/rust/issues/41686>
[INFO] [stderr] 
[INFO] [stderr] warning: use of deprecated constant `std::sync::ONCE_INIT`: the `new` function is now preferred
[INFO] [stderr]   --> src/ed25519.rs:28:16
[INFO] [stderr]    |
[INFO] [stderr] 28 | use std::sync::ONCE_INIT;
[INFO] [stderr]    |                ^^^^^^^^^
[INFO] [stderr] 
[INFO] [stderr] warning: use of deprecated constant `std::sync::ONCE_INIT`: the `new` function is now preferred
[INFO] [stderr]   --> src/ed25519.rs:30:22
[INFO] [stderr]    |
[INFO] [stderr] 30 | static START: Once = ONCE_INIT;
[INFO] [stderr]    |                      ^^^^^^^^^ help: replace the use of the deprecated constant: `Once::new()`
[INFO] [stderr] 
[INFO] [stderr] warning: `edcert` (lib) generated 14 warnings
[INFO] [stderr] warning: `edcert` (lib test) generated 14 warnings (14 duplicates)
[INFO] [stderr]     Finished test [unoptimized + debuginfo] target(s) in 0.03s
[INFO] [stderr]      Running unittests (/opt/rustwide/target/debug/deps/edcert-9251a6e5d51c3884)
[INFO] [stdout] test bytescontainer::test_encoding ... ok
[INFO] [stdout] test ed25519::test_ed25519_simple ... ok
[INFO] [stdout] test certificate::test_generate_certificate ... ok
[INFO] [stdout] test ed25519::test_ed25519_shortmsg ... ok
[INFO] [stdout] test bytescontainer::test_decoding ... ok
[INFO] [stdout] test bytescontainer::test_memclear ... ok
[INFO] [stdout] test validator::test_validator ... ok
[INFO] [stdout] test validator::test_meta_can_sign ... ok
[INFO] [stdout] test trust_validator::test_trusted_certificates_fail ... ok
[INFO] [stdout] test ed25519::test_testvectors ... ok
[INFO] [stdout] test test_readme_example ... ok
[INFO] [stdout] test trust_validator::test_add_trusted_certificates ... ok
[INFO] [stdout] test trust_validator::test_trusted_certificates ... FAILED
[INFO] [stdout] 
[INFO] [stdout] failures:
[INFO] [stdout] 
[INFO] [stdout] ---- trust_validator::test_trusted_certificates stdout ----
[INFO] [stdout] Expired
[INFO] [stdout] thread 'trust_validator::test_trusted_certificates' panicked at 'explicit panic', src/trust_validator.rs:133:13
[INFO] [stdout] stack backtrace:
[INFO] [stdout]    0:     0x55feebb31590 - std::backtrace_rs::backtrace::libunwind::trace::hff4d1766e93f64f1
[INFO] [stdout]                                at /rustc/53fd98ca776cb875bc9e5514f56b52eb74f9e7a9/library/std/src/../../backtrace/src/backtrace/libunwind.rs:90:5
[INFO] [stdout]    1:     0x55feebb31590 - std::backtrace_rs::backtrace::trace_unsynchronized::h56bbc8eb78770bcb
[INFO] [stdout]                                at /rustc/53fd98ca776cb875bc9e5514f56b52eb74f9e7a9/library/std/src/../../backtrace/src/backtrace/mod.rs:66:5
[INFO] [stdout]    2:     0x55feebb31590 - std::sys_common::backtrace::_print_fmt::h5c8e75464faca780
[INFO] [stdout]                                at /rustc/53fd98ca776cb875bc9e5514f56b52eb74f9e7a9/library/std/src/sys_common/backtrace.rs:67:5
[INFO] [stdout]    3:     0x55feebb31590 - <std::sys_common::backtrace::_print::DisplayBacktrace as core::fmt::Display>::fmt::h48b88277def8b362
[INFO] [stdout]                                at /rustc/53fd98ca776cb875bc9e5514f56b52eb74f9e7a9/library/std/src/sys_common/backtrace.rs:46:22
[INFO] [stdout]    4:     0x55feebb53d9c - core::fmt::write::h3381b3176fe2b3d3
[INFO] [stdout]                                at /rustc/53fd98ca776cb875bc9e5514f56b52eb74f9e7a9/library/core/src/fmt/mod.rs:1115:17
[INFO] [stdout]    5:     0x55feebb2e4f5 - std::io::Write::write_fmt::h5f34a676f60246b5
[INFO] [stdout]                                at /rustc/53fd98ca776cb875bc9e5514f56b52eb74f9e7a9/library/std/src/io/mod.rs:1665:15
[INFO] [stdout]    6:     0x55feebb3370b - std::sys_common::backtrace::_print::ha537687d6c17dd0d
[INFO] [stdout]                                at /rustc/53fd98ca776cb875bc9e5514f56b52eb74f9e7a9/library/std/src/sys_common/backtrace.rs:49:5
[INFO] [stdout]    7:     0x55feebb3370b - std::sys_common::backtrace::print::h61376ae57d131d72
[INFO] [stdout]                                at /rustc/53fd98ca776cb875bc9e5514f56b52eb74f9e7a9/library/std/src/sys_common/backtrace.rs:36:9
[INFO] [stdout]    8:     0x55feebb3370b - std::panicking::default_hook::{{closure}}::h0f7208c0b9644a54
[INFO] [stdout]                                at /rustc/53fd98ca776cb875bc9e5514f56b52eb74f9e7a9/library/std/src/panicking.rs:208:50
[INFO] [stdout]    9:     0x55feebb3321c - std::panicking::default_hook::hdac7fc06578c14ce
[INFO] [stdout]                                at /rustc/53fd98ca776cb875bc9e5514f56b52eb74f9e7a9/library/std/src/panicking.rs:222:9
[INFO] [stdout]   10:     0x55feebb33dd4 - std::panicking::rust_panic_with_hook::h72b21c283da3d1ef
[INFO] [stdout]                                at /rustc/53fd98ca776cb875bc9e5514f56b52eb74f9e7a9/library/std/src/panicking.rs:622:17
[INFO] [stdout]   11:     0x55feebaf9be3 - std::panicking::begin_panic::{{closure}}::hb03c9d5a3b7ba427
[INFO] [stdout]                                at /rustc/53fd98ca776cb875bc9e5514f56b52eb74f9e7a9/library/std/src/panicking.rs:542:9
[INFO] [stdout]   12:     0x55feebaf9a69 - std::sys_common::backtrace::__rust_end_short_backtrace::hed09ebcc68f0b140
[INFO] [stdout]                                at /rustc/53fd98ca776cb875bc9e5514f56b52eb74f9e7a9/library/std/src/sys_common/backtrace.rs:141:18
[INFO] [stdout]   13:     0x55feebaf9b19 - std::panicking::begin_panic::h69391088fde49e60
[INFO] [stdout]                                at /rustc/53fd98ca776cb875bc9e5514f56b52eb74f9e7a9/library/std/src/panicking.rs:541:12
[INFO] [stdout]   14:     0x55feeba8c486 - edcert::trust_validator::test_trusted_certificates::h20abf375f9537ffe
[INFO] [stdout]                                at /opt/rustwide/workdir/src/trust_validator.rs:133:13
[INFO] [stdout]   15:     0x55feeba8bd9a - edcert::trust_validator::test_trusted_certificates::{{closure}}::h5c69b2e1b230ceb2
[INFO] [stdout]                                at /opt/rustwide/workdir/src/trust_validator.rs:102:1
[INFO] [stdout]   16:     0x55feeba9b4ee - core::ops::function::FnOnce::call_once::he951aa3ca35f1667
[INFO] [stdout]                                at /rustc/53fd98ca776cb875bc9e5514f56b52eb74f9e7a9/library/core/src/ops/function.rs:227:5
[INFO] [stdout]   17:     0x55feebad20c3 - core::ops::function::FnOnce::call_once::hbb52c4519d3137b0
[INFO] [stdout]                                at /rustc/53fd98ca776cb875bc9e5514f56b52eb74f9e7a9/library/core/src/ops/function.rs:227:5
[INFO] [stdout]   18:     0x55feebad20c3 - test::__rust_begin_short_backtrace::h86fe3a2a5a5121af
[INFO] [stdout]                                at /rustc/53fd98ca776cb875bc9e5514f56b52eb74f9e7a9/library/test/src/lib.rs:578:5
[INFO] [stdout]   19:     0x55feebad0b78 - <alloc::boxed::Box<F,A> as core::ops::function::FnOnce<Args>>::call_once::hfd956bc3d57399be
[INFO] [stdout]                                at /rustc/53fd98ca776cb875bc9e5514f56b52eb74f9e7a9/library/alloc/src/boxed.rs:1572:9
[INFO] [stdout]   20:     0x55feebad0b78 - <std::panic::AssertUnwindSafe<F> as core::ops::function::FnOnce<()>>::call_once::h40dc93e0ddb5938a
[INFO] [stdout]                                at /rustc/53fd98ca776cb875bc9e5514f56b52eb74f9e7a9/library/std/src/panic.rs:347:9
[INFO] [stdout]   21:     0x55feebad0b78 - std::panicking::try::do_call::h90d07750cb47c562
[INFO] [stdout]                                at /rustc/53fd98ca776cb875bc9e5514f56b52eb74f9e7a9/library/std/src/panicking.rs:401:40
[INFO] [stdout]   22:     0x55feebad0b78 - std::panicking::try::h063c84733ad2a629
[INFO] [stdout]                                at /rustc/53fd98ca776cb875bc9e5514f56b52eb74f9e7a9/library/std/src/panicking.rs:365:19
[INFO] [stdout]   23:     0x55feebad0b78 - std::panic::catch_unwind::h0c464836a84e7c08
[INFO] [stdout]                                at /rustc/53fd98ca776cb875bc9e5514f56b52eb74f9e7a9/library/std/src/panic.rs:434:14
[INFO] [stdout]   24:     0x55feebad0b78 - test::run_test_in_process::h5cb06ef620b157fc
[INFO] [stdout]                                at /rustc/53fd98ca776cb875bc9e5514f56b52eb74f9e7a9/library/test/src/lib.rs:601:18
[INFO] [stdout]   25:     0x55feebad0b78 - test::run_test::run_test_inner::{{closure}}::h76f677f4b93f9828
[INFO] [stdout]                                at /rustc/53fd98ca776cb875bc9e5514f56b52eb74f9e7a9/library/test/src/lib.rs:493:39
[INFO] [stdout]   26:     0x55feeba9f30d - test::run_test::run_test_inner::{{closure}}::h366d01fe04f4d67a
[INFO] [stdout]                                at /rustc/53fd98ca776cb875bc9e5514f56b52eb74f9e7a9/library/test/src/lib.rs:520:37
[INFO] [stdout]   27:     0x55feeba9f30d - std::sys_common::backtrace::__rust_begin_short_backtrace::h7dfa0de4eb395af2
[INFO] [stdout]                                at /rustc/53fd98ca776cb875bc9e5514f56b52eb74f9e7a9/library/std/src/sys_common/backtrace.rs:125:18
[INFO] [stdout]   28:     0x55feebaa3ad8 - std::thread::Builder::spawn_unchecked::{{closure}}::{{closure}}::hf0a74bb58798037f
[INFO] [stdout]                                at /rustc/53fd98ca776cb875bc9e5514f56b52eb74f9e7a9/library/std/src/thread/mod.rs:476:17
[INFO] [stdout]   29:     0x55feebaa3ad8 - <std::panic::AssertUnwindSafe<F> as core::ops::function::FnOnce<()>>::call_once::hb024e854818586ac
[INFO] [stdout]                                at /rustc/53fd98ca776cb875bc9e5514f56b52eb74f9e7a9/library/std/src/panic.rs:347:9
[INFO] [stdout]   30:     0x55feebaa3ad8 - std::panicking::try::do_call::hb2dd9f1d0d48e41d
[INFO] [stdout]                                at /rustc/53fd98ca776cb875bc9e5514f56b52eb74f9e7a9/library/std/src/panicking.rs:401:40
[INFO] [stdout]   31:     0x55feebaa3ad8 - std::panicking::try::h4717ae7bac8b2bf3
[INFO] [stdout]                                at /rustc/53fd98ca776cb875bc9e5514f56b52eb74f9e7a9/library/std/src/panicking.rs:365:19
[INFO] [stdout]   32:     0x55feebaa3ad8 - std::panic::catch_unwind::h0dc8a061326ce8d8
[INFO] [stdout]                                at /rustc/53fd98ca776cb875bc9e5514f56b52eb74f9e7a9/library/std/src/panic.rs:434:14
[INFO] [stdout]   33:     0x55feebaa3ad8 - std::thread::Builder::spawn_unchecked::{{closure}}::haa369e2d6fd00aa1
[INFO] [stdout]                                at /rustc/53fd98ca776cb875bc9e5514f56b52eb74f9e7a9/library/std/src/thread/mod.rs:475:30
[INFO] [stdout]   34:     0x55feebaa3ad8 - core::ops::function::FnOnce::call_once{{vtable.shim}}::h36dcf3de8b056f17
[INFO] [stdout]                                at /rustc/53fd98ca776cb875bc9e5514f56b52eb74f9e7a9/library/core/src/ops/function.rs:227:5
[INFO] [stdout]   35:     0x55feebb38947 - <alloc::boxed::Box<F,A> as core::ops::function::FnOnce<Args>>::call_once::h65c29e4642be2358
[INFO] [stdout]                                at /rustc/53fd98ca776cb875bc9e5514f56b52eb74f9e7a9/library/alloc/src/boxed.rs:1572:9
[INFO] [stdout]   36:     0x55feebb38947 - <alloc::boxed::Box<F,A> as core::ops::function::FnOnce<Args>>::call_once::hd0f8f7fbbd9fffbf
[INFO] [stdout]                                at /rustc/53fd98ca776cb875bc9e5514f56b52eb74f9e7a9/library/alloc/src/boxed.rs:1572:9
[INFO] [stdout]   37:     0x55feebb38947 - std::sys::unix::thread::Thread::new::thread_start::h2fd22fee3ca77b65
[INFO] [stdout]                                at /rustc/53fd98ca776cb875bc9e5514f56b52eb74f9e7a9/library/std/src/sys/unix/thread.rs:74:17
[INFO] [stdout]   38:     0x7f2be8945609 - start_thread
[INFO] [stdout]   39:     0x7f2be8715293 - clone
[INFO] [stdout]   40:                0x0 - <unknown>
[INFO] [stdout] 
[INFO] [stdout] 
[INFO] [stdout] failures:
[INFO] [stdout]     trust_validator::test_trusted_certificates
[INFO] [stdout] 
[INFO] [stdout] test result: FAILED. 12 passed; 1 failed; 0 ignored; 0 measured; 0 filtered out; finished in 0.04s
[INFO] [stdout] 
[INFO] [stderr] error: test failed, to rerun pass '--lib'
[INFO] running `Command { std: "docker" "inspect" "ffc55fd8cc6cc130a83fa7d7385e17f87f0863571e6499fe1f187d5824846de4", kill_on_drop: false }`
[INFO] running `Command { std: "docker" "rm" "-f" "ffc55fd8cc6cc130a83fa7d7385e17f87f0863571e6499fe1f187d5824846de4", kill_on_drop: false }`
[INFO] [stdout] ffc55fd8cc6cc130a83fa7d7385e17f87f0863571e6499fe1f187d5824846de4
