[INFO] fetching crate ecosystem 0.1.0...
[INFO] testing ecosystem-0.1.0 against beta-2021-08-01 for beta-1.55-1
[INFO] extracting crate ecosystem 0.1.0 into /workspace/builds/worker-1/source
[INFO] validating manifest of crates.io crate ecosystem 0.1.0 on toolchain beta-2021-08-01
[INFO] running `Command { std: "/workspace/cargo-home/bin/cargo" "+beta-2021-08-01" "metadata" "--manifest-path" "Cargo.toml" "--no-deps", kill_on_drop: false }`
[INFO] started tweaking crates.io crate ecosystem 0.1.0
[INFO] finished tweaking crates.io crate ecosystem 0.1.0
[INFO] tweaked toml for crates.io crate ecosystem 0.1.0 written to /workspace/builds/worker-1/source/Cargo.toml
[INFO] crate crates.io crate ecosystem 0.1.0 already has a lockfile, it will not be regenerated
[INFO] running `Command { std: "/workspace/cargo-home/bin/cargo" "+beta-2021-08-01" "fetch" "--manifest-path" "Cargo.toml", kill_on_drop: false }`
[INFO] [stderr]     Blocking waiting for file lock on package cache
[INFO] running `Command { std: "docker" "create" "-v" "/var/lib/crater-agent-workspace/builds/worker-1/target:/opt/rustwide/target:rw,Z" "-v" "/var/lib/crater-agent-workspace/builds/worker-1/source:/opt/rustwide/workdir:ro,Z" "-v" "/var/lib/crater-agent-workspace/cargo-home:/opt/rustwide/cargo-home:ro,Z" "-v" "/var/lib/crater-agent-workspace/rustup-home:/opt/rustwide/rustup-home:ro,Z" "-e" "SOURCE_DIR=/opt/rustwide/workdir" "-e" "CARGO_TARGET_DIR=/opt/rustwide/target" "-e" "CARGO_HOME=/opt/rustwide/cargo-home" "-e" "RUSTUP_HOME=/opt/rustwide/rustup-home" "-w" "/opt/rustwide/workdir" "-m" "1610612736" "--user" "0:0" "--network" "none" "ghcr.io/rust-lang/crates-build-env/linux@sha256:34b6a614d2c27851fe6cbf88fbd1137609cefab8b10d0615aaeb6fd47975d74e" "/opt/rustwide/cargo-home/bin/cargo" "+beta-2021-08-01" "metadata" "--no-deps" "--format-version=1", kill_on_drop: false }`
[INFO] [stdout] 41ce4e7a04b37f1470c120e5d60c35c1c74327580b3b815e0288151872229856
[INFO] [stderr] WARNING: Your kernel does not support swap limit capabilities or the cgroup is not mounted. Memory limited without swap.
[INFO] running `Command { std: "docker" "start" "-a" "41ce4e7a04b37f1470c120e5d60c35c1c74327580b3b815e0288151872229856", kill_on_drop: false }`
[INFO] running `Command { std: "docker" "inspect" "41ce4e7a04b37f1470c120e5d60c35c1c74327580b3b815e0288151872229856", kill_on_drop: false }`
[INFO] running `Command { std: "docker" "rm" "-f" "41ce4e7a04b37f1470c120e5d60c35c1c74327580b3b815e0288151872229856", kill_on_drop: false }`
[INFO] [stdout] 41ce4e7a04b37f1470c120e5d60c35c1c74327580b3b815e0288151872229856
[INFO] running `Command { std: "docker" "create" "-v" "/var/lib/crater-agent-workspace/builds/worker-1/target:/opt/rustwide/target:rw,Z" "-v" "/var/lib/crater-agent-workspace/builds/worker-1/source:/opt/rustwide/workdir:ro,Z" "-v" "/var/lib/crater-agent-workspace/cargo-home:/opt/rustwide/cargo-home:ro,Z" "-v" "/var/lib/crater-agent-workspace/rustup-home:/opt/rustwide/rustup-home:ro,Z" "-e" "SOURCE_DIR=/opt/rustwide/workdir" "-e" "CARGO_TARGET_DIR=/opt/rustwide/target" "-e" "CARGO_INCREMENTAL=0" "-e" "RUST_BACKTRACE=full" "-e" "RUSTFLAGS=--cap-lints=warn" "-e" "CARGO_HOME=/opt/rustwide/cargo-home" "-e" "RUSTUP_HOME=/opt/rustwide/rustup-home" "-w" "/opt/rustwide/workdir" "-m" "1610612736" "--user" "0:0" "--network" "none" "ghcr.io/rust-lang/crates-build-env/linux@sha256:34b6a614d2c27851fe6cbf88fbd1137609cefab8b10d0615aaeb6fd47975d74e" "/opt/rustwide/cargo-home/bin/cargo" "+beta-2021-08-01" "build" "--frozen" "--message-format=json", kill_on_drop: false }`
[INFO] [stdout] 8d83f827a29c1c41e9f7ed5036ec553dbf03704a4dca6d0f4850a8b6288e3aa5
[INFO] [stderr] WARNING: Your kernel does not support swap limit capabilities or the cgroup is not mounted. Memory limited without swap.
[INFO] running `Command { std: "docker" "start" "-a" "8d83f827a29c1c41e9f7ed5036ec553dbf03704a4dca6d0f4850a8b6288e3aa5", kill_on_drop: false }`
[INFO] [stderr]     Blocking waiting for file lock on package cache
[INFO] [stderr]     Blocking waiting for file lock on package cache
[INFO] [stderr]    Compiling rayon-core v1.7.0
[INFO] [stderr]    Compiling either v1.5.3
[INFO] [stderr]    Compiling memoffset v0.5.4
[INFO] [stderr]    Compiling crossbeam-queue v0.2.1
[INFO] [stderr]    Compiling crossbeam-epoch v0.8.2
[INFO] [stderr]    Compiling crossbeam-deque v0.7.3
[INFO] [stderr]    Compiling rayon v1.3.0
[INFO] [stderr]    Compiling ecosystem v0.1.0 (/opt/rustwide/workdir)
[INFO] [stderr]     Finished dev [unoptimized + debuginfo] target(s) in 9.21s
[INFO] running `Command { std: "docker" "inspect" "8d83f827a29c1c41e9f7ed5036ec553dbf03704a4dca6d0f4850a8b6288e3aa5", kill_on_drop: false }`
[INFO] running `Command { std: "docker" "rm" "-f" "8d83f827a29c1c41e9f7ed5036ec553dbf03704a4dca6d0f4850a8b6288e3aa5", kill_on_drop: false }`
[INFO] [stdout] 8d83f827a29c1c41e9f7ed5036ec553dbf03704a4dca6d0f4850a8b6288e3aa5
[INFO] running `Command { std: "docker" "create" "-v" "/var/lib/crater-agent-workspace/builds/worker-1/target:/opt/rustwide/target:rw,Z" "-v" "/var/lib/crater-agent-workspace/builds/worker-1/source:/opt/rustwide/workdir:ro,Z" "-v" "/var/lib/crater-agent-workspace/cargo-home:/opt/rustwide/cargo-home:ro,Z" "-v" "/var/lib/crater-agent-workspace/rustup-home:/opt/rustwide/rustup-home:ro,Z" "-e" "SOURCE_DIR=/opt/rustwide/workdir" "-e" "CARGO_TARGET_DIR=/opt/rustwide/target" "-e" "CARGO_INCREMENTAL=0" "-e" "RUST_BACKTRACE=full" "-e" "RUSTFLAGS=--cap-lints=warn" "-e" "CARGO_HOME=/opt/rustwide/cargo-home" "-e" "RUSTUP_HOME=/opt/rustwide/rustup-home" "-w" "/opt/rustwide/workdir" "-m" "1610612736" "--user" "0:0" "--network" "none" "ghcr.io/rust-lang/crates-build-env/linux@sha256:34b6a614d2c27851fe6cbf88fbd1137609cefab8b10d0615aaeb6fd47975d74e" "/opt/rustwide/cargo-home/bin/cargo" "+beta-2021-08-01" "test" "--frozen" "--no-run" "--message-format=json", kill_on_drop: false }`
[INFO] [stdout] 02968e1c693ddd7089ec2f47022cd8ba25768ae323631d3798c3ce23d4851acd
[INFO] [stderr] WARNING: Your kernel does not support swap limit capabilities or the cgroup is not mounted. Memory limited without swap.
[INFO] running `Command { std: "docker" "start" "-a" "02968e1c693ddd7089ec2f47022cd8ba25768ae323631d3798c3ce23d4851acd", kill_on_drop: false }`
[INFO] [stderr]    Compiling ecosystem v0.1.0 (/opt/rustwide/workdir)
[INFO] [stderr]     Finished test [unoptimized + debuginfo] target(s) in 3.98s
[INFO] running `Command { std: "docker" "inspect" "02968e1c693ddd7089ec2f47022cd8ba25768ae323631d3798c3ce23d4851acd", kill_on_drop: false }`
[INFO] running `Command { std: "docker" "rm" "-f" "02968e1c693ddd7089ec2f47022cd8ba25768ae323631d3798c3ce23d4851acd", kill_on_drop: false }`
[INFO] [stdout] 02968e1c693ddd7089ec2f47022cd8ba25768ae323631d3798c3ce23d4851acd
[INFO] running `Command { std: "docker" "create" "-v" "/var/lib/crater-agent-workspace/builds/worker-1/target:/opt/rustwide/target:rw,Z" "-v" "/var/lib/crater-agent-workspace/builds/worker-1/source:/opt/rustwide/workdir:ro,Z" "-v" "/var/lib/crater-agent-workspace/cargo-home:/opt/rustwide/cargo-home:ro,Z" "-v" "/var/lib/crater-agent-workspace/rustup-home:/opt/rustwide/rustup-home:ro,Z" "-e" "SOURCE_DIR=/opt/rustwide/workdir" "-e" "CARGO_TARGET_DIR=/opt/rustwide/target" "-e" "CARGO_INCREMENTAL=0" "-e" "RUST_BACKTRACE=full" "-e" "RUSTFLAGS=--cap-lints=warn" "-e" "CARGO_HOME=/opt/rustwide/cargo-home" "-e" "RUSTUP_HOME=/opt/rustwide/rustup-home" "-w" "/opt/rustwide/workdir" "-m" "1610612736" "--user" "0:0" "--network" "none" "ghcr.io/rust-lang/crates-build-env/linux@sha256:34b6a614d2c27851fe6cbf88fbd1137609cefab8b10d0615aaeb6fd47975d74e" "/opt/rustwide/cargo-home/bin/cargo" "+beta-2021-08-01" "test" "--frozen", kill_on_drop: false }`
[INFO] [stdout] a1f0afab0c609d505c0fa3fcc18f827ba37fb14aacdd9acc36f1b0113feb6509
[INFO] [stderr] WARNING: Your kernel does not support swap limit capabilities or the cgroup is not mounted. Memory limited without swap.
[INFO] running `Command { std: "docker" "start" "-a" "a1f0afab0c609d505c0fa3fcc18f827ba37fb14aacdd9acc36f1b0113feb6509", kill_on_drop: false }`
[INFO] [stderr]     Finished test [unoptimized + debuginfo] target(s) in 0.07s
[INFO] [stdout] 
[INFO] [stderr]      Running unittests (/opt/rustwide/target/debug/deps/ecosystem-73a2b8b5cd69b254)
[INFO] [stdout] running 0 tests
[INFO] [stderr]    Doc-tests ecosystem
[INFO] [stdout] 
[INFO] [stdout] test result: ok. 0 passed; 0 failed; 0 ignored; 0 measured; 0 filtered out; finished in 0.00s
[INFO] [stdout] 
[INFO] [stdout] 
[INFO] [stdout] running 3 tests
[INFO] [stdout] test src/lib.rs - Organism::mutate (line 44) ... FAILED
[INFO] [stdout] test src/lib.rs - Organism::fitness (line 15) ... FAILED
[INFO] [stdout] test src/lib.rs - Organism::breed (line 29) ... FAILED
[INFO] [stdout] 
[INFO] [stdout] failures:
[INFO] [stdout] 
[INFO] [stdout] ---- src/lib.rs - Organism::mutate (line 44) stdout ----
[INFO] [stdout] error[E0405]: cannot find trait `Organism` in this scope
[INFO] [stdout]  --> src/lib.rs:47:6
[INFO] [stdout]   |
[INFO] [stdout] 5 | impl Organism for PiApproximator {
[INFO] [stdout]   |      ^^^^^^^^ not found in this scope
[INFO] [stdout]   |
[INFO] [stdout] help: consider importing this trait
[INFO] [stdout]   |
[INFO] [stdout] 2 | use ecosystem::Organism;
[INFO] [stdout]   |
[INFO] [stdout] 
[INFO] [stdout] error[E0412]: cannot find type `PiApproximator` in this scope
[INFO] [stdout]  --> src/lib.rs:47:19
[INFO] [stdout]   |
[INFO] [stdout] 5 | impl Organism for PiApproximator {
[INFO] [stdout]   |                   ^^^^^^^^^^^^^^ not found in this scope
[INFO] [stdout] 
[INFO] [stdout] error: aborting due to 2 previous errors
[INFO] [stdout] 
[INFO] [stdout] Some errors have detailed explanations: E0405, E0412.
[INFO] [stdout] For more information about an error, try `rustc --explain E0405`.
[INFO] [stdout] Couldn't compile the test.
[INFO] [stdout] ---- src/lib.rs - Organism::fitness (line 15) stdout ----
[INFO] [stdout] error[E0405]: cannot find trait `Organism` in this scope
[INFO] [stdout]  --> src/lib.rs:16:6
[INFO] [stdout]   |
[INFO] [stdout] 3 | impl Organism for PiApproximator {
[INFO] [stdout]   |      ^^^^^^^^ not found in this scope
[INFO] [stdout]   |
[INFO] [stdout] help: consider importing this trait
[INFO] [stdout]   |
[INFO] [stdout] 2 | use ecosystem::Organism;
[INFO] [stdout]   |
[INFO] [stdout] 
[INFO] [stdout] error[E0412]: cannot find type `PiApproximator` in this scope
[INFO] [stdout]  --> src/lib.rs:16:19
[INFO] [stdout]   |
[INFO] [stdout] 3 | impl Organism for PiApproximator {
[INFO] [stdout]   |                   ^^^^^^^^^^^^^^ not found in this scope
[INFO] [stdout] 
[INFO] [stdout] error: aborting due to 2 previous errors
[INFO] [stdout] 
[INFO] [stdout] Some errors have detailed explanations: E0405, E0412.
[INFO] [stdout] For more information about an error, try `rustc --explain E0405`.
[INFO] [stdout] Couldn't compile the test.
[INFO] [stdout] ---- src/lib.rs - Organism::breed (line 29) stdout ----
[INFO] [stdout] error[E0405]: cannot find trait `Organism` in this scope
[INFO] [stdout]  --> src/lib.rs:30:6
[INFO] [stdout]   |
[INFO] [stdout] 3 | impl Organism for PiApproximator {
[INFO] [stdout]   |      ^^^^^^^^ not found in this scope
[INFO] [stdout]   |
[INFO] [stdout] help: consider importing this trait
[INFO] [stdout]   |
[INFO] [stdout] 2 | use ecosystem::Organism;
[INFO] [stdout]   |
[INFO] [stdout] 
[INFO] [stdout] error[E0412]: cannot find type `PiApproximator` in this scope
[INFO] [stdout]  --> src/lib.rs:30:19
[INFO] [stdout]   |
[INFO] [stdout] 3 | impl Organism for PiApproximator {
[INFO] [stdout]   |                   ^^^^^^^^^^^^^^ not found in this scope
[INFO] [stdout] 
[INFO] [stdout] error: aborting due to 2 previous errors
[INFO] [stdout] 
[INFO] [stdout] Some errors have detailed explanations: E0405, E0412.
[INFO] [stdout] For more information about an error, try `rustc --explain E0405`.
[INFO] [stdout] Couldn't compile the test.
[INFO] [stdout] 
[INFO] [stdout] failures:
[INFO] [stdout]     src/lib.rs - Organism::breed (line 29)
[INFO] [stdout]     src/lib.rs - Organism::fitness (line 15)
[INFO] [stdout]     src/lib.rs - Organism::mutate (line 44)
[INFO] [stdout] 
[INFO] [stdout] test result: FAILED. 0 passed; 3 failed; 0 ignored; 0 measured; 0 filtered out; finished in 0.52s
[INFO] [stdout] 
[INFO] [stderr] error: test failed, to rerun pass '--doc'
[INFO] running `Command { std: "docker" "inspect" "a1f0afab0c609d505c0fa3fcc18f827ba37fb14aacdd9acc36f1b0113feb6509", kill_on_drop: false }`
[INFO] running `Command { std: "docker" "rm" "-f" "a1f0afab0c609d505c0fa3fcc18f827ba37fb14aacdd9acc36f1b0113feb6509", kill_on_drop: false }`
[INFO] [stdout] a1f0afab0c609d505c0fa3fcc18f827ba37fb14aacdd9acc36f1b0113feb6509
