[INFO] fetching crate easy-utils 0.0.1...
[INFO] testing easy-utils-0.0.1 against beta-2021-08-01 for beta-1.55-1
[INFO] extracting crate easy-utils 0.0.1 into /workspace/builds/worker-11/source
[INFO] validating manifest of crates.io crate easy-utils 0.0.1 on toolchain beta-2021-08-01
[INFO] running `Command { std: "/workspace/cargo-home/bin/cargo" "+beta-2021-08-01" "metadata" "--manifest-path" "Cargo.toml" "--no-deps", kill_on_drop: false }`
[INFO] started tweaking crates.io crate easy-utils 0.0.1
[INFO] finished tweaking crates.io crate easy-utils 0.0.1
[INFO] tweaked toml for crates.io crate easy-utils 0.0.1 written to /workspace/builds/worker-11/source/Cargo.toml
[INFO] running `Command { std: "/workspace/cargo-home/bin/cargo" "+beta-2021-08-01" "generate-lockfile" "--manifest-path" "Cargo.toml" "-Zno-index-update", kill_on_drop: false }`
[INFO] running `Command { std: "/workspace/cargo-home/bin/cargo" "+beta-2021-08-01" "fetch" "--manifest-path" "Cargo.toml", kill_on_drop: false }`
[INFO] running `Command { std: "docker" "create" "-v" "/var/lib/crater-agent-workspace/builds/worker-11/target:/opt/rustwide/target:rw,Z" "-v" "/var/lib/crater-agent-workspace/builds/worker-11/source:/opt/rustwide/workdir:ro,Z" "-v" "/var/lib/crater-agent-workspace/cargo-home:/opt/rustwide/cargo-home:ro,Z" "-v" "/var/lib/crater-agent-workspace/rustup-home:/opt/rustwide/rustup-home:ro,Z" "-e" "SOURCE_DIR=/opt/rustwide/workdir" "-e" "CARGO_TARGET_DIR=/opt/rustwide/target" "-e" "CARGO_HOME=/opt/rustwide/cargo-home" "-e" "RUSTUP_HOME=/opt/rustwide/rustup-home" "-w" "/opt/rustwide/workdir" "-m" "1610612736" "--user" "0:0" "--network" "none" "ghcr.io/rust-lang/crates-build-env/linux@sha256:34b6a614d2c27851fe6cbf88fbd1137609cefab8b10d0615aaeb6fd47975d74e" "/opt/rustwide/cargo-home/bin/cargo" "+beta-2021-08-01" "metadata" "--no-deps" "--format-version=1", kill_on_drop: false }`
[INFO] [stdout] 3fc69de2a968246bd1193e12a552d645c71c7fd96af64a094227a69ee67f8b1b
[INFO] [stderr] WARNING: Your kernel does not support swap limit capabilities or the cgroup is not mounted. Memory limited without swap.
[INFO] running `Command { std: "docker" "start" "-a" "3fc69de2a968246bd1193e12a552d645c71c7fd96af64a094227a69ee67f8b1b", kill_on_drop: false }`
[INFO] running `Command { std: "docker" "inspect" "3fc69de2a968246bd1193e12a552d645c71c7fd96af64a094227a69ee67f8b1b", kill_on_drop: false }`
[INFO] running `Command { std: "docker" "rm" "-f" "3fc69de2a968246bd1193e12a552d645c71c7fd96af64a094227a69ee67f8b1b", kill_on_drop: false }`
[INFO] [stdout] 3fc69de2a968246bd1193e12a552d645c71c7fd96af64a094227a69ee67f8b1b
[INFO] running `Command { std: "docker" "create" "-v" "/var/lib/crater-agent-workspace/builds/worker-11/target:/opt/rustwide/target:rw,Z" "-v" "/var/lib/crater-agent-workspace/builds/worker-11/source:/opt/rustwide/workdir:ro,Z" "-v" "/var/lib/crater-agent-workspace/cargo-home:/opt/rustwide/cargo-home:ro,Z" "-v" "/var/lib/crater-agent-workspace/rustup-home:/opt/rustwide/rustup-home:ro,Z" "-e" "SOURCE_DIR=/opt/rustwide/workdir" "-e" "CARGO_TARGET_DIR=/opt/rustwide/target" "-e" "CARGO_INCREMENTAL=0" "-e" "RUST_BACKTRACE=full" "-e" "RUSTFLAGS=--cap-lints=warn" "-e" "CARGO_HOME=/opt/rustwide/cargo-home" "-e" "RUSTUP_HOME=/opt/rustwide/rustup-home" "-w" "/opt/rustwide/workdir" "-m" "1610612736" "--user" "0:0" "--network" "none" "ghcr.io/rust-lang/crates-build-env/linux@sha256:34b6a614d2c27851fe6cbf88fbd1137609cefab8b10d0615aaeb6fd47975d74e" "/opt/rustwide/cargo-home/bin/cargo" "+beta-2021-08-01" "build" "--frozen" "--message-format=json", kill_on_drop: false }`
[INFO] [stdout] 0b63f673c754c151e20c34766c400935a35db0b2c808e4ccc2a8e370efc7ad53
[INFO] [stderr] WARNING: Your kernel does not support swap limit capabilities or the cgroup is not mounted. Memory limited without swap.
[INFO] running `Command { std: "docker" "start" "-a" "0b63f673c754c151e20c34766c400935a35db0b2c808e4ccc2a8e370efc7ad53", kill_on_drop: false }`
[INFO] [stderr]     Blocking waiting for file lock on package cache
[INFO] [stderr]    Compiling getrandom v0.2.3
[INFO] [stderr]    Compiling rand_core v0.6.3
[INFO] [stderr]    Compiling rand_chacha v0.3.1
[INFO] [stderr]    Compiling rand v0.8.4
[INFO] [stderr]    Compiling easy-utils v0.0.1 (/opt/rustwide/workdir)
[INFO] [stderr]     Finished dev [unoptimized + debuginfo] target(s) in 5.63s
[INFO] running `Command { std: "docker" "inspect" "0b63f673c754c151e20c34766c400935a35db0b2c808e4ccc2a8e370efc7ad53", kill_on_drop: false }`
[INFO] running `Command { std: "docker" "rm" "-f" "0b63f673c754c151e20c34766c400935a35db0b2c808e4ccc2a8e370efc7ad53", kill_on_drop: false }`
[INFO] [stdout] 0b63f673c754c151e20c34766c400935a35db0b2c808e4ccc2a8e370efc7ad53
[INFO] running `Command { std: "docker" "create" "-v" "/var/lib/crater-agent-workspace/builds/worker-11/target:/opt/rustwide/target:rw,Z" "-v" "/var/lib/crater-agent-workspace/builds/worker-11/source:/opt/rustwide/workdir:ro,Z" "-v" "/var/lib/crater-agent-workspace/cargo-home:/opt/rustwide/cargo-home:ro,Z" "-v" "/var/lib/crater-agent-workspace/rustup-home:/opt/rustwide/rustup-home:ro,Z" "-e" "SOURCE_DIR=/opt/rustwide/workdir" "-e" "CARGO_TARGET_DIR=/opt/rustwide/target" "-e" "CARGO_INCREMENTAL=0" "-e" "RUST_BACKTRACE=full" "-e" "RUSTFLAGS=--cap-lints=warn" "-e" "CARGO_HOME=/opt/rustwide/cargo-home" "-e" "RUSTUP_HOME=/opt/rustwide/rustup-home" "-w" "/opt/rustwide/workdir" "-m" "1610612736" "--user" "0:0" "--network" "none" "ghcr.io/rust-lang/crates-build-env/linux@sha256:34b6a614d2c27851fe6cbf88fbd1137609cefab8b10d0615aaeb6fd47975d74e" "/opt/rustwide/cargo-home/bin/cargo" "+beta-2021-08-01" "test" "--frozen" "--no-run" "--message-format=json", kill_on_drop: false }`
[INFO] [stderr] WARNING: Your kernel does not support swap limit capabilities or the cgroup is not mounted. Memory limited without swap.
[INFO] [stdout] 4f7d1918139b87c4165af25ed59ffd4919eecfc8663993b49ee164a8511f9e55
[INFO] running `Command { std: "docker" "start" "-a" "4f7d1918139b87c4165af25ed59ffd4919eecfc8663993b49ee164a8511f9e55", kill_on_drop: false }`
[INFO] [stderr]    Compiling easy-utils v0.0.1 (/opt/rustwide/workdir)
[INFO] [stderr]     Finished test [unoptimized + debuginfo] target(s) in 0.97s
[INFO] running `Command { std: "docker" "inspect" "4f7d1918139b87c4165af25ed59ffd4919eecfc8663993b49ee164a8511f9e55", kill_on_drop: false }`
[INFO] running `Command { std: "docker" "rm" "-f" "4f7d1918139b87c4165af25ed59ffd4919eecfc8663993b49ee164a8511f9e55", kill_on_drop: false }`
[INFO] [stdout] 4f7d1918139b87c4165af25ed59ffd4919eecfc8663993b49ee164a8511f9e55
[INFO] running `Command { std: "docker" "create" "-v" "/var/lib/crater-agent-workspace/builds/worker-11/target:/opt/rustwide/target:rw,Z" "-v" "/var/lib/crater-agent-workspace/builds/worker-11/source:/opt/rustwide/workdir:ro,Z" "-v" "/var/lib/crater-agent-workspace/cargo-home:/opt/rustwide/cargo-home:ro,Z" "-v" "/var/lib/crater-agent-workspace/rustup-home:/opt/rustwide/rustup-home:ro,Z" "-e" "SOURCE_DIR=/opt/rustwide/workdir" "-e" "CARGO_TARGET_DIR=/opt/rustwide/target" "-e" "CARGO_INCREMENTAL=0" "-e" "RUST_BACKTRACE=full" "-e" "RUSTFLAGS=--cap-lints=warn" "-e" "CARGO_HOME=/opt/rustwide/cargo-home" "-e" "RUSTUP_HOME=/opt/rustwide/rustup-home" "-w" "/opt/rustwide/workdir" "-m" "1610612736" "--user" "0:0" "--network" "none" "ghcr.io/rust-lang/crates-build-env/linux@sha256:34b6a614d2c27851fe6cbf88fbd1137609cefab8b10d0615aaeb6fd47975d74e" "/opt/rustwide/cargo-home/bin/cargo" "+beta-2021-08-01" "test" "--frozen", kill_on_drop: false }`
[INFO] [stdout] 50cddd68aaa6e98e1b61473700ea2cf327d384cf025d8a46693107be6880376b
[INFO] [stderr] WARNING: Your kernel does not support swap limit capabilities or the cgroup is not mounted. Memory limited without swap.
[INFO] running `Command { std: "docker" "start" "-a" "50cddd68aaa6e98e1b61473700ea2cf327d384cf025d8a46693107be6880376b", kill_on_drop: false }`
[INFO] [stderr]     Finished test [unoptimized + debuginfo] target(s) in 0.02s
[INFO] [stdout] 
[INFO] [stderr]      Running unittests (/opt/rustwide/target/debug/deps/easy_utils-e6e99a45830387cd)
[INFO] [stdout] running 2 tests
[INFO] [stderr]    Doc-tests easy-utils
[INFO] [stdout] test random::tests::get_random_alphanumeric_string_test ... ok
[INFO] [stdout] test random::tests::get_random_charset_string_test ... ok
[INFO] [stdout] 
[INFO] [stdout] test result: ok. 2 passed; 0 failed; 0 ignored; 0 measured; 0 filtered out; finished in 0.00s
[INFO] [stdout] 
[INFO] [stdout] 
[INFO] [stdout] running 2 tests
[INFO] [stdout] test src/random.rs - random::get_random_charset_string (line 8) ... FAILED
[INFO] [stdout] test src/random.rs - random::get_random_alphanumeric_string (line 34) ... FAILED
[INFO] [stdout] 
[INFO] [stdout] failures:
[INFO] [stdout] 
[INFO] [stdout] ---- src/random.rs - random::get_random_charset_string (line 8) stdout ----
[INFO] [stdout] error[E0433]: failed to resolve: use of undeclared crate or module `rust_utils`
[INFO] [stdout]  --> src/random.rs:13:16
[INFO] [stdout]   |
[INFO] [stdout] 7 | let password = rust_utils::random::get_random_charset_string(PASSWORD_LEN, CHARSET);
[INFO] [stdout]   |                ^^^^^^^^^^ use of undeclared crate or module `rust_utils`
[INFO] [stdout] 
[INFO] [stdout] error: aborting due to previous error
[INFO] [stdout] 
[INFO] [stdout] For more information about this error, try `rustc --explain E0433`.
[INFO] [stdout] Couldn't compile the test.
[INFO] [stdout] ---- src/random.rs - random::get_random_alphanumeric_string (line 34) stdout ----
[INFO] [stdout] error[E0433]: failed to resolve: use of undeclared crate or module `rust_utils`
[INFO] [stdout]  --> src/random.rs:39:16
[INFO] [stdout]   |
[INFO] [stdout] 7 | let password = rust_utils::random::get_random_alphanumeric_string(PASSWORD_LEN);
[INFO] [stdout]   |                ^^^^^^^^^^ use of undeclared crate or module `rust_utils`
[INFO] [stdout] 
[INFO] [stdout] error: aborting due to previous error
[INFO] [stdout] 
[INFO] [stdout] For more information about this error, try `rustc --explain E0433`.
[INFO] [stdout] Couldn't compile the test.
[INFO] [stdout] 
[INFO] [stdout] failures:
[INFO] [stdout]     src/random.rs - random::get_random_alphanumeric_string (line 34)
[INFO] [stdout]     src/random.rs - random::get_random_charset_string (line 8)
[INFO] [stdout] 
[INFO] [stdout] test result: FAILED. 0 passed; 2 failed; 0 ignored; 0 measured; 0 filtered out; finished in 0.25s
[INFO] [stdout] 
[INFO] [stderr] error: test failed, to rerun pass '--doc'
[INFO] running `Command { std: "docker" "inspect" "50cddd68aaa6e98e1b61473700ea2cf327d384cf025d8a46693107be6880376b", kill_on_drop: false }`
[INFO] running `Command { std: "docker" "rm" "-f" "50cddd68aaa6e98e1b61473700ea2cf327d384cf025d8a46693107be6880376b", kill_on_drop: false }`
[INFO] [stdout] 50cddd68aaa6e98e1b61473700ea2cf327d384cf025d8a46693107be6880376b
