[INFO] fetching crate easy-jsonrpc-proc-macro-mw 0.5.1...
[INFO] testing easy-jsonrpc-proc-macro-mw-0.5.1 against 1.54.0 for beta-1.55-1
[INFO] extracting crate easy-jsonrpc-proc-macro-mw 0.5.1 into /workspace/builds/worker-7/source
[INFO] validating manifest of crates.io crate easy-jsonrpc-proc-macro-mw 0.5.1 on toolchain 1.54.0
[INFO] running `Command { std: "/workspace/cargo-home/bin/cargo" "+1.54.0" "metadata" "--manifest-path" "Cargo.toml" "--no-deps", kill_on_drop: false }`
[INFO] started tweaking crates.io crate easy-jsonrpc-proc-macro-mw 0.5.1
[INFO] finished tweaking crates.io crate easy-jsonrpc-proc-macro-mw 0.5.1
[INFO] tweaked toml for crates.io crate easy-jsonrpc-proc-macro-mw 0.5.1 written to /workspace/builds/worker-7/source/Cargo.toml
[INFO] running `Command { std: "/workspace/cargo-home/bin/cargo" "+1.54.0" "generate-lockfile" "--manifest-path" "Cargo.toml" "-Zno-index-update", kill_on_drop: false }`
[INFO] running `Command { std: "/workspace/cargo-home/bin/cargo" "+1.54.0" "fetch" "--manifest-path" "Cargo.toml", kill_on_drop: false }`
[INFO] [stderr]     Blocking waiting for file lock on package cache
[INFO] running `Command { std: "docker" "create" "-v" "/var/lib/crater-agent-workspace/builds/worker-7/target:/opt/rustwide/target:rw,Z" "-v" "/var/lib/crater-agent-workspace/builds/worker-7/source:/opt/rustwide/workdir:ro,Z" "-v" "/var/lib/crater-agent-workspace/cargo-home:/opt/rustwide/cargo-home:ro,Z" "-v" "/var/lib/crater-agent-workspace/rustup-home:/opt/rustwide/rustup-home:ro,Z" "-e" "SOURCE_DIR=/opt/rustwide/workdir" "-e" "CARGO_TARGET_DIR=/opt/rustwide/target" "-e" "CARGO_HOME=/opt/rustwide/cargo-home" "-e" "RUSTUP_HOME=/opt/rustwide/rustup-home" "-w" "/opt/rustwide/workdir" "-m" "1610612736" "--user" "0:0" "--network" "none" "ghcr.io/rust-lang/crates-build-env/linux@sha256:34b6a614d2c27851fe6cbf88fbd1137609cefab8b10d0615aaeb6fd47975d74e" "/opt/rustwide/cargo-home/bin/cargo" "+1.54.0" "metadata" "--no-deps" "--format-version=1", kill_on_drop: false }`
[INFO] [stdout] 84a805b1f05e622a9b62c698c7827ad628131f6da5f50d9f510077c1e46b2826
[INFO] [stderr] WARNING: Your kernel does not support swap limit capabilities or the cgroup is not mounted. Memory limited without swap.
[INFO] running `Command { std: "docker" "start" "-a" "84a805b1f05e622a9b62c698c7827ad628131f6da5f50d9f510077c1e46b2826", kill_on_drop: false }`
[INFO] running `Command { std: "docker" "inspect" "84a805b1f05e622a9b62c698c7827ad628131f6da5f50d9f510077c1e46b2826", kill_on_drop: false }`
[INFO] running `Command { std: "docker" "rm" "-f" "84a805b1f05e622a9b62c698c7827ad628131f6da5f50d9f510077c1e46b2826", kill_on_drop: false }`
[INFO] [stdout] 84a805b1f05e622a9b62c698c7827ad628131f6da5f50d9f510077c1e46b2826
[INFO] running `Command { std: "docker" "create" "-v" "/var/lib/crater-agent-workspace/builds/worker-7/target:/opt/rustwide/target:rw,Z" "-v" "/var/lib/crater-agent-workspace/builds/worker-7/source:/opt/rustwide/workdir:ro,Z" "-v" "/var/lib/crater-agent-workspace/cargo-home:/opt/rustwide/cargo-home:ro,Z" "-v" "/var/lib/crater-agent-workspace/rustup-home:/opt/rustwide/rustup-home:ro,Z" "-e" "SOURCE_DIR=/opt/rustwide/workdir" "-e" "CARGO_TARGET_DIR=/opt/rustwide/target" "-e" "CARGO_INCREMENTAL=0" "-e" "RUST_BACKTRACE=full" "-e" "RUSTFLAGS=--cap-lints=warn" "-e" "CARGO_HOME=/opt/rustwide/cargo-home" "-e" "RUSTUP_HOME=/opt/rustwide/rustup-home" "-w" "/opt/rustwide/workdir" "-m" "1610612736" "--user" "0:0" "--network" "none" "ghcr.io/rust-lang/crates-build-env/linux@sha256:34b6a614d2c27851fe6cbf88fbd1137609cefab8b10d0615aaeb6fd47975d74e" "/opt/rustwide/cargo-home/bin/cargo" "+1.54.0" "build" "--frozen" "--message-format=json", kill_on_drop: false }`
[INFO] [stdout] a976661881c42d4c5efd5fa2fbaeb20a121c4a595882c31879d43563c7ce70be
[INFO] [stderr] WARNING: Your kernel does not support swap limit capabilities or the cgroup is not mounted. Memory limited without swap.
[INFO] running `Command { std: "docker" "start" "-a" "a976661881c42d4c5efd5fa2fbaeb20a121c4a595882c31879d43563c7ce70be", kill_on_drop: false }`
[INFO] [stderr]     Blocking waiting for file lock on package cache
[INFO] [stderr]     Blocking waiting for file lock on package cache
[INFO] [stderr]    Compiling syn v0.15.44
[INFO] [stderr]    Compiling easy-jsonrpc-proc-macro-mw v0.5.1 (/opt/rustwide/workdir)
[INFO] [stderr]     Finished dev [unoptimized + debuginfo] target(s) in 13.21s
[INFO] running `Command { std: "docker" "inspect" "a976661881c42d4c5efd5fa2fbaeb20a121c4a595882c31879d43563c7ce70be", kill_on_drop: false }`
[INFO] running `Command { std: "docker" "rm" "-f" "a976661881c42d4c5efd5fa2fbaeb20a121c4a595882c31879d43563c7ce70be", kill_on_drop: false }`
[INFO] [stdout] a976661881c42d4c5efd5fa2fbaeb20a121c4a595882c31879d43563c7ce70be
[INFO] running `Command { std: "docker" "create" "-v" "/var/lib/crater-agent-workspace/builds/worker-7/target:/opt/rustwide/target:rw,Z" "-v" "/var/lib/crater-agent-workspace/builds/worker-7/source:/opt/rustwide/workdir:ro,Z" "-v" "/var/lib/crater-agent-workspace/cargo-home:/opt/rustwide/cargo-home:ro,Z" "-v" "/var/lib/crater-agent-workspace/rustup-home:/opt/rustwide/rustup-home:ro,Z" "-e" "SOURCE_DIR=/opt/rustwide/workdir" "-e" "CARGO_TARGET_DIR=/opt/rustwide/target" "-e" "CARGO_INCREMENTAL=0" "-e" "RUST_BACKTRACE=full" "-e" "RUSTFLAGS=--cap-lints=warn" "-e" "CARGO_HOME=/opt/rustwide/cargo-home" "-e" "RUSTUP_HOME=/opt/rustwide/rustup-home" "-w" "/opt/rustwide/workdir" "-m" "1610612736" "--user" "0:0" "--network" "none" "ghcr.io/rust-lang/crates-build-env/linux@sha256:34b6a614d2c27851fe6cbf88fbd1137609cefab8b10d0615aaeb6fd47975d74e" "/opt/rustwide/cargo-home/bin/cargo" "+1.54.0" "test" "--frozen" "--no-run" "--message-format=json", kill_on_drop: false }`
[INFO] [stdout] 1f4e731db046af52b24af25fc785a66eac83e3145729d2d79f085631a99f4b91
[INFO] [stderr] WARNING: Your kernel does not support swap limit capabilities or the cgroup is not mounted. Memory limited without swap.
[INFO] running `Command { std: "docker" "start" "-a" "1f4e731db046af52b24af25fc785a66eac83e3145729d2d79f085631a99f4b91", kill_on_drop: false }`
[INFO] [stderr]    Compiling easy-jsonrpc-proc-macro-mw v0.5.1 (/opt/rustwide/workdir)
[INFO] [stderr]     Finished test [unoptimized + debuginfo] target(s) in 0.83s
[INFO] running `Command { std: "docker" "inspect" "1f4e731db046af52b24af25fc785a66eac83e3145729d2d79f085631a99f4b91", kill_on_drop: false }`
[INFO] running `Command { std: "docker" "rm" "-f" "1f4e731db046af52b24af25fc785a66eac83e3145729d2d79f085631a99f4b91", kill_on_drop: false }`
[INFO] [stdout] 1f4e731db046af52b24af25fc785a66eac83e3145729d2d79f085631a99f4b91
[INFO] running `Command { std: "docker" "create" "-v" "/var/lib/crater-agent-workspace/builds/worker-7/target:/opt/rustwide/target:rw,Z" "-v" "/var/lib/crater-agent-workspace/builds/worker-7/source:/opt/rustwide/workdir:ro,Z" "-v" "/var/lib/crater-agent-workspace/cargo-home:/opt/rustwide/cargo-home:ro,Z" "-v" "/var/lib/crater-agent-workspace/rustup-home:/opt/rustwide/rustup-home:ro,Z" "-e" "SOURCE_DIR=/opt/rustwide/workdir" "-e" "CARGO_TARGET_DIR=/opt/rustwide/target" "-e" "CARGO_INCREMENTAL=0" "-e" "RUST_BACKTRACE=full" "-e" "RUSTFLAGS=--cap-lints=warn" "-e" "CARGO_HOME=/opt/rustwide/cargo-home" "-e" "RUSTUP_HOME=/opt/rustwide/rustup-home" "-w" "/opt/rustwide/workdir" "-m" "1610612736" "--user" "0:0" "--network" "none" "ghcr.io/rust-lang/crates-build-env/linux@sha256:34b6a614d2c27851fe6cbf88fbd1137609cefab8b10d0615aaeb6fd47975d74e" "/opt/rustwide/cargo-home/bin/cargo" "+1.54.0" "test" "--frozen", kill_on_drop: false }`
[INFO] [stdout] 5ef559019e341f63481bbdd2beb94c5cc5f18e8b4e99125a38edd17fb38371a9
[INFO] [stderr] WARNING: Your kernel does not support swap limit capabilities or the cgroup is not mounted. Memory limited without swap.
[INFO] running `Command { std: "docker" "start" "-a" "5ef559019e341f63481bbdd2beb94c5cc5f18e8b4e99125a38edd17fb38371a9", kill_on_drop: false }`
[INFO] [stderr]     Finished test [unoptimized + debuginfo] target(s) in 0.02s
[INFO] [stdout] 
[INFO] [stderr]      Running unittests (/opt/rustwide/target/debug/deps/easy_jsonrpc_proc_macro_mw-e52399d9fe42e21f)
[INFO] [stdout] running 0 tests
[INFO] [stderr]    Doc-tests easy-jsonrpc-proc-macro-mw
[INFO] [stdout] 
[INFO] [stdout] test result: ok. 0 passed; 0 failed; 0 ignored; 0 measured; 0 filtered out; finished in 0.00s
[INFO] [stdout] 
[INFO] [stdout] 
[INFO] [stdout] running 2 tests
[INFO] [stdout] test src/lib.rs - rpc (line 29) ... FAILED
[INFO] [stderr] error: test failed, to rerun pass '--doc'
[INFO] [stdout] test src/lib.rs - rpc (line 19) - compile ... FAILED
[INFO] [stdout] 
[INFO] [stdout] failures:
[INFO] [stdout] 
[INFO] [stdout] ---- src/lib.rs - rpc (line 29) stdout ----
[INFO] [stdout] error: non-item in item list
[INFO] [stdout]  --> src/lib.rs:31:4
[INFO] [stdout]   |
[INFO] [stdout] 3 | impl Handler for &dyn MyApi {
[INFO] [stdout]   |                             - item list starts here
[INFO] [stdout] 4 |    ..
[INFO] [stdout]   |    ^^ non-item starts here
[INFO] [stdout] 5 | }
[INFO] [stdout]   | - item list ends here
[INFO] [stdout] 
[INFO] [stdout] error[E0405]: cannot find trait `Handler` in this scope
[INFO] [stdout]  --> src/lib.rs:30:6
[INFO] [stdout]   |
[INFO] [stdout] 3 | impl Handler for &dyn MyApi {
[INFO] [stdout]   |      ^^^^^^^ not found in this scope
[INFO] [stdout] 
[INFO] [stdout] error[E0405]: cannot find trait `MyApi` in this scope
[INFO] [stdout]  --> src/lib.rs:30:23
[INFO] [stdout]   |
[INFO] [stdout] 3 | impl Handler for &dyn MyApi {
[INFO] [stdout]   |                       ^^^^^ not found in this scope
[INFO] [stdout] 
[INFO] [stdout] error[E0412]: cannot find type `BoundMethod` in this scope
[INFO] [stdout]   --> src/lib.rs:37:41
[INFO] [stdout]    |
[INFO] [stdout] 10 |     fn my_method(arg0: usize) -> Result<BoundMethod<'static, ()>, ArgSerializeError> {
[INFO] [stdout]    |                                         ^^^^^^^^^^^ not found in this scope
[INFO] [stdout] 
[INFO] [stdout] error[E0412]: cannot find type `ArgSerializeError` in this scope
[INFO] [stdout]   --> src/lib.rs:37:67
[INFO] [stdout]    |
[INFO] [stdout] 9  | impl my_api {
[INFO] [stdout]    |     - help: you might be missing a type parameter: `<ArgSerializeError>`
[INFO] [stdout] 10 |     fn my_method(arg0: usize) -> Result<BoundMethod<'static, ()>, ArgSerializeError> {
[INFO] [stdout]    |                                                                   ^^^^^^^^^^^^^^^^^ not found in this scope
[INFO] [stdout] 
[INFO] [stdout] error[E0412]: cannot find type `BoundMethod` in this scope
[INFO] [stdout]   --> src/lib.rs:41:36
[INFO] [stdout]    |
[INFO] [stdout] 14 |     fn my_other_method() -> Result<BoundMethod<'static, bool>, ArgSerializeError> {
[INFO] [stdout]    |                                    ^^^^^^^^^^^ not found in this scope
[INFO] [stdout] 
[INFO] [stdout] error[E0412]: cannot find type `ArgSerializeError` in this scope
[INFO] [stdout]   --> src/lib.rs:41:64
[INFO] [stdout]    |
[INFO] [stdout] 9  | impl my_api {
[INFO] [stdout]    |     - help: you might be missing a type parameter: `<ArgSerializeError>`
[INFO] [stdout] ...
[INFO] [stdout] 14 |     fn my_other_method() -> Result<BoundMethod<'static, bool>, ArgSerializeError> {
[INFO] [stdout]    |                                                                ^^^^^^^^^^^^^^^^^ not found in this scope
[INFO] [stdout] 
[INFO] [stdout] warning: type `my_api` should have an upper camel case name
[INFO] [stdout]  --> src/lib.rs:34:10
[INFO] [stdout]   |
[INFO] [stdout] 7 | pub enum my_api {}
[INFO] [stdout]   |          ^^^^^^ help: convert the identifier to upper camel case: `MyApi`
[INFO] [stdout]   |
[INFO] [stdout]   = note: `#[warn(non_camel_case_types)]` on by default
[INFO] [stdout] 
[INFO] [stdout] error: aborting due to 7 previous errors; 1 warning emitted
[INFO] [stdout] 
[INFO] [stdout] Some errors have detailed explanations: E0405, E0412.
[INFO] [stdout] For more information about an error, try `rustc --explain E0405`.
[INFO] [stdout] Couldn't compile the test.
[INFO] [stdout] ---- src/lib.rs - rpc (line 19) stdout ----
[INFO] [stdout] error: cannot find attribute `rpc` in this scope
[INFO] [stdout]  --> src/lib.rs:20:3
[INFO] [stdout]   |
[INFO] [stdout] 3 | #[rpc]
[INFO] [stdout]   |   ^^^
[INFO] [stdout] 
[INFO] [stdout] error[E0308]: mismatched types
[INFO] [stdout]  --> src/lib.rs:23:39
[INFO] [stdout]   |
[INFO] [stdout] 6 |     fn my_other_method(&self) -> bool {}
[INFO] [stdout]   |                                       ^^ expected `bool`, found `()`
[INFO] [stdout] 
[INFO] [stdout] error: aborting due to 2 previous errors
[INFO] [stdout] 
[INFO] [stdout] For more information about this error, try `rustc --explain E0308`.
[INFO] [stdout] Couldn't compile the test.
[INFO] [stdout] 
[INFO] [stdout] failures:
[INFO] [stdout]     src/lib.rs - rpc (line 19)
[INFO] [stdout]     src/lib.rs - rpc (line 29)
[INFO] [stdout] 
[INFO] [stdout] test result: FAILED. 0 passed; 2 failed; 0 ignored; 0 measured; 0 filtered out; finished in 0.35s
[INFO] [stdout] 
[INFO] running `Command { std: "docker" "inspect" "5ef559019e341f63481bbdd2beb94c5cc5f18e8b4e99125a38edd17fb38371a9", kill_on_drop: false }`
[INFO] running `Command { std: "docker" "rm" "-f" "5ef559019e341f63481bbdd2beb94c5cc5f18e8b4e99125a38edd17fb38371a9", kill_on_drop: false }`
[INFO] [stdout] 5ef559019e341f63481bbdd2beb94c5cc5f18e8b4e99125a38edd17fb38371a9
