[INFO] fetching crate e621-rs 0.1.3...
[INFO] testing e621-rs-0.1.3 against 1.54.0 for beta-1.55-1
[INFO] extracting crate e621-rs 0.1.3 into /workspace/builds/worker-7/source
[INFO] validating manifest of crates.io crate e621-rs 0.1.3 on toolchain 1.54.0
[INFO] running `Command { std: "/workspace/cargo-home/bin/cargo" "+1.54.0" "metadata" "--manifest-path" "Cargo.toml" "--no-deps", kill_on_drop: false }`
[INFO] started tweaking crates.io crate e621-rs 0.1.3
[INFO] finished tweaking crates.io crate e621-rs 0.1.3
[INFO] tweaked toml for crates.io crate e621-rs 0.1.3 written to /workspace/builds/worker-7/source/Cargo.toml
[INFO] running `Command { std: "/workspace/cargo-home/bin/cargo" "+1.54.0" "generate-lockfile" "--manifest-path" "Cargo.toml" "-Zno-index-update", kill_on_drop: false }`
[INFO] running `Command { std: "/workspace/cargo-home/bin/cargo" "+1.54.0" "fetch" "--manifest-path" "Cargo.toml", kill_on_drop: false }`
[INFO] [stderr]     Blocking waiting for file lock on package cache
[INFO] running `Command { std: "docker" "create" "-v" "/var/lib/crater-agent-workspace/builds/worker-7/target:/opt/rustwide/target:rw,Z" "-v" "/var/lib/crater-agent-workspace/builds/worker-7/source:/opt/rustwide/workdir:ro,Z" "-v" "/var/lib/crater-agent-workspace/cargo-home:/opt/rustwide/cargo-home:ro,Z" "-v" "/var/lib/crater-agent-workspace/rustup-home:/opt/rustwide/rustup-home:ro,Z" "-e" "SOURCE_DIR=/opt/rustwide/workdir" "-e" "CARGO_TARGET_DIR=/opt/rustwide/target" "-e" "CARGO_HOME=/opt/rustwide/cargo-home" "-e" "RUSTUP_HOME=/opt/rustwide/rustup-home" "-w" "/opt/rustwide/workdir" "-m" "1610612736" "--user" "0:0" "--network" "none" "ghcr.io/rust-lang/crates-build-env/linux@sha256:34b6a614d2c27851fe6cbf88fbd1137609cefab8b10d0615aaeb6fd47975d74e" "/opt/rustwide/cargo-home/bin/cargo" "+1.54.0" "metadata" "--no-deps" "--format-version=1", kill_on_drop: false }`
[INFO] [stdout] af8273265a9e93caecc3fea049d9f568273d4f2944fe3b3ac265706c6e0f5e82
[INFO] [stderr] WARNING: Your kernel does not support swap limit capabilities or the cgroup is not mounted. Memory limited without swap.
[INFO] running `Command { std: "docker" "start" "-a" "af8273265a9e93caecc3fea049d9f568273d4f2944fe3b3ac265706c6e0f5e82", kill_on_drop: false }`
[INFO] running `Command { std: "docker" "inspect" "af8273265a9e93caecc3fea049d9f568273d4f2944fe3b3ac265706c6e0f5e82", kill_on_drop: false }`
[INFO] running `Command { std: "docker" "rm" "-f" "af8273265a9e93caecc3fea049d9f568273d4f2944fe3b3ac265706c6e0f5e82", kill_on_drop: false }`
[INFO] [stdout] af8273265a9e93caecc3fea049d9f568273d4f2944fe3b3ac265706c6e0f5e82
[INFO] running `Command { std: "docker" "create" "-v" "/var/lib/crater-agent-workspace/builds/worker-7/target:/opt/rustwide/target:rw,Z" "-v" "/var/lib/crater-agent-workspace/builds/worker-7/source:/opt/rustwide/workdir:ro,Z" "-v" "/var/lib/crater-agent-workspace/cargo-home:/opt/rustwide/cargo-home:ro,Z" "-v" "/var/lib/crater-agent-workspace/rustup-home:/opt/rustwide/rustup-home:ro,Z" "-e" "SOURCE_DIR=/opt/rustwide/workdir" "-e" "CARGO_TARGET_DIR=/opt/rustwide/target" "-e" "CARGO_INCREMENTAL=0" "-e" "RUST_BACKTRACE=full" "-e" "RUSTFLAGS=--cap-lints=warn" "-e" "CARGO_HOME=/opt/rustwide/cargo-home" "-e" "RUSTUP_HOME=/opt/rustwide/rustup-home" "-w" "/opt/rustwide/workdir" "-m" "1610612736" "--user" "0:0" "--network" "none" "ghcr.io/rust-lang/crates-build-env/linux@sha256:34b6a614d2c27851fe6cbf88fbd1137609cefab8b10d0615aaeb6fd47975d74e" "/opt/rustwide/cargo-home/bin/cargo" "+1.54.0" "build" "--frozen" "--message-format=json", kill_on_drop: false }`
[INFO] [stdout] d4ecd26f8ea1ca3e730fd9e1c087988291352906f7caeba97ff0034faf8ead49
[INFO] [stderr] WARNING: Your kernel does not support swap limit capabilities or the cgroup is not mounted. Memory limited without swap.
[INFO] running `Command { std: "docker" "start" "-a" "d4ecd26f8ea1ca3e730fd9e1c087988291352906f7caeba97ff0034faf8ead49", kill_on_drop: false }`
[INFO] [stderr]    Compiling tokio v1.9.0
[INFO] [stderr]    Compiling serde_urlencoded v0.5.5
[INFO] [stderr]    Compiling tokio-util v0.6.7
[INFO] [stderr]    Compiling tokio-native-tls v0.3.0
[INFO] [stderr]    Compiling h2 v0.3.3
[INFO] [stderr]    Compiling hyper v0.14.11
[INFO] [stderr]    Compiling hyper-tls v0.5.0
[INFO] [stderr]    Compiling reqwest v0.11.4
[INFO] [stderr]    Compiling e621-rs v0.1.3 (/opt/rustwide/workdir)
[INFO] [stderr]     Finished dev [unoptimized + debuginfo] target(s) in 40.92s
[INFO] running `Command { std: "docker" "inspect" "d4ecd26f8ea1ca3e730fd9e1c087988291352906f7caeba97ff0034faf8ead49", kill_on_drop: false }`
[INFO] running `Command { std: "docker" "rm" "-f" "d4ecd26f8ea1ca3e730fd9e1c087988291352906f7caeba97ff0034faf8ead49", kill_on_drop: false }`
[INFO] [stdout] d4ecd26f8ea1ca3e730fd9e1c087988291352906f7caeba97ff0034faf8ead49
[INFO] running `Command { std: "docker" "create" "-v" "/var/lib/crater-agent-workspace/builds/worker-7/target:/opt/rustwide/target:rw,Z" "-v" "/var/lib/crater-agent-workspace/builds/worker-7/source:/opt/rustwide/workdir:ro,Z" "-v" "/var/lib/crater-agent-workspace/cargo-home:/opt/rustwide/cargo-home:ro,Z" "-v" "/var/lib/crater-agent-workspace/rustup-home:/opt/rustwide/rustup-home:ro,Z" "-e" "SOURCE_DIR=/opt/rustwide/workdir" "-e" "CARGO_TARGET_DIR=/opt/rustwide/target" "-e" "CARGO_INCREMENTAL=0" "-e" "RUST_BACKTRACE=full" "-e" "RUSTFLAGS=--cap-lints=warn" "-e" "CARGO_HOME=/opt/rustwide/cargo-home" "-e" "RUSTUP_HOME=/opt/rustwide/rustup-home" "-w" "/opt/rustwide/workdir" "-m" "1610612736" "--user" "0:0" "--network" "none" "ghcr.io/rust-lang/crates-build-env/linux@sha256:34b6a614d2c27851fe6cbf88fbd1137609cefab8b10d0615aaeb6fd47975d74e" "/opt/rustwide/cargo-home/bin/cargo" "+1.54.0" "test" "--frozen" "--no-run" "--message-format=json", kill_on_drop: false }`
[INFO] [stdout] 0582c6f5e7baaa640cf6bbd72bbf3de5607b7f297d781f774b6fe81126179e3f
[INFO] [stderr] WARNING: Your kernel does not support swap limit capabilities or the cgroup is not mounted. Memory limited without swap.
[INFO] running `Command { std: "docker" "start" "-a" "0582c6f5e7baaa640cf6bbd72bbf3de5607b7f297d781f774b6fe81126179e3f", kill_on_drop: false }`
[INFO] [stderr]    Compiling e621-rs v0.1.3 (/opt/rustwide/workdir)
[INFO] [stderr]     Finished test [unoptimized + debuginfo] target(s) in 2.24s
[INFO] running `Command { std: "docker" "inspect" "0582c6f5e7baaa640cf6bbd72bbf3de5607b7f297d781f774b6fe81126179e3f", kill_on_drop: false }`
[INFO] running `Command { std: "docker" "rm" "-f" "0582c6f5e7baaa640cf6bbd72bbf3de5607b7f297d781f774b6fe81126179e3f", kill_on_drop: false }`
[INFO] [stdout] 0582c6f5e7baaa640cf6bbd72bbf3de5607b7f297d781f774b6fe81126179e3f
[INFO] running `Command { std: "docker" "create" "-v" "/var/lib/crater-agent-workspace/builds/worker-7/target:/opt/rustwide/target:rw,Z" "-v" "/var/lib/crater-agent-workspace/builds/worker-7/source:/opt/rustwide/workdir:ro,Z" "-v" "/var/lib/crater-agent-workspace/cargo-home:/opt/rustwide/cargo-home:ro,Z" "-v" "/var/lib/crater-agent-workspace/rustup-home:/opt/rustwide/rustup-home:ro,Z" "-e" "SOURCE_DIR=/opt/rustwide/workdir" "-e" "CARGO_TARGET_DIR=/opt/rustwide/target" "-e" "CARGO_INCREMENTAL=0" "-e" "RUST_BACKTRACE=full" "-e" "RUSTFLAGS=--cap-lints=warn" "-e" "CARGO_HOME=/opt/rustwide/cargo-home" "-e" "RUSTUP_HOME=/opt/rustwide/rustup-home" "-w" "/opt/rustwide/workdir" "-m" "1610612736" "--user" "0:0" "--network" "none" "ghcr.io/rust-lang/crates-build-env/linux@sha256:34b6a614d2c27851fe6cbf88fbd1137609cefab8b10d0615aaeb6fd47975d74e" "/opt/rustwide/cargo-home/bin/cargo" "+1.54.0" "test" "--frozen", kill_on_drop: false }`
[INFO] [stdout] 4a01412ac9f7626afa9134bba40e908942464077c9e6962d443b299495942ca4
[INFO] [stderr] WARNING: Your kernel does not support swap limit capabilities or the cgroup is not mounted. Memory limited without swap.
[INFO] running `Command { std: "docker" "start" "-a" "4a01412ac9f7626afa9134bba40e908942464077c9e6962d443b299495942ca4", kill_on_drop: false }`
[INFO] [stderr]     Finished test [unoptimized + debuginfo] target(s) in 0.11s
[INFO] [stderr]      Running unittests (/opt/rustwide/target/debug/deps/e621_rs-55ca7d18a2141fe7)
[INFO] [stderr]    Doc-tests e621-rs
[INFO] [stdout] 
[INFO] [stdout] running 0 tests
[INFO] [stdout] 
[INFO] [stdout] test result: ok. 0 passed; 0 failed; 0 ignored; 0 measured; 0 filtered out; finished in 0.00s
[INFO] [stdout] 
[INFO] [stdout] 
[INFO] [stdout] running 2 tests
[INFO] [stdout] test src/e621_client.rs - e621_client::Client::post_list (line 76) ... FAILED
[INFO] [stdout] test src/e621_client.rs - e621_client::Client::new (line 20) ... FAILED
[INFO] [stdout] 
[INFO] [stdout] failures:
[INFO] [stdout] 
[INFO] [stdout] ---- src/e621_client.rs - e621_client::Client::post_list (line 76) stdout ----
[INFO] [stdout] error[E0433]: failed to resolve: use of undeclared type `Client`
[INFO] [stdout]  --> src/e621_client.rs:77:14
[INFO] [stdout]   |
[INFO] [stdout] 3 | let client = Client::new(
[INFO] [stdout]   |              ^^^^^^ not found in this scope
[INFO] [stdout]   |
[INFO] [stdout] help: consider importing one of these items
[INFO] [stdout]   |
[INFO] [stdout] 2 | use e621_rs::e621_client::Client;
[INFO] [stdout]   |
[INFO] [stdout] 2 | use reqwest::Client;
[INFO] [stdout]   |
[INFO] [stdout] 
[INFO] [stdout] error[E0422]: cannot find struct, variant or union type `PostsListOptions` in this scope
[INFO] [stdout]   --> src/e621_client.rs:85:4
[INFO] [stdout]    |
[INFO] [stdout] 11 |    PostsListOptions {
[INFO] [stdout]    |    ^^^^^^^^^^^^^^^^ not found in this scope
[INFO] [stdout]    |
[INFO] [stdout] help: consider importing this struct
[INFO] [stdout]    |
[INFO] [stdout] 2  | use e621_rs::requests::PostsListOptions;
[INFO] [stdout]    |
[INFO] [stdout] 
[INFO] [stdout] error[E0728]: `await` is only allowed inside `async` functions and blocks
[INFO] [stdout]   --> src/e621_client.rs:84:11
[INFO] [stdout]    |
[INFO] [stdout] 2  |   fn main() { #[allow(non_snake_case)] fn _doctest_main_src_e621_client_rs_76_0() {
[INFO] [stdout]    |                                           ------------------------------------- this is not `async`
[INFO] [stdout] ...
[INFO] [stdout] 10 |   let res = client.post_list(
[INFO] [stdout]    |  ___________^
[INFO] [stdout] 11 | |    PostsListOptions {
[INFO] [stdout] 12 | |        limit: Some(32),
[INFO] [stdout] 13 | |        tags: Some(String::from("lucario")),
[INFO] [stdout] 14 | |        page: None
[INFO] [stdout] 15 | |    }
[INFO] [stdout] 16 | | ).await;
[INFO] [stdout]    | |_______^ only allowed inside `async` functions and blocks
[INFO] [stdout] 
[INFO] [stdout] error: aborting due to 3 previous errors
[INFO] [stdout] 
[INFO] [stdout] Some errors have detailed explanations: E0422, E0433, E0728.
[INFO] [stdout] For more information about an error, try `rustc --explain E0422`.
[INFO] [stdout] Couldn't compile the test.
[INFO] [stdout] ---- src/e621_client.rs - e621_client::Client::new (line 20) stdout ----
[INFO] [stdout] error[E0433]: failed to resolve: use of undeclared type `Client`
[INFO] [stdout]  --> src/e621_client.rs:21:14
[INFO] [stdout]   |
[INFO] [stdout] 3 | let client = Client::new(
[INFO] [stdout]   |              ^^^^^^ not found in this scope
[INFO] [stdout]   |
[INFO] [stdout] help: consider importing one of these items
[INFO] [stdout]   |
[INFO] [stdout] 2 | use e621_rs::e621_client::Client;
[INFO] [stdout]   |
[INFO] [stdout] 2 | use reqwest::Client;
[INFO] [stdout]   |
[INFO] [stdout] 
[INFO] [stdout] error: aborting due to previous error
[INFO] [stdout] 
[INFO] [stdout] For more information about this error, try `rustc --explain E0433`.
[INFO] [stdout] Couldn't compile the test.
[INFO] [stdout] 
[INFO] [stdout] failures:
[INFO] [stdout]     src/e621_client.rs - e621_client::Client::new (line 20)
[INFO] [stdout]     src/e621_client.rs - e621_client::Client::post_list (line 76)
[INFO] [stdout] 
[INFO] [stdout] test result: FAILED. 0 passed; 2 failed; 0 ignored; 0 measured; 0 filtered out; finished in 0.65s
[INFO] [stdout] 
[INFO] [stderr] error: test failed, to rerun pass '--doc'
[INFO] running `Command { std: "docker" "inspect" "4a01412ac9f7626afa9134bba40e908942464077c9e6962d443b299495942ca4", kill_on_drop: false }`
[INFO] running `Command { std: "docker" "rm" "-f" "4a01412ac9f7626afa9134bba40e908942464077c9e6962d443b299495942ca4", kill_on_drop: false }`
[INFO] [stdout] 4a01412ac9f7626afa9134bba40e908942464077c9e6962d443b299495942ca4
