[INFO] fetching crate dotman 0.2.0...
[INFO] testing dotman-0.2.0 against beta-2021-08-01 for beta-1.55-1
[INFO] extracting crate dotman 0.2.0 into /workspace/builds/worker-54/source
[INFO] validating manifest of crates.io crate dotman 0.2.0 on toolchain beta-2021-08-01
[INFO] running `Command { std: "/workspace/cargo-home/bin/cargo" "+beta-2021-08-01" "metadata" "--manifest-path" "Cargo.toml" "--no-deps", kill_on_drop: false }`
[INFO] started tweaking crates.io crate dotman 0.2.0
[INFO] finished tweaking crates.io crate dotman 0.2.0
[INFO] tweaked toml for crates.io crate dotman 0.2.0 written to /workspace/builds/worker-54/source/Cargo.toml
[INFO] crate crates.io crate dotman 0.2.0 already has a lockfile, it will not be regenerated
[INFO] running `Command { std: "/workspace/cargo-home/bin/cargo" "+beta-2021-08-01" "fetch" "--manifest-path" "Cargo.toml", kill_on_drop: false }`
[INFO] [stderr]     Blocking waiting for file lock on package cache
[INFO] [stderr]  Downloading crates ...
[INFO] [stderr]   Downloaded same-file v1.0.4
[INFO] [stderr]   Downloaded redox_syscall v0.1.54
[INFO] [stderr]   Downloaded winapi-util v0.1.2
[INFO] [stderr]   Downloaded wsl v0.1.0
[INFO] [stderr]   Downloaded rand_core v0.5.0
[INFO] [stderr]   Downloaded rand_chacha v0.2.0
[INFO] [stderr]   Downloaded ctor v0.1.9
[INFO] [stderr]   Downloaded termion v1.5.3
[INFO] [stderr]   Downloaded redox_users v0.3.0
[INFO] [stderr]   Downloaded constant_time_eq v0.1.3
[INFO] [stderr]   Downloaded rand_core v0.4.0
[INFO] [stderr]   Downloaded arrayvec v0.4.10
[INFO] [stderr]   Downloaded strum v0.15.0
[INFO] [stderr]   Downloaded either v1.5.2
[INFO] [stderr]   Downloaded aho-corasick v0.7.3
[INFO] [stderr]   Downloaded ucd-util v0.1.3
[INFO] [stderr]   Downloaded syn v0.15.36
[INFO] [stderr]   Downloaded numtoa v0.1.0
[INFO] [stderr]   Downloaded bstr v0.2.1
[INFO] [stderr]   Downloaded backtrace-sys v0.1.28
[INFO] [stderr]   Downloaded log v0.4.6
[INFO] [stderr]   Downloaded argon2rs v0.2.5
[INFO] [stderr]   Downloaded backtrace v0.3.30
[INFO] [stderr]   Downloaded cc v1.0.37
[INFO] [stderr]   Downloaded memchr v2.2.0
[INFO] [stderr]   Downloaded derive_more v0.15.0
[INFO] [stderr]   Downloaded contracts v0.3.0
[INFO] [stderr]   Downloaded derive-getters v0.0.8
[INFO] [stderr]   Downloaded redox_termios v0.1.1
[INFO] [stderr]   Downloaded quote v0.6.12
[INFO] [stderr]   Downloaded libc v0.2.58
[INFO] [stderr]   Downloaded spin v0.5.0
[INFO] [stderr]   Downloaded strum_macros v0.15.0
[INFO] [stderr]   Downloaded lazy_static v1.3.0
[INFO] [stderr]   Downloaded gethostname v0.2.0
[INFO] [stderr]   Downloaded itertools v0.8.0
[INFO] [stderr]   Downloaded serde_derive v1.0.92
[INFO] [stderr]   Downloaded rand v0.7.0
[INFO] [stderr]   Downloaded globset v0.4.4
[INFO] [stderr]   Downloaded utf8-ranges v1.0.3
[INFO] [stderr]   Downloaded walkdir v2.2.9
[INFO] [stderr]   Downloaded regex-syntax v0.6.7
[INFO] [stderr]   Downloaded winapi v0.3.7
[INFO] [stderr]   Downloaded yaml-rust v0.3.5
[INFO] [stderr]   Downloaded rustc-demangle v0.1.15
[INFO] [stderr]   Downloaded regex v1.1.7
[INFO] [stderr]   Downloaded serde_yaml v0.8.9
[INFO] [stderr]   Downloaded unicode-width v0.1.5
[INFO] [stderr]   Downloaded ppv-lite86 v0.2.5
[INFO] [stderr]   Downloaded atty v0.2.11
[INFO] [stderr]   Downloaded unicode-segmentation v1.3.0
[INFO] [stderr]   Downloaded autocfg v0.1.4
[INFO] [stderr]   Downloaded c2-chacha v0.2.2
[INFO] [stderr]   Downloaded getrandom v0.1.6
[INFO] running `Command { std: "docker" "create" "-v" "/var/lib/crater-agent-workspace/builds/worker-54/target:/opt/rustwide/target:rw,Z" "-v" "/var/lib/crater-agent-workspace/builds/worker-54/source:/opt/rustwide/workdir:ro,Z" "-v" "/var/lib/crater-agent-workspace/cargo-home:/opt/rustwide/cargo-home:ro,Z" "-v" "/var/lib/crater-agent-workspace/rustup-home:/opt/rustwide/rustup-home:ro,Z" "-e" "SOURCE_DIR=/opt/rustwide/workdir" "-e" "CARGO_TARGET_DIR=/opt/rustwide/target" "-e" "CARGO_HOME=/opt/rustwide/cargo-home" "-e" "RUSTUP_HOME=/opt/rustwide/rustup-home" "-w" "/opt/rustwide/workdir" "-m" "1610612736" "--user" "0:0" "--network" "none" "ghcr.io/rust-lang/crates-build-env/linux@sha256:34b6a614d2c27851fe6cbf88fbd1137609cefab8b10d0615aaeb6fd47975d74e" "/opt/rustwide/cargo-home/bin/cargo" "+beta-2021-08-01" "metadata" "--no-deps" "--format-version=1", kill_on_drop: false }`
[INFO] [stdout] 642a0ddeec902ff2ca9bbae9a949112208d614bf531204f61cd851e08c005c80
[INFO] running `Command { std: "docker" "start" "-a" "642a0ddeec902ff2ca9bbae9a949112208d614bf531204f61cd851e08c005c80", kill_on_drop: false }`
[INFO] running `Command { std: "docker" "inspect" "642a0ddeec902ff2ca9bbae9a949112208d614bf531204f61cd851e08c005c80", kill_on_drop: false }`
[INFO] running `Command { std: "docker" "rm" "-f" "642a0ddeec902ff2ca9bbae9a949112208d614bf531204f61cd851e08c005c80", kill_on_drop: false }`
[INFO] [stdout] 642a0ddeec902ff2ca9bbae9a949112208d614bf531204f61cd851e08c005c80
[INFO] running `Command { std: "docker" "create" "-v" "/var/lib/crater-agent-workspace/builds/worker-54/target:/opt/rustwide/target:rw,Z" "-v" "/var/lib/crater-agent-workspace/builds/worker-54/source:/opt/rustwide/workdir:ro,Z" "-v" "/var/lib/crater-agent-workspace/cargo-home:/opt/rustwide/cargo-home:ro,Z" "-v" "/var/lib/crater-agent-workspace/rustup-home:/opt/rustwide/rustup-home:ro,Z" "-e" "SOURCE_DIR=/opt/rustwide/workdir" "-e" "CARGO_TARGET_DIR=/opt/rustwide/target" "-e" "CARGO_INCREMENTAL=0" "-e" "RUST_BACKTRACE=full" "-e" "RUSTFLAGS=--cap-lints=warn" "-e" "CARGO_HOME=/opt/rustwide/cargo-home" "-e" "RUSTUP_HOME=/opt/rustwide/rustup-home" "-w" "/opt/rustwide/workdir" "-m" "1610612736" "--user" "0:0" "--network" "none" "ghcr.io/rust-lang/crates-build-env/linux@sha256:34b6a614d2c27851fe6cbf88fbd1137609cefab8b10d0615aaeb6fd47975d74e" "/opt/rustwide/cargo-home/bin/cargo" "+beta-2021-08-01" "build" "--frozen" "--message-format=json", kill_on_drop: false }`
[INFO] [stdout] 9c93446b3c34a562d0d0c4259e866823e6aac64601287f4ccf982857dd057264
[INFO] running `Command { std: "docker" "start" "-a" "9c93446b3c34a562d0d0c4259e866823e6aac64601287f4ccf982857dd057264", kill_on_drop: false }`
[INFO] [stderr]    Compiling syn v0.15.36
[INFO] [stderr]    Compiling libc v0.2.58
[INFO] [stderr]    Compiling memchr v2.2.0
[INFO] [stderr]    Compiling cfg-if v0.1.9
[INFO] [stderr]    Compiling cc v1.0.37
[INFO] [stderr]    Compiling spin v0.5.0
[INFO] [stderr]    Compiling autocfg v0.1.4
[INFO] [stderr]    Compiling bitflags v1.1.0
[INFO] [stderr]    Compiling regex v1.1.7
[INFO] [stderr]    Compiling ucd-util v0.1.3
[INFO] [stderr]    Compiling unicode-segmentation v1.3.0
[INFO] [stderr]    Compiling failure_derive v0.1.5
[INFO] [stderr]    Compiling utf8-ranges v1.0.3
[INFO] [stderr]    Compiling serde v1.0.99
[INFO] [stderr]    Compiling unicode-width v0.1.5
[INFO] [stderr]    Compiling rustc-demangle v0.1.15
[INFO] [stderr]    Compiling vec_map v0.8.1
[INFO] [stderr]    Compiling yaml-rust v0.3.5
[INFO] [stderr]    Compiling linked-hash-map v0.5.2
[INFO] [stderr]    Compiling either v1.5.2
[INFO] [stderr]    Compiling dtoa v0.4.4
[INFO] [stderr]    Compiling fnv v1.0.6
[INFO] [stderr]    Compiling same-file v1.0.4
[INFO] [stderr]    Compiling strum v0.15.0
[INFO] [stderr]    Compiling wsl v0.1.0
[INFO] [stderr]    Compiling quote v0.6.12
[INFO] [stderr]    Compiling heck v0.3.1
[INFO] [stderr]    Compiling lazy_static v1.3.0
[INFO] [stderr]    Compiling log v0.4.6
[INFO] [stderr]    Compiling walkdir v2.2.9
[INFO] [stderr]    Compiling itertools v0.8.0
[INFO] [stderr]    Compiling regex-syntax v0.6.7
[INFO] [stderr]    Compiling textwrap v0.11.0
[INFO] [stderr]    Compiling yaml-rust v0.4.3
[INFO] [stderr]    Compiling backtrace v0.3.30
[INFO] [stderr]    Compiling thread_local v0.3.6
[INFO] [stderr]    Compiling backtrace-sys v0.1.28
[INFO] [stderr]    Compiling aho-corasick v0.7.3
[INFO] [stderr]    Compiling bstr v0.2.1
[INFO] [stderr]    Compiling atty v0.2.11
[INFO] [stderr]    Compiling dirs-sys v0.3.4
[INFO] [stderr]    Compiling gethostname v0.2.0
[INFO] [stderr]    Compiling clap v2.33.0
[INFO] [stderr]    Compiling dirs v2.0.2
[INFO] [stderr]    Compiling globset v0.4.4
[INFO] [stderr]    Compiling synstructure v0.10.2
[INFO] [stderr]    Compiling serde_derive v1.0.92
[INFO] [stderr]    Compiling structopt-derive v0.2.18
[INFO] [stderr]    Compiling strum_macros v0.15.0
[INFO] [stderr]    Compiling contracts v0.3.0
[INFO] [stderr]    Compiling derive_more v0.15.0
[INFO] [stderr]    Compiling derive-getters v0.0.8
[INFO] [stderr]    Compiling failure v0.1.5
[INFO] [stderr]    Compiling structopt v0.2.18
[INFO] [stderr]    Compiling serde_yaml v0.8.9
[INFO] [stderr]    Compiling dotman v0.2.0 (/opt/rustwide/workdir)
[INFO] [stderr]     Finished dev [unoptimized + debuginfo] target(s) in 40.83s
[INFO] running `Command { std: "docker" "inspect" "9c93446b3c34a562d0d0c4259e866823e6aac64601287f4ccf982857dd057264", kill_on_drop: false }`
[INFO] running `Command { std: "docker" "rm" "-f" "9c93446b3c34a562d0d0c4259e866823e6aac64601287f4ccf982857dd057264", kill_on_drop: false }`
[INFO] [stdout] 9c93446b3c34a562d0d0c4259e866823e6aac64601287f4ccf982857dd057264
[INFO] running `Command { std: "docker" "create" "-v" "/var/lib/crater-agent-workspace/builds/worker-54/target:/opt/rustwide/target:rw,Z" "-v" "/var/lib/crater-agent-workspace/builds/worker-54/source:/opt/rustwide/workdir:ro,Z" "-v" "/var/lib/crater-agent-workspace/cargo-home:/opt/rustwide/cargo-home:ro,Z" "-v" "/var/lib/crater-agent-workspace/rustup-home:/opt/rustwide/rustup-home:ro,Z" "-e" "SOURCE_DIR=/opt/rustwide/workdir" "-e" "CARGO_TARGET_DIR=/opt/rustwide/target" "-e" "CARGO_INCREMENTAL=0" "-e" "RUST_BACKTRACE=full" "-e" "RUSTFLAGS=--cap-lints=warn" "-e" "CARGO_HOME=/opt/rustwide/cargo-home" "-e" "RUSTUP_HOME=/opt/rustwide/rustup-home" "-w" "/opt/rustwide/workdir" "-m" "1610612736" "--user" "0:0" "--network" "none" "ghcr.io/rust-lang/crates-build-env/linux@sha256:34b6a614d2c27851fe6cbf88fbd1137609cefab8b10d0615aaeb6fd47975d74e" "/opt/rustwide/cargo-home/bin/cargo" "+beta-2021-08-01" "test" "--frozen" "--no-run" "--message-format=json", kill_on_drop: false }`
[INFO] [stdout] 7ccecba18d65fcf5cbdc5a07b81a6f2fe94ad80c1c4eaa70b7d2357c7225533f
[INFO] running `Command { std: "docker" "start" "-a" "7ccecba18d65fcf5cbdc5a07b81a6f2fe94ad80c1c4eaa70b7d2357c7225533f", kill_on_drop: false }`
[INFO] [stderr]    Compiling ppv-lite86 v0.2.5
[INFO] [stderr]    Compiling difference v2.0.0
[INFO] [stderr]    Compiling remove_dir_all v0.5.2
[INFO] [stderr]    Compiling rand_chacha v0.2.0
[INFO] [stderr]    Compiling getrandom v0.1.6
[INFO] [stderr]    Compiling pretty_assertions v0.6.1
[INFO] [stderr]    Compiling rand_core v0.5.0
[INFO] [stderr]    Compiling c2-chacha v0.2.2
[INFO] [stderr]    Compiling rand v0.7.0
[INFO] [stderr]    Compiling tempfile v3.1.0
[INFO] [stderr]    Compiling dotman v0.2.0 (/opt/rustwide/workdir)
[INFO] [stdout] warning: unused variable: `dir`
[INFO] [stdout]  --> tests/test.rs:7:9
[INFO] [stdout]   |
[INFO] [stdout] 7 |     let dir = common::setup();
[INFO] [stdout]   |         ^^^ help: if this is intentional, prefix it with an underscore: `_dir`
[INFO] [stdout]   |
[INFO] [stdout]   = note: `#[warn(unused_variables)]` on by default
[INFO] [stdout] 
[INFO] [stdout] 
[INFO] [stdout] warning: 1 warning emitted
[INFO] [stdout] 
[INFO] [stdout] 
[INFO] [stderr]     Finished test [unoptimized + debuginfo] target(s) in 10.08s
[INFO] running `Command { std: "docker" "inspect" "7ccecba18d65fcf5cbdc5a07b81a6f2fe94ad80c1c4eaa70b7d2357c7225533f", kill_on_drop: false }`
[INFO] running `Command { std: "docker" "rm" "-f" "7ccecba18d65fcf5cbdc5a07b81a6f2fe94ad80c1c4eaa70b7d2357c7225533f", kill_on_drop: false }`
[INFO] [stdout] 7ccecba18d65fcf5cbdc5a07b81a6f2fe94ad80c1c4eaa70b7d2357c7225533f
[INFO] running `Command { std: "docker" "create" "-v" "/var/lib/crater-agent-workspace/builds/worker-54/target:/opt/rustwide/target:rw,Z" "-v" "/var/lib/crater-agent-workspace/builds/worker-54/source:/opt/rustwide/workdir:ro,Z" "-v" "/var/lib/crater-agent-workspace/cargo-home:/opt/rustwide/cargo-home:ro,Z" "-v" "/var/lib/crater-agent-workspace/rustup-home:/opt/rustwide/rustup-home:ro,Z" "-e" "SOURCE_DIR=/opt/rustwide/workdir" "-e" "CARGO_TARGET_DIR=/opt/rustwide/target" "-e" "CARGO_INCREMENTAL=0" "-e" "RUST_BACKTRACE=full" "-e" "RUSTFLAGS=--cap-lints=warn" "-e" "CARGO_HOME=/opt/rustwide/cargo-home" "-e" "RUSTUP_HOME=/opt/rustwide/rustup-home" "-w" "/opt/rustwide/workdir" "-m" "1610612736" "--user" "0:0" "--network" "none" "ghcr.io/rust-lang/crates-build-env/linux@sha256:34b6a614d2c27851fe6cbf88fbd1137609cefab8b10d0615aaeb6fd47975d74e" "/opt/rustwide/cargo-home/bin/cargo" "+beta-2021-08-01" "test" "--frozen", kill_on_drop: false }`
[INFO] [stdout] 36e3a4bc2f698b7f1b424370372e59256773baba8229b522f1caaaa47db5e676
[INFO] running `Command { std: "docker" "start" "-a" "36e3a4bc2f698b7f1b424370372e59256773baba8229b522f1caaaa47db5e676", kill_on_drop: false }`
[INFO] [stderr] warning: unused variable: `dir`
[INFO] [stderr]  --> tests/test.rs:7:9
[INFO] [stderr]   |
[INFO] [stderr] 7 |     let dir = common::setup();
[INFO] [stderr]   |         ^^^ help: if this is intentional, prefix it with an underscore: `_dir`
[INFO] [stderr]   |
[INFO] [stderr]   = note: `#[warn(unused_variables)]` on by default
[INFO] [stderr] 
[INFO] [stderr] warning: `dotman` (test "test") generated 1 warning
[INFO] [stderr]     Finished test [unoptimized + debuginfo] target(s) in 0.09s
[INFO] [stderr]      Running unittests (/opt/rustwide/target/debug/deps/lib-43ef6af87c44f87b)
[INFO] [stdout] 
[INFO] [stdout] running 6 tests
[INFO] [stdout] test config::dotrc::tests::empty_dotrc ... ok
[INFO] [stdout] test config::dotrc::tests::dotfiles_path ... ok
[INFO] [stdout] test config::dotrc::tests::excludes ... ok
[INFO] [stdout] test config::dotrc::tests::tags ... ok
[INFO] [stdout] test config::dotrc::tests::hostname ... ok
[INFO] [stdout] test config::dotrc::tests::platform ... ok
[INFO] [stdout] 
[INFO] [stdout] test result: ok. 6 passed; 0 failed; 0 ignored; 0 measured; 0 filtered out; finished in 0.00s
[INFO] [stdout] 
[INFO] [stderr]      Running unittests (/opt/rustwide/target/debug/deps/dot-96f5830045d72cc6)
[INFO] [stdout] 
[INFO] [stdout] running 0 tests
[INFO] [stdout] 
[INFO] [stdout] test result: ok. 0 passed; 0 failed; 0 ignored; 0 measured; 0 filtered out; finished in 0.00s
[INFO] [stdout] 
[INFO] [stderr]      Running tests/test.rs (/opt/rustwide/target/debug/deps/test-70c3d7eb702328ee)
[INFO] [stdout] 
[INFO] [stdout] running 1 test
[INFO] [stdout] test test ... FAILED
[INFO] [stdout] 
[INFO] [stdout] failures:
[INFO] [stdout] 
[INFO] [stdout] ---- test stdout ----
[INFO] [stdout] thread 'test' panicked at 'not implemented', tests/common/mod.rs:2:5
[INFO] [stdout] stack backtrace:
[INFO] [stdout]    0:     0x55ae83965dd0 - std::backtrace_rs::backtrace::libunwind::trace::hff4d1766e93f64f1
[INFO] [stdout]                                at /rustc/53fd98ca776cb875bc9e5514f56b52eb74f9e7a9/library/std/src/../../backtrace/src/backtrace/libunwind.rs:90:5
[INFO] [stdout]    1:     0x55ae83965dd0 - std::backtrace_rs::backtrace::trace_unsynchronized::h56bbc8eb78770bcb
[INFO] [stdout]                                at /rustc/53fd98ca776cb875bc9e5514f56b52eb74f9e7a9/library/std/src/../../backtrace/src/backtrace/mod.rs:66:5
[INFO] [stdout]    2:     0x55ae83965dd0 - std::sys_common::backtrace::_print_fmt::h5c8e75464faca780
[INFO] [stdout]                                at /rustc/53fd98ca776cb875bc9e5514f56b52eb74f9e7a9/library/std/src/sys_common/backtrace.rs:67:5
[INFO] [stdout]    3:     0x55ae83965dd0 - <std::sys_common::backtrace::_print::DisplayBacktrace as core::fmt::Display>::fmt::h48b88277def8b362
[INFO] [stdout]                                at /rustc/53fd98ca776cb875bc9e5514f56b52eb74f9e7a9/library/std/src/sys_common/backtrace.rs:46:22
[INFO] [stdout]    4:     0x55ae8398939c - core::fmt::write::h3381b3176fe2b3d3
[INFO] [stdout]                                at /rustc/53fd98ca776cb875bc9e5514f56b52eb74f9e7a9/library/core/src/fmt/mod.rs:1115:17
[INFO] [stdout]    5:     0x55ae83962be5 - std::io::Write::write_fmt::h5f34a676f60246b5
[INFO] [stdout]                                at /rustc/53fd98ca776cb875bc9e5514f56b52eb74f9e7a9/library/std/src/io/mod.rs:1665:15
[INFO] [stdout]    6:     0x55ae8396837b - std::sys_common::backtrace::_print::ha537687d6c17dd0d
[INFO] [stdout]                                at /rustc/53fd98ca776cb875bc9e5514f56b52eb74f9e7a9/library/std/src/sys_common/backtrace.rs:49:5
[INFO] [stdout]    7:     0x55ae8396837b - std::sys_common::backtrace::print::h61376ae57d131d72
[INFO] [stdout]                                at /rustc/53fd98ca776cb875bc9e5514f56b52eb74f9e7a9/library/std/src/sys_common/backtrace.rs:36:9
[INFO] [stdout]    8:     0x55ae8396837b - std::panicking::default_hook::{{closure}}::h0f7208c0b9644a54
[INFO] [stdout]                                at /rustc/53fd98ca776cb875bc9e5514f56b52eb74f9e7a9/library/std/src/panicking.rs:208:50
[INFO] [stdout]    9:     0x55ae83967e8c - std::panicking::default_hook::hdac7fc06578c14ce
[INFO] [stdout]                                at /rustc/53fd98ca776cb875bc9e5514f56b52eb74f9e7a9/library/std/src/panicking.rs:222:9
[INFO] [stdout]   10:     0x55ae83968a44 - std::panicking::rust_panic_with_hook::h72b21c283da3d1ef
[INFO] [stdout]                                at /rustc/53fd98ca776cb875bc9e5514f56b52eb74f9e7a9/library/std/src/panicking.rs:622:17
[INFO] [stdout]   11:     0x55ae839684f7 - std::panicking::begin_panic_handler::{{closure}}::he5778f1729cff84a
[INFO] [stdout]                                at /rustc/53fd98ca776cb875bc9e5514f56b52eb74f9e7a9/library/std/src/panicking.rs:517:13
[INFO] [stdout]   12:     0x55ae839662ac - std::sys_common::backtrace::__rust_end_short_backtrace::h2d11ca8b453b4b1d
[INFO] [stdout]                                at /rustc/53fd98ca776cb875bc9e5514f56b52eb74f9e7a9/library/std/src/sys_common/backtrace.rs:141:18
[INFO] [stdout]   13:     0x55ae83968489 - rust_begin_unwind
[INFO] [stdout]                                at /rustc/53fd98ca776cb875bc9e5514f56b52eb74f9e7a9/library/std/src/panicking.rs:515:5
[INFO] [stdout]   14:     0x55ae839153b1 - core::panicking::panic_fmt::hf9de31d4acbce4db
[INFO] [stdout]                                at /rustc/53fd98ca776cb875bc9e5514f56b52eb74f9e7a9/library/core/src/panicking.rs:92:14
[INFO] [stdout]   15:     0x55ae839152fd - core::panicking::panic::h8a6bc58a21c6c095
[INFO] [stdout]                                at /rustc/53fd98ca776cb875bc9e5514f56b52eb74f9e7a9/library/core/src/panicking.rs:50:5
[INFO] [stdout]   16:     0x55ae8391604d - test::common::setup::hb0933f625bd98f5b
[INFO] [stdout]                                at /opt/rustwide/workdir/tests/common/mod.rs:2:5
[INFO] [stdout]   17:     0x55ae83915eac - test::test::h426eb75e7b2fa8e8
[INFO] [stdout]                                at /opt/rustwide/workdir/tests/test.rs:7:15
[INFO] [stdout]   18:     0x55ae83915e8a - test::test::{{closure}}::h06b7723ca488a4e0
[INFO] [stdout]                                at /opt/rustwide/workdir/tests/test.rs:6:1
[INFO] [stdout]   19:     0x55ae83915e0e - core::ops::function::FnOnce::call_once::h50116da0ab4064bf
[INFO] [stdout]                                at /rustc/53fd98ca776cb875bc9e5514f56b52eb74f9e7a9/library/core/src/ops/function.rs:227:5
[INFO] [stdout]   20:     0x55ae8394a243 - core::ops::function::FnOnce::call_once::hbb52c4519d3137b0
[INFO] [stdout]                                at /rustc/53fd98ca776cb875bc9e5514f56b52eb74f9e7a9/library/core/src/ops/function.rs:227:5
[INFO] [stdout]   21:     0x55ae8394a243 - test::__rust_begin_short_backtrace::h86fe3a2a5a5121af
[INFO] [stdout]                                at /rustc/53fd98ca776cb875bc9e5514f56b52eb74f9e7a9/library/test/src/lib.rs:578:5
[INFO] [stdout]   22:     0x55ae83948cf8 - <alloc::boxed::Box<F,A> as core::ops::function::FnOnce<Args>>::call_once::hfd956bc3d57399be
[INFO] [stdout]                                at /rustc/53fd98ca776cb875bc9e5514f56b52eb74f9e7a9/library/alloc/src/boxed.rs:1572:9
[INFO] [stdout]   23:     0x55ae83948cf8 - <std::panic::AssertUnwindSafe<F> as core::ops::function::FnOnce<()>>::call_once::h40dc93e0ddb5938a
[INFO] [stdout]                                at /rustc/53fd98ca776cb875bc9e5514f56b52eb74f9e7a9/library/std/src/panic.rs:347:9
[INFO] [stdout]   24:     0x55ae83948cf8 - std::panicking::try::do_call::h90d07750cb47c562
[INFO] [stdout]                                at /rustc/53fd98ca776cb875bc9e5514f56b52eb74f9e7a9/library/std/src/panicking.rs:401:40
[INFO] [stdout]   25:     0x55ae83948cf8 - std::panicking::try::h063c84733ad2a629
[INFO] [stdout]                                at /rustc/53fd98ca776cb875bc9e5514f56b52eb74f9e7a9/library/std/src/panicking.rs:365:19
[INFO] [stdout]   26:     0x55ae83948cf8 - std::panic::catch_unwind::h0c464836a84e7c08
[INFO] [stdout]                                at /rustc/53fd98ca776cb875bc9e5514f56b52eb74f9e7a9/library/std/src/panic.rs:434:14
[INFO] [stdout]   27:     0x55ae83948cf8 - test::run_test_in_process::h5cb06ef620b157fc
[INFO] [stdout]                                at /rustc/53fd98ca776cb875bc9e5514f56b52eb74f9e7a9/library/test/src/lib.rs:601:18
[INFO] [stdout]   28:     0x55ae83948cf8 - test::run_test::run_test_inner::{{closure}}::h76f677f4b93f9828
[INFO] [stdout]                                at /rustc/53fd98ca776cb875bc9e5514f56b52eb74f9e7a9/library/test/src/lib.rs:493:39
[INFO] [stdout]   29:     0x55ae8391748d - test::run_test::run_test_inner::{{closure}}::h366d01fe04f4d67a
[INFO] [stdout]                                at /rustc/53fd98ca776cb875bc9e5514f56b52eb74f9e7a9/library/test/src/lib.rs:520:37
[INFO] [stdout]   30:     0x55ae8391748d - std::sys_common::backtrace::__rust_begin_short_backtrace::h7dfa0de4eb395af2
[INFO] [stdout]                                at /rustc/53fd98ca776cb875bc9e5514f56b52eb74f9e7a9/library/std/src/sys_common/backtrace.rs:125:18
[INFO] [stdout]   31:     0x55ae8391bc58 - std::thread::Builder::spawn_unchecked::{{closure}}::{{closure}}::hf0a74bb58798037f
[INFO] [stdout]                                at /rustc/53fd98ca776cb875bc9e5514f56b52eb74f9e7a9/library/std/src/thread/mod.rs:476:17
[INFO] [stdout]   32:     0x55ae8391bc58 - <std::panic::AssertUnwindSafe<F> as core::ops::function::FnOnce<()>>::call_once::hb024e854818586ac
[INFO] [stdout]                                at /rustc/53fd98ca776cb875bc9e5514f56b52eb74f9e7a9/library/std/src/panic.rs:347:9
[INFO] [stdout]   33:     0x55ae8391bc58 - std::panicking::try::do_call::hb2dd9f1d0d48e41d
[INFO] [stdout]                                at /rustc/53fd98ca776cb875bc9e5514f56b52eb74f9e7a9/library/std/src/panicking.rs:401:40
[INFO] [stdout]   34:     0x55ae8391bc58 - std::panicking::try::h4717ae7bac8b2bf3
[INFO] [stdout]                                at /rustc/53fd98ca776cb875bc9e5514f56b52eb74f9e7a9/library/std/src/panicking.rs:365:19
[INFO] [stdout]   35:     0x55ae8391bc58 - std::panic::catch_unwind::h0dc8a061326ce8d8
[INFO] [stdout]                                at /rustc/53fd98ca776cb875bc9e5514f56b52eb74f9e7a9/library/std/src/panic.rs:434:14
[INFO] [stdout]   36:     0x55ae8391bc58 - std::thread::Builder::spawn_unchecked::{{closure}}::haa369e2d6fd00aa1
[INFO] [stdout]                                at /rustc/53fd98ca776cb875bc9e5514f56b52eb74f9e7a9/library/std/src/thread/mod.rs:475:30
[INFO] [stdout]   37:     0x55ae8391bc58 - core::ops::function::FnOnce::call_once{{vtable.shim}}::h36dcf3de8b056f17
[INFO] [stdout]                                at /rustc/53fd98ca776cb875bc9e5514f56b52eb74f9e7a9/library/core/src/ops/function.rs:227:5
[INFO] [stdout]   38:     0x55ae8396df87 - <alloc::boxed::Box<F,A> as core::ops::function::FnOnce<Args>>::call_once::h65c29e4642be2358
[INFO] [stdout]                                at /rustc/53fd98ca776cb875bc9e5514f56b52eb74f9e7a9/library/alloc/src/boxed.rs:1572:9
[INFO] [stdout]   39:     0x55ae8396df87 - <alloc::boxed::Box<F,A> as core::ops::function::FnOnce<Args>>::call_once::hd0f8f7fbbd9fffbf
[INFO] [stdout]                                at /rustc/53fd98ca776cb875bc9e5514f56b52eb74f9e7a9/library/alloc/src/boxed.rs:1572:9
[INFO] [stdout]   40:     0x55ae8396df87 - std::sys::unix::thread::Thread::new::thread_start::h2fd22fee3ca77b65
[INFO] [stdout]                                at /rustc/53fd98ca776cb875bc9e5514f56b52eb74f9e7a9/library/std/src/sys/unix/thread.rs:74:17
[INFO] [stdout]   41:     0x7f8629ee2609 - start_thread
[INFO] [stdout]   42:     0x7f8629cb4293 - clone
[INFO] [stdout]   43:                0x0 - <unknown>
[INFO] [stdout] 
[INFO] [stdout] 
[INFO] [stdout] failures:
[INFO] [stdout]     test
[INFO] [stdout] 
[INFO] [stdout] test result: FAILED. 0 passed; 1 failed; 0 ignored; 0 measured; 0 filtered out; finished in 0.01s
[INFO] [stdout] 
[INFO] [stderr] error: test failed, to rerun pass '--test test'
[INFO] running `Command { std: "docker" "inspect" "36e3a4bc2f698b7f1b424370372e59256773baba8229b522f1caaaa47db5e676", kill_on_drop: false }`
[INFO] running `Command { std: "docker" "rm" "-f" "36e3a4bc2f698b7f1b424370372e59256773baba8229b522f1caaaa47db5e676", kill_on_drop: false }`
[INFO] [stdout] 36e3a4bc2f698b7f1b424370372e59256773baba8229b522f1caaaa47db5e676
