[INFO] fetching crate doodle 0.2.0...
[INFO] testing doodle-0.2.0 against beta-2021-08-01 for beta-1.55-1
[INFO] extracting crate doodle 0.2.0 into /workspace/builds/worker-85/source
[INFO] validating manifest of crates.io crate doodle 0.2.0 on toolchain beta-2021-08-01
[INFO] running `Command { std: "/workspace/cargo-home/bin/cargo" "+beta-2021-08-01" "metadata" "--manifest-path" "Cargo.toml" "--no-deps", kill_on_drop: false }`
[INFO] started tweaking crates.io crate doodle 0.2.0
[INFO] finished tweaking crates.io crate doodle 0.2.0
[INFO] tweaked toml for crates.io crate doodle 0.2.0 written to /workspace/builds/worker-85/source/Cargo.toml
[INFO] running `Command { std: "/workspace/cargo-home/bin/cargo" "+beta-2021-08-01" "generate-lockfile" "--manifest-path" "Cargo.toml" "-Zno-index-update", kill_on_drop: false }`
[INFO] running `Command { std: "/workspace/cargo-home/bin/cargo" "+beta-2021-08-01" "fetch" "--manifest-path" "Cargo.toml", kill_on_drop: false }`
[INFO] [stderr]     Blocking waiting for file lock on package cache
[INFO] [stderr]  Downloading crates ...
[INFO] [stderr]   Downloaded doodle_derive v0.2.0
[INFO] running `Command { std: "docker" "create" "-v" "/var/lib/crater-agent-workspace/builds/worker-85/target:/opt/rustwide/target:rw,Z" "-v" "/var/lib/crater-agent-workspace/builds/worker-85/source:/opt/rustwide/workdir:ro,Z" "-v" "/var/lib/crater-agent-workspace/cargo-home:/opt/rustwide/cargo-home:ro,Z" "-v" "/var/lib/crater-agent-workspace/rustup-home:/opt/rustwide/rustup-home:ro,Z" "-e" "SOURCE_DIR=/opt/rustwide/workdir" "-e" "CARGO_TARGET_DIR=/opt/rustwide/target" "-e" "CARGO_HOME=/opt/rustwide/cargo-home" "-e" "RUSTUP_HOME=/opt/rustwide/rustup-home" "-w" "/opt/rustwide/workdir" "-m" "1610612736" "--user" "0:0" "--network" "none" "ghcr.io/rust-lang/crates-build-env/linux@sha256:34b6a614d2c27851fe6cbf88fbd1137609cefab8b10d0615aaeb6fd47975d74e" "/opt/rustwide/cargo-home/bin/cargo" "+beta-2021-08-01" "metadata" "--no-deps" "--format-version=1", kill_on_drop: false }`
[INFO] [stdout] e2df638459de5db52196043ea5d387a3121026eed11ac3c6af1da9218178a055
[INFO] running `Command { std: "docker" "start" "-a" "e2df638459de5db52196043ea5d387a3121026eed11ac3c6af1da9218178a055", kill_on_drop: false }`
[INFO] running `Command { std: "docker" "inspect" "e2df638459de5db52196043ea5d387a3121026eed11ac3c6af1da9218178a055", kill_on_drop: false }`
[INFO] running `Command { std: "docker" "rm" "-f" "e2df638459de5db52196043ea5d387a3121026eed11ac3c6af1da9218178a055", kill_on_drop: false }`
[INFO] [stdout] e2df638459de5db52196043ea5d387a3121026eed11ac3c6af1da9218178a055
[INFO] running `Command { std: "docker" "create" "-v" "/var/lib/crater-agent-workspace/builds/worker-85/target:/opt/rustwide/target:rw,Z" "-v" "/var/lib/crater-agent-workspace/builds/worker-85/source:/opt/rustwide/workdir:ro,Z" "-v" "/var/lib/crater-agent-workspace/cargo-home:/opt/rustwide/cargo-home:ro,Z" "-v" "/var/lib/crater-agent-workspace/rustup-home:/opt/rustwide/rustup-home:ro,Z" "-e" "SOURCE_DIR=/opt/rustwide/workdir" "-e" "CARGO_TARGET_DIR=/opt/rustwide/target" "-e" "CARGO_INCREMENTAL=0" "-e" "RUST_BACKTRACE=full" "-e" "RUSTFLAGS=--cap-lints=warn" "-e" "CARGO_HOME=/opt/rustwide/cargo-home" "-e" "RUSTUP_HOME=/opt/rustwide/rustup-home" "-w" "/opt/rustwide/workdir" "-m" "1610612736" "--user" "0:0" "--network" "none" "ghcr.io/rust-lang/crates-build-env/linux@sha256:34b6a614d2c27851fe6cbf88fbd1137609cefab8b10d0615aaeb6fd47975d74e" "/opt/rustwide/cargo-home/bin/cargo" "+beta-2021-08-01" "build" "--frozen" "--message-format=json", kill_on_drop: false }`
[INFO] [stdout] 0491e4b4194edd3bcf5d6c58176224caef636698b0d969f053155888d3c7cece
[INFO] running `Command { std: "docker" "start" "-a" "0491e4b4194edd3bcf5d6c58176224caef636698b0d969f053155888d3c7cece", kill_on_drop: false }`
[INFO] [stderr]     Blocking waiting for file lock on package cache
[INFO] [stderr]    Compiling serde v1.0.127
[INFO] [stderr]    Compiling ryu v1.0.5
[INFO] [stderr]    Compiling serde_json v1.0.66
[INFO] [stderr]    Compiling itoa v0.4.7
[INFO] [stderr]    Compiling doodle v0.2.0 (/opt/rustwide/workdir)
[INFO] [stderr]     Finished dev [unoptimized + debuginfo] target(s) in 9.41s
[INFO] running `Command { std: "docker" "inspect" "0491e4b4194edd3bcf5d6c58176224caef636698b0d969f053155888d3c7cece", kill_on_drop: false }`
[INFO] running `Command { std: "docker" "rm" "-f" "0491e4b4194edd3bcf5d6c58176224caef636698b0d969f053155888d3c7cece", kill_on_drop: false }`
[INFO] [stdout] 0491e4b4194edd3bcf5d6c58176224caef636698b0d969f053155888d3c7cece
[INFO] running `Command { std: "docker" "create" "-v" "/var/lib/crater-agent-workspace/builds/worker-85/target:/opt/rustwide/target:rw,Z" "-v" "/var/lib/crater-agent-workspace/builds/worker-85/source:/opt/rustwide/workdir:ro,Z" "-v" "/var/lib/crater-agent-workspace/cargo-home:/opt/rustwide/cargo-home:ro,Z" "-v" "/var/lib/crater-agent-workspace/rustup-home:/opt/rustwide/rustup-home:ro,Z" "-e" "SOURCE_DIR=/opt/rustwide/workdir" "-e" "CARGO_TARGET_DIR=/opt/rustwide/target" "-e" "CARGO_INCREMENTAL=0" "-e" "RUST_BACKTRACE=full" "-e" "RUSTFLAGS=--cap-lints=warn" "-e" "CARGO_HOME=/opt/rustwide/cargo-home" "-e" "RUSTUP_HOME=/opt/rustwide/rustup-home" "-w" "/opt/rustwide/workdir" "-m" "1610612736" "--user" "0:0" "--network" "none" "ghcr.io/rust-lang/crates-build-env/linux@sha256:34b6a614d2c27851fe6cbf88fbd1137609cefab8b10d0615aaeb6fd47975d74e" "/opt/rustwide/cargo-home/bin/cargo" "+beta-2021-08-01" "test" "--frozen" "--no-run" "--message-format=json", kill_on_drop: false }`
[INFO] [stdout] 42fc1fc6f332c1fcd03ce7b2fe7775e5833190037c377b7a70636437957d4bdd
[INFO] running `Command { std: "docker" "start" "-a" "42fc1fc6f332c1fcd03ce7b2fe7775e5833190037c377b7a70636437957d4bdd", kill_on_drop: false }`
[INFO] [stderr]    Compiling doodle v0.2.0 (/opt/rustwide/workdir)
[INFO] [stderr]     Finished test [unoptimized + debuginfo] target(s) in 0.63s
[INFO] running `Command { std: "docker" "inspect" "42fc1fc6f332c1fcd03ce7b2fe7775e5833190037c377b7a70636437957d4bdd", kill_on_drop: false }`
[INFO] running `Command { std: "docker" "rm" "-f" "42fc1fc6f332c1fcd03ce7b2fe7775e5833190037c377b7a70636437957d4bdd", kill_on_drop: false }`
[INFO] [stdout] 42fc1fc6f332c1fcd03ce7b2fe7775e5833190037c377b7a70636437957d4bdd
[INFO] running `Command { std: "docker" "create" "-v" "/var/lib/crater-agent-workspace/builds/worker-85/target:/opt/rustwide/target:rw,Z" "-v" "/var/lib/crater-agent-workspace/builds/worker-85/source:/opt/rustwide/workdir:ro,Z" "-v" "/var/lib/crater-agent-workspace/cargo-home:/opt/rustwide/cargo-home:ro,Z" "-v" "/var/lib/crater-agent-workspace/rustup-home:/opt/rustwide/rustup-home:ro,Z" "-e" "SOURCE_DIR=/opt/rustwide/workdir" "-e" "CARGO_TARGET_DIR=/opt/rustwide/target" "-e" "CARGO_INCREMENTAL=0" "-e" "RUST_BACKTRACE=full" "-e" "RUSTFLAGS=--cap-lints=warn" "-e" "CARGO_HOME=/opt/rustwide/cargo-home" "-e" "RUSTUP_HOME=/opt/rustwide/rustup-home" "-w" "/opt/rustwide/workdir" "-m" "1610612736" "--user" "0:0" "--network" "none" "ghcr.io/rust-lang/crates-build-env/linux@sha256:34b6a614d2c27851fe6cbf88fbd1137609cefab8b10d0615aaeb6fd47975d74e" "/opt/rustwide/cargo-home/bin/cargo" "+beta-2021-08-01" "test" "--frozen", kill_on_drop: false }`
[INFO] [stdout] ec6825c8388432fa721fc7404c14de2a970a255f88dfd4e00b86657f90fdc095
[INFO] running `Command { std: "docker" "start" "-a" "ec6825c8388432fa721fc7404c14de2a970a255f88dfd4e00b86657f90fdc095", kill_on_drop: false }`
[INFO] [stderr]     Blocking waiting for file lock on package cache
[INFO] [stderr]     Finished test [unoptimized + debuginfo] target(s) in 0.53s
[INFO] [stderr]      Running unittests (/opt/rustwide/target/debug/deps/doodle-d5559907661f86c1)
[INFO] [stdout] 
[INFO] [stdout] running 0 tests
[INFO] [stdout] 
[INFO] [stdout] test result: ok. 0 passed; 0 failed; 0 ignored; 0 measured; 0 filtered out; finished in 0.00s
[INFO] [stdout] 
[INFO] [stderr]    Doc-tests doodle
[INFO] [stdout] 
[INFO] [stdout] running 1 test
[INFO] [stdout] test src/lib.rs - (line 22) ... FAILED
[INFO] [stdout] 
[INFO] [stdout] failures:
[INFO] [stdout] 
[INFO] [stdout] ---- src/lib.rs - (line 22) stdout ----
[INFO] [stdout] error: cannot find derive macro `Schema` in this scope
[INFO] [stdout]  --> src/lib.rs:26:10
[INFO] [stdout]   |
[INFO] [stdout] 7 | #[derive(Schema)]
[INFO] [stdout]   |          ^^^^^^
[INFO] [stdout] 
[INFO] [stdout] error: cannot find derive macro `Schema` in this scope
[INFO] [stdout]   --> src/lib.rs:32:10
[INFO] [stdout]    |
[INFO] [stdout] 13 | #[derive(Schema)]
[INFO] [stdout]    |          ^^^^^^
[INFO] [stdout] 
[INFO] [stdout] error[E0599]: no function or associated item named `append_to_schema` found for struct `Woods` in the current scope
[INFO] [stdout]   --> src/lib.rs:42:8
[INFO] [stdout]    |
[INFO] [stdout] 8  | struct Woods {
[INFO] [stdout]    | ------------ function or associated item `append_to_schema` not found for this
[INFO] [stdout] ...
[INFO] [stdout] 23 | Woods::append_to_schema(map);
[INFO] [stdout]    |        ^^^^^^^^^^^^^^^^ function or associated item not found in `Woods`
[INFO] [stdout]    |
[INFO] [stdout]    = help: items from traits can only be used if the trait is implemented and in scope
[INFO] [stdout]    = note: the following trait defines an item `append_to_schema`, perhaps you need to implement it:
[INFO] [stdout]            candidate #1: `doodle::Schema`
[INFO] [stdout] 
[INFO] [stdout] error[E0599]: no function or associated item named `append_to_schema` found for struct `Tale` in the current scope
[INFO] [stdout]   --> src/lib.rs:43:7
[INFO] [stdout]    |
[INFO] [stdout] 14 | struct Tale {
[INFO] [stdout]    | ----------- function or associated item `append_to_schema` not found for this
[INFO] [stdout] ...
[INFO] [stdout] 24 | Tale::append_to_schema(map);
[INFO] [stdout]    |       ^^^^^^^^^^^^^^^^ function or associated item not found in `Tale`
[INFO] [stdout]    |
[INFO] [stdout]    = help: items from traits can only be used if the trait is implemented and in scope
[INFO] [stdout]    = note: the following trait defines an item `append_to_schema`, perhaps you need to implement it:
[INFO] [stdout]            candidate #1: `doodle::Schema`
[INFO] [stdout] 
[INFO] [stdout] error: aborting due to 4 previous errors
[INFO] [stdout] 
[INFO] [stdout] For more information about this error, try `rustc --explain E0599`.
[INFO] [stdout] Couldn't compile the test.
[INFO] [stdout] 
[INFO] [stdout] failures:
[INFO] [stdout]     src/lib.rs - (line 22)
[INFO] [stdout] 
[INFO] [stdout] test result: FAILED. 0 passed; 1 failed; 0 ignored; 0 measured; 0 filtered out; finished in 0.27s
[INFO] [stdout] 
[INFO] [stderr] error: test failed, to rerun pass '--doc'
[INFO] running `Command { std: "docker" "inspect" "ec6825c8388432fa721fc7404c14de2a970a255f88dfd4e00b86657f90fdc095", kill_on_drop: false }`
[INFO] running `Command { std: "docker" "rm" "-f" "ec6825c8388432fa721fc7404c14de2a970a255f88dfd4e00b86657f90fdc095", kill_on_drop: false }`
[INFO] [stdout] ec6825c8388432fa721fc7404c14de2a970a255f88dfd4e00b86657f90fdc095
