[INFO] fetching crate doctor-syn 0.1.0...
[INFO] testing doctor-syn-0.1.0 against 1.54.0 for beta-1.55-1
[INFO] extracting crate doctor-syn 0.1.0 into /workspace/builds/worker-7/source
[INFO] validating manifest of crates.io crate doctor-syn 0.1.0 on toolchain 1.54.0
[INFO] running `Command { std: "/workspace/cargo-home/bin/cargo" "+1.54.0" "metadata" "--manifest-path" "Cargo.toml" "--no-deps", kill_on_drop: false }`
[INFO] started tweaking crates.io crate doctor-syn 0.1.0
[INFO] finished tweaking crates.io crate doctor-syn 0.1.0
[INFO] tweaked toml for crates.io crate doctor-syn 0.1.0 written to /workspace/builds/worker-7/source/Cargo.toml
[INFO] crate crates.io crate doctor-syn 0.1.0 already has a lockfile, it will not be regenerated
[INFO] running `Command { std: "/workspace/cargo-home/bin/cargo" "+1.54.0" "fetch" "--manifest-path" "Cargo.toml", kill_on_drop: false }`
[INFO] [stderr]     Blocking waiting for file lock on package cache
[INFO] running `Command { std: "docker" "create" "-v" "/var/lib/crater-agent-workspace/builds/worker-7/target:/opt/rustwide/target:rw,Z" "-v" "/var/lib/crater-agent-workspace/builds/worker-7/source:/opt/rustwide/workdir:ro,Z" "-v" "/var/lib/crater-agent-workspace/cargo-home:/opt/rustwide/cargo-home:ro,Z" "-v" "/var/lib/crater-agent-workspace/rustup-home:/opt/rustwide/rustup-home:ro,Z" "-e" "SOURCE_DIR=/opt/rustwide/workdir" "-e" "CARGO_TARGET_DIR=/opt/rustwide/target" "-e" "CARGO_HOME=/opt/rustwide/cargo-home" "-e" "RUSTUP_HOME=/opt/rustwide/rustup-home" "-w" "/opt/rustwide/workdir" "-m" "1610612736" "--user" "0:0" "--network" "none" "ghcr.io/rust-lang/crates-build-env/linux@sha256:34b6a614d2c27851fe6cbf88fbd1137609cefab8b10d0615aaeb6fd47975d74e" "/opt/rustwide/cargo-home/bin/cargo" "+1.54.0" "metadata" "--no-deps" "--format-version=1", kill_on_drop: false }`
[INFO] [stdout] 4d3e62466fa46f95f51457f247f96583c8675b3bb1923ed4d60f72537be9a4f2
[INFO] running `Command { std: "docker" "start" "-a" "4d3e62466fa46f95f51457f247f96583c8675b3bb1923ed4d60f72537be9a4f2", kill_on_drop: false }`
[INFO] running `Command { std: "docker" "inspect" "4d3e62466fa46f95f51457f247f96583c8675b3bb1923ed4d60f72537be9a4f2", kill_on_drop: false }`
[INFO] running `Command { std: "docker" "rm" "-f" "4d3e62466fa46f95f51457f247f96583c8675b3bb1923ed4d60f72537be9a4f2", kill_on_drop: false }`
[INFO] [stdout] 4d3e62466fa46f95f51457f247f96583c8675b3bb1923ed4d60f72537be9a4f2
[INFO] running `Command { std: "docker" "create" "-v" "/var/lib/crater-agent-workspace/builds/worker-7/target:/opt/rustwide/target:rw,Z" "-v" "/var/lib/crater-agent-workspace/builds/worker-7/source:/opt/rustwide/workdir:ro,Z" "-v" "/var/lib/crater-agent-workspace/cargo-home:/opt/rustwide/cargo-home:ro,Z" "-v" "/var/lib/crater-agent-workspace/rustup-home:/opt/rustwide/rustup-home:ro,Z" "-e" "SOURCE_DIR=/opt/rustwide/workdir" "-e" "CARGO_TARGET_DIR=/opt/rustwide/target" "-e" "CARGO_INCREMENTAL=0" "-e" "RUST_BACKTRACE=full" "-e" "RUSTFLAGS=--cap-lints=warn" "-e" "CARGO_HOME=/opt/rustwide/cargo-home" "-e" "RUSTUP_HOME=/opt/rustwide/rustup-home" "-w" "/opt/rustwide/workdir" "-m" "1610612736" "--user" "0:0" "--network" "none" "ghcr.io/rust-lang/crates-build-env/linux@sha256:34b6a614d2c27851fe6cbf88fbd1137609cefab8b10d0615aaeb6fd47975d74e" "/opt/rustwide/cargo-home/bin/cargo" "+1.54.0" "build" "--frozen" "--message-format=json", kill_on_drop: false }`
[INFO] [stdout] 7bc6fd136bdcecc4d60fbedc4945ec39f113251f8f2825486fc026c4b4a9b5b4
[INFO] running `Command { std: "docker" "start" "-a" "7bc6fd136bdcecc4d60fbedc4945ec39f113251f8f2825486fc026c4b4a9b5b4", kill_on_drop: false }`
[INFO] [stderr]     Blocking waiting for file lock on package cache
[INFO] [stderr]    Compiling syn v1.0.72
[INFO] [stderr]    Compiling doctor-syn v0.1.0 (/opt/rustwide/workdir)
[INFO] [stdout] warning: function is never used: `sin`
[INFO] [stdout]  --> src/bin/libmgen.rs:6:4
[INFO] [stdout]   |
[INFO] [stdout] 6 | fn sin(x: f32) -> f32 {
[INFO] [stdout]   |    ^^^
[INFO] [stdout]   |
[INFO] [stdout]   = note: `#[warn(dead_code)]` on by default
[INFO] [stdout] 
[INFO] [stdout] 
[INFO] [stdout] warning: function is never used: `cos`
[INFO] [stdout]   --> src/bin/libmgen.rs:18:4
[INFO] [stdout]    |
[INFO] [stdout] 18 | fn cos(x: f32) -> f32 {
[INFO] [stdout]    |    ^^^
[INFO] [stdout] 
[INFO] [stdout] 
[INFO] [stdout] warning: function is never used: `exp`
[INFO] [stdout]   --> src/bin/libmgen.rs:30:4
[INFO] [stdout]    |
[INFO] [stdout] 30 | fn exp(x: f32) -> f32 {
[INFO] [stdout]    |    ^^^
[INFO] [stdout] 
[INFO] [stdout] 
[INFO] [stdout] warning: function is never used: `ln`
[INFO] [stdout]   --> src/bin/libmgen.rs:44:4
[INFO] [stdout]    |
[INFO] [stdout] 44 | fn ln(x: f32) -> f32 {
[INFO] [stdout]    |    ^^
[INFO] [stdout] 
[INFO] [stdout] 
[INFO] [stdout] warning: function is never used: `test_sin`
[INFO] [stdout]    --> src/bin/libmgen.rs:141:4
[INFO] [stdout]     |
[INFO] [stdout] 141 | fn test_sin() {
[INFO] [stdout]     |    ^^^^^^^^
[INFO] [stdout] 
[INFO] [stdout] 
[INFO] [stdout] warning: function is never used: `test_cos`
[INFO] [stdout]    --> src/bin/libmgen.rs:155:4
[INFO] [stdout]     |
[INFO] [stdout] 155 | fn test_cos() {
[INFO] [stdout]     |    ^^^^^^^^
[INFO] [stdout] 
[INFO] [stdout] 
[INFO] [stdout] warning: function is never used: `test_exp`
[INFO] [stdout]    --> src/bin/libmgen.rs:169:4
[INFO] [stdout]     |
[INFO] [stdout] 169 | fn test_exp() {
[INFO] [stdout]     |    ^^^^^^^^
[INFO] [stdout] 
[INFO] [stdout] 
[INFO] [stdout] warning: function is never used: `test_ln`
[INFO] [stdout]    --> src/bin/libmgen.rs:183:4
[INFO] [stdout]     |
[INFO] [stdout] 183 | fn test_ln() {
[INFO] [stdout]     |    ^^^^^^^
[INFO] [stdout] 
[INFO] [stdout] 
[INFO] [stdout] warning: 8 warnings emitted
[INFO] [stdout] 
[INFO] [stdout] 
[INFO] [stderr]     Finished dev [unoptimized + debuginfo] target(s) in 11.53s
[INFO] running `Command { std: "docker" "inspect" "7bc6fd136bdcecc4d60fbedc4945ec39f113251f8f2825486fc026c4b4a9b5b4", kill_on_drop: false }`
[INFO] running `Command { std: "docker" "rm" "-f" "7bc6fd136bdcecc4d60fbedc4945ec39f113251f8f2825486fc026c4b4a9b5b4", kill_on_drop: false }`
[INFO] [stdout] 7bc6fd136bdcecc4d60fbedc4945ec39f113251f8f2825486fc026c4b4a9b5b4
[INFO] running `Command { std: "docker" "create" "-v" "/var/lib/crater-agent-workspace/builds/worker-7/target:/opt/rustwide/target:rw,Z" "-v" "/var/lib/crater-agent-workspace/builds/worker-7/source:/opt/rustwide/workdir:ro,Z" "-v" "/var/lib/crater-agent-workspace/cargo-home:/opt/rustwide/cargo-home:ro,Z" "-v" "/var/lib/crater-agent-workspace/rustup-home:/opt/rustwide/rustup-home:ro,Z" "-e" "SOURCE_DIR=/opt/rustwide/workdir" "-e" "CARGO_TARGET_DIR=/opt/rustwide/target" "-e" "CARGO_INCREMENTAL=0" "-e" "RUST_BACKTRACE=full" "-e" "RUSTFLAGS=--cap-lints=warn" "-e" "CARGO_HOME=/opt/rustwide/cargo-home" "-e" "RUSTUP_HOME=/opt/rustwide/rustup-home" "-w" "/opt/rustwide/workdir" "-m" "1610612736" "--user" "0:0" "--network" "none" "ghcr.io/rust-lang/crates-build-env/linux@sha256:34b6a614d2c27851fe6cbf88fbd1137609cefab8b10d0615aaeb6fd47975d74e" "/opt/rustwide/cargo-home/bin/cargo" "+1.54.0" "test" "--frozen" "--no-run" "--message-format=json", kill_on_drop: false }`
[INFO] [stdout] 0993207a7385dacc1aded9c8a52c536cbc291351d8a19fd5bb1119d75a0f3e27
[INFO] running `Command { std: "docker" "start" "-a" "0993207a7385dacc1aded9c8a52c536cbc291351d8a19fd5bb1119d75a0f3e27", kill_on_drop: false }`
[INFO] [stderr]    Compiling doctor-syn v0.1.0 (/opt/rustwide/workdir)
[INFO] [stdout] warning: function is never used: `sin`
[INFO] [stdout]  --> src/bin/libmgen.rs:6:4
[INFO] [stdout]   |
[INFO] [stdout] 6 | fn sin(x: f32) -> f32 {
[INFO] [stdout]   |    ^^^
[INFO] [stdout]   |
[INFO] [stdout]   = note: `#[warn(dead_code)]` on by default
[INFO] [stdout] 
[INFO] [stdout] 
[INFO] [stdout] warning: function is never used: `cos`
[INFO] [stdout]   --> src/bin/libmgen.rs:18:4
[INFO] [stdout]    |
[INFO] [stdout] 18 | fn cos(x: f32) -> f32 {
[INFO] [stdout]    |    ^^^
[INFO] [stdout] 
[INFO] [stdout] 
[INFO] [stdout] warning: function is never used: `exp`
[INFO] [stdout]   --> src/bin/libmgen.rs:30:4
[INFO] [stdout]    |
[INFO] [stdout] 30 | fn exp(x: f32) -> f32 {
[INFO] [stdout]    |    ^^^
[INFO] [stdout] 
[INFO] [stdout] 
[INFO] [stdout] warning: function is never used: `ln`
[INFO] [stdout]   --> src/bin/libmgen.rs:44:4
[INFO] [stdout]    |
[INFO] [stdout] 44 | fn ln(x: f32) -> f32 {
[INFO] [stdout]    |    ^^
[INFO] [stdout] 
[INFO] [stdout] 
[INFO] [stdout] warning: function is never used: `test_sin`
[INFO] [stdout]    --> src/bin/libmgen.rs:141:4
[INFO] [stdout]     |
[INFO] [stdout] 141 | fn test_sin() {
[INFO] [stdout]     |    ^^^^^^^^
[INFO] [stdout] 
[INFO] [stdout] 
[INFO] [stdout] warning: function is never used: `test_cos`
[INFO] [stdout]    --> src/bin/libmgen.rs:155:4
[INFO] [stdout]     |
[INFO] [stdout] 155 | fn test_cos() {
[INFO] [stdout]     |    ^^^^^^^^
[INFO] [stdout] 
[INFO] [stdout] 
[INFO] [stdout] warning: function is never used: `test_exp`
[INFO] [stdout]    --> src/bin/libmgen.rs:169:4
[INFO] [stdout]     |
[INFO] [stdout] 169 | fn test_exp() {
[INFO] [stdout]     |    ^^^^^^^^
[INFO] [stdout] 
[INFO] [stdout] 
[INFO] [stdout] warning: function is never used: `test_ln`
[INFO] [stdout]    --> src/bin/libmgen.rs:183:4
[INFO] [stdout]     |
[INFO] [stdout] 183 | fn test_ln() {
[INFO] [stdout]     |    ^^^^^^^
[INFO] [stdout] 
[INFO] [stdout] 
[INFO] [stdout] warning: 8 warnings emitted
[INFO] [stdout] 
[INFO] [stdout] 
[INFO] [stderr]     Finished test [unoptimized + debuginfo] target(s) in 2.52s
[INFO] running `Command { std: "docker" "inspect" "0993207a7385dacc1aded9c8a52c536cbc291351d8a19fd5bb1119d75a0f3e27", kill_on_drop: false }`
[INFO] running `Command { std: "docker" "rm" "-f" "0993207a7385dacc1aded9c8a52c536cbc291351d8a19fd5bb1119d75a0f3e27", kill_on_drop: false }`
[INFO] [stdout] 0993207a7385dacc1aded9c8a52c536cbc291351d8a19fd5bb1119d75a0f3e27
[INFO] running `Command { std: "docker" "create" "-v" "/var/lib/crater-agent-workspace/builds/worker-7/target:/opt/rustwide/target:rw,Z" "-v" "/var/lib/crater-agent-workspace/builds/worker-7/source:/opt/rustwide/workdir:ro,Z" "-v" "/var/lib/crater-agent-workspace/cargo-home:/opt/rustwide/cargo-home:ro,Z" "-v" "/var/lib/crater-agent-workspace/rustup-home:/opt/rustwide/rustup-home:ro,Z" "-e" "SOURCE_DIR=/opt/rustwide/workdir" "-e" "CARGO_TARGET_DIR=/opt/rustwide/target" "-e" "CARGO_INCREMENTAL=0" "-e" "RUST_BACKTRACE=full" "-e" "RUSTFLAGS=--cap-lints=warn" "-e" "CARGO_HOME=/opt/rustwide/cargo-home" "-e" "RUSTUP_HOME=/opt/rustwide/rustup-home" "-w" "/opt/rustwide/workdir" "-m" "1610612736" "--user" "0:0" "--network" "none" "ghcr.io/rust-lang/crates-build-env/linux@sha256:34b6a614d2c27851fe6cbf88fbd1137609cefab8b10d0615aaeb6fd47975d74e" "/opt/rustwide/cargo-home/bin/cargo" "+1.54.0" "test" "--frozen", kill_on_drop: false }`
[INFO] [stdout] 260bb3d5050c2eb07c4704c42b43d2f3c8d06dacfd6a9464d34ac50cf5da7509
[INFO] running `Command { std: "docker" "start" "-a" "260bb3d5050c2eb07c4704c42b43d2f3c8d06dacfd6a9464d34ac50cf5da7509", kill_on_drop: false }`
[INFO] [stderr] warning: function is never used: `sin`
[INFO] [stderr]  --> src/bin/libmgen.rs:6:4
[INFO] [stderr]   |
[INFO] [stderr] 6 | fn sin(x: f32) -> f32 {
[INFO] [stderr]   |    ^^^
[INFO] [stderr]   |
[INFO] [stderr]   = note: `#[warn(dead_code)]` on by default
[INFO] [stderr] 
[INFO] [stderr] warning: function is never used: `cos`
[INFO] [stderr]   --> src/bin/libmgen.rs:18:4
[INFO] [stderr]    |
[INFO] [stderr] 18 | fn cos(x: f32) -> f32 {
[INFO] [stderr]    |    ^^^
[INFO] [stderr] 
[INFO] [stderr] warning: function is never used: `exp`
[INFO] [stderr]   --> src/bin/libmgen.rs:30:4
[INFO] [stderr]    |
[INFO] [stderr] 30 | fn exp(x: f32) -> f32 {
[INFO] [stderr]    |    ^^^
[INFO] [stderr] 
[INFO] [stderr] warning: function is never used: `ln`
[INFO] [stderr]   --> src/bin/libmgen.rs:44:4
[INFO] [stderr]    |
[INFO] [stderr] 44 | fn ln(x: f32) -> f32 {
[INFO] [stderr]    |    ^^
[INFO] [stderr] 
[INFO] [stderr] warning: function is never used: `test_sin`
[INFO] [stderr]    --> src/bin/libmgen.rs:141:4
[INFO] [stderr]     |
[INFO] [stderr] 141 | fn test_sin() {
[INFO] [stderr]     |    ^^^^^^^^
[INFO] [stderr] 
[INFO] [stderr] warning: function is never used: `test_cos`
[INFO] [stderr]    --> src/bin/libmgen.rs:155:4
[INFO] [stderr]     |
[INFO] [stderr] 155 | fn test_cos() {
[INFO] [stderr]     |    ^^^^^^^^
[INFO] [stderr] 
[INFO] [stderr] warning: function is never used: `test_exp`
[INFO] [stderr]    --> src/bin/libmgen.rs:169:4
[INFO] [stderr]     |
[INFO] [stderr] 169 | fn test_exp() {
[INFO] [stderr]     |    ^^^^^^^^
[INFO] [stderr] 
[INFO] [stderr] warning: function is never used: `test_ln`
[INFO] [stderr]    --> src/bin/libmgen.rs:183:4
[INFO] [stderr]     |
[INFO] [stderr] 183 | fn test_ln() {
[INFO] [stderr]     |    ^^^^^^^
[INFO] [stderr] 
[INFO] [stderr] warning: 8 warnings emitted
[INFO] [stderr] 
[INFO] [stderr]     Finished test [unoptimized + debuginfo] target(s) in 0.03s
[INFO] [stderr]      Running unittests (/opt/rustwide/target/debug/deps/doctor_syn-b814f982280e337e)
[INFO] [stdout] 
[INFO] [stdout] running 5 tests
[INFO] [stdout] test transformation::collect::collect ... ok
[INFO] [stdout] test variablelist::test_vars ... ok
[INFO] [stdout] test polynomial::test::test_poly ... ok
[INFO] [stdout] test transformation::paren::unary ... ok
[INFO] [stdout] test transformation::expand::expand ... ok
[INFO] [stdout] 
[INFO] [stdout] test result: ok. 5 passed; 0 failed; 0 ignored; 0 measured; 0 filtered out; finished in 0.04s
[INFO] [stdout] 
[INFO] [stderr]      Running unittests (/opt/rustwide/target/debug/deps/libmgen-e1ce123fe65ae5b0)
[INFO] [stdout] 
[INFO] [stdout] running 0 tests
[INFO] [stdout] 
[INFO] [stdout] test result: ok. 0 passed; 0 failed; 0 ignored; 0 measured; 0 filtered out; finished in 0.00s
[INFO] [stdout] 
[INFO] [stderr]    Doc-tests doctor-syn
[INFO] [stdout] 
[INFO] [stdout] running 8 tests
[INFO] [stdout] test src/expression.rs - expression::Expression::approx (line 202) ... FAILED
[INFO] [stdout] test src/expression.rs - expression::Expression::collect_terms (line 249) ... ok
[INFO] [stdout] test src/expression.rs - expression::Expression::subst (line 175) ... ok
[INFO] [stdout] test src/expression.rs - expression::Expression::is_lit (line 163) ... ok
[INFO] [stdout] test src/expression.rs - expression::Expression::expand (line 220) ... ok
[INFO] [stdout] test src/expression.rs - expression::Expression::use_suffix (line 277) ... ok
[INFO] [stdout] test src/expression.rs - expression::Expression::eval (line 185) ... ok
[INFO] [stdout] test src/expression.rs - expression::Expression::paren (line 262) ... ok
[INFO] [stdout] 
[INFO] [stdout] failures:
[INFO] [stdout] 
[INFO] [stdout] ---- src/expression.rs - expression::Expression::approx (line 202) stdout ----
[INFO] [stdout] error: no rules expected the token `,`
[INFO] [stdout]  --> src/expression.rs:205:92
[INFO] [stdout]   |
[INFO] [stdout] 6 | assert_eq!(expr!(x).approx(2, 0.0, 1.0, name!(x)).unwrap(), expr!(1f64 . mul_add (x , 0f64), Parity::Neither));
[INFO] [stdout]   |                                                                                            ^ no rules expected this token in macro call
[INFO] [stdout] 
[INFO] [stdout] error[E0061]: this function takes 5 arguments but 4 arguments were supplied
[INFO] [stdout]    --> src/expression.rs:205:21
[INFO] [stdout]     |
[INFO] [stdout] 6   | assert_eq!(expr!(x).approx(2, 0.0, 1.0, name!(x)).unwrap(), expr!(1f64 . mul_add (x , 0f64), Parity::Neither));
[INFO] [stdout]     |                     ^^^^^^ -  ---  ---  -------- supplied 4 arguments
[INFO] [stdout]     |                     |
[INFO] [stdout]     |                     expected 5 arguments
[INFO] [stdout]     |
[INFO] [stdout] note: associated function defined here
[INFO] [stdout]    --> /opt/rustwide/workdir/src/expression.rs:207:12
[INFO] [stdout]     |
[INFO] [stdout] 207 |     pub fn approx<T: Evaluateable>(
[INFO] [stdout]     |            ^^^^^^
[INFO] [stdout] 
[INFO] [stdout] error: aborting due to 2 previous errors
[INFO] [stdout] 
[INFO] [stdout] For more information about this error, try `rustc --explain E0061`.
[INFO] [stdout] Couldn't compile the test.
[INFO] [stdout] 
[INFO] [stdout] failures:
[INFO] [stdout]     src/expression.rs - expression::Expression::approx (line 202)
[INFO] [stdout] 
[INFO] [stdout] test result: FAILED. 7 passed; 1 failed; 0 ignored; 0 measured; 0 filtered out; finished in 2.07s
[INFO] [stdout] 
[INFO] [stderr] error: test failed, to rerun pass '--doc'
[INFO] running `Command { std: "docker" "inspect" "260bb3d5050c2eb07c4704c42b43d2f3c8d06dacfd6a9464d34ac50cf5da7509", kill_on_drop: false }`
[INFO] running `Command { std: "docker" "rm" "-f" "260bb3d5050c2eb07c4704c42b43d2f3c8d06dacfd6a9464d34ac50cf5da7509", kill_on_drop: false }`
[INFO] [stdout] 260bb3d5050c2eb07c4704c42b43d2f3c8d06dacfd6a9464d34ac50cf5da7509
