[INFO] fetching crate dockyard 0.1.1...
[INFO] testing dockyard-0.1.1 against beta-2021-08-01 for beta-1.55-1
[INFO] extracting crate dockyard 0.1.1 into /workspace/builds/worker-25/source
[INFO] validating manifest of crates.io crate dockyard 0.1.1 on toolchain beta-2021-08-01
[INFO] running `Command { std: "/workspace/cargo-home/bin/cargo" "+beta-2021-08-01" "metadata" "--manifest-path" "Cargo.toml" "--no-deps", kill_on_drop: false }`
[INFO] started tweaking crates.io crate dockyard 0.1.1
[INFO] finished tweaking crates.io crate dockyard 0.1.1
[INFO] tweaked toml for crates.io crate dockyard 0.1.1 written to /workspace/builds/worker-25/source/Cargo.toml
[INFO] crate crates.io crate dockyard 0.1.1 already has a lockfile, it will not be regenerated
[INFO] running `Command { std: "/workspace/cargo-home/bin/cargo" "+beta-2021-08-01" "fetch" "--manifest-path" "Cargo.toml", kill_on_drop: false }`
[INFO] [stderr]  Downloading crates ...
[INFO] [stderr]   Downloaded vergen v3.1.0
[INFO] [stderr]   Downloaded futures-macro v0.3.6
[INFO] [stderr]   Downloaded hyper v0.13.8
[INFO] [stderr]   Downloaded tokio-rustls v0.14.1
[INFO] [stderr]   Downloaded anyhow v1.0.33
[INFO] [stderr]   Downloaded webpki-roots v0.20.0
[INFO] [stderr]   Downloaded pin-project v0.4.26
[INFO] [stderr]   Downloaded pin-project-lite v0.1.10
[INFO] [stderr]   Downloaded aho-corasick v0.7.14
[INFO] [stderr]   Downloaded ctrlc v3.1.7
[INFO] [stderr]   Downloaded security-framework-sys v1.0.0
[INFO] [stderr]   Downloaded hyper-unix-connector v0.1.5
[INFO] [stderr]   Downloaded pin-project-internal v0.4.26
[INFO] [stderr]   Downloaded security-framework v1.0.0
[INFO] [stderr]   Downloaded futures-channel v0.3.6
[INFO] [stderr]   Downloaded rustls-native-certs v0.4.0
[INFO] [stderr]   Downloaded flate2 v1.0.18
[INFO] [stderr]   Downloaded futures-util v0.3.6
[INFO] [stderr]   Downloaded futures-core v0.3.6
[INFO] [stderr]   Downloaded bollard-stubs v1.40.5
[INFO] [stderr]   Downloaded futures-executor v0.3.6
[INFO] [stderr]   Downloaded uuid v0.4.0
[INFO] [stderr]   Downloaded ct-logs v0.7.0
[INFO] [stderr]   Downloaded futures-io v0.3.6
[INFO] [stderr]   Downloaded regex-syntax v0.6.19
[INFO] [stderr]   Downloaded futures v0.3.6
[INFO] [stderr]   Downloaded futures-task v0.3.6
[INFO] [stderr]   Downloaded syn v1.0.43
[INFO] [stderr]   Downloaded futures-sink v0.3.6
[INFO] [stderr]   Downloaded filetime v0.2.12
[INFO] [stderr]   Downloaded tar v0.4.30
[INFO] [stderr]   Downloaded tracing v0.1.21
[INFO] [stderr]   Downloaded regex v1.4.0
[INFO] [stderr]   Downloaded bollard v0.8.0
[INFO] running `Command { std: "docker" "create" "-v" "/var/lib/crater-agent-workspace/builds/worker-25/target:/opt/rustwide/target:rw,Z" "-v" "/var/lib/crater-agent-workspace/builds/worker-25/source:/opt/rustwide/workdir:ro,Z" "-v" "/var/lib/crater-agent-workspace/cargo-home:/opt/rustwide/cargo-home:ro,Z" "-v" "/var/lib/crater-agent-workspace/rustup-home:/opt/rustwide/rustup-home:ro,Z" "-e" "SOURCE_DIR=/opt/rustwide/workdir" "-e" "CARGO_TARGET_DIR=/opt/rustwide/target" "-e" "CARGO_HOME=/opt/rustwide/cargo-home" "-e" "RUSTUP_HOME=/opt/rustwide/rustup-home" "-w" "/opt/rustwide/workdir" "-m" "1610612736" "--user" "0:0" "--network" "none" "ghcr.io/rust-lang/crates-build-env/linux@sha256:34b6a614d2c27851fe6cbf88fbd1137609cefab8b10d0615aaeb6fd47975d74e" "/opt/rustwide/cargo-home/bin/cargo" "+beta-2021-08-01" "metadata" "--no-deps" "--format-version=1", kill_on_drop: false }`
[INFO] [stdout] 6c53ac679b69b42cf09aac9a2fc7edbc788212c28f6d4987ff164a2715342109
[INFO] running `Command { std: "docker" "start" "-a" "6c53ac679b69b42cf09aac9a2fc7edbc788212c28f6d4987ff164a2715342109", kill_on_drop: false }`
[INFO] running `Command { std: "docker" "inspect" "6c53ac679b69b42cf09aac9a2fc7edbc788212c28f6d4987ff164a2715342109", kill_on_drop: false }`
[INFO] running `Command { std: "docker" "rm" "-f" "6c53ac679b69b42cf09aac9a2fc7edbc788212c28f6d4987ff164a2715342109", kill_on_drop: false }`
[INFO] [stdout] 6c53ac679b69b42cf09aac9a2fc7edbc788212c28f6d4987ff164a2715342109
[INFO] running `Command { std: "docker" "create" "-v" "/var/lib/crater-agent-workspace/builds/worker-25/target:/opt/rustwide/target:rw,Z" "-v" "/var/lib/crater-agent-workspace/builds/worker-25/source:/opt/rustwide/workdir:ro,Z" "-v" "/var/lib/crater-agent-workspace/cargo-home:/opt/rustwide/cargo-home:ro,Z" "-v" "/var/lib/crater-agent-workspace/rustup-home:/opt/rustwide/rustup-home:ro,Z" "-e" "SOURCE_DIR=/opt/rustwide/workdir" "-e" "CARGO_TARGET_DIR=/opt/rustwide/target" "-e" "CARGO_INCREMENTAL=0" "-e" "RUST_BACKTRACE=full" "-e" "RUSTFLAGS=--cap-lints=warn" "-e" "CARGO_HOME=/opt/rustwide/cargo-home" "-e" "RUSTUP_HOME=/opt/rustwide/rustup-home" "-w" "/opt/rustwide/workdir" "-m" "1610612736" "--user" "0:0" "--network" "none" "ghcr.io/rust-lang/crates-build-env/linux@sha256:34b6a614d2c27851fe6cbf88fbd1137609cefab8b10d0615aaeb6fd47975d74e" "/opt/rustwide/cargo-home/bin/cargo" "+beta-2021-08-01" "build" "--frozen" "--message-format=json", kill_on_drop: false }`
[INFO] [stdout] eec4b4af92a8f6ee73a288ad48751b7bdc82aef9b1de2adbb5b1123ef6c98338
[INFO] running `Command { std: "docker" "start" "-a" "eec4b4af92a8f6ee73a288ad48751b7bdc82aef9b1de2adbb5b1123ef6c98338", kill_on_drop: false }`
[INFO] [stderr]    Compiling libc v0.2.79
[INFO] [stderr]    Compiling syn v1.0.43
[INFO] [stderr]    Compiling log v0.4.11
[INFO] [stderr]    Compiling once_cell v1.4.1
[INFO] [stderr]    Compiling memchr v2.3.3
[INFO] [stderr]    Compiling serde_derive v1.0.116
[INFO] [stderr]    Compiling serde v1.0.116
[INFO] [stderr]    Compiling cc v1.0.61
[INFO] [stderr]    Compiling futures-core v0.3.6
[INFO] [stderr]    Compiling pin-project-internal v0.4.26
[INFO] [stderr]    Compiling bytes v0.5.6
[INFO] [stderr]    Compiling spin v0.5.2
[INFO] [stderr]    Compiling proc-macro-nested v0.1.6
[INFO] [stderr]    Compiling untrusted v0.7.1
[INFO] [stderr]    Compiling futures-sink v0.3.6
[INFO] [stderr]    Compiling pin-project-lite v0.1.10
[INFO] [stderr]    Compiling proc-macro-hack v0.5.18
[INFO] [stderr]    Compiling itoa v0.4.6
[INFO] [stderr]    Compiling futures-io v0.3.6
[INFO] [stderr]    Compiling hashbrown v0.9.1
[INFO] [stderr]    Compiling tinyvec v0.3.4
[INFO] [stderr]    Compiling base64 v0.12.3
[INFO] [stderr]    Compiling getrandom v0.1.15
[INFO] [stderr]    Compiling tower-service v0.3.0
[INFO] [stderr]    Compiling httpdate v0.3.2
[INFO] [stderr]    Compiling anyhow v1.0.33
[INFO] [stderr]    Compiling serde_json v1.0.59
[INFO] [stderr]    Compiling nix v0.18.0
[INFO] [stderr]    Compiling hex v0.4.2
[INFO] [stderr]    Compiling adler v0.2.3
[INFO] [stderr]    Compiling ppv-lite86 v0.2.9
[INFO] [stderr]    Compiling dtoa v0.4.6
[INFO] [stderr]    Compiling regex-syntax v0.6.19
[INFO] [stderr]    Compiling vec_map v0.8.2
[INFO] [stderr]    Compiling yaml-rust v0.3.5
[INFO] [stderr]    Compiling base64 v0.13.0
[INFO] [stderr]    Compiling num-traits v0.2.12
[INFO] [stderr]    Compiling num-integer v0.1.43
[INFO] [stderr]    Compiling indexmap v1.6.0
[INFO] [stderr]    Compiling tracing-core v0.1.17
[INFO] [stderr]    Compiling miniz_oxide v0.4.3
[INFO] [stderr]    Compiling thread_local v1.0.1
[INFO] [stderr]    Compiling quote v1.0.7
[INFO] [stderr]    Compiling futures-channel v0.3.6
[INFO] [stderr]    Compiling futures-task v0.3.6
[INFO] [stderr]    Compiling unicode-normalization v0.1.13
[INFO] [stderr]    Compiling want v0.3.0
[INFO] [stderr]    Compiling http v0.2.1
[INFO] [stderr]    Compiling tracing v0.1.21
[INFO] [stderr]    Compiling aho-corasick v0.7.14
[INFO] [stderr]    Compiling ring v0.16.15
[INFO] [stderr]    Compiling idna v0.2.0
[INFO] [stderr]    Compiling net2 v0.2.35
[INFO] [stderr]    Compiling iovec v0.1.4
[INFO] [stderr]    Compiling time v0.1.44
[INFO] [stderr]    Compiling socket2 v0.3.15
[INFO] [stderr]    Compiling atty v0.2.14
[INFO] [stderr]    Compiling dirs-sys v0.3.5
[INFO] [stderr]    Compiling rand v0.4.6
[INFO] [stderr]    Compiling xattr v0.2.2
[INFO] [stderr]    Compiling filetime v0.2.12
[INFO] [stderr]    Compiling flate2 v1.0.18
[INFO] [stderr]    Compiling url v2.1.1
[INFO] [stderr]    Compiling tar v0.4.30
[INFO] [stderr]    Compiling colored v1.9.3
[INFO] [stderr]    Compiling clap v2.33.3
[INFO] [stderr]    Compiling mio v0.6.22
[INFO] [stderr]    Compiling dirs v3.0.1
[INFO] [stderr]    Compiling regex v1.4.0
[INFO] [stderr]    Compiling rand_core v0.5.1
[INFO] [stderr]    Compiling http-body v0.3.1
[INFO] [stderr]    Compiling rand v0.3.23
[INFO] [stderr]    Compiling rand_chacha v0.2.2
[INFO] [stderr]    Compiling uuid v0.4.0
[INFO] [stderr]    Compiling rand v0.7.3
[INFO] [stderr]    Compiling mio-uds v0.6.8
[INFO] [stderr]    Compiling tokio v0.2.22
[INFO] [stderr]    Compiling darling_core v0.10.2
[INFO] [stderr]    Compiling ctrlc v3.1.7
[INFO] [stderr]    Compiling webpki v0.21.3
[INFO] [stderr]    Compiling sct v0.6.0
[INFO] [stderr]    Compiling ct-logs v0.7.0
[INFO] [stderr]    Compiling rustls v0.18.1
[INFO] [stderr]    Compiling webpki-roots v0.20.0
[INFO] [stderr]    Compiling tokio-util v0.3.1
[INFO] [stderr]    Compiling futures-macro v0.3.6
[INFO] [stderr]    Compiling thiserror-impl v1.0.21
[INFO] [stderr]    Compiling darling_macro v0.10.2
[INFO] [stderr]    Compiling darling v0.10.2
[INFO] [stderr]    Compiling serde_with_macros v1.2.2
[INFO] [stderr]    Compiling rustls-native-certs v0.4.0
[INFO] [stderr]    Compiling tokio-rustls v0.14.1
[INFO] [stderr]    Compiling thiserror v1.0.21
[INFO] [stderr]    Compiling pin-project v0.4.26
[INFO] [stderr]    Compiling futures-util v0.3.6
[INFO] [stderr]    Compiling h2 v0.2.6
[INFO] [stderr]    Compiling futures-executor v0.3.6
[INFO] [stderr]    Compiling futures v0.3.6
[INFO] [stderr]    Compiling chrono v0.4.19
[INFO] [stderr]    Compiling serde_with v1.5.1
[INFO] [stderr]    Compiling serde_urlencoded v0.6.1
[INFO] [stderr]    Compiling simple_logger v1.11.0
[INFO] [stderr]    Compiling vergen v3.1.0
[INFO] [stderr]    Compiling hyper v0.13.8
[INFO] [stderr]    Compiling bollard-stubs v1.40.5
[INFO] [stderr]    Compiling dockyard v0.1.1 (/opt/rustwide/workdir)
[INFO] [stderr]    Compiling hyper-unix-connector v0.1.5
[INFO] [stderr]    Compiling hyper-rustls v0.21.0
[INFO] [stderr]    Compiling bollard v0.8.0
[INFO] [stderr]     Finished dev [unoptimized + debuginfo] target(s) in 1m 00s
[INFO] running `Command { std: "docker" "inspect" "eec4b4af92a8f6ee73a288ad48751b7bdc82aef9b1de2adbb5b1123ef6c98338", kill_on_drop: false }`
[INFO] running `Command { std: "docker" "rm" "-f" "eec4b4af92a8f6ee73a288ad48751b7bdc82aef9b1de2adbb5b1123ef6c98338", kill_on_drop: false }`
[INFO] [stdout] eec4b4af92a8f6ee73a288ad48751b7bdc82aef9b1de2adbb5b1123ef6c98338
[INFO] running `Command { std: "docker" "create" "-v" "/var/lib/crater-agent-workspace/builds/worker-25/target:/opt/rustwide/target:rw,Z" "-v" "/var/lib/crater-agent-workspace/builds/worker-25/source:/opt/rustwide/workdir:ro,Z" "-v" "/var/lib/crater-agent-workspace/cargo-home:/opt/rustwide/cargo-home:ro,Z" "-v" "/var/lib/crater-agent-workspace/rustup-home:/opt/rustwide/rustup-home:ro,Z" "-e" "SOURCE_DIR=/opt/rustwide/workdir" "-e" "CARGO_TARGET_DIR=/opt/rustwide/target" "-e" "CARGO_INCREMENTAL=0" "-e" "RUST_BACKTRACE=full" "-e" "RUSTFLAGS=--cap-lints=warn" "-e" "CARGO_HOME=/opt/rustwide/cargo-home" "-e" "RUSTUP_HOME=/opt/rustwide/rustup-home" "-w" "/opt/rustwide/workdir" "-m" "1610612736" "--user" "0:0" "--network" "none" "ghcr.io/rust-lang/crates-build-env/linux@sha256:34b6a614d2c27851fe6cbf88fbd1137609cefab8b10d0615aaeb6fd47975d74e" "/opt/rustwide/cargo-home/bin/cargo" "+beta-2021-08-01" "test" "--frozen" "--no-run" "--message-format=json", kill_on_drop: false }`
[INFO] [stdout] 06aed6c8022ecc67e10406af22f590d4b9a8e535322b934c5fadba4444c1a3a7
[INFO] running `Command { std: "docker" "start" "-a" "06aed6c8022ecc67e10406af22f590d4b9a8e535322b934c5fadba4444c1a3a7", kill_on_drop: false }`
[INFO] [stderr]     Blocking waiting for file lock on package cache
[INFO] [stderr]    Compiling tempfile v3.1.0
[INFO] [stderr]    Compiling dockyard v0.1.1 (/opt/rustwide/workdir)
[INFO] [stdout] warning: unused borrow that must be used
[INFO] [stdout]   --> tests/backup_and_restore_test.rs:47:9
[INFO] [stdout]    |
[INFO] [stdout] 47 | /         &client.create_volume(CreateVolumeOptions {
[INFO] [stdout] 48 | |             name: volume_name.clone(),
[INFO] [stdout] 49 | |             driver: "local".to_string(),
[INFO] [stdout] 50 | |             driver_opts: Default::default(),
[INFO] [stdout] 51 | |             labels: Default::default(),
[INFO] [stdout] 52 | |         }).await.unwrap();
[INFO] [stdout]    | |_________________________^
[INFO] [stdout]    |
[INFO] [stdout]    = note: `#[warn(unused_must_use)]` on by default
[INFO] [stdout] 
[INFO] [stdout] 
[INFO] [stdout] warning: unused borrow that must be used
[INFO] [stdout]   --> tests/backup_and_restore_test.rs:54:9
[INFO] [stdout]    |
[INFO] [stdout] 54 | /         &client.create_volume(CreateVolumeOptions {
[INFO] [stdout] 55 | |             name: backup_name.clone(),
[INFO] [stdout] 56 | |             driver: "local".to_string(),
[INFO] [stdout] 57 | |             driver_opts: Default::default(),
[INFO] [stdout] 58 | |             labels: Default::default(),
[INFO] [stdout] 59 | |         }).await.unwrap();
[INFO] [stdout]    | |_________________________^
[INFO] [stdout] 
[INFO] [stdout] 
[INFO] [stdout] warning: unused borrow that must be used
[INFO] [stdout]    --> tests/backup_and_restore_test.rs:79:9
[INFO] [stdout]     |
[INFO] [stdout] 79  | /         &client.create_container(
[INFO] [stdout] 80  | |             Some(CreateContainerOptions { name: container_name.clone() }),
[INFO] [stdout] 81  | |             Config {
[INFO] [stdout] 82  | |                 env: Some(vec!["VAR1=a", "VAR2=b"]),
[INFO] [stdout] ...   |
[INFO] [stdout] 105 | |             },
[INFO] [stdout] 106 | |         ).await.unwrap();
[INFO] [stdout]     | |________________________^
[INFO] [stdout] 
[INFO] [stdout] 
[INFO] [stdout] warning: unused borrow that must be used
[INFO] [stdout]    --> tests/backup_and_restore_test.rs:109:9
[INFO] [stdout]     |
[INFO] [stdout] 109 |         &client.start_container(&container_name, None::<StartContainerOptions<String>>).await.unwrap();
[INFO] [stdout]     |         ^^^^^^^^^^^^^^^^^^^^^^^^^^^^^^^^^^^^^^^^^^^^^^^^^^^^^^^^^^^^^^^^^^^^^^^^^^^^^^^^^^^^^^^^^^^^^^
[INFO] [stdout] 
[INFO] [stdout] 
[INFO] [stdout] warning: unused borrow that must be used
[INFO] [stdout]    --> tests/backup_and_restore_test.rs:118:9
[INFO] [stdout]     |
[INFO] [stdout] 118 |         &client.kill_container(&container_name, None::<KillContainerOptions<String>>).await.unwrap();
[INFO] [stdout]     |         ^^^^^^^^^^^^^^^^^^^^^^^^^^^^^^^^^^^^^^^^^^^^^^^^^^^^^^^^^^^^^^^^^^^^^^^^^^^^^^^^^^^^^^^^^^^^
[INFO] [stdout] 
[INFO] [stdout] 
[INFO] [stdout] warning: unused borrow that must be used
[INFO] [stdout]    --> tests/backup_and_restore_test.rs:119:9
[INFO] [stdout]     |
[INFO] [stdout] 119 |         &client.remove_container(&container_name, None::<RemoveContainerOptions>).await.unwrap();
[INFO] [stdout]     |         ^^^^^^^^^^^^^^^^^^^^^^^^^^^^^^^^^^^^^^^^^^^^^^^^^^^^^^^^^^^^^^^^^^^^^^^^^^^^^^^^^^^^^^^^
[INFO] [stdout] 
[INFO] [stdout] 
[INFO] [stdout] warning: unused borrow that must be used
[INFO] [stdout]    --> tests/backup_and_restore_test.rs:120:9
[INFO] [stdout]     |
[INFO] [stdout] 120 |         &client.remove_volume(&volume_name, None::<RemoveVolumeOptions>).await.unwrap();
[INFO] [stdout]     |         ^^^^^^^^^^^^^^^^^^^^^^^^^^^^^^^^^^^^^^^^^^^^^^^^^^^^^^^^^^^^^^^^^^^^^^^^^^^^^^^
[INFO] [stdout] 
[INFO] [stdout] 
[INFO] [stdout] warning: unused borrow that must be used
[INFO] [stdout]    --> tests/backup_and_restore_test.rs:127:9
[INFO] [stdout]     |
[INFO] [stdout] 127 |         &client.start_container(&restored_name, None::<StartContainerOptions<String>>).await.unwrap();
[INFO] [stdout]     |         ^^^^^^^^^^^^^^^^^^^^^^^^^^^^^^^^^^^^^^^^^^^^^^^^^^^^^^^^^^^^^^^^^^^^^^^^^^^^^^^^^^^^^^^^^^^^^
[INFO] [stdout] 
[INFO] [stdout] 
[INFO] [stdout] warning: unused borrow that must be used
[INFO] [stdout]    --> tests/backup_and_restore_test.rs:140:9
[INFO] [stdout]     |
[INFO] [stdout] 140 |         &client.kill_container(&restored_name, None::<KillContainerOptions<String>>).await.unwrap();
[INFO] [stdout]     |         ^^^^^^^^^^^^^^^^^^^^^^^^^^^^^^^^^^^^^^^^^^^^^^^^^^^^^^^^^^^^^^^^^^^^^^^^^^^^^^^^^^^^^^^^^^^
[INFO] [stdout] 
[INFO] [stdout] 
[INFO] [stdout] warning: unused borrow that must be used
[INFO] [stdout]    --> tests/backup_and_restore_test.rs:141:9
[INFO] [stdout]     |
[INFO] [stdout] 141 |         &client.remove_container(&restored_name, None::<RemoveContainerOptions>).await.unwrap();
[INFO] [stdout]     |         ^^^^^^^^^^^^^^^^^^^^^^^^^^^^^^^^^^^^^^^^^^^^^^^^^^^^^^^^^^^^^^^^^^^^^^^^^^^^^^^^^^^^^^^
[INFO] [stdout] 
[INFO] [stdout] 
[INFO] [stdout] warning: unused borrow that must be used
[INFO] [stdout]    --> tests/backup_and_restore_test.rs:144:9
[INFO] [stdout]     |
[INFO] [stdout] 144 |         &client.remove_volume(&backup_name, None::<RemoveVolumeOptions>).await.unwrap();
[INFO] [stdout]     |         ^^^^^^^^^^^^^^^^^^^^^^^^^^^^^^^^^^^^^^^^^^^^^^^^^^^^^^^^^^^^^^^^^^^^^^^^^^^^^^^
[INFO] [stdout] 
[INFO] [stdout] 
[INFO] [stdout] warning: unused borrow that must be used
[INFO] [stdout]    --> tests/backup_and_restore_test.rs:145:9
[INFO] [stdout]     |
[INFO] [stdout] 145 |         &client.remove_volume(&volume_name, None::<RemoveVolumeOptions>).await.unwrap();
[INFO] [stdout]     |         ^^^^^^^^^^^^^^^^^^^^^^^^^^^^^^^^^^^^^^^^^^^^^^^^^^^^^^^^^^^^^^^^^^^^^^^^^^^^^^^
[INFO] [stdout] 
[INFO] [stdout] 
[INFO] [stdout] warning: unused borrow that must be used
[INFO] [stdout]    --> src/backup.rs:359:13
[INFO] [stdout]     |
[INFO] [stdout] 359 | /             &docker.create_volume(CreateVolumeOptions {
[INFO] [stdout] 360 | |                 name: volume_name.as_str(),
[INFO] [stdout] 361 | |                 driver: &"local".to_string(),
[INFO] [stdout] 362 | |                 driver_opts: Default::default(),
[INFO] [stdout] 363 | |                 labels: Default::default(),
[INFO] [stdout] 364 | |             }).await.unwrap();
[INFO] [stdout]     | |_____________________________^
[INFO] [stdout]     |
[INFO] [stdout]     = note: `#[warn(unused_must_use)]` on by default
[INFO] [stdout] 
[INFO] [stdout] 
[INFO] [stdout] warning: unused borrow that must be used
[INFO] [stdout]    --> src/restore.rs:178:13
[INFO] [stdout]     |
[INFO] [stdout] 178 | /             &docker.create_volume(CreateVolumeOptions {
[INFO] [stdout] 179 | |                 name: volume_name.clone(),
[INFO] [stdout] 180 | |                 driver: "local".to_string(),
[INFO] [stdout] 181 | |                 driver_opts: Default::default(),
[INFO] [stdout] 182 | |                 labels: Default::default(),
[INFO] [stdout] 183 | |             });
[INFO] [stdout]     | |______________^
[INFO] [stdout] 
[INFO] [stdout] 
[INFO] [stdout] warning: 12 warnings emitted
[INFO] [stdout] 
[INFO] [stdout] 
[INFO] [stdout] warning: 2 warnings emitted
[INFO] [stdout] 
[INFO] [stdout] 
[INFO] [stderr]     Finished test [unoptimized + debuginfo] target(s) in 12.30s
[INFO] running `Command { std: "docker" "inspect" "06aed6c8022ecc67e10406af22f590d4b9a8e535322b934c5fadba4444c1a3a7", kill_on_drop: false }`
[INFO] running `Command { std: "docker" "rm" "-f" "06aed6c8022ecc67e10406af22f590d4b9a8e535322b934c5fadba4444c1a3a7", kill_on_drop: false }`
[INFO] [stdout] 06aed6c8022ecc67e10406af22f590d4b9a8e535322b934c5fadba4444c1a3a7
[INFO] running `Command { std: "docker" "create" "-v" "/var/lib/crater-agent-workspace/builds/worker-25/target:/opt/rustwide/target:rw,Z" "-v" "/var/lib/crater-agent-workspace/builds/worker-25/source:/opt/rustwide/workdir:ro,Z" "-v" "/var/lib/crater-agent-workspace/cargo-home:/opt/rustwide/cargo-home:ro,Z" "-v" "/var/lib/crater-agent-workspace/rustup-home:/opt/rustwide/rustup-home:ro,Z" "-e" "SOURCE_DIR=/opt/rustwide/workdir" "-e" "CARGO_TARGET_DIR=/opt/rustwide/target" "-e" "CARGO_INCREMENTAL=0" "-e" "RUST_BACKTRACE=full" "-e" "RUSTFLAGS=--cap-lints=warn" "-e" "CARGO_HOME=/opt/rustwide/cargo-home" "-e" "RUSTUP_HOME=/opt/rustwide/rustup-home" "-w" "/opt/rustwide/workdir" "-m" "1610612736" "--user" "0:0" "--network" "none" "ghcr.io/rust-lang/crates-build-env/linux@sha256:34b6a614d2c27851fe6cbf88fbd1137609cefab8b10d0615aaeb6fd47975d74e" "/opt/rustwide/cargo-home/bin/cargo" "+beta-2021-08-01" "test" "--frozen", kill_on_drop: false }`
[INFO] [stdout] 3760e3c65c82167e0b25f3257f237c5b82666d6cfcce88c5ab643eeaf151601b
[INFO] running `Command { std: "docker" "start" "-a" "3760e3c65c82167e0b25f3257f237c5b82666d6cfcce88c5ab643eeaf151601b", kill_on_drop: false }`
[INFO] [stderr]     Blocking waiting for file lock on package cache
[INFO] [stderr]     Blocking waiting for file lock on package cache
[INFO] [stderr] warning: unused borrow that must be used
[INFO] [stderr]    --> src/backup.rs:359:13
[INFO] [stderr]     |
[INFO] [stderr] 359 | /             &docker.create_volume(CreateVolumeOptions {
[INFO] [stderr] 360 | |                 name: volume_name.as_str(),
[INFO] [stderr] 361 | |                 driver: &"local".to_string(),
[INFO] [stderr] 362 | |                 driver_opts: Default::default(),
[INFO] [stderr] 363 | |                 labels: Default::default(),
[INFO] [stderr] 364 | |             }).await.unwrap();
[INFO] [stderr]     | |_____________________________^
[INFO] [stderr]     |
[INFO] [stderr]     = note: `#[warn(unused_must_use)]` on by default
[INFO] [stderr] 
[INFO] [stderr] warning: unused borrow that must be used
[INFO] [stderr]    --> src/restore.rs:178:13
[INFO] [stderr]     |
[INFO] [stderr] 178 | /             &docker.create_volume(CreateVolumeOptions {
[INFO] [stderr] 179 | |                 name: volume_name.clone(),
[INFO] [stderr] 180 | |                 driver: "local".to_string(),
[INFO] [stderr] 181 | |                 driver_opts: Default::default(),
[INFO] [stderr] 182 | |                 labels: Default::default(),
[INFO] [stderr] 183 | |             });
[INFO] [stderr]     | |______________^
[INFO] [stderr] 
[INFO] [stderr] warning: `dockyard` (lib test) generated 2 warnings
[INFO] [stderr] warning: unused borrow that must be used
[INFO] [stderr]   --> tests/backup_and_restore_test.rs:47:9
[INFO] [stderr]    |
[INFO] [stderr] 47 | /         &client.create_volume(CreateVolumeOptions {
[INFO] [stderr] 48 | |             name: volume_name.clone(),
[INFO] [stderr] 49 | |             driver: "local".to_string(),
[INFO] [stderr] 50 | |             driver_opts: Default::default(),
[INFO] [stderr] 51 | |             labels: Default::default(),
[INFO] [stderr] 52 | |         }).await.unwrap();
[INFO] [stderr]    | |_________________________^
[INFO] [stderr]    |
[INFO] [stderr]    = note: `#[warn(unused_must_use)]` on by default
[INFO] [stderr] 
[INFO] [stderr] warning: unused borrow that must be used
[INFO] [stderr]   --> tests/backup_and_restore_test.rs:54:9
[INFO] [stderr]    |
[INFO] [stderr] 54 | /         &client.create_volume(CreateVolumeOptions {
[INFO] [stderr] 55 | |             name: backup_name.clone(),
[INFO] [stderr] 56 | |             driver: "local".to_string(),
[INFO] [stderr] 57 | |             driver_opts: Default::default(),
[INFO] [stderr] 58 | |             labels: Default::default(),
[INFO] [stderr] 59 | |         }).await.unwrap();
[INFO] [stderr]    | |_________________________^
[INFO] [stderr] 
[INFO] [stderr] warning: unused borrow that must be used
[INFO] [stderr]    --> tests/backup_and_restore_test.rs:79:9
[INFO] [stderr]     |
[INFO] [stderr] 79  | /         &client.create_container(
[INFO] [stderr] 80  | |             Some(CreateContainerOptions { name: container_name.clone() }),
[INFO] [stderr] 81  | |             Config {
[INFO] [stderr] 82  | |                 env: Some(vec!["VAR1=a", "VAR2=b"]),
[INFO] [stderr] ...   |
[INFO] [stderr] 105 | |             },
[INFO] [stderr] 106 | |         ).await.unwrap();
[INFO] [stderr]     | |________________________^
[INFO] [stderr] 
[INFO] [stderr] warning: unused borrow that must be used
[INFO] [stderr]    --> tests/backup_and_restore_test.rs:109:9
[INFO] [stderr]     |
[INFO] [stderr] 109 |         &client.start_container(&container_name, None::<StartContainerOptions<String>>).await.unwrap();
[INFO] [stderr]     |         ^^^^^^^^^^^^^^^^^^^^^^^^^^^^^^^^^^^^^^^^^^^^^^^^^^^^^^^^^^^^^^^^^^^^^^^^^^^^^^^^^^^^^^^^^^^^^^
[INFO] [stderr] 
[INFO] [stderr] warning: unused borrow that must be used
[INFO] [stderr]    --> tests/backup_and_restore_test.rs:118:9
[INFO] [stderr]     |
[INFO] [stderr] 118 |         &client.kill_container(&container_name, None::<KillContainerOptions<String>>).await.unwrap();
[INFO] [stderr]     |         ^^^^^^^^^^^^^^^^^^^^^^^^^^^^^^^^^^^^^^^^^^^^^^^^^^^^^^^^^^^^^^^^^^^^^^^^^^^^^^^^^^^^^^^^^^^^
[INFO] [stderr] 
[INFO] [stderr] warning: unused borrow that must be used
[INFO] [stderr]    --> tests/backup_and_restore_test.rs:119:9
[INFO] [stderr]     |
[INFO] [stderr] 119 |         &client.remove_container(&container_name, None::<RemoveContainerOptions>).await.unwrap();
[INFO] [stderr]     |         ^^^^^^^^^^^^^^^^^^^^^^^^^^^^^^^^^^^^^^^^^^^^^^^^^^^^^^^^^^^^^^^^^^^^^^^^^^^^^^^^^^^^^^^^
[INFO] [stderr] 
[INFO] [stderr] warning: unused borrow that must be used
[INFO] [stderr]    --> tests/backup_and_restore_test.rs:120:9
[INFO] [stderr]     |
[INFO] [stderr] 120 |         &client.remove_volume(&volume_name, None::<RemoveVolumeOptions>).await.unwrap();
[INFO] [stderr]     |         ^^^^^^^^^^^^^^^^^^^^^^^^^^^^^^^^^^^^^^^^^^^^^^^^^^^^^^^^^^^^^^^^^^^^^^^^^^^^^^^
[INFO] [stderr] 
[INFO] [stderr] warning: unused borrow that must be used
[INFO] [stderr]    --> tests/backup_and_restore_test.rs:127:9
[INFO] [stderr]     |
[INFO] [stderr] 127 |         &client.start_container(&restored_name, None::<StartContainerOptions<String>>).await.unwrap();
[INFO] [stderr]     |         ^^^^^^^^^^^^^^^^^^^^^^^^^^^^^^^^^^^^^^^^^^^^^^^^^^^^^^^^^^^^^^^^^^^^^^^^^^^^^^^^^^^^^^^^^^^^^
[INFO] [stderr] 
[INFO] [stderr] warning: unused borrow that must be used
[INFO] [stderr]    --> tests/backup_and_restore_test.rs:140:9
[INFO] [stderr]     |
[INFO] [stderr] 140 |         &client.kill_container(&restored_name, None::<KillContainerOptions<String>>).await.unwrap();
[INFO] [stderr]     |         ^^^^^^^^^^^^^^^^^^^^^^^^^^^^^^^^^^^^^^^^^^^^^^^^^^^^^^^^^^^^^^^^^^^^^^^^^^^^^^^^^^^^^^^^^^^
[INFO] [stderr] 
[INFO] [stderr] warning: unused borrow that must be used
[INFO] [stderr]    --> tests/backup_and_restore_test.rs:141:9
[INFO] [stderr]     |
[INFO] [stderr] 141 |         &client.remove_container(&restored_name, None::<RemoveContainerOptions>).await.unwrap();
[INFO] [stderr]     |         ^^^^^^^^^^^^^^^^^^^^^^^^^^^^^^^^^^^^^^^^^^^^^^^^^^^^^^^^^^^^^^^^^^^^^^^^^^^^^^^^^^^^^^^
[INFO] [stderr] 
[INFO] [stderr] warning: unused borrow that must be used
[INFO] [stderr]    --> tests/backup_and_restore_test.rs:144:9
[INFO] [stderr]     |
[INFO] [stderr] 144 |         &client.remove_volume(&backup_name, None::<RemoveVolumeOptions>).await.unwrap();
[INFO] [stderr]     |         ^^^^^^^^^^^^^^^^^^^^^^^^^^^^^^^^^^^^^^^^^^^^^^^^^^^^^^^^^^^^^^^^^^^^^^^^^^^^^^^
[INFO] [stderr] 
[INFO] [stderr] warning: unused borrow that must be used
[INFO] [stderr]    --> tests/backup_and_restore_test.rs:145:9
[INFO] [stderr]     |
[INFO] [stderr] 145 |         &client.remove_volume(&volume_name, None::<RemoveVolumeOptions>).await.unwrap();
[INFO] [stderr]     |         ^^^^^^^^^^^^^^^^^^^^^^^^^^^^^^^^^^^^^^^^^^^^^^^^^^^^^^^^^^^^^^^^^^^^^^^^^^^^^^^
[INFO] [stderr] 
[INFO] [stderr] warning: `dockyard` (test "backup_and_restore_test") generated 12 warnings
[INFO] [stderr]     Finished test [unoptimized + debuginfo] target(s) in 1.12s
[INFO] [stderr]      Running unittests (/opt/rustwide/target/debug/deps/dockyard-5b2efaad08eb241f)
[INFO] [stdout] 
[INFO] [stdout] running 9 tests
[INFO] [stdout] test file::test::write_file_test ... ok
[INFO] [stdout] test file::test::write_encoded_test ... ok
[INFO] [stdout] test backup::test::backup_directory_bad_paths_test ... ok
[INFO] [stdout] test backup::test::backup_volume_to_directory_test ... FAILED
[INFO] [stdout] test backup::test::backup_container_to_directory_test ... FAILED
[INFO] [stdout] test restore::test::restore_container_test ... FAILED
[INFO] [stdout] test restore::test::restore_directory_test ... ok
[INFO] [stderr] error: test failed, to rerun pass '--lib'
[INFO] [stdout] test restore::test::restore_volume_test ... FAILED
[INFO] [stdout] test backup::test::backup_directory_test ... ok
[INFO] [stdout] 
[INFO] [stdout] failures:
[INFO] [stdout] 
[INFO] [stdout] ---- backup::test::backup_volume_to_directory_test stdout ----
[INFO] [stdout] thread 'backup::test::backup_volume_to_directory_test' panicked at 'called `Result::unwrap()` on an `Err` value: HyperResponseError { err: hyper::Error(Connect, No such file or directory (os error 2)) }', src/backup.rs:337:11
[INFO] [stdout] stack backtrace:
[INFO] [stdout]    0:     0x55db57cabd70 - std::backtrace_rs::backtrace::libunwind::trace::hff4d1766e93f64f1
[INFO] [stdout]                                at /rustc/53fd98ca776cb875bc9e5514f56b52eb74f9e7a9/library/std/src/../../backtrace/src/backtrace/libunwind.rs:90:5
[INFO] [stdout]    1:     0x55db57cabd70 - std::backtrace_rs::backtrace::trace_unsynchronized::h56bbc8eb78770bcb
[INFO] [stdout]                                at /rustc/53fd98ca776cb875bc9e5514f56b52eb74f9e7a9/library/std/src/../../backtrace/src/backtrace/mod.rs:66:5
[INFO] [stdout]    2:     0x55db57cabd70 - std::sys_common::backtrace::_print_fmt::h5c8e75464faca780
[INFO] [stdout]                                at /rustc/53fd98ca776cb875bc9e5514f56b52eb74f9e7a9/library/std/src/sys_common/backtrace.rs:67:5
[INFO] [stdout]    3:     0x55db57cabd70 - <std::sys_common::backtrace::_print::DisplayBacktrace as core::fmt::Display>::fmt::h48b88277def8b362
[INFO] [stdout]                                at /rustc/53fd98ca776cb875bc9e5514f56b52eb74f9e7a9/library/std/src/sys_common/backtrace.rs:46:22
[INFO] [stdout]    4:     0x55db57cd0f7c - core::fmt::write::h3381b3176fe2b3d3
[INFO] [stdout]                                at /rustc/53fd98ca776cb875bc9e5514f56b52eb74f9e7a9/library/core/src/fmt/mod.rs:1115:17
[INFO] [stdout]    5:     0x55db57ca53a5 - std::io::Write::write_fmt::h5f34a676f60246b5
[INFO] [stdout]                                at /rustc/53fd98ca776cb875bc9e5514f56b52eb74f9e7a9/library/std/src/io/mod.rs:1665:15
[INFO] [stdout]    6:     0x55db57cae3db - std::sys_common::backtrace::_print::ha537687d6c17dd0d
[INFO] [stdout]                                at /rustc/53fd98ca776cb875bc9e5514f56b52eb74f9e7a9/library/std/src/sys_common/backtrace.rs:49:5
[INFO] [stdout]    7:     0x55db57cae3db - std::sys_common::backtrace::print::h61376ae57d131d72
[INFO] [stdout]                                at /rustc/53fd98ca776cb875bc9e5514f56b52eb74f9e7a9/library/std/src/sys_common/backtrace.rs:36:9
[INFO] [stdout]    8:     0x55db57cae3db - std::panicking::default_hook::{{closure}}::h0f7208c0b9644a54
[INFO] [stdout]                                at /rustc/53fd98ca776cb875bc9e5514f56b52eb74f9e7a9/library/std/src/panicking.rs:208:50
[INFO] [stdout]    9:     0x55db57cadeec - std::panicking::default_hook::hdac7fc06578c14ce
[INFO] [stdout]                                at /rustc/53fd98ca776cb875bc9e5514f56b52eb74f9e7a9/library/std/src/panicking.rs:222:9
[INFO] [stdout]   10:     0x55db57caeaa4 - std::panicking::rust_panic_with_hook::h72b21c283da3d1ef
[INFO] [stdout]                                at /rustc/53fd98ca776cb875bc9e5514f56b52eb74f9e7a9/library/std/src/panicking.rs:622:17
[INFO] [stdout]   11:     0x55db57cae587 - std::panicking::begin_panic_handler::{{closure}}::he5778f1729cff84a
[INFO] [stdout]                                at /rustc/53fd98ca776cb875bc9e5514f56b52eb74f9e7a9/library/std/src/panicking.rs:519:13
[INFO] [stdout]   12:     0x55db57cac24c - std::sys_common::backtrace::__rust_end_short_backtrace::h2d11ca8b453b4b1d
[INFO] [stdout]                                at /rustc/53fd98ca776cb875bc9e5514f56b52eb74f9e7a9/library/std/src/sys_common/backtrace.rs:141:18
[INFO] [stdout]   13:     0x55db57cae4e9 - rust_begin_unwind
[INFO] [stdout]                                at /rustc/53fd98ca776cb875bc9e5514f56b52eb74f9e7a9/library/std/src/panicking.rs:515:5
[INFO] [stdout]   14:     0x55db572e4ac1 - core::panicking::panic_fmt::hf9de31d4acbce4db
[INFO] [stdout]                                at /rustc/53fd98ca776cb875bc9e5514f56b52eb74f9e7a9/library/core/src/panicking.rs:92:14
[INFO] [stdout]   15:     0x55db572e4bb3 - core::result::unwrap_failed::ha0c84e81219e5878
[INFO] [stdout]                                at /rustc/53fd98ca776cb875bc9e5514f56b52eb74f9e7a9/library/core/src/result.rs:1599:5
[INFO] [stdout]   16:     0x55db57409ff6 - core::result::Result<T,E>::unwrap::h82f428fd610081ce
[INFO] [stdout]                                at /rustc/53fd98ca776cb875bc9e5514f56b52eb74f9e7a9/library/core/src/result.rs:1281:23
[INFO] [stdout]   17:     0x55db5749f28b - dockyard::backup::test::backup_volume_to_directory_test::h2a1ba8d0ff14e6d3
[INFO] [stdout]                                at /opt/rustwide/workdir/src/backup.rs:330:9
[INFO] [stdout]   18:     0x55db5749ee8a - dockyard::backup::test::backup_volume_to_directory_test::{{closure}}::ha19b4e24f7393fee
[INFO] [stdout]                                at /opt/rustwide/workdir/src/backup.rs:322:5
[INFO] [stdout]   19:     0x55db5741bb6e - core::ops::function::FnOnce::call_once::h1de87fab271026c5
[INFO] [stdout]                                at /rustc/53fd98ca776cb875bc9e5514f56b52eb74f9e7a9/library/core/src/ops/function.rs:227:5
[INFO] [stdout]   20:     0x55db575263e3 - core::ops::function::FnOnce::call_once::hbb52c4519d3137b0
[INFO] [stdout]                                at /rustc/53fd98ca776cb875bc9e5514f56b52eb74f9e7a9/library/core/src/ops/function.rs:227:5
[INFO] [stdout]   21:     0x55db575263e3 - test::__rust_begin_short_backtrace::h86fe3a2a5a5121af
[INFO] [stdout]                                at /rustc/53fd98ca776cb875bc9e5514f56b52eb74f9e7a9/library/test/src/lib.rs:578:5
[INFO] [stdout]   22:     0x55db57524e98 - <alloc::boxed::Box<F,A> as core::ops::function::FnOnce<Args>>::call_once::hfd956bc3d57399be
[INFO] [stdout]                                at /rustc/53fd98ca776cb875bc9e5514f56b52eb74f9e7a9/library/alloc/src/boxed.rs:1572:9
[INFO] [stdout]   23:     0x55db57524e98 - <std::panic::AssertUnwindSafe<F> as core::ops::function::FnOnce<()>>::call_once::h40dc93e0ddb5938a
[INFO] [stdout]                                at /rustc/53fd98ca776cb875bc9e5514f56b52eb74f9e7a9/library/std/src/panic.rs:347:9
[INFO] [stdout]   24:     0x55db57524e98 - std::panicking::try::do_call::h90d07750cb47c562
[INFO] [stdout]                                at /rustc/53fd98ca776cb875bc9e5514f56b52eb74f9e7a9/library/std/src/panicking.rs:401:40
[INFO] [stdout]   25:     0x55db57524e98 - std::panicking::try::h063c84733ad2a629
[INFO] [stdout]                                at /rustc/53fd98ca776cb875bc9e5514f56b52eb74f9e7a9/library/std/src/panicking.rs:365:19
[INFO] [stdout]   26:     0x55db57524e98 - std::panic::catch_unwind::h0c464836a84e7c08
[INFO] [stdout]                                at /rustc/53fd98ca776cb875bc9e5514f56b52eb74f9e7a9/library/std/src/panic.rs:434:14
[INFO] [stdout]   27:     0x55db57524e98 - test::run_test_in_process::h5cb06ef620b157fc
[INFO] [stdout]                                at /rustc/53fd98ca776cb875bc9e5514f56b52eb74f9e7a9/library/test/src/lib.rs:601:18
[INFO] [stdout]   28:     0x55db57524e98 - test::run_test::run_test_inner::{{closure}}::h76f677f4b93f9828
[INFO] [stdout]                                at /rustc/53fd98ca776cb875bc9e5514f56b52eb74f9e7a9/library/test/src/lib.rs:493:39
[INFO] [stdout]   29:     0x55db574f362d - test::run_test::run_test_inner::{{closure}}::h366d01fe04f4d67a
[INFO] [stdout]                                at /rustc/53fd98ca776cb875bc9e5514f56b52eb74f9e7a9/library/test/src/lib.rs:520:37
[INFO] [stdout]   30:     0x55db574f362d - std::sys_common::backtrace::__rust_begin_short_backtrace::h7dfa0de4eb395af2
[INFO] [stdout]                                at /rustc/53fd98ca776cb875bc9e5514f56b52eb74f9e7a9/library/std/src/sys_common/backtrace.rs:125:18
[INFO] [stdout]   31:     0x55db574f7df8 - std::thread::Builder::spawn_unchecked::{{closure}}::{{closure}}::hf0a74bb58798037f
[INFO] [stdout]                                at /rustc/53fd98ca776cb875bc9e5514f56b52eb74f9e7a9/library/std/src/thread/mod.rs:476:17
[INFO] [stdout]   32:     0x55db574f7df8 - <std::panic::AssertUnwindSafe<F> as core::ops::function::FnOnce<()>>::call_once::hb024e854818586ac
[INFO] [stdout]                                at /rustc/53fd98ca776cb875bc9e5514f56b52eb74f9e7a9/library/std/src/panic.rs:347:9
[INFO] [stdout]   33:     0x55db574f7df8 - std::panicking::try::do_call::hb2dd9f1d0d48e41d
[INFO] [stdout]                                at /rustc/53fd98ca776cb875bc9e5514f56b52eb74f9e7a9/library/std/src/panicking.rs:401:40
[INFO] [stdout]   34:     0x55db574f7df8 - std::panicking::try::h4717ae7bac8b2bf3
[INFO] [stdout]                                at /rustc/53fd98ca776cb875bc9e5514f56b52eb74f9e7a9/library/std/src/panicking.rs:365:19
[INFO] [stdout]   35:     0x55db574f7df8 - std::panic::catch_unwind::h0dc8a061326ce8d8
[INFO] [stdout]                                at /rustc/53fd98ca776cb875bc9e5514f56b52eb74f9e7a9/library/std/src/panic.rs:434:14
[INFO] [stdout]   36:     0x55db574f7df8 - std::thread::Builder::spawn_unchecked::{{closure}}::haa369e2d6fd00aa1
[INFO] [stdout]                                at /rustc/53fd98ca776cb875bc9e5514f56b52eb74f9e7a9/library/std/src/thread/mod.rs:475:30
[INFO] [stdout]   37:     0x55db574f7df8 - core::ops::function::FnOnce::call_once{{vtable.shim}}::h36dcf3de8b056f17
[INFO] [stdout]                                at /rustc/53fd98ca776cb875bc9e5514f56b52eb74f9e7a9/library/core/src/ops/function.rs:227:5
[INFO] [stdout]   38:     0x55db57cb53d7 - <alloc::boxed::Box<F,A> as core::ops::function::FnOnce<Args>>::call_once::h65c29e4642be2358
[INFO] [stdout]                                at /rustc/53fd98ca776cb875bc9e5514f56b52eb74f9e7a9/library/alloc/src/boxed.rs:1572:9
[INFO] [stdout]   39:     0x55db57cb53d7 - <alloc::boxed::Box<F,A> as core::ops::function::FnOnce<Args>>::call_once::hd0f8f7fbbd9fffbf
[INFO] [stdout]                                at /rustc/53fd98ca776cb875bc9e5514f56b52eb74f9e7a9/library/alloc/src/boxed.rs:1572:9
[INFO] [stdout]   40:     0x55db57cb53d7 - std::sys::unix::thread::Thread::new::thread_start::h2fd22fee3ca77b65
[INFO] [stdout]                                at /rustc/53fd98ca776cb875bc9e5514f56b52eb74f9e7a9/library/std/src/sys/unix/thread.rs:74:17
[INFO] [stdout]   41:     0x7f7d18818609 - start_thread
[INFO] [stdout]   42:     0x7f7d185ea293 - clone
[INFO] [stdout]   43:                0x0 - <unknown>
[INFO] [stdout] 
[INFO] [stdout] ---- backup::test::backup_container_to_directory_test stdout ----
[INFO] [stdout] thread 'backup::test::backup_container_to_directory_test' panicked at 'called `Result::unwrap()` on an `Err` value: HyperResponseError { err: hyper::Error(Connect, No such file or directory (os error 2)) }', src/backup.rs:364:22
[INFO] [stdout] stack backtrace:
[INFO] [stdout]    0:     0x55db57cabd70 - std::backtrace_rs::backtrace::libunwind::trace::hff4d1766e93f64f1
[INFO] [stdout]                                at /rustc/53fd98ca776cb875bc9e5514f56b52eb74f9e7a9/library/std/src/../../backtrace/src/backtrace/libunwind.rs:90:5
[INFO] [stdout]    1:     0x55db57cabd70 - std::backtrace_rs::backtrace::trace_unsynchronized::h56bbc8eb78770bcb
[INFO] [stdout]                                at /rustc/53fd98ca776cb875bc9e5514f56b52eb74f9e7a9/library/std/src/../../backtrace/src/backtrace/mod.rs:66:5
[INFO] [stdout]    2:     0x55db57cabd70 - std::sys_common::backtrace::_print_fmt::h5c8e75464faca780
[INFO] [stdout]                                at /rustc/53fd98ca776cb875bc9e5514f56b52eb74f9e7a9/library/std/src/sys_common/backtrace.rs:67:5
[INFO] [stdout]    3:     0x55db57cabd70 - <std::sys_common::backtrace::_print::DisplayBacktrace as core::fmt::Display>::fmt::h48b88277def8b362
[INFO] [stdout]                                at /rustc/53fd98ca776cb875bc9e5514f56b52eb74f9e7a9/library/std/src/sys_common/backtrace.rs:46:22
[INFO] [stdout]    4:     0x55db57cd0f7c - core::fmt::write::h3381b3176fe2b3d3
[INFO] [stdout]                                at /rustc/53fd98ca776cb875bc9e5514f56b52eb74f9e7a9/library/core/src/fmt/mod.rs:1115:17
[INFO] [stdout]    5:     0x55db57ca53a5 - std::io::Write::write_fmt::h5f34a676f60246b5
[INFO] [stdout]                                at /rustc/53fd98ca776cb875bc9e5514f56b52eb74f9e7a9/library/std/src/io/mod.rs:1665:15
[INFO] [stdout]    6:     0x55db57cae3db - std::sys_common::backtrace::_print::ha537687d6c17dd0d
[INFO] [stdout]                                at /rustc/53fd98ca776cb875bc9e5514f56b52eb74f9e7a9/library/std/src/sys_common/backtrace.rs:49:5
[INFO] [stdout]    7:     0x55db57cae3db - std::sys_common::backtrace::print::h61376ae57d131d72
[INFO] [stdout]                                at /rustc/53fd98ca776cb875bc9e5514f56b52eb74f9e7a9/library/std/src/sys_common/backtrace.rs:36:9
[INFO] [stdout]    8:     0x55db57cae3db - std::panicking::default_hook::{{closure}}::h0f7208c0b9644a54
[INFO] [stdout]                                at /rustc/53fd98ca776cb875bc9e5514f56b52eb74f9e7a9/library/std/src/panicking.rs:208:50
[INFO] [stdout]    9:     0x55db57cadeec - std::panicking::default_hook::hdac7fc06578c14ce
[INFO] [stdout]                                at /rustc/53fd98ca776cb875bc9e5514f56b52eb74f9e7a9/library/std/src/panicking.rs:222:9
[INFO] [stdout]   10:     0x55db57caeaa4 - std::panicking::rust_panic_with_hook::h72b21c283da3d1ef
[INFO] [stdout]                                at /rustc/53fd98ca776cb875bc9e5514f56b52eb74f9e7a9/library/std/src/panicking.rs:622:17
[INFO] [stdout]   11:     0x55db57cae587 - std::panicking::begin_panic_handler::{{closure}}::he5778f1729cff84a
[INFO] [stdout]                                at /rustc/53fd98ca776cb875bc9e5514f56b52eb74f9e7a9/library/std/src/panicking.rs:519:13
[INFO] [stdout]   12:     0x55db57cac24c - std::sys_common::backtrace::__rust_end_short_backtrace::h2d11ca8b453b4b1d
[INFO] [stdout]                                at /rustc/53fd98ca776cb875bc9e5514f56b52eb74f9e7a9/library/std/src/sys_common/backtrace.rs:141:18
[INFO] [stdout]   13:     0x55db57cae4e9 - rust_begin_unwind
[INFO] [stdout]                                at /rustc/53fd98ca776cb875bc9e5514f56b52eb74f9e7a9/library/std/src/panicking.rs:515:5
[INFO] [stdout]   14:     0x55db572e4ac1 - core::panicking::panic_fmt::hf9de31d4acbce4db
[INFO] [stdout]                                at /rustc/53fd98ca776cb875bc9e5514f56b52eb74f9e7a9/library/core/src/panicking.rs:92:14
[INFO] [stdout]   15:     0x55db572e4bb3 - core::result::unwrap_failed::ha0c84e81219e5878
[INFO] [stdout]                                at /rustc/53fd98ca776cb875bc9e5514f56b52eb74f9e7a9/library/core/src/result.rs:1599:5
[INFO] [stdout]   16:     0x55db57409ff6 - core::result::Result<T,E>::unwrap::h82f428fd610081ce
[INFO] [stdout]                                at /rustc/53fd98ca776cb875bc9e5514f56b52eb74f9e7a9/library/core/src/result.rs:1281:23
[INFO] [stdout]   17:     0x55db574a09ac - dockyard::backup::test::backup_container_to_directory_test::{{closure}}::h9572da825c416016
[INFO] [stdout]                                at /opt/rustwide/workdir/src/backup.rs:359:14
[INFO] [stdout]   18:     0x55db574c087b - <core::future::from_generator::GenFuture<T> as core::future::future::Future>::poll::hec86bead30ea14de
[INFO] [stdout]                                at /rustc/53fd98ca776cb875bc9e5514f56b52eb74f9e7a9/library/core/src/future/mod.rs:80:19
[INFO] [stdout]   19:     0x55db57433120 - tokio::runtime::basic_scheduler::BasicScheduler<P>::block_on::{{closure}}::{{closure}}::h306c0c11b88be035
[INFO] [stdout]                                at /opt/rustwide/cargo-home/registry/src/github.com-1ecc6299db9ec823/tokio-0.2.22/src/runtime/basic_scheduler.rs:131:58
[INFO] [stdout]   20:     0x55db574bc69c - tokio::coop::with_budget::{{closure}}::hfed76ec77a8e8d71
[INFO] [stdout]                                at /opt/rustwide/cargo-home/registry/src/github.com-1ecc6299db9ec823/tokio-0.2.22/src/coop.rs:127:9
[INFO] [stdout]   21:     0x55db57411231 - std::thread::local::LocalKey<T>::try_with::hb49976ef5efb6b3b
[INFO] [stdout]                                at /rustc/53fd98ca776cb875bc9e5514f56b52eb74f9e7a9/library/std/src/thread/local.rs:399:16
[INFO] [stdout]   22:     0x55db5740e10d - std::thread::local::LocalKey<T>::with::h666ad31c29d2fde0
[INFO] [stdout]                                at /rustc/53fd98ca776cb875bc9e5514f56b52eb74f9e7a9/library/std/src/thread/local.rs:375:9
[INFO] [stdout]   23:     0x55db574310ad - tokio::coop::with_budget::h3d5196e31f2d0939
[INFO] [stdout]                                at /opt/rustwide/cargo-home/registry/src/github.com-1ecc6299db9ec823/tokio-0.2.22/src/coop.rs:120:5
[INFO] [stdout]   24:     0x55db574310ad - tokio::coop::budget::h280d84cd94966edd
[INFO] [stdout]                                at /opt/rustwide/cargo-home/registry/src/github.com-1ecc6299db9ec823/tokio-0.2.22/src/coop.rs:96:5
[INFO] [stdout]   25:     0x55db574310ad - tokio::runtime::basic_scheduler::BasicScheduler<P>::block_on::{{closure}}::hbe4362e7c905abad
[INFO] [stdout]                                at /opt/rustwide/cargo-home/registry/src/github.com-1ecc6299db9ec823/tokio-0.2.22/src/runtime/basic_scheduler.rs:131:35
[INFO] [stdout]   26:     0x55db574356c5 - tokio::runtime::basic_scheduler::enter::{{closure}}::h1ae246fae4d75841
[INFO] [stdout]                                at /opt/rustwide/cargo-home/registry/src/github.com-1ecc6299db9ec823/tokio-0.2.22/src/runtime/basic_scheduler.rs:213:29
[INFO] [stdout]   27:     0x55db574e2c14 - tokio::macros::scoped_tls::ScopedKey<T>::set::he93bae0b6b2af6ce
[INFO] [stdout]                                at /opt/rustwide/cargo-home/registry/src/github.com-1ecc6299db9ec823/tokio-0.2.22/src/macros/scoped_tls.rs:63:9
[INFO] [stdout]   28:     0x55db57434794 - tokio::runtime::basic_scheduler::enter::h8bb041571928c824
[INFO] [stdout]                                at /opt/rustwide/cargo-home/registry/src/github.com-1ecc6299db9ec823/tokio-0.2.22/src/runtime/basic_scheduler.rs:213:5
[INFO] [stdout]   29:     0x55db5742eb18 - tokio::runtime::basic_scheduler::BasicScheduler<P>::block_on::hf3f8e9ea6b90ecf2
[INFO] [stdout]                                at /opt/rustwide/cargo-home/registry/src/github.com-1ecc6299db9ec823/tokio-0.2.22/src/runtime/basic_scheduler.rs:123:9
[INFO] [stdout]   30:     0x55db57495e18 - tokio::runtime::Runtime::block_on::{{closure}}::h1ab9f73227cd1a15
[INFO] [stdout]                                at /opt/rustwide/cargo-home/registry/src/github.com-1ecc6299db9ec823/tokio-0.2.22/src/runtime/mod.rs:444:34
[INFO] [stdout]   31:     0x55db574abdd8 - tokio::runtime::context::enter::h736af9310f6f98ad
[INFO] [stdout]                                at /opt/rustwide/cargo-home/registry/src/github.com-1ecc6299db9ec823/tokio-0.2.22/src/runtime/context.rs:72:5
[INFO] [stdout]   32:     0x55db574bcc0e - tokio::runtime::handle::Handle::enter::h10669137e1ec6c76
[INFO] [stdout]                                at /opt/rustwide/cargo-home/registry/src/github.com-1ecc6299db9ec823/tokio-0.2.22/src/runtime/handle.rs:76:9
[INFO] [stdout]   33:     0x55db574959e5 - tokio::runtime::Runtime::block_on::h64626396289efaed
[INFO] [stdout]                                at /opt/rustwide/cargo-home/registry/src/github.com-1ecc6299db9ec823/tokio-0.2.22/src/runtime/mod.rs:441:9
[INFO] [stdout]   34:     0x55db5749fb34 - dockyard::backup::test::backup_container_to_directory_test::h0572ec9037644420
[INFO] [stdout]                                at /opt/rustwide/workdir/src/backup.rs:358:9
[INFO] [stdout]   35:     0x55db5749f77a - dockyard::backup::test::backup_container_to_directory_test::{{closure}}::h53ee644c80816f4d
[INFO] [stdout]                                at /opt/rustwide/workdir/src/backup.rs:349:5
[INFO] [stdout]   36:     0x55db5741b9ee - core::ops::function::FnOnce::call_once::h03ae759e9485ff34
[INFO] [stdout]                                at /rustc/53fd98ca776cb875bc9e5514f56b52eb74f9e7a9/library/core/src/ops/function.rs:227:5
[INFO] [stdout]   37:     0x55db575263e3 - core::ops::function::FnOnce::call_once::hbb52c4519d3137b0
[INFO] [stdout]                                at /rustc/53fd98ca776cb875bc9e5514f56b52eb74f9e7a9/library/core/src/ops/function.rs:227:5
[INFO] [stdout]   38:     0x55db575263e3 - test::__rust_begin_short_backtrace::h86fe3a2a5a5121af
[INFO] [stdout]                                at /rustc/53fd98ca776cb875bc9e5514f56b52eb74f9e7a9/library/test/src/lib.rs:578:5
[INFO] [stdout]   39:     0x55db57524e98 - <alloc::boxed::Box<F,A> as core::ops::function::FnOnce<Args>>::call_once::hfd956bc3d57399be
[INFO] [stdout]                                at /rustc/53fd98ca776cb875bc9e5514f56b52eb74f9e7a9/library/alloc/src/boxed.rs:1572:9
[INFO] [stdout]   40:     0x55db57524e98 - <std::panic::AssertUnwindSafe<F> as core::ops::function::FnOnce<()>>::call_once::h40dc93e0ddb5938a
[INFO] [stdout]                                at /rustc/53fd98ca776cb875bc9e5514f56b52eb74f9e7a9/library/std/src/panic.rs:347:9
[INFO] [stdout]   41:     0x55db57524e98 - std::panicking::try::do_call::h90d07750cb47c562
[INFO] [stdout]                                at /rustc/53fd98ca776cb875bc9e5514f56b52eb74f9e7a9/library/std/src/panicking.rs:401:40
[INFO] [stdout]   42:     0x55db57524e98 - std::panicking::try::h063c84733ad2a629
[INFO] [stdout]                                at /rustc/53fd98ca776cb875bc9e5514f56b52eb74f9e7a9/library/std/src/panicking.rs:365:19
[INFO] [stdout]   43:     0x55db57524e98 - std::panic::catch_unwind::h0c464836a84e7c08
[INFO] [stdout]                                at /rustc/53fd98ca776cb875bc9e5514f56b52eb74f9e7a9/library/std/src/panic.rs:434:14
[INFO] [stdout]   44:     0x55db57524e98 - test::run_test_in_process::h5cb06ef620b157fc
[INFO] [stdout]                                at /rustc/53fd98ca776cb875bc9e5514f56b52eb74f9e7a9/library/test/src/lib.rs:601:18
[INFO] [stdout]   45:     0x55db57524e98 - test::run_test::run_test_inner::{{closure}}::h76f677f4b93f9828
[INFO] [stdout]                                at /rustc/53fd98ca776cb875bc9e5514f56b52eb74f9e7a9/library/test/src/lib.rs:493:39
[INFO] [stdout]   46:     0x55db574f362d - test::run_test::run_test_inner::{{closure}}::h366d01fe04f4d67a
[INFO] [stdout]                                at /rustc/53fd98ca776cb875bc9e5514f56b52eb74f9e7a9/library/test/src/lib.rs:520:37
[INFO] [stdout]   47:     0x55db574f362d - std::sys_common::backtrace::__rust_begin_short_backtrace::h7dfa0de4eb395af2
[INFO] [stdout]                                at /rustc/53fd98ca776cb875bc9e5514f56b52eb74f9e7a9/library/std/src/sys_common/backtrace.rs:125:18
[INFO] [stdout]   48:     0x55db574f7df8 - std::thread::Builder::spawn_unchecked::{{closure}}::{{closure}}::hf0a74bb58798037f
[INFO] [stdout]                                at /rustc/53fd98ca776cb875bc9e5514f56b52eb74f9e7a9/library/std/src/thread/mod.rs:476:17
[INFO] [stdout]   49:     0x55db574f7df8 - <std::panic::AssertUnwindSafe<F> as core::ops::function::FnOnce<()>>::call_once::hb024e854818586ac
[INFO] [stdout]                                at /rustc/53fd98ca776cb875bc9e5514f56b52eb74f9e7a9/library/std/src/panic.rs:347:9
[INFO] [stdout]   50:     0x55db574f7df8 - std::panicking::try::do_call::hb2dd9f1d0d48e41d
[INFO] [stdout]                                at /rustc/53fd98ca776cb875bc9e5514f56b52eb74f9e7a9/library/std/src/panicking.rs:401:40
[INFO] [stdout]   51:     0x55db574f7df8 - std::panicking::try::h4717ae7bac8b2bf3
[INFO] [stdout]                                at /rustc/53fd98ca776cb875bc9e5514f56b52eb74f9e7a9/library/std/src/panicking.rs:365:19
[INFO] [stdout]   52:     0x55db574f7df8 - std::panic::catch_unwind::h0dc8a061326ce8d8
[INFO] [stdout]                                at /rustc/53fd98ca776cb875bc9e5514f56b52eb74f9e7a9/library/std/src/panic.rs:434:14
[INFO] [stdout]   53:     0x55db574f7df8 - std::thread::Builder::spawn_unchecked::{{closure}}::haa369e2d6fd00aa1
[INFO] [stdout]                                at /rustc/53fd98ca776cb875bc9e5514f56b52eb74f9e7a9/library/std/src/thread/mod.rs:475:30
[INFO] [stdout]   54:     0x55db574f7df8 - core::ops::function::FnOnce::call_once{{vtable.shim}}::h36dcf3de8b056f17
[INFO] [stdout]                                at /rustc/53fd98ca776cb875bc9e5514f56b52eb74f9e7a9/library/core/src/ops/function.rs:227:5
[INFO] [stdout]   55:     0x55db57cb53d7 - <alloc::boxed::Box<F,A> as core::ops::function::FnOnce<Args>>::call_once::h65c29e4642be2358
[INFO] [stdout]                                at /rustc/53fd98ca776cb875bc9e5514f56b52eb74f9e7a9/library/alloc/src/boxed.rs:1572:9
[INFO] [stdout]   56:     0x55db57cb53d7 - <alloc::boxed::Box<F,A> as core::ops::function::FnOnce<Args>>::call_once::hd0f8f7fbbd9fffbf
[INFO] [stdout]                                at /rustc/53fd98ca776cb875bc9e5514f56b52eb74f9e7a9/library/alloc/src/boxed.rs:1572:9
[INFO] [stdout]   57:     0x55db57cb53d7 - std::sys::unix::thread::Thread::new::thread_start::h2fd22fee3ca77b65
[INFO] [stdout]                                at /rustc/53fd98ca776cb875bc9e5514f56b52eb74f9e7a9/library/std/src/sys/unix/thread.rs:74:17
[INFO] [stdout]   58:     0x7f7d18818609 - start_thread
[INFO] [stdout]   59:     0x7f7d185ea293 - clone
[INFO] [stdout]   60:                0x0 - <unknown>
[INFO] [stdout] 
[INFO] [stdout] ---- restore::test::restore_container_test stdout ----
[INFO] [stdout] 2021-08-07 01:23:20,571 INFO  [dockyard::restore] Restoring container restore_test_0d4c4bf2-b0ee-4e4d-aa91-de0cf6948078 from backup.json
[INFO] [stdout] 2021-08-07 01:23:20,580 WARN  [dockyard::container] Falling back to 0.1.1
[INFO] [stdout] thread 'restore::test::restore_container_test' panicked at 'called `Result::unwrap()` on an `Err` value: error trying to connect: No such file or directory (os error 2)
[INFO] [stdout] 
[INFO] [stdout] Caused by:
[INFO] [stdout]     No such file or directory (os error 2)', src/restore.rs:253:162
[INFO] [stdout] stack backtrace:
[INFO] [stdout]    0:     0x55db57cabd70 - std::backtrace_rs::backtrace::libunwind::trace::hff4d1766e93f64f1
[INFO] [stdout]                                at /rustc/53fd98ca776cb875bc9e5514f56b52eb74f9e7a9/library/std/src/../../backtrace/src/backtrace/libunwind.rs:90:5
[INFO] [stdout]    1:     0x55db57cabd70 - std::backtrace_rs::backtrace::trace_unsynchronized::h56bbc8eb78770bcb
[INFO] [stdout]                                at /rustc/53fd98ca776cb875bc9e5514f56b52eb74f9e7a9/library/std/src/../../backtrace/src/backtrace/mod.rs:66:5
[INFO] [stdout]    2:     0x55db57cabd70 - std::sys_common::backtrace::_print_fmt::h5c8e75464faca780
[INFO] [stdout]                                at /rustc/53fd98ca776cb875bc9e5514f56b52eb74f9e7a9/library/std/src/sys_common/backtrace.rs:67:5
[INFO] [stdout]    3:     0x55db57cabd70 - <std::sys_common::backtrace::_print::DisplayBacktrace as core::fmt::Display>::fmt::h48b88277def8b362
[INFO] [stdout]                                at /rustc/53fd98ca776cb875bc9e5514f56b52eb74f9e7a9/library/std/src/sys_common/backtrace.rs:46:22
[INFO] [stdout]    4:     0x55db57cd0f7c - core::fmt::write::h3381b3176fe2b3d3
[INFO] [stdout]                                at /rustc/53fd98ca776cb875bc9e5514f56b52eb74f9e7a9/library/core/src/fmt/mod.rs:1115:17
[INFO] [stdout]    5:     0x55db57ca53a5 - std::io::Write::write_fmt::h5f34a676f60246b5
[INFO] [stdout]                                at /rustc/53fd98ca776cb875bc9e5514f56b52eb74f9e7a9/library/std/src/io/mod.rs:1665:15
[INFO] [stdout]    6:     0x55db57cae3db - std::sys_common::backtrace::_print::ha537687d6c17dd0d
[INFO] [stdout]                                at /rustc/53fd98ca776cb875bc9e5514f56b52eb74f9e7a9/library/std/src/sys_common/backtrace.rs:49:5
[INFO] [stdout]    7:     0x55db57cae3db - std::sys_common::backtrace::print::h61376ae57d131d72
[INFO] [stdout]                                at /rustc/53fd98ca776cb875bc9e5514f56b52eb74f9e7a9/library/std/src/sys_common/backtrace.rs:36:9
[INFO] [stdout]    8:     0x55db57cae3db - std::panicking::default_hook::{{closure}}::h0f7208c0b9644a54
[INFO] [stdout]                                at /rustc/53fd98ca776cb875bc9e5514f56b52eb74f9e7a9/library/std/src/panicking.rs:208:50
[INFO] [stdout]    9:     0x55db57cadeec - std::panicking::default_hook::hdac7fc06578c14ce
[INFO] [stdout]                                at /rustc/53fd98ca776cb875bc9e5514f56b52eb74f9e7a9/library/std/src/panicking.rs:222:9
[INFO] [stdout]   10:     0x55db57caeaa4 - std::panicking::rust_panic_with_hook::h72b21c283da3d1ef
[INFO] [stdout]                                at /rustc/53fd98ca776cb875bc9e5514f56b52eb74f9e7a9/library/std/src/panicking.rs:622:17
[INFO] [stdout]   11:     0x55db57cae587 - std::panicking::begin_panic_handler::{{closure}}::he5778f1729cff84a
[INFO] [stdout]                                at /rustc/53fd98ca776cb875bc9e5514f56b52eb74f9e7a9/library/std/src/panicking.rs:519:13
[INFO] [stdout]   12:     0x55db57cac24c - std::sys_common::backtrace::__rust_end_short_backtrace::h2d11ca8b453b4b1d
[INFO] [stdout]                                at /rustc/53fd98ca776cb875bc9e5514f56b52eb74f9e7a9/library/std/src/sys_common/backtrace.rs:141:18
[INFO] [stdout]   13:     0x55db57cae4e9 - rust_begin_unwind
[INFO] [stdout]                                at /rustc/53fd98ca776cb875bc9e5514f56b52eb74f9e7a9/library/std/src/panicking.rs:515:5
[INFO] [stdout]   14:     0x55db572e4ac1 - core::panicking::panic_fmt::hf9de31d4acbce4db
[INFO] [stdout]                                at /rustc/53fd98ca776cb875bc9e5514f56b52eb74f9e7a9/library/core/src/panicking.rs:92:14
[INFO] [stdout]   15:     0x55db572e4bb3 - core::result::unwrap_failed::ha0c84e81219e5878
[INFO] [stdout]                                at /rustc/53fd98ca776cb875bc9e5514f56b52eb74f9e7a9/library/core/src/result.rs:1599:5
[INFO] [stdout]   16:     0x55db5740a1da - core::result::Result<T,E>::unwrap::ha6852c79bbc0316a
[INFO] [stdout]                                at /rustc/53fd98ca776cb875bc9e5514f56b52eb74f9e7a9/library/core/src/result.rs:1281:23
[INFO] [stdout]   17:     0x55db5741b466 - dockyard::restore::test::restore_container_test::{{closure}}::h494c7719582bfbd5
[INFO] [stdout]                                at /opt/rustwide/workdir/src/restore.rs:253:13
[INFO] [stdout]   18:     0x55db574c02ad - <core::future::from_generator::GenFuture<T> as core::future::future::Future>::poll::hc291593b8adce37e
[INFO] [stdout]                                at /rustc/53fd98ca776cb875bc9e5514f56b52eb74f9e7a9/library/core/src/future/mod.rs:80:19
[INFO] [stdout]   19:     0x55db5743388c - tokio::runtime::basic_scheduler::BasicScheduler<P>::block_on::{{closure}}::{{closure}}::heb0b371055d8b5aa
[INFO] [stdout]                                at /opt/rustwide/cargo-home/registry/src/github.com-1ecc6299db9ec823/tokio-0.2.22/src/runtime/basic_scheduler.rs:131:58
[INFO] [stdout]   20:     0x55db574bbf59 - tokio::coop::with_budget::{{closure}}::hab0d03d1fed8e935
[INFO] [stdout]                                at /opt/rustwide/cargo-home/registry/src/github.com-1ecc6299db9ec823/tokio-0.2.22/src/coop.rs:127:9
[INFO] [stdout]   21:     0x55db57410cf4 - std::thread::local::LocalKey<T>::try_with::ha648a011aced7210
[INFO] [stdout]                                at /rustc/53fd98ca776cb875bc9e5514f56b52eb74f9e7a9/library/std/src/thread/local.rs:399:16
[INFO] [stdout]   22:     0x55db5740e37e - std::thread::local::LocalKey<T>::with::h92bef34d56566b36
[INFO] [stdout]                                at /rustc/53fd98ca776cb875bc9e5514f56b52eb74f9e7a9/library/std/src/thread/local.rs:375:9
[INFO] [stdout]   23:     0x55db5743082b - tokio::coop::with_budget::hf262d5802faf2905
[INFO] [stdout]                                at /opt/rustwide/cargo-home/registry/src/github.com-1ecc6299db9ec823/tokio-0.2.22/src/coop.rs:120:5
[INFO] [stdout]   24:     0x55db5743082b - tokio::coop::budget::h343cdfca97dbd14d
[INFO] [stdout]                                at /opt/rustwide/cargo-home/registry/src/github.com-1ecc6299db9ec823/tokio-0.2.22/src/coop.rs:96:5
[INFO] [stdout]   25:     0x55db5743082b - tokio::runtime::basic_scheduler::BasicScheduler<P>::block_on::{{closure}}::ha58ef084b844d1a1
[INFO] [stdout]                                at /opt/rustwide/cargo-home/registry/src/github.com-1ecc6299db9ec823/tokio-0.2.22/src/runtime/basic_scheduler.rs:131:35
[INFO] [stdout]   26:     0x55db57435842 - tokio::runtime::basic_scheduler::enter::{{closure}}::h9d5e5f87a1456ca5
[INFO] [stdout]                                at /opt/rustwide/cargo-home/registry/src/github.com-1ecc6299db9ec823/tokio-0.2.22/src/runtime/basic_scheduler.rs:213:29
[INFO] [stdout]   27:     0x55db574e2633 - tokio::macros::scoped_tls::ScopedKey<T>::set::h2fa6367e901fc274
[INFO] [stdout]                                at /opt/rustwide/cargo-home/registry/src/github.com-1ecc6299db9ec823/tokio-0.2.22/src/macros/scoped_tls.rs:63:9
[INFO] [stdout]   28:     0x55db57435276 - tokio::runtime::basic_scheduler::enter::hd86a3e5040888162
[INFO] [stdout]                                at /opt/rustwide/cargo-home/registry/src/github.com-1ecc6299db9ec823/tokio-0.2.22/src/runtime/basic_scheduler.rs:213:5
[INFO] [stdout]   29:     0x55db5742ea12 - tokio::runtime::basic_scheduler::BasicScheduler<P>::block_on::h6b9579f14839ed7e
[INFO] [stdout]                                at /opt/rustwide/cargo-home/registry/src/github.com-1ecc6299db9ec823/tokio-0.2.22/src/runtime/basic_scheduler.rs:123:9
[INFO] [stdout]   30:     0x55db5749607c - tokio::runtime::Runtime::block_on::{{closure}}::h555c493a6bcaaa46
[INFO] [stdout]                                at /opt/rustwide/cargo-home/registry/src/github.com-1ecc6299db9ec823/tokio-0.2.22/src/runtime/mod.rs:444:34
[INFO] [stdout]   31:     0x55db574abee7 - tokio::runtime::context::enter::h7e74fd4693faf9af
[INFO] [stdout]                                at /opt/rustwide/cargo-home/registry/src/github.com-1ecc6299db9ec823/tokio-0.2.22/src/runtime/context.rs:72:5
[INFO] [stdout]   32:     0x55db574bccda - tokio::runtime::handle::Handle::enter::h161b7acd49edc4ef
[INFO] [stdout]                                at /opt/rustwide/cargo-home/registry/src/github.com-1ecc6299db9ec823/tokio-0.2.22/src/runtime/handle.rs:76:9
[INFO] [stdout]   33:     0x55db57495ade - tokio::runtime::Runtime::block_on::h73752e8cc63c38d6
[INFO] [stdout]                                at /opt/rustwide/cargo-home/registry/src/github.com-1ecc6299db9ec823/tokio-0.2.22/src/runtime/mod.rs:441:9
[INFO] [stdout]   34:     0x55db5741a536 - dockyard::restore::test::restore_container_test::h774980a096df382d
[INFO] [stdout]                                at /opt/rustwide/workdir/src/restore.rs:252:26
[INFO] [stdout]   35:     0x55db5741837a - dockyard::restore::test::restore_container_test::{{closure}}::he04469259a097eff
[INFO] [stdout]                                at /opt/rustwide/workdir/src/restore.rs:213:5
[INFO] [stdout]   36:     0x55db5741bbae - core::ops::function::FnOnce::call_once::h202ef2678666966a
[INFO] [stdout]                                at /rustc/53fd98ca776cb875bc9e5514f56b52eb74f9e7a9/library/core/src/ops/function.rs:227:5
[INFO] [stdout]   37:     0x55db575263e3 - core::ops::function::FnOnce::call_once::hbb52c4519d3137b0
[INFO] [stdout]                                at /rustc/53fd98ca776cb875bc9e5514f56b52eb74f9e7a9/library/core/src/ops/function.rs:227:5
[INFO] [stdout]   38:     0x55db575263e3 - test::__rust_begin_short_backtrace::h86fe3a2a5a5121af
[INFO] [stdout]                                at /rustc/53fd98ca776cb875bc9e5514f56b52eb74f9e7a9/library/test/src/lib.rs:578:5
[INFO] [stdout]   39:     0x55db57524e98 - <alloc::boxed::Box<F,A> as core::ops::function::FnOnce<Args>>::call_once::hfd956bc3d57399be
[INFO] [stdout]                                at /rustc/53fd98ca776cb875bc9e5514f56b52eb74f9e7a9/library/alloc/src/boxed.rs:1572:9
[INFO] [stdout]   40:     0x55db57524e98 - <std::panic::AssertUnwindSafe<F> as core::ops::function::FnOnce<()>>::call_once::h40dc93e0ddb5938a
[INFO] [stdout]                                at /rustc/53fd98ca776cb875bc9e5514f56b52eb74f9e7a9/library/std/src/panic.rs:347:9
[INFO] [stdout]   41:     0x55db57524e98 - std::panicking::try::do_call::h90d07750cb47c562
[INFO] [stdout]                                at /rustc/53fd98ca776cb875bc9e5514f56b52eb74f9e7a9/library/std/src/panicking.rs:401:40
[INFO] [stdout]   42:     0x55db57524e98 - std::panicking::try::h063c84733ad2a629
[INFO] [stdout]                                at /rustc/53fd98ca776cb875bc9e5514f56b52eb74f9e7a9/library/std/src/panicking.rs:365:19
[INFO] [stdout]   43:     0x55db57524e98 - std::panic::catch_unwind::h0c464836a84e7c08
[INFO] [stdout]                                at /rustc/53fd98ca776cb875bc9e5514f56b52eb74f9e7a9/library/std/src/panic.rs:434:14
[INFO] [stdout]   44:     0x55db57524e98 - test::run_test_in_process::h5cb06ef620b157fc
[INFO] [stdout]                                at /rustc/53fd98ca776cb875bc9e5514f56b52eb74f9e7a9/library/test/src/lib.rs:601:18
[INFO] [stdout]   45:     0x55db57524e98 - test::run_test::run_test_inner::{{closure}}::h76f677f4b93f9828
[INFO] [stdout]                                at /rustc/53fd98ca776cb875bc9e5514f56b52eb74f9e7a9/library/test/src/lib.rs:493:39
[INFO] [stdout]   46:     0x55db574f362d - test::run_test::run_test_inner::{{closure}}::h366d01fe04f4d67a
[INFO] [stdout]                                at /rustc/53fd98ca776cb875bc9e5514f56b52eb74f9e7a9/library/test/src/lib.rs:520:37
[INFO] [stdout]   47:     0x55db574f362d - std::sys_common::backtrace::__rust_begin_short_backtrace::h7dfa0de4eb395af2
[INFO] [stdout]                                at /rustc/53fd98ca776cb875bc9e5514f56b52eb74f9e7a9/library/std/src/sys_common/backtrace.rs:125:18
[INFO] [stdout]   48:     0x55db574f7df8 - std::thread::Builder::spawn_unchecked::{{closure}}::{{closure}}::hf0a74bb58798037f
[INFO] [stdout]                                at /rustc/53fd98ca776cb875bc9e5514f56b52eb74f9e7a9/library/std/src/thread/mod.rs:476:17
[INFO] [stdout]   49:     0x55db574f7df8 - <std::panic::AssertUnwindSafe<F> as core::ops::function::FnOnce<()>>::call_once::hb024e854818586ac
[INFO] [stdout]                                at /rustc/53fd98ca776cb875bc9e5514f56b52eb74f9e7a9/library/std/src/panic.rs:347:9
[INFO] [stdout]   50:     0x55db574f7df8 - std::panicking::try::do_call::hb2dd9f1d0d48e41d
[INFO] [stdout]                                at /rustc/53fd98ca776cb875bc9e5514f56b52eb74f9e7a9/library/std/src/panicking.rs:401:40
[INFO] [stdout]   51:     0x55db574f7df8 - std::panicking::try::h4717ae7bac8b2bf3
[INFO] [stdout]                                at /rustc/53fd98ca776cb875bc9e5514f56b52eb74f9e7a9/library/std/src/panicking.rs:365:19
[INFO] [stdout]   52:     0x55db574f7df8 - std::panic::catch_unwind::h0dc8a061326ce8d8
[INFO] [stdout]                                at /rustc/53fd98ca776cb875bc9e5514f56b52eb74f9e7a9/library/std/src/panic.rs:434:14
[INFO] [stdout]   53:     0x55db574f7df8 - std::thread::Builder::spawn_unchecked::{{closure}}::haa369e2d6fd00aa1
[INFO] [stdout]                                at /rustc/53fd98ca776cb875bc9e5514f56b52eb74f9e7a9/library/std/src/thread/mod.rs:475:30
[INFO] [stdout]   54:     0x55db574f7df8 - core::ops::function::FnOnce::call_once{{vtable.shim}}::h36dcf3de8b056f17
[INFO] [stdout]                                at /rustc/53fd98ca776cb875bc9e5514f56b52eb74f9e7a9/library/core/src/ops/function.rs:227:5
[INFO] [stdout]   55:     0x55db57cb53d7 - <alloc::boxed::Box<F,A> as core::ops::function::FnOnce<Args>>::call_once::h65c29e4642be2358
[INFO] [stdout]                                at /rustc/53fd98ca776cb875bc9e5514f56b52eb74f9e7a9/library/alloc/src/boxed.rs:1572:9
[INFO] [stdout]   56:     0x55db57cb53d7 - <alloc::boxed::Box<F,A> as core::ops::function::FnOnce<Args>>::call_once::hd0f8f7fbbd9fffbf
[INFO] [stdout]                                at /rustc/53fd98ca776cb875bc9e5514f56b52eb74f9e7a9/library/alloc/src/boxed.rs:1572:9
[INFO] [stdout]   57:     0x55db57cb53d7 - std::sys::unix::thread::Thread::new::thread_start::h2fd22fee3ca77b65
[INFO] [stdout]                                at /rustc/53fd98ca776cb875bc9e5514f56b52eb74f9e7a9/library/std/src/sys/unix/thread.rs:74:17
[INFO] [stdout]   58:     0x7f7d18818609 - start_thread
[INFO] [stdout]   59:     0x7f7d185ea293 - clone
[INFO] [stdout]   60:                0x0 - <unknown>
[INFO] [stdout] 
[INFO] [stdout] ---- restore::test::restore_volume_test stdout ----
[INFO] [stdout] 2021-08-07 01:23:20,887 INFO  [dockyard::restore] Restoring volume volume_22718332-e1bf-45de-9c25-bb3dfbd7124f from archive.tgz
[INFO] [stdout] thread 'restore::test::restore_volume_test' panicked at 'called `Result::unwrap()` on an `Err` value: error trying to connect: No such file or directory (os error 2)
[INFO] [stdout] 
[INFO] [stdout] Caused by:
[INFO] [stdout]     No such file or directory (os error 2)', src/restore.rs:198:48
[INFO] [stdout] stack backtrace:
[INFO] [stdout]    0:     0x55db57cabd70 - std::backtrace_rs::backtrace::libunwind::trace::hff4d1766e93f64f1
[INFO] [stdout]                                at /rustc/53fd98ca776cb875bc9e5514f56b52eb74f9e7a9/library/std/src/../../backtrace/src/backtrace/libunwind.rs:90:5
[INFO] [stdout]    1:     0x55db57cabd70 - std::backtrace_rs::backtrace::trace_unsynchronized::h56bbc8eb78770bcb
[INFO] [stdout]                                at /rustc/53fd98ca776cb875bc9e5514f56b52eb74f9e7a9/library/std/src/../../backtrace/src/backtrace/mod.rs:66:5
[INFO] [stdout]    2:     0x55db57cabd70 - std::sys_common::backtrace::_print_fmt::h5c8e75464faca780
[INFO] [stdout]                                at /rustc/53fd98ca776cb875bc9e5514f56b52eb74f9e7a9/library/std/src/sys_common/backtrace.rs:67:5
[INFO] [stdout]    3:     0x55db57cabd70 - <std::sys_common::backtrace::_print::DisplayBacktrace as core::fmt::Display>::fmt::h48b88277def8b362
[INFO] [stdout]                                at /rustc/53fd98ca776cb875bc9e5514f56b52eb74f9e7a9/library/std/src/sys_common/backtrace.rs:46:22
[INFO] [stdout]    4:     0x55db57cd0f7c - core::fmt::write::h3381b3176fe2b3d3
[INFO] [stdout]                                at /rustc/53fd98ca776cb875bc9e5514f56b52eb74f9e7a9/library/core/src/fmt/mod.rs:1115:17
[INFO] [stdout]    5:     0x55db57ca53a5 - std::io::Write::write_fmt::h5f34a676f60246b5
[INFO] [stdout]                                at /rustc/53fd98ca776cb875bc9e5514f56b52eb74f9e7a9/library/std/src/io/mod.rs:1665:15
[INFO] [stdout]    6:     0x55db57cae3db - std::sys_common::backtrace::_print::ha537687d6c17dd0d
[INFO] [stdout]                                at /rustc/53fd98ca776cb875bc9e5514f56b52eb74f9e7a9/library/std/src/sys_common/backtrace.rs:49:5
[INFO] [stdout]    7:     0x55db57cae3db - std::sys_common::backtrace::print::h61376ae57d131d72
[INFO] [stdout]                                at /rustc/53fd98ca776cb875bc9e5514f56b52eb74f9e7a9/library/std/src/sys_common/backtrace.rs:36:9
[INFO] [stdout]    8:     0x55db57cae3db - std::panicking::default_hook::{{closure}}::h0f7208c0b9644a54
[INFO] [stdout]                                at /rustc/53fd98ca776cb875bc9e5514f56b52eb74f9e7a9/library/std/src/panicking.rs:208:50
[INFO] [stdout]    9:     0x55db57cadeec - std::panicking::default_hook::hdac7fc06578c14ce
[INFO] [stdout]                                at /rustc/53fd98ca776cb875bc9e5514f56b52eb74f9e7a9/library/std/src/panicking.rs:222:9
[INFO] [stdout]   10:     0x55db57caeaa4 - std::panicking::rust_panic_with_hook::h72b21c283da3d1ef
[INFO] [stdout]                                at /rustc/53fd98ca776cb875bc9e5514f56b52eb74f9e7a9/library/std/src/panicking.rs:622:17
[INFO] [stdout]   11:     0x55db57cae587 - std::panicking::begin_panic_handler::{{closure}}::he5778f1729cff84a
[INFO] [stdout]                                at /rustc/53fd98ca776cb875bc9e5514f56b52eb74f9e7a9/library/std/src/panicking.rs:519:13
[INFO] [stdout]   12:     0x55db57cac24c - std::sys_common::backtrace::__rust_end_short_backtrace::h2d11ca8b453b4b1d
[INFO] [stdout]                                at /rustc/53fd98ca776cb875bc9e5514f56b52eb74f9e7a9/library/std/src/sys_common/backtrace.rs:141:18
[INFO] [stdout]   13:     0x55db57cae4e9 - rust_begin_unwind
[INFO] [stdout]                                at /rustc/53fd98ca776cb875bc9e5514f56b52eb74f9e7a9/library/std/src/panicking.rs:515:5
[INFO] [stdout]   14:     0x55db572e4ac1 - core::panicking::panic_fmt::hf9de31d4acbce4db
[INFO] [stdout]                                at /rustc/53fd98ca776cb875bc9e5514f56b52eb74f9e7a9/library/core/src/panicking.rs:92:14
[INFO] [stdout]   15:     0x55db572e4bb3 - core::result::unwrap_failed::ha0c84e81219e5878
[INFO] [stdout]                                at /rustc/53fd98ca776cb875bc9e5514f56b52eb74f9e7a9/library/core/src/result.rs:1599:5
[INFO] [stdout]   16:     0x55db5740a1da - core::result::Result<T,E>::unwrap::ha6852c79bbc0316a
[INFO] [stdout]                                at /rustc/53fd98ca776cb875bc9e5514f56b52eb74f9e7a9/library/core/src/result.rs:1281:23
[INFO] [stdout]   17:     0x55db57418079 - dockyard::restore::test::restore_volume_test::{{closure}}::h79a6aee75496cbee
[INFO] [stdout]                                at /opt/rustwide/workdir/src/restore.rs:190:13
[INFO] [stdout]   18:     0x55db574bffdb - <core::future::from_generator::GenFuture<T> as core::future::future::Future>::poll::hb896d97732dca09e
[INFO] [stdout]                                at /rustc/53fd98ca776cb875bc9e5514f56b52eb74f9e7a9/library/core/src/future/mod.rs:80:19
[INFO] [stdout]   19:     0x55db57433180 - tokio::runtime::basic_scheduler::BasicScheduler<P>::block_on::{{closure}}::{{closure}}::h3652091b65cb8e3d
[INFO] [stdout]                                at /opt/rustwide/cargo-home/registry/src/github.com-1ecc6299db9ec823/tokio-0.2.22/src/runtime/basic_scheduler.rs:131:58
[INFO] [stdout]   20:     0x55db574baaec - tokio::coop::with_budget::{{closure}}::h0a18e1ad5c6bd3ed
[INFO] [stdout]                                at /opt/rustwide/cargo-home/registry/src/github.com-1ecc6299db9ec823/tokio-0.2.22/src/coop.rs:127:9
[INFO] [stdout]   21:     0x55db5740f191 - std::thread::local::LocalKey<T>::try_with::h199fa7adcd83f68a
[INFO] [stdout]                                at /rustc/53fd98ca776cb875bc9e5514f56b52eb74f9e7a9/library/std/src/thread/local.rs:399:16
[INFO] [stdout]   22:     0x55db5740e5cd - std::thread::local::LocalKey<T>::with::ha88c29b17098e959
[INFO] [stdout]                                at /rustc/53fd98ca776cb875bc9e5514f56b52eb74f9e7a9/library/std/src/thread/local.rs:375:9
[INFO] [stdout]   23:     0x55db5743213d - tokio::coop::with_budget::h3cea1f70bc183b37
[INFO] [stdout]                                at /opt/rustwide/cargo-home/registry/src/github.com-1ecc6299db9ec823/tokio-0.2.22/src/coop.rs:120:5
[INFO] [stdout]   24:     0x55db5743213d - tokio::coop::budget::h8ccee113b17aa828
[INFO] [stdout]                                at /opt/rustwide/cargo-home/registry/src/github.com-1ecc6299db9ec823/tokio-0.2.22/src/coop.rs:96:5
[INFO] [stdout]   25:     0x55db5743213d - tokio::runtime::basic_scheduler::BasicScheduler<P>::block_on::{{closure}}::he0fc472f0d650b8b
[INFO] [stdout]                                at /opt/rustwide/cargo-home/registry/src/github.com-1ecc6299db9ec823/tokio-0.2.22/src/runtime/basic_scheduler.rs:131:35
[INFO] [stdout]   26:     0x55db57435937 - tokio::runtime::basic_scheduler::enter::{{closure}}::hbc45612219799978
[INFO] [stdout]                                at /opt/rustwide/cargo-home/registry/src/github.com-1ecc6299db9ec823/tokio-0.2.22/src/runtime/basic_scheduler.rs:213:29
[INFO] [stdout]   27:     0x55db574e29b6 - tokio::macros::scoped_tls::ScopedKey<T>::set::h574e5a5a36329535
[INFO] [stdout]                                at /opt/rustwide/cargo-home/registry/src/github.com-1ecc6299db9ec823/tokio-0.2.22/src/macros/scoped_tls.rs:63:9
[INFO] [stdout]   28:     0x55db57434404 - tokio::runtime::basic_scheduler::enter::h655623f4184c033d
[INFO] [stdout]                                at /opt/rustwide/cargo-home/registry/src/github.com-1ecc6299db9ec823/tokio-0.2.22/src/runtime/basic_scheduler.rs:213:5
[INFO] [stdout]   29:     0x55db5742eb56 - tokio::runtime::basic_scheduler::BasicScheduler<P>::block_on::hf814c900b7673c23
[INFO] [stdout]                                at /opt/rustwide/cargo-home/registry/src/github.com-1ecc6299db9ec823/tokio-0.2.22/src/runtime/basic_scheduler.rs:123:9
[INFO] [stdout]   30:     0x55db57496138 - tokio::runtime::Runtime::block_on::{{closure}}::h75d30c64ccd32711
[INFO] [stdout]                                at /opt/rustwide/cargo-home/registry/src/github.com-1ecc6299db9ec823/tokio-0.2.22/src/runtime/mod.rs:444:34
[INFO] [stdout]   31:     0x55db574abcd8 - tokio::runtime::context::enter::h734381d05c3b2bcf
[INFO] [stdout]                                at /opt/rustwide/cargo-home/registry/src/github.com-1ecc6299db9ec823/tokio-0.2.22/src/runtime/context.rs:72:5
[INFO] [stdout]   32:     0x55db574bd190 - tokio::runtime::handle::Handle::enter::he64a9f55ebcd3ff7
[INFO] [stdout]                                at /opt/rustwide/cargo-home/registry/src/github.com-1ecc6299db9ec823/tokio-0.2.22/src/runtime/handle.rs:76:9
[INFO] [stdout]   33:     0x55db57495983 - tokio::runtime::Runtime::block_on::h0bead00479c127a7
[INFO] [stdout]                                at /opt/rustwide/cargo-home/registry/src/github.com-1ecc6299db9ec823/tokio-0.2.22/src/runtime/mod.rs:441:9
[INFO] [stdout]   34:     0x55db57416c22 - dockyard::restore::test::restore_volume_test::hed8e99b6739fd1ef
[INFO] [stdout]                                at /opt/rustwide/workdir/src/restore.rs:176:9
[INFO] [stdout]   35:     0x55db5741690a - dockyard::restore::test::restore_volume_test::{{closure}}::h4b690acb841f68c6
[INFO] [stdout]                                at /opt/rustwide/workdir/src/restore.rs:166:5
[INFO] [stdout]   36:     0x55db5741c5ce - core::ops::function::FnOnce::call_once::ha87e2f7b92c96531
[INFO] [stdout]                                at /rustc/53fd98ca776cb875bc9e5514f56b52eb74f9e7a9/library/core/src/ops/function.rs:227:5
[INFO] [stdout]   37:     0x55db575263e3 - core::ops::function::FnOnce::call_once::hbb52c4519d3137b0
[INFO] [stdout]                                at /rustc/53fd98ca776cb875bc9e5514f56b52eb74f9e7a9/library/core/src/ops/function.rs:227:5
[INFO] [stdout]   38:     0x55db575263e3 - test::__rust_begin_short_backtrace::h86fe3a2a5a5121af
[INFO] [stdout]                                at /rustc/53fd98ca776cb875bc9e5514f56b52eb74f9e7a9/library/test/src/lib.rs:578:5
[INFO] [stdout]   39:     0x55db57524e98 - <alloc::boxed::Box<F,A> as core::ops::function::FnOnce<Args>>::call_once::hfd956bc3d57399be
[INFO] [stdout]                                at /rustc/53fd98ca776cb875bc9e5514f56b52eb74f9e7a9/library/alloc/src/boxed.rs:1572:9
[INFO] [stdout]   40:     0x55db57524e98 - <std::panic::AssertUnwindSafe<F> as core::ops::function::FnOnce<()>>::call_once::h40dc93e0ddb5938a
[INFO] [stdout]                                at /rustc/53fd98ca776cb875bc9e5514f56b52eb74f9e7a9/library/std/src/panic.rs:347:9
[INFO] [stdout]   41:     0x55db57524e98 - std::panicking::try::do_call::h90d07750cb47c562
[INFO] [stdout]                                at /rustc/53fd98ca776cb875bc9e5514f56b52eb74f9e7a9/library/std/src/panicking.rs:401:40
[INFO] [stdout]   42:     0x55db57524e98 - std::panicking::try::h063c84733ad2a629
[INFO] [stdout]                                at /rustc/53fd98ca776cb875bc9e5514f56b52eb74f9e7a9/library/std/src/panicking.rs:365:19
[INFO] [stdout]   43:     0x55db57524e98 - std::panic::catch_unwind::h0c464836a84e7c08
[INFO] [stdout]                                at /rustc/53fd98ca776cb875bc9e5514f56b52eb74f9e7a9/library/std/src/panic.rs:434:14
[INFO] [stdout]   44:     0x55db57524e98 - test::run_test_in_process::h5cb06ef620b157fc
[INFO] [stdout]                                at /rustc/53fd98ca776cb875bc9e5514f56b52eb74f9e7a9/library/test/src/lib.rs:601:18
[INFO] [stdout]   45:     0x55db57524e98 - test::run_test::run_test_inner::{{closure}}::h76f677f4b93f9828
[INFO] [stdout]                                at /rustc/53fd98ca776cb875bc9e5514f56b52eb74f9e7a9/library/test/src/lib.rs:493:39
[INFO] [stdout]   46:     0x55db574f362d - test::run_test::run_test_inner::{{closure}}::h366d01fe04f4d67a
[INFO] [stdout]                                at /rustc/53fd98ca776cb875bc9e5514f56b52eb74f9e7a9/library/test/src/lib.rs:520:37
[INFO] [stdout]   47:     0x55db574f362d - std::sys_common::backtrace::__rust_begin_short_backtrace::h7dfa0de4eb395af2
[INFO] [stdout]                                at /rustc/53fd98ca776cb875bc9e5514f56b52eb74f9e7a9/library/std/src/sys_common/backtrace.rs:125:18
[INFO] [stdout]   48:     0x55db574f7df8 - std::thread::Builder::spawn_unchecked::{{closure}}::{{closure}}::hf0a74bb58798037f
[INFO] [stdout]                                at /rustc/53fd98ca776cb875bc9e5514f56b52eb74f9e7a9/library/std/src/thread/mod.rs:476:17
[INFO] [stdout]   49:     0x55db574f7df8 - <std::panic::AssertUnwindSafe<F> as core::ops::function::FnOnce<()>>::call_once::hb024e854818586ac
[INFO] [stdout]                                at /rustc/53fd98ca776cb875bc9e5514f56b52eb74f9e7a9/library/std/src/panic.rs:347:9
[INFO] [stdout]   50:     0x55db574f7df8 - std::panicking::try::do_call::hb2dd9f1d0d48e41d
[INFO] [stdout]                                at /rustc/53fd98ca776cb875bc9e5514f56b52eb74f9e7a9/library/std/src/panicking.rs:401:40
[INFO] [stdout]   51:     0x55db574f7df8 - std::panicking::try::h4717ae7bac8b2bf3
[INFO] [stdout]                                at /rustc/53fd98ca776cb875bc9e5514f56b52eb74f9e7a9/library/std/src/panicking.rs:365:19
[INFO] [stdout]   52:     0x55db574f7df8 - std::panic::catch_unwind::h0dc8a061326ce8d8
[INFO] [stdout]                                at /rustc/53fd98ca776cb875bc9e5514f56b52eb74f9e7a9/library/std/src/panic.rs:434:14
[INFO] [stdout]   53:     0x55db574f7df8 - std::thread::Builder::spawn_unchecked::{{closure}}::haa369e2d6fd00aa1
[INFO] [stdout]                                at /rustc/53fd98ca776cb875bc9e5514f56b52eb74f9e7a9/library/std/src/thread/mod.rs:475:30
[INFO] [stdout]   54:     0x55db574f7df8 - core::ops::function::FnOnce::call_once{{vtable.shim}}::h36dcf3de8b056f17
[INFO] [stdout]                                at /rustc/53fd98ca776cb875bc9e5514f56b52eb74f9e7a9/library/core/src/ops/function.rs:227:5
[INFO] [stdout]   55:     0x55db57cb53d7 - <alloc::boxed::Box<F,A> as core::ops::function::FnOnce<Args>>::call_once::h65c29e4642be2358
[INFO] [stdout]                                at /rustc/53fd98ca776cb875bc9e5514f56b52eb74f9e7a9/library/alloc/src/boxed.rs:1572:9
[INFO] [stdout]   56:     0x55db57cb53d7 - <alloc::boxed::Box<F,A> as core::ops::function::FnOnce<Args>>::call_once::hd0f8f7fbbd9fffbf
[INFO] [stdout]                                at /rustc/53fd98ca776cb875bc9e5514f56b52eb74f9e7a9/library/alloc/src/boxed.rs:1572:9
[INFO] [stdout]   57:     0x55db57cb53d7 - std::sys::unix::thread::Thread::new::thread_start::h2fd22fee3ca77b65
[INFO] [stdout]                                at /rustc/53fd98ca776cb875bc9e5514f56b52eb74f9e7a9/library/std/src/sys/unix/thread.rs:74:17
[INFO] [stdout]   58:     0x7f7d18818609 - start_thread
[INFO] [stdout]   59:     0x7f7d185ea293 - clone
[INFO] [stdout]   60:                0x0 - <unknown>
[INFO] [stdout] 
[INFO] [stdout] 
[INFO] [stdout] failures:
[INFO] [stdout]     backup::test::backup_container_to_directory_test
[INFO] [stdout]     backup::test::backup_volume_to_directory_test
[INFO] [stdout]     restore::test::restore_container_test
[INFO] [stdout]     restore::test::restore_volume_test
[INFO] [stdout] 
[INFO] [stdout] test result: FAILED. 5 passed; 4 failed; 0 ignored; 0 measured; 0 filtered out; finished in 0.54s
[INFO] [stdout] 
[INFO] running `Command { std: "docker" "inspect" "3760e3c65c82167e0b25f3257f237c5b82666d6cfcce88c5ab643eeaf151601b", kill_on_drop: false }`
[INFO] running `Command { std: "docker" "rm" "-f" "3760e3c65c82167e0b25f3257f237c5b82666d6cfcce88c5ab643eeaf151601b", kill_on_drop: false }`
[INFO] [stdout] 3760e3c65c82167e0b25f3257f237c5b82666d6cfcce88c5ab643eeaf151601b
