[INFO] fetching crate docker_client 0.1.0-alpha4...
[INFO] testing docker_client-0.1.0-alpha4 against 1.54.0 for beta-1.55-1
[INFO] extracting crate docker_client 0.1.0-alpha4 into /workspace/builds/worker-119/source
[INFO] validating manifest of crates.io crate docker_client 0.1.0-alpha4 on toolchain 1.54.0
[INFO] running `Command { std: "/workspace/cargo-home/bin/cargo" "+1.54.0" "metadata" "--manifest-path" "Cargo.toml" "--no-deps", kill_on_drop: false }`
[INFO] started tweaking crates.io crate docker_client 0.1.0-alpha4
[INFO] finished tweaking crates.io crate docker_client 0.1.0-alpha4
[INFO] tweaked toml for crates.io crate docker_client 0.1.0-alpha4 written to /workspace/builds/worker-119/source/Cargo.toml
[INFO] running `Command { std: "/workspace/cargo-home/bin/cargo" "+1.54.0" "generate-lockfile" "--manifest-path" "Cargo.toml" "-Zno-index-update", kill_on_drop: false }`
[INFO] [stderr]     Blocking waiting for file lock on package cache
[INFO] running `Command { std: "/workspace/cargo-home/bin/cargo" "+1.54.0" "fetch" "--manifest-path" "Cargo.toml", kill_on_drop: false }`
[INFO] [stderr]     Blocking waiting for file lock on package cache
[INFO] [stderr]     Blocking waiting for file lock on package cache
[INFO] running `Command { std: "docker" "create" "-v" "/var/lib/crater-agent-workspace/builds/worker-119/target:/opt/rustwide/target:rw,Z" "-v" "/var/lib/crater-agent-workspace/builds/worker-119/source:/opt/rustwide/workdir:ro,Z" "-v" "/var/lib/crater-agent-workspace/cargo-home:/opt/rustwide/cargo-home:ro,Z" "-v" "/var/lib/crater-agent-workspace/rustup-home:/opt/rustwide/rustup-home:ro,Z" "-e" "SOURCE_DIR=/opt/rustwide/workdir" "-e" "CARGO_TARGET_DIR=/opt/rustwide/target" "-e" "CARGO_HOME=/opt/rustwide/cargo-home" "-e" "RUSTUP_HOME=/opt/rustwide/rustup-home" "-w" "/opt/rustwide/workdir" "-m" "1610612736" "--user" "0:0" "--network" "none" "ghcr.io/rust-lang/crates-build-env/linux@sha256:34b6a614d2c27851fe6cbf88fbd1137609cefab8b10d0615aaeb6fd47975d74e" "/opt/rustwide/cargo-home/bin/cargo" "+1.54.0" "metadata" "--no-deps" "--format-version=1", kill_on_drop: false }`
[INFO] [stdout] 9666dd65f847388cde74089c17f551572d868b83000a9e114dbe5dba249600fe
[INFO] running `Command { std: "docker" "start" "-a" "9666dd65f847388cde74089c17f551572d868b83000a9e114dbe5dba249600fe", kill_on_drop: false }`
[INFO] running `Command { std: "docker" "inspect" "9666dd65f847388cde74089c17f551572d868b83000a9e114dbe5dba249600fe", kill_on_drop: false }`
[INFO] running `Command { std: "docker" "rm" "-f" "9666dd65f847388cde74089c17f551572d868b83000a9e114dbe5dba249600fe", kill_on_drop: false }`
[INFO] [stdout] 9666dd65f847388cde74089c17f551572d868b83000a9e114dbe5dba249600fe
[INFO] running `Command { std: "docker" "create" "-v" "/var/lib/crater-agent-workspace/builds/worker-119/target:/opt/rustwide/target:rw,Z" "-v" "/var/lib/crater-agent-workspace/builds/worker-119/source:/opt/rustwide/workdir:ro,Z" "-v" "/var/lib/crater-agent-workspace/cargo-home:/opt/rustwide/cargo-home:ro,Z" "-v" "/var/lib/crater-agent-workspace/rustup-home:/opt/rustwide/rustup-home:ro,Z" "-e" "SOURCE_DIR=/opt/rustwide/workdir" "-e" "CARGO_TARGET_DIR=/opt/rustwide/target" "-e" "CARGO_INCREMENTAL=0" "-e" "RUST_BACKTRACE=full" "-e" "RUSTFLAGS=--cap-lints=warn" "-e" "CARGO_HOME=/opt/rustwide/cargo-home" "-e" "RUSTUP_HOME=/opt/rustwide/rustup-home" "-w" "/opt/rustwide/workdir" "-m" "1610612736" "--user" "0:0" "--network" "none" "ghcr.io/rust-lang/crates-build-env/linux@sha256:34b6a614d2c27851fe6cbf88fbd1137609cefab8b10d0615aaeb6fd47975d74e" "/opt/rustwide/cargo-home/bin/cargo" "+1.54.0" "build" "--frozen" "--message-format=json", kill_on_drop: false }`
[INFO] [stdout] 8aba146fe247417333ce74e10ebef2eb6a97341fc881446d0d1d0378f85ad98d
[INFO] running `Command { std: "docker" "start" "-a" "8aba146fe247417333ce74e10ebef2eb6a97341fc881446d0d1d0378f85ad98d", kill_on_drop: false }`
[INFO] [stderr]    Compiling futures v0.1.31
[INFO] [stderr]    Compiling log v0.4.14
[INFO] [stderr]    Compiling maybe-uninit v2.0.0
[INFO] [stderr]    Compiling either v1.6.1
[INFO] [stderr]    Compiling slab v0.4.4
[INFO] [stderr]    Compiling syn v1.0.74
[INFO] [stderr]    Compiling itoa v0.4.7
[INFO] [stderr]    Compiling futures-core v0.3.16
[INFO] [stderr]    Compiling futures-channel v0.3.16
[INFO] [stderr]    Compiling proc-macro-nested v0.1.7
[INFO] [stderr]    Compiling futures-task v0.3.16
[INFO] [stderr]    Compiling httparse v1.4.1
[INFO] [stderr]    Compiling hashbrown v0.11.2
[INFO] [stderr]    Compiling futures-sink v0.3.16
[INFO] [stderr]    Compiling pin-project-lite v0.2.7
[INFO] [stderr]    Compiling try-lock v0.2.3
[INFO] [stderr]    Compiling futures-io v0.3.16
[INFO] [stderr]    Compiling pin-utils v0.1.0
[INFO] [stderr]    Compiling scoped-tls v0.1.2
[INFO] [stderr]    Compiling hex v0.3.2
[INFO] [stderr]    Compiling crossbeam-utils v0.7.2
[INFO] [stderr]    Compiling memoffset v0.5.6
[INFO] [stderr]    Compiling crossbeam-epoch v0.8.2
[INFO] [stderr]    Compiling indexmap v1.7.0
[INFO] [stderr]    Compiling futures-macro v0.3.16
[INFO] [stderr]    Compiling futures-util v0.3.16
[INFO] [stderr]    Compiling lock_api v0.3.4
[INFO] [stderr]    Compiling iovec v0.1.4
[INFO] [stderr]    Compiling num_cpus v1.13.0
[INFO] [stderr]    Compiling net2 v0.2.37
[INFO] [stderr]    Compiling unix_socket v0.5.0
[INFO] [stderr]    Compiling parking_lot_core v0.6.2
[INFO] [stderr]    Compiling parking_lot v0.9.0
[INFO] [stderr]    Compiling hyper v0.12.36
[INFO] [stderr]    Compiling bytes v0.4.12
[INFO] [stderr]    Compiling http v0.1.21
[INFO] [stderr]    Compiling string v0.2.1
[INFO] [stderr]    Compiling mio v0.6.23
[INFO] [stderr]    Compiling smallvec v0.6.14
[INFO] [stderr]    Compiling tokio-io v0.1.13
[INFO] [stderr]    Compiling tokio-sync v0.1.8
[INFO] [stderr]    Compiling tokio-buf v0.1.1
[INFO] [stderr]    Compiling want v0.2.0
[INFO] [stderr]    Compiling futures-cpupool v0.1.8
[INFO] [stderr]    Compiling mio-uds v0.6.8
[INFO] [stderr]    Compiling tokio-codec v0.1.2
[INFO] [stderr]    Compiling tokio-executor v0.1.10
[INFO] [stderr]    Compiling crossbeam-queue v0.2.3
[INFO] [stderr]    Compiling h2 v0.1.26
[INFO] [stderr]    Compiling http-body v0.1.0
[INFO] [stderr]    Compiling tokio-reactor v0.1.12
[INFO] [stderr]    Compiling tokio-timer v0.2.13
[INFO] [stderr]    Compiling tokio-current-thread v0.1.7
[INFO] [stderr]    Compiling crossbeam-deque v0.7.4
[INFO] [stderr]    Compiling tokio-udp v0.1.6
[INFO] [stderr]    Compiling tokio-uds v0.2.7
[INFO] [stderr]    Compiling tokio-tcp v0.1.4
[INFO] [stderr]    Compiling tokio-threadpool v0.1.18
[INFO] [stderr]    Compiling tokio-fs v0.1.7
[INFO] [stderr]    Compiling tokio v0.1.22
[INFO] [stderr]    Compiling tokio-core v0.1.18
[INFO] [stderr]    Compiling serde_derive v1.0.127
[INFO] [stderr]    Compiling hyperlocal v0.6.0
[INFO] [stderr]    Compiling futures-executor v0.3.16
[INFO] [stderr]    Compiling futures v0.3.16
[INFO] [stderr]    Compiling serde v1.0.127
[INFO] [stderr]    Compiling serde_json v1.0.66
[INFO] [stderr]    Compiling docker_client v0.1.0-alpha4 (/opt/rustwide/workdir)
[INFO] [stderr]     Finished dev [unoptimized + debuginfo] target(s) in 27.57s
[INFO] running `Command { std: "docker" "inspect" "8aba146fe247417333ce74e10ebef2eb6a97341fc881446d0d1d0378f85ad98d", kill_on_drop: false }`
[INFO] running `Command { std: "docker" "rm" "-f" "8aba146fe247417333ce74e10ebef2eb6a97341fc881446d0d1d0378f85ad98d", kill_on_drop: false }`
[INFO] [stdout] 8aba146fe247417333ce74e10ebef2eb6a97341fc881446d0d1d0378f85ad98d
[INFO] running `Command { std: "docker" "create" "-v" "/var/lib/crater-agent-workspace/builds/worker-119/target:/opt/rustwide/target:rw,Z" "-v" "/var/lib/crater-agent-workspace/builds/worker-119/source:/opt/rustwide/workdir:ro,Z" "-v" "/var/lib/crater-agent-workspace/cargo-home:/opt/rustwide/cargo-home:ro,Z" "-v" "/var/lib/crater-agent-workspace/rustup-home:/opt/rustwide/rustup-home:ro,Z" "-e" "SOURCE_DIR=/opt/rustwide/workdir" "-e" "CARGO_TARGET_DIR=/opt/rustwide/target" "-e" "CARGO_INCREMENTAL=0" "-e" "RUST_BACKTRACE=full" "-e" "RUSTFLAGS=--cap-lints=warn" "-e" "CARGO_HOME=/opt/rustwide/cargo-home" "-e" "RUSTUP_HOME=/opt/rustwide/rustup-home" "-w" "/opt/rustwide/workdir" "-m" "1610612736" "--user" "0:0" "--network" "none" "ghcr.io/rust-lang/crates-build-env/linux@sha256:34b6a614d2c27851fe6cbf88fbd1137609cefab8b10d0615aaeb6fd47975d74e" "/opt/rustwide/cargo-home/bin/cargo" "+1.54.0" "test" "--frozen" "--no-run" "--message-format=json", kill_on_drop: false }`
[INFO] [stdout] c1d4bb4cbab7efcf9766192b117062c629567611122f099305892f2ada9a52e0
[INFO] running `Command { std: "docker" "start" "-a" "c1d4bb4cbab7efcf9766192b117062c629567611122f099305892f2ada9a52e0", kill_on_drop: false }`
[INFO] [stderr]     Blocking waiting for file lock on package cache
[INFO] [stderr]    Compiling docker_client v0.1.0-alpha4 (/opt/rustwide/workdir)
[INFO] [stderr]     Finished test [unoptimized + debuginfo] target(s) in 3.01s
[INFO] running `Command { std: "docker" "inspect" "c1d4bb4cbab7efcf9766192b117062c629567611122f099305892f2ada9a52e0", kill_on_drop: false }`
[INFO] running `Command { std: "docker" "rm" "-f" "c1d4bb4cbab7efcf9766192b117062c629567611122f099305892f2ada9a52e0", kill_on_drop: false }`
[INFO] [stdout] c1d4bb4cbab7efcf9766192b117062c629567611122f099305892f2ada9a52e0
[INFO] running `Command { std: "docker" "create" "-v" "/var/lib/crater-agent-workspace/builds/worker-119/target:/opt/rustwide/target:rw,Z" "-v" "/var/lib/crater-agent-workspace/builds/worker-119/source:/opt/rustwide/workdir:ro,Z" "-v" "/var/lib/crater-agent-workspace/cargo-home:/opt/rustwide/cargo-home:ro,Z" "-v" "/var/lib/crater-agent-workspace/rustup-home:/opt/rustwide/rustup-home:ro,Z" "-e" "SOURCE_DIR=/opt/rustwide/workdir" "-e" "CARGO_TARGET_DIR=/opt/rustwide/target" "-e" "CARGO_INCREMENTAL=0" "-e" "RUST_BACKTRACE=full" "-e" "RUSTFLAGS=--cap-lints=warn" "-e" "CARGO_HOME=/opt/rustwide/cargo-home" "-e" "RUSTUP_HOME=/opt/rustwide/rustup-home" "-w" "/opt/rustwide/workdir" "-m" "1610612736" "--user" "0:0" "--network" "none" "ghcr.io/rust-lang/crates-build-env/linux@sha256:34b6a614d2c27851fe6cbf88fbd1137609cefab8b10d0615aaeb6fd47975d74e" "/opt/rustwide/cargo-home/bin/cargo" "+1.54.0" "test" "--frozen", kill_on_drop: false }`
[INFO] [stdout] feb20488add4a7b723ef64cbf5d66abaa60b61310b60ddb553c7952d0d8a9802
[INFO] running `Command { std: "docker" "start" "-a" "feb20488add4a7b723ef64cbf5d66abaa60b61310b60ddb553c7952d0d8a9802", kill_on_drop: false }`
[INFO] [stderr]     Finished test [unoptimized + debuginfo] target(s) in 0.11s
[INFO] [stdout] 
[INFO] [stderr]      Running unittests (/opt/rustwide/target/debug/deps/docker_client-77337ed4f23ee99b)
[INFO] [stdout] running 0 tests
[INFO] [stderr]      Running tests/test.rs (/opt/rustwide/target/debug/deps/test-677f0b23d95598ff)
[INFO] [stdout] 
[INFO] [stdout] test result: ok. 0 passed; 0 failed; 0 ignored; 0 measured; 0 filtered out; finished in 0.00s
[INFO] [stdout] 
[INFO] [stdout] 
[INFO] [stdout] running 20 tests
[INFO] [stdout] test test_rename ... ok
[INFO] [stdout] test test_fs_changes ... ok
[INFO] [stdout] test test_create ... ok
[INFO] [stdout] test test_pause ... ok
[INFO] [stdout] test delete_unused_volumes ... ok
[INFO] [stdout] test test_health_check ... ok
[INFO] [stdout] test inspect_volume ... ok
[INFO] [stdout] test test_export_container ... ok
[INFO] [stdout] test test_inspect_container ... ok
[INFO] [stdout] test test_start ... ok
[INFO] [stdout] test test_remove ... ok
[INFO] [stdout] test get_volumes_list ... ok
[INFO] [stdout] test test_unpause ... ok
[INFO] [stdout] test test_kill ... ok
[INFO] [stdout] test create_volume ... ok
[INFO] [stdout] test test_stop ... ok
[INFO] [stdout] test test_full ... ok
[INFO] [stdout] test test_image_list ... ok
[INFO] [stdout] test test_log ... ok
[INFO] [stdout] test test_wait_container ... ok
[INFO] [stdout] 
[INFO] [stdout] test result: ok. 20 passed; 0 failed; 0 ignored; 0 measured; 0 filtered out; finished in 0.68s
[INFO] [stdout] 
[INFO] [stderr]    Doc-tests docker_client
[INFO] [stdout] 
[INFO] [stdout] running 67 tests
[INFO] [stdout] test src/client/client.rs - client::client::DockerClient::inspect_container (line 547) ... FAILED
[INFO] [stdout] test src/client/client.rs - client::client::DockerClient::get_volumes_list (line 938) ... FAILED
[INFO] [stdout] test src/client/client.rs - client::client::DockerClient::inspect_volume (line 813) ... FAILED
[INFO] [stdout] test src/client/client.rs - client::client::DockerClient::start_container (line 180) ... FAILED
[INFO] [stdout] test src/container/config.rs - container::config::ConfigBuilder (line 58) ... FAILED
[INFO] [stdout] test src/client/client.rs - client::client::DockerClient::stop_container (line 232) ... FAILED
[INFO] [stdout] test src/client/client.rs - client::client::DockerClient::rename_container (line 381) ... FAILED
[INFO] [stdout] test src/client/client.rs - client::client::DockerClient::wait_container (line 641) ... FAILED
[INFO] [stdout] test src/lib.rs - (line 8) ... FAILED
[INFO] [stdout] test src/container/config.rs - container::config (line 20) ... FAILED
[INFO] [stderr] error: test failed, to rerun pass '--doc'
[INFO] [stderr] 
[INFO] [stderr] Caused by:
[INFO] [stderr]   process didn't exit successfully: `rustdoc --edition=2018 --crate-type lib --crate-name docker_client --test /opt/rustwide/workdir/src/lib.rs -L dependency=/opt/rustwide/target/debug/deps -L dependency=/opt/rustwide/target/debug/deps --extern doc_comment=/opt/rustwide/target/debug/deps/libdoc_comment-4d37846b3f39838b.rlib --extern docker_client=/opt/rustwide/target/debug/deps/libdocker_client-33e2718ff0195ab6.rlib --extern futures=/opt/rustwide/target/debug/deps/libfutures-7775d23433f9cd65.rlib --extern hyper=/opt/rustwide/target/debug/deps/libhyper-097b11b04f9afbc9.rlib --extern hyperlocal=/opt/rustwide/target/debug/deps/libhyperlocal-4e80e0c468db4f23.rlib --extern serde=/opt/rustwide/target/debug/deps/libserde-4efa28fcabd12ca7.rlib --extern serde_json=/opt/rustwide/target/debug/deps/libserde_json-2daaeabb161fbd16.rlib --extern tokio=/opt/rustwide/target/debug/deps/libtokio-b0ab46214d27c1a5.rlib --extern tokio_core=/opt/rustwide/target/debug/deps/libtokio_core-3fbf8b482c5c3f36.rlib --extern unix_socket=/opt/rustwide/target/debug/deps/libunix_socket-6e6efc1134452dff.rlib -C embed-bitcode=no --error-format human` (signal: 9, SIGKILL: kill)
[INFO] running `Command { std: "docker" "inspect" "feb20488add4a7b723ef64cbf5d66abaa60b61310b60ddb553c7952d0d8a9802", kill_on_drop: false }`
[INFO] running `Command { std: "docker" "rm" "-f" "feb20488add4a7b723ef64cbf5d66abaa60b61310b60ddb553c7952d0d8a9802", kill_on_drop: false }`
[INFO] [stdout] feb20488add4a7b723ef64cbf5d66abaa60b61310b60ddb553c7952d0d8a9802
