[INFO] fetching crate doc_9 0.1.0...
[INFO] testing doc_9-0.1.0 against beta-2021-08-01 for beta-1.55-1
[INFO] extracting crate doc_9 0.1.0 into /workspace/builds/worker-39/source
[INFO] validating manifest of crates.io crate doc_9 0.1.0 on toolchain beta-2021-08-01
[INFO] running `Command { std: "/workspace/cargo-home/bin/cargo" "+beta-2021-08-01" "metadata" "--manifest-path" "Cargo.toml" "--no-deps", kill_on_drop: false }`
[INFO] started tweaking crates.io crate doc_9 0.1.0
[INFO] finished tweaking crates.io crate doc_9 0.1.0
[INFO] tweaked toml for crates.io crate doc_9 0.1.0 written to /workspace/builds/worker-39/source/Cargo.toml
[INFO] running `Command { std: "/workspace/cargo-home/bin/cargo" "+beta-2021-08-01" "generate-lockfile" "--manifest-path" "Cargo.toml" "-Zno-index-update", kill_on_drop: false }`
[INFO] running `Command { std: "/workspace/cargo-home/bin/cargo" "+beta-2021-08-01" "fetch" "--manifest-path" "Cargo.toml", kill_on_drop: false }`
[INFO] running `Command { std: "docker" "create" "-v" "/var/lib/crater-agent-workspace/builds/worker-39/target:/opt/rustwide/target:rw,Z" "-v" "/var/lib/crater-agent-workspace/builds/worker-39/source:/opt/rustwide/workdir:ro,Z" "-v" "/var/lib/crater-agent-workspace/cargo-home:/opt/rustwide/cargo-home:ro,Z" "-v" "/var/lib/crater-agent-workspace/rustup-home:/opt/rustwide/rustup-home:ro,Z" "-e" "SOURCE_DIR=/opt/rustwide/workdir" "-e" "CARGO_TARGET_DIR=/opt/rustwide/target" "-e" "CARGO_HOME=/opt/rustwide/cargo-home" "-e" "RUSTUP_HOME=/opt/rustwide/rustup-home" "-w" "/opt/rustwide/workdir" "-m" "1610612736" "--user" "0:0" "--network" "none" "ghcr.io/rust-lang/crates-build-env/linux@sha256:34b6a614d2c27851fe6cbf88fbd1137609cefab8b10d0615aaeb6fd47975d74e" "/opt/rustwide/cargo-home/bin/cargo" "+beta-2021-08-01" "metadata" "--no-deps" "--format-version=1", kill_on_drop: false }`
[INFO] [stdout] 99469063f770ef9b04ddc5fa6fb6eea12ce420bb8dc24f5fc923011c6347cac4
[INFO] running `Command { std: "docker" "start" "-a" "99469063f770ef9b04ddc5fa6fb6eea12ce420bb8dc24f5fc923011c6347cac4", kill_on_drop: false }`
[INFO] running `Command { std: "docker" "inspect" "99469063f770ef9b04ddc5fa6fb6eea12ce420bb8dc24f5fc923011c6347cac4", kill_on_drop: false }`
[INFO] running `Command { std: "docker" "rm" "-f" "99469063f770ef9b04ddc5fa6fb6eea12ce420bb8dc24f5fc923011c6347cac4", kill_on_drop: false }`
[INFO] [stdout] 99469063f770ef9b04ddc5fa6fb6eea12ce420bb8dc24f5fc923011c6347cac4
[INFO] running `Command { std: "docker" "create" "-v" "/var/lib/crater-agent-workspace/builds/worker-39/target:/opt/rustwide/target:rw,Z" "-v" "/var/lib/crater-agent-workspace/builds/worker-39/source:/opt/rustwide/workdir:ro,Z" "-v" "/var/lib/crater-agent-workspace/cargo-home:/opt/rustwide/cargo-home:ro,Z" "-v" "/var/lib/crater-agent-workspace/rustup-home:/opt/rustwide/rustup-home:ro,Z" "-e" "SOURCE_DIR=/opt/rustwide/workdir" "-e" "CARGO_TARGET_DIR=/opt/rustwide/target" "-e" "CARGO_INCREMENTAL=0" "-e" "RUST_BACKTRACE=full" "-e" "RUSTFLAGS=--cap-lints=warn" "-e" "CARGO_HOME=/opt/rustwide/cargo-home" "-e" "RUSTUP_HOME=/opt/rustwide/rustup-home" "-w" "/opt/rustwide/workdir" "-m" "1610612736" "--user" "0:0" "--network" "none" "ghcr.io/rust-lang/crates-build-env/linux@sha256:34b6a614d2c27851fe6cbf88fbd1137609cefab8b10d0615aaeb6fd47975d74e" "/opt/rustwide/cargo-home/bin/cargo" "+beta-2021-08-01" "build" "--frozen" "--message-format=json", kill_on_drop: false }`
[INFO] [stdout] 182373950d9fc472dcd36bce36c2f94e883e68b1021b11b3d13f28840eb8ca79
[INFO] running `Command { std: "docker" "start" "-a" "182373950d9fc472dcd36bce36c2f94e883e68b1021b11b3d13f28840eb8ca79", kill_on_drop: false }`
[INFO] [stderr]     Blocking waiting for file lock on package cache
[INFO] [stderr]    Compiling doc_9 v0.1.0 (/opt/rustwide/workdir)
[INFO] [stderr]     Finished dev [unoptimized + debuginfo] target(s) in 1.12s
[INFO] running `Command { std: "docker" "inspect" "182373950d9fc472dcd36bce36c2f94e883e68b1021b11b3d13f28840eb8ca79", kill_on_drop: false }`
[INFO] running `Command { std: "docker" "rm" "-f" "182373950d9fc472dcd36bce36c2f94e883e68b1021b11b3d13f28840eb8ca79", kill_on_drop: false }`
[INFO] [stdout] 182373950d9fc472dcd36bce36c2f94e883e68b1021b11b3d13f28840eb8ca79
[INFO] running `Command { std: "docker" "create" "-v" "/var/lib/crater-agent-workspace/builds/worker-39/target:/opt/rustwide/target:rw,Z" "-v" "/var/lib/crater-agent-workspace/builds/worker-39/source:/opt/rustwide/workdir:ro,Z" "-v" "/var/lib/crater-agent-workspace/cargo-home:/opt/rustwide/cargo-home:ro,Z" "-v" "/var/lib/crater-agent-workspace/rustup-home:/opt/rustwide/rustup-home:ro,Z" "-e" "SOURCE_DIR=/opt/rustwide/workdir" "-e" "CARGO_TARGET_DIR=/opt/rustwide/target" "-e" "CARGO_INCREMENTAL=0" "-e" "RUST_BACKTRACE=full" "-e" "RUSTFLAGS=--cap-lints=warn" "-e" "CARGO_HOME=/opt/rustwide/cargo-home" "-e" "RUSTUP_HOME=/opt/rustwide/rustup-home" "-w" "/opt/rustwide/workdir" "-m" "1610612736" "--user" "0:0" "--network" "none" "ghcr.io/rust-lang/crates-build-env/linux@sha256:34b6a614d2c27851fe6cbf88fbd1137609cefab8b10d0615aaeb6fd47975d74e" "/opt/rustwide/cargo-home/bin/cargo" "+beta-2021-08-01" "test" "--frozen" "--no-run" "--message-format=json", kill_on_drop: false }`
[INFO] [stdout] 2bf36063bfa6e3c3b65b5480136913ccab84238ff6cb24d37c5d8ae8c9e98c0b
[INFO] running `Command { std: "docker" "start" "-a" "2bf36063bfa6e3c3b65b5480136913ccab84238ff6cb24d37c5d8ae8c9e98c0b", kill_on_drop: false }`
[INFO] [stderr]     Blocking waiting for file lock on package cache
[INFO] [stderr]    Compiling doc_9 v0.1.0 (/opt/rustwide/workdir)
[INFO] [stderr]     Finished test [unoptimized + debuginfo] target(s) in 1.22s
[INFO] running `Command { std: "docker" "inspect" "2bf36063bfa6e3c3b65b5480136913ccab84238ff6cb24d37c5d8ae8c9e98c0b", kill_on_drop: false }`
[INFO] running `Command { std: "docker" "rm" "-f" "2bf36063bfa6e3c3b65b5480136913ccab84238ff6cb24d37c5d8ae8c9e98c0b", kill_on_drop: false }`
[INFO] [stdout] 2bf36063bfa6e3c3b65b5480136913ccab84238ff6cb24d37c5d8ae8c9e98c0b
[INFO] running `Command { std: "docker" "create" "-v" "/var/lib/crater-agent-workspace/builds/worker-39/target:/opt/rustwide/target:rw,Z" "-v" "/var/lib/crater-agent-workspace/builds/worker-39/source:/opt/rustwide/workdir:ro,Z" "-v" "/var/lib/crater-agent-workspace/cargo-home:/opt/rustwide/cargo-home:ro,Z" "-v" "/var/lib/crater-agent-workspace/rustup-home:/opt/rustwide/rustup-home:ro,Z" "-e" "SOURCE_DIR=/opt/rustwide/workdir" "-e" "CARGO_TARGET_DIR=/opt/rustwide/target" "-e" "CARGO_INCREMENTAL=0" "-e" "RUST_BACKTRACE=full" "-e" "RUSTFLAGS=--cap-lints=warn" "-e" "CARGO_HOME=/opt/rustwide/cargo-home" "-e" "RUSTUP_HOME=/opt/rustwide/rustup-home" "-w" "/opt/rustwide/workdir" "-m" "1610612736" "--user" "0:0" "--network" "none" "ghcr.io/rust-lang/crates-build-env/linux@sha256:34b6a614d2c27851fe6cbf88fbd1137609cefab8b10d0615aaeb6fd47975d74e" "/opt/rustwide/cargo-home/bin/cargo" "+beta-2021-08-01" "test" "--frozen", kill_on_drop: false }`
[INFO] [stdout] 004bf93a37880b8e8e8487ec9be19a8e0074bba668295a5eb8ec4543a2d46f93
[INFO] running `Command { std: "docker" "start" "-a" "004bf93a37880b8e8e8487ec9be19a8e0074bba668295a5eb8ec4543a2d46f93", kill_on_drop: false }`
[INFO] [stderr]     Finished test [unoptimized + debuginfo] target(s) in 0.02s
[INFO] [stderr]      Running unittests (/opt/rustwide/target/debug/deps/doc_9-48035977124a559c)
[INFO] [stdout] 
[INFO] [stdout] running 2 tests
[INFO] [stdout] test parse::tests::parse_sym ... ok
[INFO] [stdout] test parse::tests::parseany ... ok
[INFO] [stdout] 
[INFO] [stdout] test result: ok. 2 passed; 0 failed; 0 ignored; 0 measured; 0 filtered out; finished in 0.00s
[INFO] [stdout] 
[INFO] [stderr]    Doc-tests doc_9
[INFO] [stdout] 
[INFO] [stdout] running 1 test
[INFO] [stdout] test src/lib.rs - GBP (line 21) ... FAILED
[INFO] [stdout] 
[INFO] [stdout] failures:
[INFO] [stdout] 
[INFO] [stdout] ---- src/lib.rs - GBP (line 21) stdout ----
[INFO] [stdout] error[E0432]: unresolved import `doc_9_testing_22222`
[INFO] [stdout]  --> src/lib.rs:22:5
[INFO] [stdout]   |
[INFO] [stdout] 4 | use doc_9_testing_22222::*;
[INFO] [stdout]   |     ^^^^^^^^^^^^^^^^^^^ use of undeclared crate or module `doc_9_testing_22222`
[INFO] [stdout] 
[INFO] [stdout] error[E0425]: cannot find function, tuple struct or tuple variant `GBP` in this scope
[INFO] [stdout]  --> src/lib.rs:24:18
[INFO] [stdout]   |
[INFO] [stdout] 6 | assert_eq!(g, Ok(GBP(3245)));
[INFO] [stdout]   |                  ^^^ not found in this scope
[INFO] [stdout]   |
[INFO] [stdout] help: consider importing this tuple struct
[INFO] [stdout]   |
[INFO] [stdout] 3 | use doc_9::GBP;
[INFO] [stdout]   |
[INFO] [stdout] 
[INFO] [stdout] error: aborting due to 2 previous errors
[INFO] [stdout] 
[INFO] [stdout] Some errors have detailed explanations: E0425, E0432.
[INFO] [stdout] For more information about an error, try `rustc --explain E0425`.
[INFO] [stdout] Couldn't compile the test.
[INFO] [stdout] 
[INFO] [stdout] failures:
[INFO] [stdout]     src/lib.rs - GBP (line 21)
[INFO] [stdout] 
[INFO] [stdout] test result: FAILED. 0 passed; 1 failed; 0 ignored; 0 measured; 0 filtered out; finished in 0.08s
[INFO] [stdout] 
[INFO] [stderr] error: test failed, to rerun pass '--doc'
[INFO] running `Command { std: "docker" "inspect" "004bf93a37880b8e8e8487ec9be19a8e0074bba668295a5eb8ec4543a2d46f93", kill_on_drop: false }`
[INFO] running `Command { std: "docker" "rm" "-f" "004bf93a37880b8e8e8487ec9be19a8e0074bba668295a5eb8ec4543a2d46f93", kill_on_drop: false }`
[INFO] [stdout] 004bf93a37880b8e8e8487ec9be19a8e0074bba668295a5eb8ec4543a2d46f93
