[INFO] fetching crate dmntk-feel 0.0.11...
[INFO] testing dmntk-feel-0.0.11 against 1.54.0 for beta-1.55-1
[INFO] extracting crate dmntk-feel 0.0.11 into /workspace/builds/worker-38/source
[INFO] validating manifest of crates.io crate dmntk-feel 0.0.11 on toolchain 1.54.0
[INFO] running `Command { std: "/workspace/cargo-home/bin/cargo" "+1.54.0" "metadata" "--manifest-path" "Cargo.toml" "--no-deps", kill_on_drop: false }`
[INFO] started tweaking crates.io crate dmntk-feel 0.0.11
[INFO] finished tweaking crates.io crate dmntk-feel 0.0.11
[INFO] tweaked toml for crates.io crate dmntk-feel 0.0.11 written to /workspace/builds/worker-38/source/Cargo.toml
[INFO] running `Command { std: "/workspace/cargo-home/bin/cargo" "+1.54.0" "generate-lockfile" "--manifest-path" "Cargo.toml" "-Zno-index-update", kill_on_drop: false }`
[INFO] [stderr]     Blocking waiting for file lock on package cache
[INFO] running `Command { std: "/workspace/cargo-home/bin/cargo" "+1.54.0" "fetch" "--manifest-path" "Cargo.toml", kill_on_drop: false }`
[INFO] running `Command { std: "docker" "create" "-v" "/var/lib/crater-agent-workspace/builds/worker-38/target:/opt/rustwide/target:rw,Z" "-v" "/var/lib/crater-agent-workspace/builds/worker-38/source:/opt/rustwide/workdir:ro,Z" "-v" "/var/lib/crater-agent-workspace/cargo-home:/opt/rustwide/cargo-home:ro,Z" "-v" "/var/lib/crater-agent-workspace/rustup-home:/opt/rustwide/rustup-home:ro,Z" "-e" "SOURCE_DIR=/opt/rustwide/workdir" "-e" "CARGO_TARGET_DIR=/opt/rustwide/target" "-e" "CARGO_HOME=/opt/rustwide/cargo-home" "-e" "RUSTUP_HOME=/opt/rustwide/rustup-home" "-w" "/opt/rustwide/workdir" "-m" "1610612736" "--user" "0:0" "--network" "none" "ghcr.io/rust-lang/crates-build-env/linux@sha256:34b6a614d2c27851fe6cbf88fbd1137609cefab8b10d0615aaeb6fd47975d74e" "/opt/rustwide/cargo-home/bin/cargo" "+1.54.0" "metadata" "--no-deps" "--format-version=1", kill_on_drop: false }`
[INFO] [stdout] 4b20552ed7286803d35f1af0b547a0a97f75b2088d3292841483fcb07b2218e5
[INFO] running `Command { std: "docker" "start" "-a" "4b20552ed7286803d35f1af0b547a0a97f75b2088d3292841483fcb07b2218e5", kill_on_drop: false }`
[INFO] running `Command { std: "docker" "inspect" "4b20552ed7286803d35f1af0b547a0a97f75b2088d3292841483fcb07b2218e5", kill_on_drop: false }`
[INFO] running `Command { std: "docker" "rm" "-f" "4b20552ed7286803d35f1af0b547a0a97f75b2088d3292841483fcb07b2218e5", kill_on_drop: false }`
[INFO] [stdout] 4b20552ed7286803d35f1af0b547a0a97f75b2088d3292841483fcb07b2218e5
[INFO] running `Command { std: "docker" "create" "-v" "/var/lib/crater-agent-workspace/builds/worker-38/target:/opt/rustwide/target:rw,Z" "-v" "/var/lib/crater-agent-workspace/builds/worker-38/source:/opt/rustwide/workdir:ro,Z" "-v" "/var/lib/crater-agent-workspace/cargo-home:/opt/rustwide/cargo-home:ro,Z" "-v" "/var/lib/crater-agent-workspace/rustup-home:/opt/rustwide/rustup-home:ro,Z" "-e" "SOURCE_DIR=/opt/rustwide/workdir" "-e" "CARGO_TARGET_DIR=/opt/rustwide/target" "-e" "CARGO_INCREMENTAL=0" "-e" "RUST_BACKTRACE=full" "-e" "RUSTFLAGS=--cap-lints=warn" "-e" "CARGO_HOME=/opt/rustwide/cargo-home" "-e" "RUSTUP_HOME=/opt/rustwide/rustup-home" "-w" "/opt/rustwide/workdir" "-m" "1610612736" "--user" "0:0" "--network" "none" "ghcr.io/rust-lang/crates-build-env/linux@sha256:34b6a614d2c27851fe6cbf88fbd1137609cefab8b10d0615aaeb6fd47975d74e" "/opt/rustwide/cargo-home/bin/cargo" "+1.54.0" "build" "--frozen" "--message-format=json", kill_on_drop: false }`
[INFO] [stdout] bdfc6dee53da80eef5644b58d9635be577ade946d8e5830e65ecdcbfe2f1fa82
[INFO] running `Command { std: "docker" "start" "-a" "bdfc6dee53da80eef5644b58d9635be577ade946d8e5830e65ecdcbfe2f1fa82", kill_on_drop: false }`
[INFO] [stderr]    Compiling serde v1.0.127
[INFO] [stderr]    Compiling linked-hash-map v0.5.4
[INFO] [stderr]    Compiling dtoa v0.4.8
[INFO] [stderr]    Compiling uriparse v0.6.3
[INFO] [stderr]    Compiling num-traits v0.2.14
[INFO] [stderr]    Compiling parse-zoneinfo v0.3.0
[INFO] [stderr]    Compiling yaml-rust v0.4.5
[INFO] [stderr]    Compiling num-integer v0.1.44
[INFO] [stderr]    Compiling chrono-tz v0.5.3
[INFO] [stderr]    Compiling chrono v0.4.19
[INFO] [stderr]    Compiling serde_yaml v0.8.17
[INFO] [stderr]    Compiling dmntk-common v0.0.11
[INFO] [stderr]    Compiling dmntk-feel v0.0.11 (/opt/rustwide/workdir)
[INFO] [stderr]     Finished dev [unoptimized + debuginfo] target(s) in 17.98s
[INFO] running `Command { std: "docker" "inspect" "bdfc6dee53da80eef5644b58d9635be577ade946d8e5830e65ecdcbfe2f1fa82", kill_on_drop: false }`
[INFO] running `Command { std: "docker" "rm" "-f" "bdfc6dee53da80eef5644b58d9635be577ade946d8e5830e65ecdcbfe2f1fa82", kill_on_drop: false }`
[INFO] [stdout] bdfc6dee53da80eef5644b58d9635be577ade946d8e5830e65ecdcbfe2f1fa82
[INFO] running `Command { std: "docker" "create" "-v" "/var/lib/crater-agent-workspace/builds/worker-38/target:/opt/rustwide/target:rw,Z" "-v" "/var/lib/crater-agent-workspace/builds/worker-38/source:/opt/rustwide/workdir:ro,Z" "-v" "/var/lib/crater-agent-workspace/cargo-home:/opt/rustwide/cargo-home:ro,Z" "-v" "/var/lib/crater-agent-workspace/rustup-home:/opt/rustwide/rustup-home:ro,Z" "-e" "SOURCE_DIR=/opt/rustwide/workdir" "-e" "CARGO_TARGET_DIR=/opt/rustwide/target" "-e" "CARGO_INCREMENTAL=0" "-e" "RUST_BACKTRACE=full" "-e" "RUSTFLAGS=--cap-lints=warn" "-e" "CARGO_HOME=/opt/rustwide/cargo-home" "-e" "RUSTUP_HOME=/opt/rustwide/rustup-home" "-w" "/opt/rustwide/workdir" "-m" "1610612736" "--user" "0:0" "--network" "none" "ghcr.io/rust-lang/crates-build-env/linux@sha256:34b6a614d2c27851fe6cbf88fbd1137609cefab8b10d0615aaeb6fd47975d74e" "/opt/rustwide/cargo-home/bin/cargo" "+1.54.0" "test" "--frozen" "--no-run" "--message-format=json", kill_on_drop: false }`
[INFO] [stdout] a9db18948e7658dc719424f32b7e215333492469acdcee5a4140398cb416dafd
[INFO] running `Command { std: "docker" "start" "-a" "a9db18948e7658dc719424f32b7e215333492469acdcee5a4140398cb416dafd", kill_on_drop: false }`
[INFO] [stderr]     Blocking waiting for file lock on package cache
[INFO] [stderr]     Blocking waiting for file lock on package cache
[INFO] [stderr]    Compiling dmntk-feel v0.0.11 (/opt/rustwide/workdir)
[INFO] [stderr]     Finished test [unoptimized + debuginfo] target(s) in 6.54s
[INFO] running `Command { std: "docker" "inspect" "a9db18948e7658dc719424f32b7e215333492469acdcee5a4140398cb416dafd", kill_on_drop: false }`
[INFO] running `Command { std: "docker" "rm" "-f" "a9db18948e7658dc719424f32b7e215333492469acdcee5a4140398cb416dafd", kill_on_drop: false }`
[INFO] [stdout] a9db18948e7658dc719424f32b7e215333492469acdcee5a4140398cb416dafd
[INFO] running `Command { std: "docker" "create" "-v" "/var/lib/crater-agent-workspace/builds/worker-38/target:/opt/rustwide/target:rw,Z" "-v" "/var/lib/crater-agent-workspace/builds/worker-38/source:/opt/rustwide/workdir:ro,Z" "-v" "/var/lib/crater-agent-workspace/cargo-home:/opt/rustwide/cargo-home:ro,Z" "-v" "/var/lib/crater-agent-workspace/rustup-home:/opt/rustwide/rustup-home:ro,Z" "-e" "SOURCE_DIR=/opt/rustwide/workdir" "-e" "CARGO_TARGET_DIR=/opt/rustwide/target" "-e" "CARGO_INCREMENTAL=0" "-e" "RUST_BACKTRACE=full" "-e" "RUSTFLAGS=--cap-lints=warn" "-e" "CARGO_HOME=/opt/rustwide/cargo-home" "-e" "RUSTUP_HOME=/opt/rustwide/rustup-home" "-w" "/opt/rustwide/workdir" "-m" "1610612736" "--user" "0:0" "--network" "none" "ghcr.io/rust-lang/crates-build-env/linux@sha256:34b6a614d2c27851fe6cbf88fbd1137609cefab8b10d0615aaeb6fd47975d74e" "/opt/rustwide/cargo-home/bin/cargo" "+1.54.0" "test" "--frozen", kill_on_drop: false }`
[INFO] [stdout] 1cc48bb7cc91780a61d23519073a4742ab6efe7b5e44e411bf5f097fe14a4a59
[INFO] running `Command { std: "docker" "start" "-a" "1cc48bb7cc91780a61d23519073a4742ab6efe7b5e44e411bf5f097fe14a4a59", kill_on_drop: false }`
[INFO] [stderr]     Finished test [unoptimized + debuginfo] target(s) in 0.04s
[INFO] [stderr]      Running unittests (/opt/rustwide/target/debug/deps/dmntk_feel-7c2ab55599239221)
[INFO] [stdout] 
[INFO] [stdout] running 57 tests
[INFO] [stdout] test bif::tests::test_is_built_in_date_time_function_name ... ok
[INFO] [stdout] test bif::tests::test_built_in_function_from_string ... ok
[INFO] [stdout] test bif::tests::test_is_built_in_function_name ... ok
[INFO] [stdout] test context::tests::test_context_default ... ok
[INFO] [stdout] test context::tests::test_context_jsonify ... ok
[INFO] [stdout] test context::tests::test_context_one_level ... ok
[INFO] [stdout] test context::tests::test_context_create_entry ... ok
[INFO] [stdout] test context::tests::test_context_flatten_keys_one_level ... ok
[INFO] [stdout] test context::tests::test_context_stringify ... ok
[INFO] [stdout] test context::tests::test_context_search_entries ... ok
[INFO] [stdout] test context::tests::test_context_search_entry ... ok
[INFO] [stdout] test context::tests::test_context_two_levels ... ok
[INFO] [stdout] test context::tests::test_context_three_levels ... ok
[INFO] [stdout] test context::tests::test_flatten_names_with_additional_characters ... ok
[INFO] [stdout] test names::tests::test_default_name ... ok
[INFO] [stdout] test context::tests::test_flatten_three_levels ... ok
[INFO] [stdout] test context::tests::test_flatten_two_levels ... ok
[INFO] [stdout] test scope::tests::test_scope_default ... ok
[INFO] [stdout] test names::tests::test_from_vector ... ok
[INFO] [stdout] test scope::tests::test_scope_multiple_empty_contexts ... ok
[INFO] [stdout] test scope::tests::test_scope_new ... ok
[INFO] [stdout] test names::tests::test_new_qualified_name ... ok
[INFO] [stdout] test scope::tests::test_scope_no_context ... ok
[INFO] [stdout] test scope::tests::test_scope_single_context ... ok
[INFO] [stdout] test scope::tests::test_scope_single_empty_context ... ok
[INFO] [stdout] test temporal::date::tests::test_is_leap_year ... ok
[INFO] [stdout] test temporal::date::tests::test_is_valid_date ... ok
[INFO] [stdout] test temporal::date::tests::test_last_day_of_month ... ok
[INFO] [stdout] test temporal::date::tests::test_last_day_of_month_leap_year ... ok
[INFO] [stdout] test temporal::dt_duration::tests::test_add_should_pass ... ok
[INFO] [stdout] test temporal::dt_duration::tests::test_converting_nanos_to_string_should_pass ... ok
[INFO] [stdout] test temporal::dt_duration::tests::test_eq_should_pass ... ok
[INFO] [stdout] test temporal::dt_duration::tests::test_ge_should_pass ... ok
[INFO] [stdout] test temporal::dt_duration::tests::test_gt_should_pass ... ok
[INFO] [stdout] test temporal::dt_duration::tests::test_le_should_pass ... ok
[INFO] [stdout] test temporal::dt_duration::tests::test_lt_should_pass ... ok
[INFO] [stdout] test temporal::dt_duration::tests::test_converting_to_string_should_pass ... ok
[INFO] [stdout] test temporal::dt_duration::tests::test_sub_should_pass ... ok
[INFO] [stdout] test temporal::tests::test_get_zone_offset ... ok
[INFO] [stdout] test temporal::ym_duration::tests::test_converting_to_string_should_pass ... ok
[INFO] [stdout] test types::tests::test_retrieve_value_with_type_checking ... ok
[INFO] [stdout] test types::tests::test_is_built_in_type_name ... ok
[INFO] [stdout] test types::tests::test_type_conformance ... ok
[INFO] [stdout] test temporal::dt_duration::tests::test_parsing_from_string_should_fail ... ok
[INFO] [stdout] test values::tests::test_value_equality_context ... ok
[INFO] [stdout] test values::tests::test_value_equality_boolean ... ok
[INFO] [stdout] test types::tests::test_type_equivalence ... ok
[INFO] [stdout] test values::tests::test_value_is_number ... ok
[INFO] [stdout] test values::tests::test_value_equality_number ... ok
[INFO] [stdout] test temporal::ym_duration::tests::test_parsing_from_string_should_fail ... ok
[INFO] [stdout] test temporal::ym_duration::tests::test_parsing_from_string_should_pass ... ok
[INFO] [stdout] test temporal::dt_duration::tests::test_parsing_from_string_should_pass ... ok
[INFO] [stdout] test temporal::tests::test_after_or_equal ... ok
[INFO] [stdout] test temporal::tests::test_parse_time ... ok
[INFO] [stdout] test temporal::tests::test_parse_date_time ... ok
[INFO] [stdout] test temporal::tests::test_parse_date ... ok
[INFO] [stdout] test temporal::tests::test_get_local_offset ... FAILED
[INFO] [stdout] 
[INFO] [stdout] failures:
[INFO] [stdout] 
[INFO] [stdout] ---- temporal::tests::test_get_local_offset stdout ----
[INFO] [stdout] thread 'temporal::tests::test_get_local_offset' panicked at 'assertion failed: `(left == right)`
[INFO] [stdout]   left: `Some(3600)`,
[INFO] [stdout]  right: `Some(0)`', src/temporal/mod.rs:717:5
[INFO] [stdout] stack backtrace:
[INFO] [stdout]    0:     0x55c314133bd0 - std::backtrace_rs::backtrace::libunwind::trace::h34055254b57d8e79
[INFO] [stdout]                                at /rustc/a178d0322ce20e33eac124758e837cbd80a6f633/library/std/src/../../backtrace/src/backtrace/libunwind.rs:90:5
[INFO] [stdout]    1:     0x55c314133bd0 - std::backtrace_rs::backtrace::trace_unsynchronized::h8f1e3fbd9afff6ec
[INFO] [stdout]                                at /rustc/a178d0322ce20e33eac124758e837cbd80a6f633/library/std/src/../../backtrace/src/backtrace/mod.rs:66:5
[INFO] [stdout]    2:     0x55c314133bd0 - std::sys_common::backtrace::_print_fmt::h3a99a796b770c360
[INFO] [stdout]                                at /rustc/a178d0322ce20e33eac124758e837cbd80a6f633/library/std/src/sys_common/backtrace.rs:67:5
[INFO] [stdout]    3:     0x55c314133bd0 - <std::sys_common::backtrace::_print::DisplayBacktrace as core::fmt::Display>::fmt::h32d1f94a80615d18
[INFO] [stdout]                                at /rustc/a178d0322ce20e33eac124758e837cbd80a6f633/library/std/src/sys_common/backtrace.rs:46:22
[INFO] [stdout]    4:     0x55c314157a1c - core::fmt::write::h306731c068f7162c
[INFO] [stdout]                                at /rustc/a178d0322ce20e33eac124758e837cbd80a6f633/library/core/src/fmt/mod.rs:1110:17
[INFO] [stdout]    5:     0x55c314130a25 - std::io::Write::write_fmt::h87f19b0a2cd190bc
[INFO] [stdout]                                at /rustc/a178d0322ce20e33eac124758e837cbd80a6f633/library/std/src/io/mod.rs:1588:15
[INFO] [stdout]    6:     0x55c314135d3b - std::sys_common::backtrace::_print::h5abaa2601a852287
[INFO] [stdout]                                at /rustc/a178d0322ce20e33eac124758e837cbd80a6f633/library/std/src/sys_common/backtrace.rs:49:5
[INFO] [stdout]    7:     0x55c314135d3b - std::sys_common::backtrace::print::h8d81445442bb638f
[INFO] [stdout]                                at /rustc/a178d0322ce20e33eac124758e837cbd80a6f633/library/std/src/sys_common/backtrace.rs:36:9
[INFO] [stdout]    8:     0x55c314135d3b - std::panicking::default_hook::{{closure}}::hcfe804496a9fa747
[INFO] [stdout]                                at /rustc/a178d0322ce20e33eac124758e837cbd80a6f633/library/std/src/panicking.rs:208:50
[INFO] [stdout]    9:     0x55c31413584c - std::panicking::default_hook::hbea8e3ccf2ba8901
[INFO] [stdout]                                at /rustc/a178d0322ce20e33eac124758e837cbd80a6f633/library/std/src/panicking.rs:222:9
[INFO] [stdout]   10:     0x55c314136404 - std::panicking::rust_panic_with_hook::h7ee9e1a2d0f8975a
[INFO] [stdout]                                at /rustc/a178d0322ce20e33eac124758e837cbd80a6f633/library/std/src/panicking.rs:622:17
[INFO] [stdout]   11:     0x55c314135ee7 - std::panicking::begin_panic_handler::{{closure}}::h8ab3b4491718b2c7
[INFO] [stdout]                                at /rustc/a178d0322ce20e33eac124758e837cbd80a6f633/library/std/src/panicking.rs:519:13
[INFO] [stdout]   12:     0x55c3141340cc - std::sys_common::backtrace::__rust_end_short_backtrace::hd489062ffa586a9f
[INFO] [stdout]                                at /rustc/a178d0322ce20e33eac124758e837cbd80a6f633/library/std/src/sys_common/backtrace.rs:141:18
[INFO] [stdout]   13:     0x55c314135e49 - rust_begin_unwind
[INFO] [stdout]                                at /rustc/a178d0322ce20e33eac124758e837cbd80a6f633/library/std/src/panicking.rs:515:5
[INFO] [stdout]   14:     0x55c313e59b31 - core::panicking::panic_fmt::hca6330e3e14086b4
[INFO] [stdout]                                at /rustc/a178d0322ce20e33eac124758e837cbd80a6f633/library/core/src/panicking.rs:92:14
[INFO] [stdout]   15:     0x55c314156088 - core::panicking::assert_failed_inner::h33b45280069a80ed
[INFO] [stdout]   16:     0x55c313ecf35a - core::panicking::assert_failed::h8af4542c7a17ce58
[INFO] [stdout]                                at /rustc/a178d0322ce20e33eac124758e837cbd80a6f633/library/core/src/panicking.rs:117:5
[INFO] [stdout]   17:     0x55c313e9334d - dmntk_feel::temporal::tests::test_get_local_offset::h5c223a049899282f
[INFO] [stdout]                                at /opt/rustwide/workdir/src/temporal/mod.rs:717:5
[INFO] [stdout]   18:     0x55c313e931ca - dmntk_feel::temporal::tests::test_get_local_offset::{{closure}}::ha92c7d59c9cc32ed
[INFO] [stdout]                                at /opt/rustwide/workdir/src/temporal/mod.rs:716:3
[INFO] [stdout]   19:     0x55c313e6b81e - core::ops::function::FnOnce::call_once::h10f93482572af28f
[INFO] [stdout]                                at /rustc/a178d0322ce20e33eac124758e837cbd80a6f633/library/core/src/ops/function.rs:227:5
[INFO] [stdout]   20:     0x55c313f19943 - core::ops::function::FnOnce::call_once::h152e7e439ff59e19
[INFO] [stdout]                                at /rustc/a178d0322ce20e33eac124758e837cbd80a6f633/library/core/src/ops/function.rs:227:5
[INFO] [stdout]   21:     0x55c313f19943 - test::__rust_begin_short_backtrace::h0908f3b1fdbb72ab
[INFO] [stdout]                                at /rustc/a178d0322ce20e33eac124758e837cbd80a6f633/library/test/src/lib.rs:577:5
[INFO] [stdout]   22:     0x55c313f18400 - <alloc::boxed::Box<F,A> as core::ops::function::FnOnce<Args>>::call_once::hf6d2a51e5587546c
[INFO] [stdout]                                at /rustc/a178d0322ce20e33eac124758e837cbd80a6f633/library/alloc/src/boxed.rs:1575:9
[INFO] [stdout]   23:     0x55c313f18400 - <std::panic::AssertUnwindSafe<F> as core::ops::function::FnOnce<()>>::call_once::h8af660f3a89ef593
[INFO] [stdout]                                at /rustc/a178d0322ce20e33eac124758e837cbd80a6f633/library/std/src/panic.rs:347:9
[INFO] [stdout]   24:     0x55c313f18400 - std::panicking::try::do_call::hd36aef60f84b6d36
[INFO] [stdout]                                at /rustc/a178d0322ce20e33eac124758e837cbd80a6f633/library/std/src/panicking.rs:401:40
[INFO] [stdout]   25:     0x55c313f18400 - std::panicking::try::h9932b4480e69817c
[INFO] [stdout]                                at /rustc/a178d0322ce20e33eac124758e837cbd80a6f633/library/std/src/panicking.rs:365:19
[INFO] [stdout]   26:     0x55c313f18400 - std::panic::catch_unwind::h6aa177099cfff5f8
[INFO] [stdout]                                at /rustc/a178d0322ce20e33eac124758e837cbd80a6f633/library/std/src/panic.rs:434:14
[INFO] [stdout]   27:     0x55c313f18400 - test::run_test_in_process::h5884d6f2d99e20c3
[INFO] [stdout]                                at /rustc/a178d0322ce20e33eac124758e837cbd80a6f633/library/test/src/lib.rs:600:18
[INFO] [stdout]   28:     0x55c313f18400 - test::run_test::run_test_inner::{{closure}}::h6fdc58c6d5f5b6e3
[INFO] [stdout]                                at /rustc/a178d0322ce20e33eac124758e837cbd80a6f633/library/test/src/lib.rs:492:39
[INFO] [stdout]   29:     0x55c313ef1ab2 - test::run_test::run_test_inner::{{closure}}::h408365d67a78ade8
[INFO] [stdout]                                at /rustc/a178d0322ce20e33eac124758e837cbd80a6f633/library/test/src/lib.rs:519:37
[INFO] [stdout]   30:     0x55c313ef1ab2 - std::sys_common::backtrace::__rust_begin_short_backtrace::hb560b77c4f701523
[INFO] [stdout]                                at /rustc/a178d0322ce20e33eac124758e837cbd80a6f633/library/std/src/sys_common/backtrace.rs:125:18
[INFO] [stdout]   31:     0x55c313ef5668 - std::thread::Builder::spawn_unchecked::{{closure}}::{{closure}}::hf2e7831dad93c597
[INFO] [stdout]                                at /rustc/a178d0322ce20e33eac124758e837cbd80a6f633/library/std/src/thread/mod.rs:481:17
[INFO] [stdout]   32:     0x55c313ef5668 - <std::panic::AssertUnwindSafe<F> as core::ops::function::FnOnce<()>>::call_once::hd2e08783d8be4d02
[INFO] [stdout]                                at /rustc/a178d0322ce20e33eac124758e837cbd80a6f633/library/std/src/panic.rs:347:9
[INFO] [stdout]   33:     0x55c313ef5668 - std::panicking::try::do_call::h062597b7acfd6b82
[INFO] [stdout]                                at /rustc/a178d0322ce20e33eac124758e837cbd80a6f633/library/std/src/panicking.rs:401:40
[INFO] [stdout]   34:     0x55c313ef5668 - std::panicking::try::h0d7b79db04c14552
[INFO] [stdout]                                at /rustc/a178d0322ce20e33eac124758e837cbd80a6f633/library/std/src/panicking.rs:365:19
[INFO] [stdout]   35:     0x55c313ef5668 - std::panic::catch_unwind::hb01a0b5e7c8cd43b
[INFO] [stdout]                                at /rustc/a178d0322ce20e33eac124758e837cbd80a6f633/library/std/src/panic.rs:434:14
[INFO] [stdout]   36:     0x55c313ef5668 - std::thread::Builder::spawn_unchecked::{{closure}}::h5bde48cc887e0d1e
[INFO] [stdout]                                at /rustc/a178d0322ce20e33eac124758e837cbd80a6f633/library/std/src/thread/mod.rs:480:30
[INFO] [stdout]   37:     0x55c313ef5668 - core::ops::function::FnOnce::call_once{{vtable.shim}}::h745ea30807a29e55
[INFO] [stdout]                                at /rustc/a178d0322ce20e33eac124758e837cbd80a6f633/library/core/src/ops/function.rs:227:5
[INFO] [stdout]   38:     0x55c31413af27 - <alloc::boxed::Box<F,A> as core::ops::function::FnOnce<Args>>::call_once::h7ece6cfefaff1005
[INFO] [stdout]                                at /rustc/a178d0322ce20e33eac124758e837cbd80a6f633/library/alloc/src/boxed.rs:1575:9
[INFO] [stdout]   39:     0x55c31413af27 - <alloc::boxed::Box<F,A> as core::ops::function::FnOnce<Args>>::call_once::hb8b48e55c21f193e
[INFO] [stdout]                                at /rustc/a178d0322ce20e33eac124758e837cbd80a6f633/library/alloc/src/boxed.rs:1575:9
[INFO] [stdout]   40:     0x55c31413af27 - std::sys::unix::thread::Thread::new::thread_start::h8c7c4450dba62914
[INFO] [stdout]                                at /rustc/a178d0322ce20e33eac124758e837cbd80a6f633/library/std/src/sys/unix/thread.rs:71:17
[INFO] [stdout]   41:     0x7f68f6aa3609 - start_thread
[INFO] [stdout]   42:     0x7f68f6875293 - clone
[INFO] [stdout]   43:                0x0 - <unknown>
[INFO] [stdout] 
[INFO] [stdout] 
[INFO] [stdout] failures:
[INFO] [stdout]     temporal::tests::test_get_local_offset
[INFO] [stdout] 
[INFO] [stdout] test result: FAILED. 56 passed; 1 failed; 0 ignored; 0 measured; 0 filtered out; finished in 0.06s
[INFO] [stdout] 
[INFO] [stderr] error: test failed, to rerun pass '--lib'
[INFO] running `Command { std: "docker" "inspect" "1cc48bb7cc91780a61d23519073a4742ab6efe7b5e44e411bf5f097fe14a4a59", kill_on_drop: false }`
[INFO] running `Command { std: "docker" "rm" "-f" "1cc48bb7cc91780a61d23519073a4742ab6efe7b5e44e411bf5f097fe14a4a59", kill_on_drop: false }`
[INFO] [stdout] 1cc48bb7cc91780a61d23519073a4742ab6efe7b5e44e411bf5f097fe14a4a59
