[INFO] fetching crate dl-openvdb-query 0.1.2...
[INFO] testing dl-openvdb-query-0.1.2 against 1.54.0 for beta-1.55-1
[INFO] extracting crate dl-openvdb-query 0.1.2 into /workspace/builds/worker-100/source
[INFO] validating manifest of crates.io crate dl-openvdb-query 0.1.2 on toolchain 1.54.0
[INFO] running `Command { std: "/workspace/cargo-home/bin/cargo" "+1.54.0" "metadata" "--manifest-path" "Cargo.toml" "--no-deps", kill_on_drop: false }`
[INFO] started tweaking crates.io crate dl-openvdb-query 0.1.2
[INFO] finished tweaking crates.io crate dl-openvdb-query 0.1.2
[INFO] tweaked toml for crates.io crate dl-openvdb-query 0.1.2 written to /workspace/builds/worker-100/source/Cargo.toml
[INFO] running `Command { std: "/workspace/cargo-home/bin/cargo" "+1.54.0" "generate-lockfile" "--manifest-path" "Cargo.toml" "-Zno-index-update", kill_on_drop: false }`
[INFO] [stderr]     Blocking waiting for file lock on package cache
[INFO] running `Command { std: "/workspace/cargo-home/bin/cargo" "+1.54.0" "fetch" "--manifest-path" "Cargo.toml", kill_on_drop: false }`
[INFO] [stderr]     Blocking waiting for file lock on package cache
[INFO] [stderr]  Downloading crates ...
[INFO] [stderr]   Downloaded cargo-husky v1.5.0
[INFO] [stderr]   Downloaded dlopen v0.1.8
[INFO] [stderr]   Downloaded dl-openvdb-query-sys v0.1.2
[INFO] running `Command { std: "docker" "create" "-v" "/var/lib/crater-agent-workspace/builds/worker-100/target:/opt/rustwide/target:rw,Z" "-v" "/var/lib/crater-agent-workspace/builds/worker-100/source:/opt/rustwide/workdir:ro,Z" "-v" "/var/lib/crater-agent-workspace/cargo-home:/opt/rustwide/cargo-home:ro,Z" "-v" "/var/lib/crater-agent-workspace/rustup-home:/opt/rustwide/rustup-home:ro,Z" "-e" "SOURCE_DIR=/opt/rustwide/workdir" "-e" "CARGO_TARGET_DIR=/opt/rustwide/target" "-e" "CARGO_HOME=/opt/rustwide/cargo-home" "-e" "RUSTUP_HOME=/opt/rustwide/rustup-home" "-w" "/opt/rustwide/workdir" "-m" "1610612736" "--user" "0:0" "--network" "none" "ghcr.io/rust-lang/crates-build-env/linux@sha256:34b6a614d2c27851fe6cbf88fbd1137609cefab8b10d0615aaeb6fd47975d74e" "/opt/rustwide/cargo-home/bin/cargo" "+1.54.0" "metadata" "--no-deps" "--format-version=1", kill_on_drop: false }`
[INFO] [stdout] bd52e5695b80b950dd14f317dc77c7b0a915db3a96a34b44d47cefda065a3220
[INFO] running `Command { std: "docker" "start" "-a" "bd52e5695b80b950dd14f317dc77c7b0a915db3a96a34b44d47cefda065a3220", kill_on_drop: false }`
[INFO] running `Command { std: "docker" "inspect" "bd52e5695b80b950dd14f317dc77c7b0a915db3a96a34b44d47cefda065a3220", kill_on_drop: false }`
[INFO] running `Command { std: "docker" "rm" "-f" "bd52e5695b80b950dd14f317dc77c7b0a915db3a96a34b44d47cefda065a3220", kill_on_drop: false }`
[INFO] [stdout] bd52e5695b80b950dd14f317dc77c7b0a915db3a96a34b44d47cefda065a3220
[INFO] running `Command { std: "docker" "create" "-v" "/var/lib/crater-agent-workspace/builds/worker-100/target:/opt/rustwide/target:rw,Z" "-v" "/var/lib/crater-agent-workspace/builds/worker-100/source:/opt/rustwide/workdir:ro,Z" "-v" "/var/lib/crater-agent-workspace/cargo-home:/opt/rustwide/cargo-home:ro,Z" "-v" "/var/lib/crater-agent-workspace/rustup-home:/opt/rustwide/rustup-home:ro,Z" "-e" "SOURCE_DIR=/opt/rustwide/workdir" "-e" "CARGO_TARGET_DIR=/opt/rustwide/target" "-e" "CARGO_INCREMENTAL=0" "-e" "RUST_BACKTRACE=full" "-e" "RUSTFLAGS=--cap-lints=warn" "-e" "CARGO_HOME=/opt/rustwide/cargo-home" "-e" "RUSTUP_HOME=/opt/rustwide/rustup-home" "-w" "/opt/rustwide/workdir" "-m" "1610612736" "--user" "0:0" "--network" "none" "ghcr.io/rust-lang/crates-build-env/linux@sha256:34b6a614d2c27851fe6cbf88fbd1137609cefab8b10d0615aaeb6fd47975d74e" "/opt/rustwide/cargo-home/bin/cargo" "+1.54.0" "build" "--frozen" "--message-format=json", kill_on_drop: false }`
[INFO] [stdout] 819e06934e0fbd07ff5652136cd81b3d2224ed736c6aa8b89ca1917aa704fe2b
[INFO] running `Command { std: "docker" "start" "-a" "819e06934e0fbd07ff5652136cd81b3d2224ed736c6aa8b89ca1917aa704fe2b", kill_on_drop: false }`
[INFO] [stderr]     Blocking waiting for file lock on package cache
[INFO] [stderr]    Compiling proc-macro2 v0.4.30
[INFO] [stderr]    Compiling syn v0.15.44
[INFO] [stderr]    Compiling quote v0.6.13
[INFO] [stderr]    Compiling dlopen_derive v0.1.4
[INFO] [stderr]    Compiling dlopen v0.1.8
[INFO] [stderr]    Compiling dl-openvdb-query v0.1.2 (/opt/rustwide/workdir)
[INFO] [stderr]     Finished dev [unoptimized + debuginfo] target(s) in 9.02s
[INFO] running `Command { std: "docker" "inspect" "819e06934e0fbd07ff5652136cd81b3d2224ed736c6aa8b89ca1917aa704fe2b", kill_on_drop: false }`
[INFO] running `Command { std: "docker" "rm" "-f" "819e06934e0fbd07ff5652136cd81b3d2224ed736c6aa8b89ca1917aa704fe2b", kill_on_drop: false }`
[INFO] [stdout] 819e06934e0fbd07ff5652136cd81b3d2224ed736c6aa8b89ca1917aa704fe2b
[INFO] running `Command { std: "docker" "create" "-v" "/var/lib/crater-agent-workspace/builds/worker-100/target:/opt/rustwide/target:rw,Z" "-v" "/var/lib/crater-agent-workspace/builds/worker-100/source:/opt/rustwide/workdir:ro,Z" "-v" "/var/lib/crater-agent-workspace/cargo-home:/opt/rustwide/cargo-home:ro,Z" "-v" "/var/lib/crater-agent-workspace/rustup-home:/opt/rustwide/rustup-home:ro,Z" "-e" "SOURCE_DIR=/opt/rustwide/workdir" "-e" "CARGO_TARGET_DIR=/opt/rustwide/target" "-e" "CARGO_INCREMENTAL=0" "-e" "RUST_BACKTRACE=full" "-e" "RUSTFLAGS=--cap-lints=warn" "-e" "CARGO_HOME=/opt/rustwide/cargo-home" "-e" "RUSTUP_HOME=/opt/rustwide/rustup-home" "-w" "/opt/rustwide/workdir" "-m" "1610612736" "--user" "0:0" "--network" "none" "ghcr.io/rust-lang/crates-build-env/linux@sha256:34b6a614d2c27851fe6cbf88fbd1137609cefab8b10d0615aaeb6fd47975d74e" "/opt/rustwide/cargo-home/bin/cargo" "+1.54.0" "test" "--frozen" "--no-run" "--message-format=json", kill_on_drop: false }`
[INFO] [stdout] 4f7d23b5781fbe9dde63758787522b2c4add217d8d8813ad6bc435e37f909f4d
[INFO] running `Command { std: "docker" "start" "-a" "4f7d23b5781fbe9dde63758787522b2c4add217d8d8813ad6bc435e37f909f4d", kill_on_drop: false }`
[INFO] [stderr]    Compiling cargo-husky v1.5.0
[INFO] [stderr]    Compiling dl-openvdb-query v0.1.2 (/opt/rustwide/workdir)
[INFO] [stderr]     Finished test [unoptimized + debuginfo] target(s) in 1.37s
[INFO] running `Command { std: "docker" "inspect" "4f7d23b5781fbe9dde63758787522b2c4add217d8d8813ad6bc435e37f909f4d", kill_on_drop: false }`
[INFO] running `Command { std: "docker" "rm" "-f" "4f7d23b5781fbe9dde63758787522b2c4add217d8d8813ad6bc435e37f909f4d", kill_on_drop: false }`
[INFO] [stdout] 4f7d23b5781fbe9dde63758787522b2c4add217d8d8813ad6bc435e37f909f4d
[INFO] running `Command { std: "docker" "create" "-v" "/var/lib/crater-agent-workspace/builds/worker-100/target:/opt/rustwide/target:rw,Z" "-v" "/var/lib/crater-agent-workspace/builds/worker-100/source:/opt/rustwide/workdir:ro,Z" "-v" "/var/lib/crater-agent-workspace/cargo-home:/opt/rustwide/cargo-home:ro,Z" "-v" "/var/lib/crater-agent-workspace/rustup-home:/opt/rustwide/rustup-home:ro,Z" "-e" "SOURCE_DIR=/opt/rustwide/workdir" "-e" "CARGO_TARGET_DIR=/opt/rustwide/target" "-e" "CARGO_INCREMENTAL=0" "-e" "RUST_BACKTRACE=full" "-e" "RUSTFLAGS=--cap-lints=warn" "-e" "CARGO_HOME=/opt/rustwide/cargo-home" "-e" "RUSTUP_HOME=/opt/rustwide/rustup-home" "-w" "/opt/rustwide/workdir" "-m" "1610612736" "--user" "0:0" "--network" "none" "ghcr.io/rust-lang/crates-build-env/linux@sha256:34b6a614d2c27851fe6cbf88fbd1137609cefab8b10d0615aaeb6fd47975d74e" "/opt/rustwide/cargo-home/bin/cargo" "+1.54.0" "test" "--frozen", kill_on_drop: false }`
[INFO] [stdout] d4a82b889c07a335168ec27c984dfdcbb60971d1291752f83ab362226487d4dc
[INFO] running `Command { std: "docker" "start" "-a" "d4a82b889c07a335168ec27c984dfdcbb60971d1291752f83ab362226487d4dc", kill_on_drop: false }`
[INFO] [stderr]     Finished test [unoptimized + debuginfo] target(s) in 0.09s
[INFO] [stdout] 
[INFO] [stdout] running 0 tests
[INFO] [stdout] 
[INFO] [stdout] test result: ok. 0 passed; 0 failed; 0 ignored; 0 measured; 0 filtered out; finished in 0.00s
[INFO] [stdout] 
[INFO] [stderr]      Running unittests (/opt/rustwide/target/debug/deps/dl_openvdb_query-5a2ea6f5b0256ab6)
[INFO] [stderr]    Doc-tests dl-openvdb-query
[INFO] [stdout] 
[INFO] [stdout] running 1 test
[INFO] [stdout] test src/lib.rs - (line 10) ... FAILED
[INFO] [stdout] 
[INFO] [stdout] failures:
[INFO] [stdout] 
[INFO] [stdout] ---- src/lib.rs - (line 10) stdout ----
[INFO] [stdout] Test executable failed (exit code 101).
[INFO] [stdout] 
[INFO] [stdout] stderr:
[INFO] [stdout] thread 'main' panicked at 'called `Result::unwrap()` on an `Err` value: NotPresent', src/lib.rs:82:67
[INFO] [stdout] stack backtrace:
[INFO] [stdout]    0:     0x56224e5a4d00 - std::backtrace_rs::backtrace::libunwind::trace::h34055254b57d8e79
[INFO] [stdout]                                at /rustc/a178d0322ce20e33eac124758e837cbd80a6f633/library/std/src/../../backtrace/src/backtrace/libunwind.rs:90:5
[INFO] [stdout]    1:     0x56224e5a4d00 - std::backtrace_rs::backtrace::trace_unsynchronized::h8f1e3fbd9afff6ec
[INFO] [stdout]                                at /rustc/a178d0322ce20e33eac124758e837cbd80a6f633/library/std/src/../../backtrace/src/backtrace/mod.rs:66:5
[INFO] [stdout]    2:     0x56224e5a4d00 - std::sys_common::backtrace::_print_fmt::h3a99a796b770c360
[INFO] [stdout]                                at /rustc/a178d0322ce20e33eac124758e837cbd80a6f633/library/std/src/sys_common/backtrace.rs:67:5
[INFO] [stdout]    3:     0x56224e5a4d00 - <std::sys_common::backtrace::_print::DisplayBacktrace as core::fmt::Display>::fmt::h32d1f94a80615d18
[INFO] [stdout]                                at /rustc/a178d0322ce20e33eac124758e837cbd80a6f633/library/std/src/sys_common/backtrace.rs:46:22
[INFO] [stdout]    4:     0x56224e5c2c8c - core::fmt::write::h306731c068f7162c
[INFO] [stdout]                                at /rustc/a178d0322ce20e33eac124758e837cbd80a6f633/library/core/src/fmt/mod.rs:1110:17
[INFO] [stdout]    5:     0x56224e5a3605 - std::io::Write::write_fmt::hd2fa90334eee2a21
[INFO] [stdout]                                at /rustc/a178d0322ce20e33eac124758e837cbd80a6f633/library/std/src/io/mod.rs:1588:15
[INFO] [stdout]    6:     0x56224e5a6b6b - std::sys_common::backtrace::_print::h5abaa2601a852287
[INFO] [stdout]                                at /rustc/a178d0322ce20e33eac124758e837cbd80a6f633/library/std/src/sys_common/backtrace.rs:49:5
[INFO] [stdout]    7:     0x56224e5a6b6b - std::sys_common::backtrace::print::h8d81445442bb638f
[INFO] [stdout]                                at /rustc/a178d0322ce20e33eac124758e837cbd80a6f633/library/std/src/sys_common/backtrace.rs:36:9
[INFO] [stdout]    8:     0x56224e5a6b6b - std::panicking::default_hook::{{closure}}::hcfe804496a9fa747
[INFO] [stdout]                                at /rustc/a178d0322ce20e33eac124758e837cbd80a6f633/library/std/src/panicking.rs:208:50
[INFO] [stdout]    9:     0x56224e5a6641 - std::panicking::default_hook::hbea8e3ccf2ba8901
[INFO] [stdout]                                at /rustc/a178d0322ce20e33eac124758e837cbd80a6f633/library/std/src/panicking.rs:225:9
[INFO] [stdout]   10:     0x56224e5a7234 - std::panicking::rust_panic_with_hook::h7ee9e1a2d0f8975a
[INFO] [stdout]                                at /rustc/a178d0322ce20e33eac124758e837cbd80a6f633/library/std/src/panicking.rs:622:17
[INFO] [stdout]   11:     0x56224e5a6d17 - std::panicking::begin_panic_handler::{{closure}}::h8ab3b4491718b2c7
[INFO] [stdout]                                at /rustc/a178d0322ce20e33eac124758e837cbd80a6f633/library/std/src/panicking.rs:519:13
[INFO] [stdout]   12:     0x56224e5a51fc - std::sys_common::backtrace::__rust_end_short_backtrace::hd489062ffa586a9f
[INFO] [stdout]                                at /rustc/a178d0322ce20e33eac124758e837cbd80a6f633/library/std/src/sys_common/backtrace.rs:141:18
[INFO] [stdout]   13:     0x56224e5a6c79 - rust_begin_unwind
[INFO] [stdout]                                at /rustc/a178d0322ce20e33eac124758e837cbd80a6f633/library/std/src/panicking.rs:515:5
[INFO] [stdout]   14:     0x56224e582e41 - core::panicking::panic_fmt::hca6330e3e14086b4
[INFO] [stdout]                                at /rustc/a178d0322ce20e33eac124758e837cbd80a6f633/library/core/src/panicking.rs:92:14
[INFO] [stdout]   15:     0x56224e582f33 - core::result::unwrap_failed::h6160d2b4bfbb0e87
[INFO] [stdout]                                at /rustc/a178d0322ce20e33eac124758e837cbd80a6f633/library/core/src/result.rs:1355:5
[INFO] [stdout]   16:     0x56224e58d526 - core::result::Result<T,E>::unwrap::h3b17c6ae856d61d8
[INFO] [stdout]                                at /rustc/a178d0322ce20e33eac124758e837cbd80a6f633/library/core/src/result.rs:1037:23
[INFO] [stdout]   17:     0x56224e58b26e - <dl_openvdb_query::DL_OPENVDB_API as core::ops::deref::Deref>::deref::__static_ref_initialize::h90a34a549422b533
[INFO] [stdout]                                at /opt/rustwide/workdir/src/lib.rs:82:47
[INFO] [stdout]   18:     0x56224e58b26e - core::ops::function::FnOnce::call_once::h96fc01a005b700e3
[INFO] [stdout]                                at /rustc/a178d0322ce20e33eac124758e837cbd80a6f633/library/core/src/ops/function.rs:227:5
[INFO] [stdout]   19:     0x56224e58a15c - lazy_static::lazy::Lazy<T>::get::{{closure}}::hbb70de473b5c7490
[INFO] [stdout]                                at /opt/rustwide/cargo-home/registry/src/github.com-1ecc6299db9ec823/lazy_static-1.4.0/src/inline_lazy.rs:31:29
[INFO] [stdout]   20:     0x56224e58c1ee - std::sync::once::Once::call_once::{{closure}}::he26a8f61aeb803c1
[INFO] [stdout]                                at /rustc/a178d0322ce20e33eac124758e837cbd80a6f633/library/std/src/sync/once.rs:261:41
[INFO] [stdout]   21:     0x56224e5826dc - std::sync::once::Once::call_inner::h4030b088a5783b2d
[INFO] [stdout]                                at /rustc/a178d0322ce20e33eac124758e837cbd80a6f633/library/std/src/sync/once.rs:418:21
[INFO] [stdout]   22:     0x56224e58c176 - std::sync::once::Once::call_once::h6314b89b2153bc6d
[INFO] [stdout]                                at /rustc/a178d0322ce20e33eac124758e837cbd80a6f633/library/std/src/sync/once.rs:261:9
[INFO] [stdout]   23:     0x56224e5914b6 - lazy_static::lazy::Lazy<T>::get::he0268f99f9aef428
[INFO] [stdout]                                at /opt/rustwide/cargo-home/registry/src/github.com-1ecc6299db9ec823/lazy_static-1.4.0/src/inline_lazy.rs:30:9
[INFO] [stdout]   24:     0x56224e5914b6 - <dl_openvdb_query::DL_OPENVDB_API as core::ops::deref::Deref>::deref::__stability::hb4a92fdab85458ba
[INFO] [stdout]                                at /opt/rustwide/cargo-home/registry/src/github.com-1ecc6299db9ec823/lazy_static-1.4.0/src/lib.rs:142:21
[INFO] [stdout]   25:     0x56224e5914b6 - <dl_openvdb_query::DL_OPENVDB_API as core::ops::deref::Deref>::deref::h8210b3c610a3a366
[INFO] [stdout]                                at /opt/rustwide/cargo-home/registry/src/github.com-1ecc6299db9ec823/lazy_static-1.4.0/src/lib.rs:144:17
[INFO] [stdout]   26:     0x56224e5910cb - dl_openvdb_query::DlOpenVdbQuery::bounding_box::he36d87fb62d8aadb
[INFO] [stdout]                                at /opt/rustwide/workdir/src/lib.rs:110:15
[INFO] [stdout]   27:     0x56224e587b38 - rust_out::main::_doctest_main_src_lib_rs_10_0::hedc7d589b7958d65
[INFO] [stdout]   28:     0x56224e587ad6 - rust_out::main::h2a38bb51b9580a7d
[INFO] [stdout]   29:     0x56224e584863 - core::ops::function::FnOnce::call_once::hb73b95e6982fd3f0
[INFO] [stdout]   30:     0x56224e583cc9 - std::sys_common::backtrace::__rust_begin_short_backtrace::h8371d112165838d3
[INFO] [stdout]   31:     0x56224e583df9 - std::rt::lang_start::{{closure}}::h783adf50233ec5ec
[INFO] [stdout]   32:     0x56224e5a7739 - core::ops::function::impls::<impl core::ops::function::FnOnce<A> for &F>::call_once::h2aabc384aab89b7b
[INFO] [stdout]                                at /rustc/a178d0322ce20e33eac124758e837cbd80a6f633/library/core/src/ops/function.rs:259:13
[INFO] [stdout]   33:     0x56224e5a7739 - std::panicking::try::do_call::hc5fcacb7a85fc7b1
[INFO] [stdout]                                at /rustc/a178d0322ce20e33eac124758e837cbd80a6f633/library/std/src/panicking.rs:401:40
[INFO] [stdout]   34:     0x56224e5a7739 - std::panicking::try::hb5d9603af3abbe3a
[INFO] [stdout]                                at /rustc/a178d0322ce20e33eac124758e837cbd80a6f633/library/std/src/panicking.rs:365:19
[INFO] [stdout]   35:     0x56224e5a7739 - std::panic::catch_unwind::h98fe6ac3925e64b4
[INFO] [stdout]                                at /rustc/a178d0322ce20e33eac124758e837cbd80a6f633/library/std/src/panic.rs:434:14
[INFO] [stdout]   36:     0x56224e5a7739 - std::rt::lang_start_internal::h22ac7383c516f93e
[INFO] [stdout]                                at /rustc/a178d0322ce20e33eac124758e837cbd80a6f633/library/std/src/rt.rs:34:21
[INFO] [stdout]   37:     0x56224e583de1 - std::rt::lang_start::h11b9716471e37ff8
[INFO] [stdout]   38:     0x56224e587de3 - main
[INFO] [stdout]   39:     0x7fb24a2010b3 - __libc_start_main
[INFO] [stdout]   40:     0x56224e5835fe - _start
[INFO] [stdout]   41:                0x0 - <unknown>
[INFO] [stdout] 
[INFO] [stdout] 
[INFO] [stdout] 
[INFO] [stdout] failures:
[INFO] [stdout]     src/lib.rs - (line 10)
[INFO] [stdout] 
[INFO] [stdout] test result: FAILED. 0 passed; 1 failed; 0 ignored; 0 measured; 0 filtered out; finished in 0.74s
[INFO] [stdout] 
[INFO] [stderr] error: test failed, to rerun pass '--doc'
[INFO] running `Command { std: "docker" "inspect" "d4a82b889c07a335168ec27c984dfdcbb60971d1291752f83ab362226487d4dc", kill_on_drop: false }`
[INFO] running `Command { std: "docker" "rm" "-f" "d4a82b889c07a335168ec27c984dfdcbb60971d1291752f83ab362226487d4dc", kill_on_drop: false }`
[INFO] [stdout] d4a82b889c07a335168ec27c984dfdcbb60971d1291752f83ab362226487d4dc
