[INFO] fetching crate dispose-derive 0.3.0...
[INFO] testing dispose-derive-0.3.0 against beta-2021-08-01 for beta-1.55-1
[INFO] extracting crate dispose-derive 0.3.0 into /workspace/builds/worker-16/source
[INFO] validating manifest of crates.io crate dispose-derive 0.3.0 on toolchain beta-2021-08-01
[INFO] running `Command { std: "/workspace/cargo-home/bin/cargo" "+beta-2021-08-01" "metadata" "--manifest-path" "Cargo.toml" "--no-deps", kill_on_drop: false }`
[INFO] started tweaking crates.io crate dispose-derive 0.3.0
[INFO] finished tweaking crates.io crate dispose-derive 0.3.0
[INFO] tweaked toml for crates.io crate dispose-derive 0.3.0 written to /workspace/builds/worker-16/source/Cargo.toml
[INFO] running `Command { std: "/workspace/cargo-home/bin/cargo" "+beta-2021-08-01" "generate-lockfile" "--manifest-path" "Cargo.toml" "-Zno-index-update", kill_on_drop: false }`
[INFO] running `Command { std: "/workspace/cargo-home/bin/cargo" "+beta-2021-08-01" "fetch" "--manifest-path" "Cargo.toml", kill_on_drop: false }`
[INFO] [stderr]  Downloading crates ...
[INFO] [stderr]   Downloaded gfx-backend-empty v0.6.0
[INFO] [stderr]   Downloaded gfx-hal v0.6.0
[INFO] [stderr]   Downloaded dispose-derive v0.3.0
[INFO] [stderr]   Downloaded dispose v0.3.1
[INFO] running `Command { std: "docker" "create" "-v" "/var/lib/crater-agent-workspace/builds/worker-16/target:/opt/rustwide/target:rw,Z" "-v" "/var/lib/crater-agent-workspace/builds/worker-16/source:/opt/rustwide/workdir:ro,Z" "-v" "/var/lib/crater-agent-workspace/cargo-home:/opt/rustwide/cargo-home:ro,Z" "-v" "/var/lib/crater-agent-workspace/rustup-home:/opt/rustwide/rustup-home:ro,Z" "-e" "SOURCE_DIR=/opt/rustwide/workdir" "-e" "CARGO_TARGET_DIR=/opt/rustwide/target" "-e" "CARGO_HOME=/opt/rustwide/cargo-home" "-e" "RUSTUP_HOME=/opt/rustwide/rustup-home" "-w" "/opt/rustwide/workdir" "-m" "1610612736" "--user" "0:0" "--network" "none" "ghcr.io/rust-lang/crates-build-env/linux@sha256:34b6a614d2c27851fe6cbf88fbd1137609cefab8b10d0615aaeb6fd47975d74e" "/opt/rustwide/cargo-home/bin/cargo" "+beta-2021-08-01" "metadata" "--no-deps" "--format-version=1", kill_on_drop: false }`
[INFO] [stdout] ba1d6b9852129bb9caa7da7f9bb362e501dde1f87373cf64ad5bf58434b6f364
[INFO] running `Command { std: "docker" "start" "-a" "ba1d6b9852129bb9caa7da7f9bb362e501dde1f87373cf64ad5bf58434b6f364", kill_on_drop: false }`
[INFO] running `Command { std: "docker" "inspect" "ba1d6b9852129bb9caa7da7f9bb362e501dde1f87373cf64ad5bf58434b6f364", kill_on_drop: false }`
[INFO] running `Command { std: "docker" "rm" "-f" "ba1d6b9852129bb9caa7da7f9bb362e501dde1f87373cf64ad5bf58434b6f364", kill_on_drop: false }`
[INFO] [stdout] ba1d6b9852129bb9caa7da7f9bb362e501dde1f87373cf64ad5bf58434b6f364
[INFO] running `Command { std: "docker" "create" "-v" "/var/lib/crater-agent-workspace/builds/worker-16/target:/opt/rustwide/target:rw,Z" "-v" "/var/lib/crater-agent-workspace/builds/worker-16/source:/opt/rustwide/workdir:ro,Z" "-v" "/var/lib/crater-agent-workspace/cargo-home:/opt/rustwide/cargo-home:ro,Z" "-v" "/var/lib/crater-agent-workspace/rustup-home:/opt/rustwide/rustup-home:ro,Z" "-e" "SOURCE_DIR=/opt/rustwide/workdir" "-e" "CARGO_TARGET_DIR=/opt/rustwide/target" "-e" "CARGO_INCREMENTAL=0" "-e" "RUST_BACKTRACE=full" "-e" "RUSTFLAGS=--cap-lints=warn" "-e" "CARGO_HOME=/opt/rustwide/cargo-home" "-e" "RUSTUP_HOME=/opt/rustwide/rustup-home" "-w" "/opt/rustwide/workdir" "-m" "1610612736" "--user" "0:0" "--network" "none" "ghcr.io/rust-lang/crates-build-env/linux@sha256:34b6a614d2c27851fe6cbf88fbd1137609cefab8b10d0615aaeb6fd47975d74e" "/opt/rustwide/cargo-home/bin/cargo" "+beta-2021-08-01" "build" "--frozen" "--message-format=json", kill_on_drop: false }`
[INFO] [stdout] 29a8c1c96409f822a8d3cdbdf03746490457f7307b54f60e766699f0bd683199
[INFO] running `Command { std: "docker" "start" "-a" "29a8c1c96409f822a8d3cdbdf03746490457f7307b54f60e766699f0bd683199", kill_on_drop: false }`
[INFO] [stderr]    Compiling proc-macro-error-attr v1.0.4
[INFO] [stderr]    Compiling proc-macro-error v1.0.4
[INFO] [stderr]    Compiling dispose-derive v0.3.0 (/opt/rustwide/workdir)
[INFO] [stderr]     Finished dev [unoptimized + debuginfo] target(s) in 6.08s
[INFO] running `Command { std: "docker" "inspect" "29a8c1c96409f822a8d3cdbdf03746490457f7307b54f60e766699f0bd683199", kill_on_drop: false }`
[INFO] running `Command { std: "docker" "rm" "-f" "29a8c1c96409f822a8d3cdbdf03746490457f7307b54f60e766699f0bd683199", kill_on_drop: false }`
[INFO] [stdout] 29a8c1c96409f822a8d3cdbdf03746490457f7307b54f60e766699f0bd683199
[INFO] running `Command { std: "docker" "create" "-v" "/var/lib/crater-agent-workspace/builds/worker-16/target:/opt/rustwide/target:rw,Z" "-v" "/var/lib/crater-agent-workspace/builds/worker-16/source:/opt/rustwide/workdir:ro,Z" "-v" "/var/lib/crater-agent-workspace/cargo-home:/opt/rustwide/cargo-home:ro,Z" "-v" "/var/lib/crater-agent-workspace/rustup-home:/opt/rustwide/rustup-home:ro,Z" "-e" "SOURCE_DIR=/opt/rustwide/workdir" "-e" "CARGO_TARGET_DIR=/opt/rustwide/target" "-e" "CARGO_INCREMENTAL=0" "-e" "RUST_BACKTRACE=full" "-e" "RUSTFLAGS=--cap-lints=warn" "-e" "CARGO_HOME=/opt/rustwide/cargo-home" "-e" "RUSTUP_HOME=/opt/rustwide/rustup-home" "-w" "/opt/rustwide/workdir" "-m" "1610612736" "--user" "0:0" "--network" "none" "ghcr.io/rust-lang/crates-build-env/linux@sha256:34b6a614d2c27851fe6cbf88fbd1137609cefab8b10d0615aaeb6fd47975d74e" "/opt/rustwide/cargo-home/bin/cargo" "+beta-2021-08-01" "test" "--frozen" "--no-run" "--message-format=json", kill_on_drop: false }`
[INFO] [stdout] 2003f3a9cb18101ed043997526024d9545a52f5839a2b4210c2aaa7b18a0d269
[INFO] running `Command { std: "docker" "start" "-a" "2003f3a9cb18101ed043997526024d9545a52f5839a2b4210c2aaa7b18a0d269", kill_on_drop: false }`
[INFO] [stderr]     Blocking waiting for file lock on package cache
[INFO] [stderr]     Blocking waiting for file lock on package cache
[INFO] [stderr]     Blocking waiting for file lock on package cache
[INFO] [stderr]    Compiling raw-window-handle v0.3.3
[INFO] [stderr]    Compiling dispose-derive v0.3.0
[INFO] [stderr]    Compiling gfx-hal v0.6.0
[INFO] [stderr]    Compiling gfx-backend-empty v0.6.0
[INFO] [stderr]    Compiling dispose v0.3.1
[INFO] [stderr]    Compiling dispose-derive v0.3.0 (/opt/rustwide/workdir)
[INFO] [stderr]     Finished test [unoptimized + debuginfo] target(s) in 7.61s
[INFO] running `Command { std: "docker" "inspect" "2003f3a9cb18101ed043997526024d9545a52f5839a2b4210c2aaa7b18a0d269", kill_on_drop: false }`
[INFO] running `Command { std: "docker" "rm" "-f" "2003f3a9cb18101ed043997526024d9545a52f5839a2b4210c2aaa7b18a0d269", kill_on_drop: false }`
[INFO] [stdout] 2003f3a9cb18101ed043997526024d9545a52f5839a2b4210c2aaa7b18a0d269
[INFO] running `Command { std: "docker" "create" "-v" "/var/lib/crater-agent-workspace/builds/worker-16/target:/opt/rustwide/target:rw,Z" "-v" "/var/lib/crater-agent-workspace/builds/worker-16/source:/opt/rustwide/workdir:ro,Z" "-v" "/var/lib/crater-agent-workspace/cargo-home:/opt/rustwide/cargo-home:ro,Z" "-v" "/var/lib/crater-agent-workspace/rustup-home:/opt/rustwide/rustup-home:ro,Z" "-e" "SOURCE_DIR=/opt/rustwide/workdir" "-e" "CARGO_TARGET_DIR=/opt/rustwide/target" "-e" "CARGO_INCREMENTAL=0" "-e" "RUST_BACKTRACE=full" "-e" "RUSTFLAGS=--cap-lints=warn" "-e" "CARGO_HOME=/opt/rustwide/cargo-home" "-e" "RUSTUP_HOME=/opt/rustwide/rustup-home" "-w" "/opt/rustwide/workdir" "-m" "1610612736" "--user" "0:0" "--network" "none" "ghcr.io/rust-lang/crates-build-env/linux@sha256:34b6a614d2c27851fe6cbf88fbd1137609cefab8b10d0615aaeb6fd47975d74e" "/opt/rustwide/cargo-home/bin/cargo" "+beta-2021-08-01" "test" "--frozen", kill_on_drop: false }`
[INFO] [stdout] 2e4253ab18480fec75003ec4a1a775c510f6b112ebb9d72db63a931a213c4d8a
[INFO] running `Command { std: "docker" "start" "-a" "2e4253ab18480fec75003ec4a1a775c510f6b112ebb9d72db63a931a213c4d8a", kill_on_drop: false }`
[INFO] [stderr]     Blocking waiting for file lock on package cache
[INFO] [stderr]     Finished test [unoptimized + debuginfo] target(s) in 0.16s
[INFO] [stderr]      Running unittests (/opt/rustwide/target/debug/deps/dispose_derive-bb686d815e3cc19a)
[INFO] [stdout] 
[INFO] [stderr]    Doc-tests dispose_derive
[INFO] [stdout] running 0 tests
[INFO] [stdout] 
[INFO] [stdout] test result: ok. 0 passed; 0 failed; 0 ignored; 0 measured; 0 filtered out; finished in 0.00s
[INFO] [stdout] 
[INFO] [stderr] warning: lint `broken_intra_doc_links` has been renamed to `rustdoc::broken_intra_doc_links`
[INFO] [stderr]  --> /opt/rustwide/workdir/lib.rs:2:9
[INFO] [stderr]   |
[INFO] [stderr] 2 | #![deny(broken_intra_doc_links, missing_debug_implementations)]
[INFO] [stderr]   |         ^^^^^^^^^^^^^^^^^^^^^^ help: use the new name: `rustdoc::broken_intra_doc_links`
[INFO] [stderr]   |
[INFO] [stderr]   = note: `#[warn(renamed_and_removed_lints)]` on by default
[INFO] [stderr] 
[INFO] [stderr] warning: 1 warning emitted
[INFO] [stderr] 
[INFO] [stdout] 
[INFO] [stdout] running 2 tests
[INFO] [stdout] test lib.rs - derive_dispose (line 109) - compile ... FAILED
[INFO] [stdout] test lib.rs - derive_dispose (line 54) ... ok
[INFO] [stdout] 
[INFO] [stdout] failures:
[INFO] [stdout] 
[INFO] [stdout] ---- lib.rs - derive_dispose (line 109) stdout ----
[INFO] [stdout] error[E0271]: type mismatch resolving `<gfx_backend_empty::Backend as gfx_hal::Backend>::Buffer == ()`
[INFO] [stdout]   --> lib.rs:170:5
[INFO] [stdout]    |
[INFO] [stdout] 63 |     Buffer(())
[INFO] [stdout]    |     ^^^^^^^^^^ expected struct `gfx_backend_empty::buffer::Buffer`, found `()`
[INFO] [stdout] 
[INFO] [stdout] error[E0271]: type mismatch resolving `<gfx_backend_empty::Backend as gfx_hal::Backend>::Memory == ()`
[INFO] [stdout]   --> lib.rs:173:5
[INFO] [stdout]    |
[INFO] [stdout] 66 |     Memory(())
[INFO] [stdout]    |     ^^^^^^^^^^ expected struct `gfx_backend_empty::memory::Memory`, found `()`
[INFO] [stdout] 
[INFO] [stdout] error: aborting due to 2 previous errors
[INFO] [stdout] 
[INFO] [stdout] For more information about this error, try `rustc --explain E0271`.
[INFO] [stdout] Couldn't compile the test.
[INFO] [stdout] 
[INFO] [stdout] failures:
[INFO] [stdout]     lib.rs - derive_dispose (line 109)
[INFO] [stdout] 
[INFO] [stdout] test result: FAILED. 1 passed; 1 failed; 0 ignored; 0 measured; 0 filtered out; finished in 0.37s
[INFO] [stdout] 
[INFO] [stderr] error: test failed, to rerun pass '--doc'
[INFO] running `Command { std: "docker" "inspect" "2e4253ab18480fec75003ec4a1a775c510f6b112ebb9d72db63a931a213c4d8a", kill_on_drop: false }`
[INFO] running `Command { std: "docker" "rm" "-f" "2e4253ab18480fec75003ec4a1a775c510f6b112ebb9d72db63a931a213c4d8a", kill_on_drop: false }`
[INFO] [stdout] 2e4253ab18480fec75003ec4a1a775c510f6b112ebb9d72db63a931a213c4d8a
