[INFO] fetching crate disjoint-borrow 0.1.1...
[INFO] testing disjoint-borrow-0.1.1 against beta-2021-08-01 for beta-1.55-1
[INFO] extracting crate disjoint-borrow 0.1.1 into /workspace/builds/worker-40/source
[INFO] validating manifest of crates.io crate disjoint-borrow 0.1.1 on toolchain beta-2021-08-01
[INFO] running `Command { std: "/workspace/cargo-home/bin/cargo" "+beta-2021-08-01" "metadata" "--manifest-path" "Cargo.toml" "--no-deps", kill_on_drop: false }`
[INFO] started tweaking crates.io crate disjoint-borrow 0.1.1
[INFO] finished tweaking crates.io crate disjoint-borrow 0.1.1
[INFO] tweaked toml for crates.io crate disjoint-borrow 0.1.1 written to /workspace/builds/worker-40/source/Cargo.toml
[INFO] running `Command { std: "/workspace/cargo-home/bin/cargo" "+beta-2021-08-01" "generate-lockfile" "--manifest-path" "Cargo.toml" "-Zno-index-update", kill_on_drop: false }`
[INFO] [stderr]     Blocking waiting for file lock on package cache
[INFO] running `Command { std: "/workspace/cargo-home/bin/cargo" "+beta-2021-08-01" "fetch" "--manifest-path" "Cargo.toml", kill_on_drop: false }`
[INFO] [stderr]     Blocking waiting for file lock on package cache
[INFO] [stderr]     Blocking waiting for file lock on package cache
[INFO] running `Command { std: "docker" "create" "-v" "/var/lib/crater-agent-workspace/builds/worker-40/target:/opt/rustwide/target:rw,Z" "-v" "/var/lib/crater-agent-workspace/builds/worker-40/source:/opt/rustwide/workdir:ro,Z" "-v" "/var/lib/crater-agent-workspace/cargo-home:/opt/rustwide/cargo-home:ro,Z" "-v" "/var/lib/crater-agent-workspace/rustup-home:/opt/rustwide/rustup-home:ro,Z" "-e" "SOURCE_DIR=/opt/rustwide/workdir" "-e" "CARGO_TARGET_DIR=/opt/rustwide/target" "-e" "CARGO_HOME=/opt/rustwide/cargo-home" "-e" "RUSTUP_HOME=/opt/rustwide/rustup-home" "-w" "/opt/rustwide/workdir" "-m" "1610612736" "--user" "0:0" "--network" "none" "ghcr.io/rust-lang/crates-build-env/linux@sha256:34b6a614d2c27851fe6cbf88fbd1137609cefab8b10d0615aaeb6fd47975d74e" "/opt/rustwide/cargo-home/bin/cargo" "+beta-2021-08-01" "metadata" "--no-deps" "--format-version=1", kill_on_drop: false }`
[INFO] [stdout] 0c47b7be3d0a29512cd1d817bf685fb36b4cd7f5e3666f4a8dce438037571f56
[INFO] running `Command { std: "docker" "start" "-a" "0c47b7be3d0a29512cd1d817bf685fb36b4cd7f5e3666f4a8dce438037571f56", kill_on_drop: false }`
[INFO] running `Command { std: "docker" "inspect" "0c47b7be3d0a29512cd1d817bf685fb36b4cd7f5e3666f4a8dce438037571f56", kill_on_drop: false }`
[INFO] running `Command { std: "docker" "rm" "-f" "0c47b7be3d0a29512cd1d817bf685fb36b4cd7f5e3666f4a8dce438037571f56", kill_on_drop: false }`
[INFO] [stdout] 0c47b7be3d0a29512cd1d817bf685fb36b4cd7f5e3666f4a8dce438037571f56
[INFO] running `Command { std: "docker" "create" "-v" "/var/lib/crater-agent-workspace/builds/worker-40/target:/opt/rustwide/target:rw,Z" "-v" "/var/lib/crater-agent-workspace/builds/worker-40/source:/opt/rustwide/workdir:ro,Z" "-v" "/var/lib/crater-agent-workspace/cargo-home:/opt/rustwide/cargo-home:ro,Z" "-v" "/var/lib/crater-agent-workspace/rustup-home:/opt/rustwide/rustup-home:ro,Z" "-e" "SOURCE_DIR=/opt/rustwide/workdir" "-e" "CARGO_TARGET_DIR=/opt/rustwide/target" "-e" "CARGO_INCREMENTAL=0" "-e" "RUST_BACKTRACE=full" "-e" "RUSTFLAGS=--cap-lints=warn" "-e" "CARGO_HOME=/opt/rustwide/cargo-home" "-e" "RUSTUP_HOME=/opt/rustwide/rustup-home" "-w" "/opt/rustwide/workdir" "-m" "1610612736" "--user" "0:0" "--network" "none" "ghcr.io/rust-lang/crates-build-env/linux@sha256:34b6a614d2c27851fe6cbf88fbd1137609cefab8b10d0615aaeb6fd47975d74e" "/opt/rustwide/cargo-home/bin/cargo" "+beta-2021-08-01" "build" "--frozen" "--message-format=json", kill_on_drop: false }`
[INFO] [stdout] f035e45d2256587549233e50de0d55150b6fff2a7b46ede8145f4325157280e5
[INFO] running `Command { std: "docker" "start" "-a" "f035e45d2256587549233e50de0d55150b6fff2a7b46ede8145f4325157280e5", kill_on_drop: false }`
[INFO] [stderr]     Blocking waiting for file lock on package cache
[INFO] [stderr]    Compiling disjoint-borrow v0.1.1 (/opt/rustwide/workdir)
[INFO] [stdout] warning: unnecessary parentheses around block return value
[INFO] [stdout]    --> src/lib.rs:381:9
[INFO] [stdout]     |
[INFO] [stdout] 381 |         (lo..hi)
[INFO] [stdout]     |         ^^^^^^^^ help: remove these parentheses
[INFO] [stdout]     |
[INFO] [stdout]     = note: `#[warn(unused_parens)]` on by default
[INFO] [stdout] 
[INFO] [stdout] 
[INFO] [stdout] warning: 1 warning emitted
[INFO] [stdout] 
[INFO] [stdout] 
[INFO] [stderr]     Finished dev [unoptimized + debuginfo] target(s) in 0.26s
[INFO] running `Command { std: "docker" "inspect" "f035e45d2256587549233e50de0d55150b6fff2a7b46ede8145f4325157280e5", kill_on_drop: false }`
[INFO] running `Command { std: "docker" "rm" "-f" "f035e45d2256587549233e50de0d55150b6fff2a7b46ede8145f4325157280e5", kill_on_drop: false }`
[INFO] [stdout] f035e45d2256587549233e50de0d55150b6fff2a7b46ede8145f4325157280e5
[INFO] running `Command { std: "docker" "create" "-v" "/var/lib/crater-agent-workspace/builds/worker-40/target:/opt/rustwide/target:rw,Z" "-v" "/var/lib/crater-agent-workspace/builds/worker-40/source:/opt/rustwide/workdir:ro,Z" "-v" "/var/lib/crater-agent-workspace/cargo-home:/opt/rustwide/cargo-home:ro,Z" "-v" "/var/lib/crater-agent-workspace/rustup-home:/opt/rustwide/rustup-home:ro,Z" "-e" "SOURCE_DIR=/opt/rustwide/workdir" "-e" "CARGO_TARGET_DIR=/opt/rustwide/target" "-e" "CARGO_INCREMENTAL=0" "-e" "RUST_BACKTRACE=full" "-e" "RUSTFLAGS=--cap-lints=warn" "-e" "CARGO_HOME=/opt/rustwide/cargo-home" "-e" "RUSTUP_HOME=/opt/rustwide/rustup-home" "-w" "/opt/rustwide/workdir" "-m" "1610612736" "--user" "0:0" "--network" "none" "ghcr.io/rust-lang/crates-build-env/linux@sha256:34b6a614d2c27851fe6cbf88fbd1137609cefab8b10d0615aaeb6fd47975d74e" "/opt/rustwide/cargo-home/bin/cargo" "+beta-2021-08-01" "test" "--frozen" "--no-run" "--message-format=json", kill_on_drop: false }`
[INFO] [stdout] 6c9803c612ecf778475d0aa12d268102d3163714f4833843383de6cc707ed56d
[INFO] running `Command { std: "docker" "start" "-a" "6c9803c612ecf778475d0aa12d268102d3163714f4833843383de6cc707ed56d", kill_on_drop: false }`
[INFO] [stderr]     Blocking waiting for file lock on package cache
[INFO] [stderr]    Compiling trybuild v1.0.43
[INFO] [stderr]    Compiling termcolor v1.1.2
[INFO] [stdout] warning: unnecessary parentheses around block return value
[INFO] [stdout]    --> src/lib.rs:381:9
[INFO] [stdout]     |
[INFO] [stdout] 381 |         (lo..hi)
[INFO] [stdout]     |         ^^^^^^^^ help: remove these parentheses
[INFO] [stdout]     |
[INFO] [stdout]     = note: `#[warn(unused_parens)]` on by default
[INFO] [stdout] 
[INFO] [stdout] 
[INFO] [stdout] warning: 1 warning emitted
[INFO] [stdout] 
[INFO] [stdout] 
[INFO] [stderr]    Compiling serde v1.0.127
[INFO] [stderr]    Compiling serde_json v1.0.66
[INFO] [stderr]    Compiling toml v0.5.8
[INFO] [stderr]    Compiling disjoint-borrow v0.1.1 (/opt/rustwide/workdir)
[INFO] [stdout] warning: unnecessary parentheses around block return value
[INFO] [stdout]    --> src/lib.rs:381:9
[INFO] [stdout]     |
[INFO] [stdout] 381 |         (lo..hi)
[INFO] [stdout]     |         ^^^^^^^^ help: remove these parentheses
[INFO] [stdout]     |
[INFO] [stdout]     = note: `#[warn(unused_parens)]` on by default
[INFO] [stdout] 
[INFO] [stdout] 
[INFO] [stdout] warning: 1 warning emitted
[INFO] [stdout] 
[INFO] [stdout] 
[INFO] [stderr]     Finished test [unoptimized + debuginfo] target(s) in 13.49s
[INFO] running `Command { std: "docker" "inspect" "6c9803c612ecf778475d0aa12d268102d3163714f4833843383de6cc707ed56d", kill_on_drop: false }`
[INFO] running `Command { std: "docker" "rm" "-f" "6c9803c612ecf778475d0aa12d268102d3163714f4833843383de6cc707ed56d", kill_on_drop: false }`
[INFO] [stdout] 6c9803c612ecf778475d0aa12d268102d3163714f4833843383de6cc707ed56d
[INFO] running `Command { std: "docker" "create" "-v" "/var/lib/crater-agent-workspace/builds/worker-40/target:/opt/rustwide/target:rw,Z" "-v" "/var/lib/crater-agent-workspace/builds/worker-40/source:/opt/rustwide/workdir:ro,Z" "-v" "/var/lib/crater-agent-workspace/cargo-home:/opt/rustwide/cargo-home:ro,Z" "-v" "/var/lib/crater-agent-workspace/rustup-home:/opt/rustwide/rustup-home:ro,Z" "-e" "SOURCE_DIR=/opt/rustwide/workdir" "-e" "CARGO_TARGET_DIR=/opt/rustwide/target" "-e" "CARGO_INCREMENTAL=0" "-e" "RUST_BACKTRACE=full" "-e" "RUSTFLAGS=--cap-lints=warn" "-e" "CARGO_HOME=/opt/rustwide/cargo-home" "-e" "RUSTUP_HOME=/opt/rustwide/rustup-home" "-w" "/opt/rustwide/workdir" "-m" "1610612736" "--user" "0:0" "--network" "none" "ghcr.io/rust-lang/crates-build-env/linux@sha256:34b6a614d2c27851fe6cbf88fbd1137609cefab8b10d0615aaeb6fd47975d74e" "/opt/rustwide/cargo-home/bin/cargo" "+beta-2021-08-01" "test" "--frozen", kill_on_drop: false }`
[INFO] [stdout] ac547a131cda62d2302c34307231725fa22d1bcf0d828fee4f441620efa4a06a
[INFO] running `Command { std: "docker" "start" "-a" "ac547a131cda62d2302c34307231725fa22d1bcf0d828fee4f441620efa4a06a", kill_on_drop: false }`
[INFO] [stderr] warning: unnecessary parentheses around block return value
[INFO] [stderr]    --> src/lib.rs:381:9
[INFO] [stderr]     |
[INFO] [stderr] 381 |         (lo..hi)
[INFO] [stderr]     |         ^^^^^^^^ help: remove these parentheses
[INFO] [stderr]     |
[INFO] [stderr]     = note: `#[warn(unused_parens)]` on by default
[INFO] [stderr] 
[INFO] [stderr] warning: `disjoint-borrow` (lib) generated 1 warning
[INFO] [stderr] warning: `disjoint-borrow` (lib test) generated 1 warning (1 duplicate)
[INFO] [stderr]     Finished test [unoptimized + debuginfo] target(s) in 0.05s
[INFO] [stderr]      Running unittests (/opt/rustwide/target/debug/deps/disjoint_borrow-df158bb38457518f)
[INFO] [stdout] 
[INFO] [stdout] running 13 tests
[INFO] [stdout] test tests::basic ... ok
[INFO] [stdout] test tests::scoped ... ok
[INFO] [stdout] test tests::slice ... ok
[INFO] [stdout] test tests::try_get_mut_out_of_range ... ok
[INFO] [stdout] test tests::try_get_mut_intersect ... ok
[INFO] [stdout] test tests::try_get_out_of_range ... ok
[INFO] [stdout] test tests::one_past_end ... ok
[INFO] [stdout] test tests::backward_range ... ok
[INFO] [stdout] test tests::try_get_intersect ... ok
[INFO] [stdout] test tests::backward_out_of_range - should panic ... ok
[INFO] [stdout] test tests::empty_intersect - should panic ... ok
[INFO] [stdout] test tests::get_after_mut - should panic ... ok
[INFO] [stdout] test tests::out_of_range - should panic ... ok
[INFO] [stdout] 
[INFO] [stdout] test result: ok. 13 passed; 0 failed; 0 ignored; 0 measured; 0 filtered out; finished in 0.02s
[INFO] [stdout] 
[INFO] [stderr]      Running tests/compiletest.rs (/opt/rustwide/target/debug/deps/compiletest-d2f31d64384cde00)
[INFO] [stdout] 
[INFO] [stdout] running 1 test
[INFO] [stderr]     Checking disjoint-borrow v0.1.1 (/opt/rustwide/workdir)
[INFO] [stderr] warning: unnecessary parentheses around block return value
[INFO] [stderr]    --> /opt/rustwide/workdir/src/lib.rs:381:9
[INFO] [stderr]     |
[INFO] [stderr] 381 |         (lo..hi)
[INFO] [stderr]     |         ^^^^^^^^ help: remove these parentheses
[INFO] [stderr]     |
[INFO] [stderr]     = note: `#[warn(unused_parens)]` on by default
[INFO] [stderr] 
[INFO] [stderr] warning: `disjoint-borrow` (lib) generated 1 warning
[INFO] [stderr]     Checking disjoint-borrow-tests v0.0.0 (/opt/rustwide/target/tests/disjoint-borrow)
[INFO] [stderr]     Finished dev [unoptimized + debuginfo] target(s) in 1.54s
[INFO] [stderr] 
[INFO] [stderr] 
[INFO] [stderr] test tests/compile-fail/borrows-prev.rs ... mismatch
[INFO] [stderr] 
[INFO] [stderr] EXPECTED:
[INFO] [stderr] ┈┈┈┈┈┈┈┈┈┈┈┈┈┈┈┈┈┈┈┈┈┈┈┈┈┈┈┈┈┈┈┈┈┈┈┈┈┈┈┈┈┈┈┈┈┈┈┈┈┈┈┈┈┈┈┈┈┈┈┈
[INFO] [stderr] error[E0499]: cannot borrow `alpha` as mutable more than once at a time
[INFO] [stderr]   --> $DIR/borrows-prev.rs:9:5
[INFO] [stderr]    |
[INFO] [stderr] 7  |     let (beta, b) = alpha.get(1..2);
[INFO] [stderr]    |                     ----- first mutable borrow occurs here
[INFO] [stderr] 8  |     drop(beta);
[INFO] [stderr] 9  |     alpha.get(1..2);
[INFO] [stderr]    |     ^^^^^ second mutable borrow occurs here
[INFO] [stderr] 10 |     b[0];
[INFO] [stderr]    |     ---- first borrow later used here
[INFO] [stderr] 
[INFO] [stderr] For more information about this error, try `rustc --explain E0499`.
[INFO] [stderr] ┈┈┈┈┈┈┈┈┈┈┈┈┈┈┈┈┈┈┈┈┈┈┈┈┈┈┈┈┈┈┈┈┈┈┈┈┈┈┈┈┈┈┈┈┈┈┈┈┈┈┈┈┈┈┈┈┈┈┈┈
[INFO] [stderr] 
[INFO] [stderr] ACTUAL OUTPUT:
[INFO] [stderr] ┈┈┈┈┈┈┈┈┈┈┈┈┈┈┈┈┈┈┈┈┈┈┈┈┈┈┈┈┈┈┈┈┈┈┈┈┈┈┈┈┈┈┈┈┈┈┈┈┈┈┈┈┈┈┈┈┈┈┈┈
[INFO] [stderr] warning: unnecessary parentheses around block return value
[INFO] [stderr]    --> $DIR/lib.rs:381:9
[INFO] [stderr]     |
[INFO] [stderr] 381 |         (lo..hi)
[INFO] [stderr]     |         ^^^^^^^^ help: remove these parentheses
[INFO] [stderr]     |
[INFO] [stderr]     = note: `#[warn(unused_parens)]` on by default
[INFO] [stderr] 
[INFO] [stderr] error[E0499]: cannot borrow `alpha` as mutable more than once at a time
[INFO] [stderr]   --> $DIR/borrows-prev.rs:9:5
[INFO] [stderr]    |
[INFO] [stderr] 7  |     let (beta, b) = alpha.get(1..2);
[INFO] [stderr]    |                     ----- first mutable borrow occurs here
[INFO] [stderr] 8  |     drop(beta);
[INFO] [stderr] 9  |     alpha.get(1..2);
[INFO] [stderr]    |     ^^^^^ second mutable borrow occurs here
[INFO] [stderr] 10 |     b[0];
[INFO] [stderr]    |     ---- first borrow later used here
[INFO] [stderr] ┈┈┈┈┈┈┈┈┈┈┈┈┈┈┈┈┈┈┈┈┈┈┈┈┈┈┈┈┈┈┈┈┈┈┈┈┈┈┈┈┈┈┈┈┈┈┈┈┈┈┈┈┈┈┈┈┈┈┈┈
[INFO] [stderr] note: If the actual output is the correct output you can bless it by rerunning
[INFO] [stderr]       your test with the environment variable TRYBUILD=overwrite
[INFO] [stderr] 
[INFO] [stderr] test tests/compile-fail/borrows-slice.rs ... mismatch
[INFO] [stderr] 
[INFO] [stderr] EXPECTED:
[INFO] [stderr] ┈┈┈┈┈┈┈┈┈┈┈┈┈┈┈┈┈┈┈┈┈┈┈┈┈┈┈┈┈┈┈┈┈┈┈┈┈┈┈┈┈┈┈┈┈┈┈┈┈┈┈┈┈┈┈┈┈┈┈┈
[INFO] [stderr] error[E0503]: cannot use `a` because it was mutably borrowed
[INFO] [stderr]  --> $DIR/borrows-slice.rs:7:5
[INFO] [stderr]   |
[INFO] [stderr] 6 |     let mut sl = DisjointSlice::new(&mut a);
[INFO] [stderr]   |                                     ------ borrow of `a` occurs here
[INFO] [stderr] 7 |     a[0] = 1;
[INFO] [stderr]   |     ^^^^ use of borrowed `a`
[INFO] [stderr] 8 |     sl.get(0..1);
[INFO] [stderr]   |     -- borrow later used here
[INFO] [stderr] 
[INFO] [stderr] error[E0506]: cannot assign to `a[_]` because it is borrowed
[INFO] [stderr]  --> $DIR/borrows-slice.rs:7:5
[INFO] [stderr]   |
[INFO] [stderr] 6 |     let mut sl = DisjointSlice::new(&mut a);
[INFO] [stderr]   |                                     ------ borrow of `a[_]` occurs here
[INFO] [stderr] 7 |     a[0] = 1;
[INFO] [stderr]   |     ^^^^^^^^ assignment to borrowed `a[_]` occurs here
[INFO] [stderr] 8 |     sl.get(0..1);
[INFO] [stderr]   |     -- borrow later used here
[INFO] [stderr] 
[INFO] [stderr] Some errors have detailed explanations: E0503, E0506.
[INFO] [stderr] For more information about an error, try `rustc --explain E0503`.
[INFO] [stderr] ┈┈┈┈┈┈┈┈┈┈┈┈┈┈┈┈┈┈┈┈┈┈┈┈┈┈┈┈┈┈┈┈┈┈┈┈┈┈┈┈┈┈┈┈┈┈┈┈┈┈┈┈┈┈┈┈┈┈┈┈
[INFO] [stderr] 
[INFO] [stderr] ACTUAL OUTPUT:
[INFO] [stderr] ┈┈┈┈┈┈┈┈┈┈┈┈┈┈┈┈┈┈┈┈┈┈┈┈┈┈┈┈┈┈┈┈┈┈┈┈┈┈┈┈┈┈┈┈┈┈┈┈┈┈┈┈┈┈┈┈┈┈┈┈
[INFO] [stderr] warning: unnecessary parentheses around block return value
[INFO] [stderr]    --> $DIR/lib.rs:381:9
[INFO] [stderr]     |
[INFO] [stderr] 381 |         (lo..hi)
[INFO] [stderr]     |         ^^^^^^^^ help: remove these parentheses
[INFO] [stderr]     |
[INFO] [stderr]     = note: `#[warn(unused_parens)]` on by default
[INFO] [stderr] 
[INFO] [stderr] error[E0503]: cannot use `a` because it was mutably borrowed
[INFO] [stderr]  --> $DIR/borrows-slice.rs:7:5
[INFO] [stderr]   |
[INFO] [stderr] 6 |     let mut sl = DisjointSlice::new(&mut a);
[INFO] [stderr]   |                                     ------ borrow of `a` occurs here
[INFO] [stderr] 7 |     a[0] = 1;
[INFO] [stderr]   |     ^^^^ use of borrowed `a`
[INFO] [stderr] 8 |     sl.get(0..1);
[INFO] [stderr]   |     -- borrow later used here
[INFO] [stderr] 
[INFO] [stderr] error[E0506]: cannot assign to `a[_]` because it is borrowed
[INFO] [stderr]  --> $DIR/borrows-slice.rs:7:5
[INFO] [stderr]   |
[INFO] [stderr] 6 |     let mut sl = DisjointSlice::new(&mut a);
[INFO] [stderr]   |                                     ------ borrow of `a[_]` occurs here
[INFO] [stderr] 7 |     a[0] = 1;
[INFO] [stderr]   |     ^^^^^^^^ assignment to borrowed `a[_]` occurs here
[INFO] [stderr] 8 |     sl.get(0..1);
[INFO] [stderr]   |     -- borrow later used here
[INFO] [stderr] ┈┈┈┈┈┈┈┈┈┈┈┈┈┈┈┈┈┈┈┈┈┈┈┈┈┈┈┈┈┈┈┈┈┈┈┈┈┈┈┈┈┈┈┈┈┈┈┈┈┈┈┈┈┈┈┈┈┈┈┈
[INFO] [stderr] note: If the actual output is the correct output you can bless it by rerunning
[INFO] [stderr]       your test with the environment variable TRYBUILD=overwrite
[INFO] [stderr] 
[INFO] [stderr] 
[INFO] [stderr] 
[INFO] [stdout] test compile_fail ... FAILED
[INFO] [stdout] 
[INFO] [stdout] failures:
[INFO] [stdout] 
[INFO] [stdout] ---- compile_fail stdout ----
[INFO] [stdout] thread 'compile_fail' panicked at '2 of 2 tests failed', /opt/rustwide/cargo-home/registry/src/github.com-1ecc6299db9ec823/trybuild-1.0.43/src/run.rs:73:13
[INFO] [stdout] stack backtrace:
[INFO] [stdout]    0:     0x558787e75010 - std::backtrace_rs::backtrace::libunwind::trace::hff4d1766e93f64f1
[INFO] [stdout]                                at /rustc/53fd98ca776cb875bc9e5514f56b52eb74f9e7a9/library/std/src/../../backtrace/src/backtrace/libunwind.rs:90:5
[INFO] [stdout]    1:     0x558787e75010 - std::backtrace_rs::backtrace::trace_unsynchronized::h56bbc8eb78770bcb
[INFO] [stdout]                                at /rustc/53fd98ca776cb875bc9e5514f56b52eb74f9e7a9/library/std/src/../../backtrace/src/backtrace/mod.rs:66:5
[INFO] [stdout]    2:     0x558787e75010 - std::sys_common::backtrace::_print_fmt::h5c8e75464faca780
[INFO] [stdout]                                at /rustc/53fd98ca776cb875bc9e5514f56b52eb74f9e7a9/library/std/src/sys_common/backtrace.rs:67:5
[INFO] [stdout]    3:     0x558787e75010 - <std::sys_common::backtrace::_print::DisplayBacktrace as core::fmt::Display>::fmt::h48b88277def8b362
[INFO] [stdout]                                at /rustc/53fd98ca776cb875bc9e5514f56b52eb74f9e7a9/library/std/src/sys_common/backtrace.rs:46:22
[INFO] [stdout]    4:     0x558787e9a19c - core::fmt::write::h3381b3176fe2b3d3
[INFO] [stdout]                                at /rustc/53fd98ca776cb875bc9e5514f56b52eb74f9e7a9/library/core/src/fmt/mod.rs:1115:17
[INFO] [stdout]    5:     0x558787e71475 - std::io::Write::write_fmt::h5f34a676f60246b5
[INFO] [stdout]                                at /rustc/53fd98ca776cb875bc9e5514f56b52eb74f9e7a9/library/std/src/io/mod.rs:1665:15
[INFO] [stdout]    6:     0x558787e7733b - std::sys_common::backtrace::_print::ha537687d6c17dd0d
[INFO] [stdout]                                at /rustc/53fd98ca776cb875bc9e5514f56b52eb74f9e7a9/library/std/src/sys_common/backtrace.rs:49:5
[INFO] [stdout]    7:     0x558787e7733b - std::sys_common::backtrace::print::h61376ae57d131d72
[INFO] [stdout]                                at /rustc/53fd98ca776cb875bc9e5514f56b52eb74f9e7a9/library/std/src/sys_common/backtrace.rs:36:9
[INFO] [stdout]    8:     0x558787e7733b - std::panicking::default_hook::{{closure}}::h0f7208c0b9644a54
[INFO] [stdout]                                at /rustc/53fd98ca776cb875bc9e5514f56b52eb74f9e7a9/library/std/src/panicking.rs:208:50
[INFO] [stdout]    9:     0x558787e76e4c - std::panicking::default_hook::hdac7fc06578c14ce
[INFO] [stdout]                                at /rustc/53fd98ca776cb875bc9e5514f56b52eb74f9e7a9/library/std/src/panicking.rs:222:9
[INFO] [stdout]   10:     0x558787e77a04 - std::panicking::rust_panic_with_hook::h72b21c283da3d1ef
[INFO] [stdout]                                at /rustc/53fd98ca776cb875bc9e5514f56b52eb74f9e7a9/library/std/src/panicking.rs:622:17
[INFO] [stdout]   11:     0x558787e774e7 - std::panicking::begin_panic_handler::{{closure}}::he5778f1729cff84a
[INFO] [stdout]                                at /rustc/53fd98ca776cb875bc9e5514f56b52eb74f9e7a9/library/std/src/panicking.rs:519:13
[INFO] [stdout]   12:     0x558787e754ec - std::sys_common::backtrace::__rust_end_short_backtrace::h2d11ca8b453b4b1d
[INFO] [stdout]                                at /rustc/53fd98ca776cb875bc9e5514f56b52eb74f9e7a9/library/std/src/sys_common/backtrace.rs:141:18
[INFO] [stdout]   13:     0x558787e77449 - rust_begin_unwind
[INFO] [stdout]                                at /rustc/53fd98ca776cb875bc9e5514f56b52eb74f9e7a9/library/std/src/panicking.rs:515:5
[INFO] [stdout]   14:     0x558787c1dcfb - std::panicking::begin_panic_fmt::h746518bde832d259
[INFO] [stdout]                                at /rustc/53fd98ca776cb875bc9e5514f56b52eb74f9e7a9/library/std/src/panicking.rs:457:5
[INFO] [stdout]   15:     0x558787c53f92 - trybuild::run::<impl trybuild::Runner>::run::h3086e2d43ac222ed
[INFO] [stdout]                                at /opt/rustwide/cargo-home/registry/src/github.com-1ecc6299db9ec823/trybuild-1.0.43/src/run.rs:73:13
[INFO] [stdout]   16:     0x558787c58c04 - <trybuild::TestCases as core::ops::drop::Drop>::drop::ha07dad46ff19894a
[INFO] [stdout]                                at /opt/rustwide/cargo-home/registry/src/github.com-1ecc6299db9ec823/trybuild-1.0.43/src/lib.rs:306:13
[INFO] [stdout]   17:     0x558787c1fba7 - core::ptr::drop_in_place<trybuild::TestCases>::h0d84f22b389efc16
[INFO] [stdout]                                at /rustc/53fd98ca776cb875bc9e5514f56b52eb74f9e7a9/library/core/src/ptr/mod.rs:192:1
[INFO] [stdout]   18:     0x558787c20411 - compiletest::compile_fail::h22cf0b6fd26c92d3
[INFO] [stdout]                                at /opt/rustwide/workdir/tests/compiletest.rs:5:1
[INFO] [stdout]   19:     0x558787c203ca - compiletest::compile_fail::{{closure}}::hd591608984d70305
[INFO] [stdout]                                at /opt/rustwide/workdir/tests/compiletest.rs:2:1
[INFO] [stdout]   20:     0x558787c1fafe - core::ops::function::FnOnce::call_once::h17b35f1a4fb2424f
[INFO] [stdout]                                at /rustc/53fd98ca776cb875bc9e5514f56b52eb74f9e7a9/library/core/src/ops/function.rs:227:5
[INFO] [stdout]   21:     0x558787e57953 - core::ops::function::FnOnce::call_once::hbb52c4519d3137b0
[INFO] [stdout]                                at /rustc/53fd98ca776cb875bc9e5514f56b52eb74f9e7a9/library/core/src/ops/function.rs:227:5
[INFO] [stdout]   22:     0x558787e57953 - test::__rust_begin_short_backtrace::h86fe3a2a5a5121af
[INFO] [stdout]                                at /rustc/53fd98ca776cb875bc9e5514f56b52eb74f9e7a9/library/test/src/lib.rs:578:5
[INFO] [stdout]   23:     0x558787e56408 - <alloc::boxed::Box<F,A> as core::ops::function::FnOnce<Args>>::call_once::hfd956bc3d57399be
[INFO] [stdout]                                at /rustc/53fd98ca776cb875bc9e5514f56b52eb74f9e7a9/library/alloc/src/boxed.rs:1572:9
[INFO] [stdout]   24:     0x558787e56408 - <std::panic::AssertUnwindSafe<F> as core::ops::function::FnOnce<()>>::call_once::h40dc93e0ddb5938a
[INFO] [stdout]                                at /rustc/53fd98ca776cb875bc9e5514f56b52eb74f9e7a9/library/std/src/panic.rs:347:9
[INFO] [stdout]   25:     0x558787e56408 - std::panicking::try::do_call::h90d07750cb47c562
[INFO] [stdout]                                at /rustc/53fd98ca776cb875bc9e5514f56b52eb74f9e7a9/library/std/src/panicking.rs:401:40
[INFO] [stdout]   26:     0x558787e56408 - std::panicking::try::h063c84733ad2a629
[INFO] [stdout]                                at /rustc/53fd98ca776cb875bc9e5514f56b52eb74f9e7a9/library/std/src/panicking.rs:365:19
[INFO] [stdout]   27:     0x558787e56408 - std::panic::catch_unwind::h0c464836a84e7c08
[INFO] [stdout]                                at /rustc/53fd98ca776cb875bc9e5514f56b52eb74f9e7a9/library/std/src/panic.rs:434:14
[INFO] [stdout]   28:     0x558787e56408 - test::run_test_in_process::h5cb06ef620b157fc
[INFO] [stdout]                                at /rustc/53fd98ca776cb875bc9e5514f56b52eb74f9e7a9/library/test/src/lib.rs:601:18
[INFO] [stdout]   29:     0x558787e56408 - test::run_test::run_test_inner::{{closure}}::h76f677f4b93f9828
[INFO] [stdout]                                at /rustc/53fd98ca776cb875bc9e5514f56b52eb74f9e7a9/library/test/src/lib.rs:493:39
[INFO] [stdout]   30:     0x558787e24b9d - test::run_test::run_test_inner::{{closure}}::h366d01fe04f4d67a
[INFO] [stdout]                                at /rustc/53fd98ca776cb875bc9e5514f56b52eb74f9e7a9/library/test/src/lib.rs:520:37
[INFO] [stdout]   31:     0x558787e24b9d - std::sys_common::backtrace::__rust_begin_short_backtrace::h7dfa0de4eb395af2
[INFO] [stdout]                                at /rustc/53fd98ca776cb875bc9e5514f56b52eb74f9e7a9/library/std/src/sys_common/backtrace.rs:125:18
[INFO] [stdout]   32:     0x558787e29368 - std::thread::Builder::spawn_unchecked::{{closure}}::{{closure}}::hf0a74bb58798037f
[INFO] [stdout]                                at /rustc/53fd98ca776cb875bc9e5514f56b52eb74f9e7a9/library/std/src/thread/mod.rs:476:17
[INFO] [stdout]   33:     0x558787e29368 - <std::panic::AssertUnwindSafe<F> as core::ops::function::FnOnce<()>>::call_once::hb024e854818586ac
[INFO] [stdout]                                at /rustc/53fd98ca776cb875bc9e5514f56b52eb74f9e7a9/library/std/src/panic.rs:347:9
[INFO] [stdout]   34:     0x558787e29368 - std::panicking::try::do_call::hb2dd9f1d0d48e41d
[INFO] [stdout]                                at /rustc/53fd98ca776cb875bc9e5514f56b52eb74f9e7a9/library/std/src/panicking.rs:401:40
[INFO] [stdout]   35:     0x558787e29368 - std::panicking::try::h4717ae7bac8b2bf3
[INFO] [stdout]                                at /rustc/53fd98ca776cb875bc9e5514f56b52eb74f9e7a9/library/std/src/panicking.rs:365:19
[INFO] [stdout]   36:     0x558787e29368 - std::panic::catch_unwind::h0dc8a061326ce8d8
[INFO] [stdout]                                at /rustc/53fd98ca776cb875bc9e5514f56b52eb74f9e7a9/library/std/src/panic.rs:434:14
[INFO] [stdout]   37:     0x558787e29368 - std::thread::Builder::spawn_unchecked::{{closure}}::haa369e2d6fd00aa1
[INFO] [stdout]                                at /rustc/53fd98ca776cb875bc9e5514f56b52eb74f9e7a9/library/std/src/thread/mod.rs:475:30
[INFO] [stdout]   38:     0x558787e29368 - core::ops::function::FnOnce::call_once{{vtable.shim}}::h36dcf3de8b056f17
[INFO] [stdout]                                at /rustc/53fd98ca776cb875bc9e5514f56b52eb74f9e7a9/library/core/src/ops/function.rs:227:5
[INFO] [stdout]   39:     0x558787e7da77 - <alloc::boxed::Box<F,A> as core::ops::function::FnOnce<Args>>::call_once::h65c29e4642be2358
[INFO] [stdout]                                at /rustc/53fd98ca776cb875bc9e5514f56b52eb74f9e7a9/library/alloc/src/boxed.rs:1572:9
[INFO] [stdout]   40:     0x558787e7da77 - <alloc::boxed::Box<F,A> as core::ops::function::FnOnce<Args>>::call_once::hd0f8f7fbbd9fffbf
[INFO] [stdout]                                at /rustc/53fd98ca776cb875bc9e5514f56b52eb74f9e7a9/library/alloc/src/boxed.rs:1572:9
[INFO] [stdout]   41:     0x558787e7da77 - std::sys::unix::thread::Thread::new::thread_start::h2fd22fee3ca77b65
[INFO] [stdout]                                at /rustc/53fd98ca776cb875bc9e5514f56b52eb74f9e7a9/library/std/src/sys/unix/thread.rs:74:17
[INFO] [stdout]   42:     0x7fb0f0428609 - start_thread
[INFO] [stdout]   43:     0x7fb0f01fa293 - clone
[INFO] [stdout]   44:                0x0 - <unknown>
[INFO] [stdout] 
[INFO] [stdout] 
[INFO] [stdout] failures:
[INFO] [stdout]     compile_fail
[INFO] [stdout] 
[INFO] [stdout] test result: FAILED. 0 passed; 1 failed; 0 ignored; 0 measured; 0 filtered out; finished in 3.20s
[INFO] [stdout] 
[INFO] [stderr] error: test failed, to rerun pass '--test compiletest'
[INFO] running `Command { std: "docker" "inspect" "ac547a131cda62d2302c34307231725fa22d1bcf0d828fee4f441620efa4a06a", kill_on_drop: false }`
[INFO] running `Command { std: "docker" "rm" "-f" "ac547a131cda62d2302c34307231725fa22d1bcf0d828fee4f441620efa4a06a", kill_on_drop: false }`
[INFO] [stdout] ac547a131cda62d2302c34307231725fa22d1bcf0d828fee4f441620efa4a06a
