[INFO] fetching crate discord_api 0.2.3...
[INFO] testing discord_api-0.2.3 against beta-2021-08-01 for beta-1.55-1
[INFO] extracting crate discord_api 0.2.3 into /workspace/builds/worker-110/source
[INFO] validating manifest of crates.io crate discord_api 0.2.3 on toolchain beta-2021-08-01
[INFO] running `Command { std: "/workspace/cargo-home/bin/cargo" "+beta-2021-08-01" "metadata" "--manifest-path" "Cargo.toml" "--no-deps", kill_on_drop: false }`
[INFO] started tweaking crates.io crate discord_api 0.2.3
[INFO] finished tweaking crates.io crate discord_api 0.2.3
[INFO] tweaked toml for crates.io crate discord_api 0.2.3 written to /workspace/builds/worker-110/source/Cargo.toml
[INFO] crate crates.io crate discord_api 0.2.3 already has a lockfile, it will not be regenerated
[INFO] running `Command { std: "/workspace/cargo-home/bin/cargo" "+beta-2021-08-01" "fetch" "--manifest-path" "Cargo.toml", kill_on_drop: false }`
[INFO] [stderr]     Blocking waiting for file lock on package cache
[INFO] [stderr]     Blocking waiting for file lock on package cache
[INFO] [stderr]  Downloading crates ...
[INFO] [stderr]   Downloaded h2 v0.2.5
[INFO] [stderr]   Downloaded clap v3.0.0-beta.1
[INFO] [stderr]   Downloaded wasm-bindgen-futures v0.4.12
[INFO] [stderr]   Downloaded hyper v0.13.5
[INFO] [stderr]   Downloaded bumpalo v3.3.0
[INFO] [stderr]   Downloaded clap_derive v3.0.0-beta.1
[INFO] [stderr]   Downloaded reqwest v0.10.4
[INFO] [stderr]   Downloaded simple_logger v1.6.0
[INFO] [stderr]   Downloaded os_str_bytes v2.3.1
[INFO] [stderr]   Downloaded tokio v0.2.21
[INFO] running `Command { std: "docker" "create" "-v" "/var/lib/crater-agent-workspace/builds/worker-110/target:/opt/rustwide/target:rw,Z" "-v" "/var/lib/crater-agent-workspace/builds/worker-110/source:/opt/rustwide/workdir:ro,Z" "-v" "/var/lib/crater-agent-workspace/cargo-home:/opt/rustwide/cargo-home:ro,Z" "-v" "/var/lib/crater-agent-workspace/rustup-home:/opt/rustwide/rustup-home:ro,Z" "-e" "SOURCE_DIR=/opt/rustwide/workdir" "-e" "CARGO_TARGET_DIR=/opt/rustwide/target" "-e" "CARGO_HOME=/opt/rustwide/cargo-home" "-e" "RUSTUP_HOME=/opt/rustwide/rustup-home" "-w" "/opt/rustwide/workdir" "-m" "1610612736" "--user" "0:0" "--network" "none" "ghcr.io/rust-lang/crates-build-env/linux@sha256:34b6a614d2c27851fe6cbf88fbd1137609cefab8b10d0615aaeb6fd47975d74e" "/opt/rustwide/cargo-home/bin/cargo" "+beta-2021-08-01" "metadata" "--no-deps" "--format-version=1", kill_on_drop: false }`
[INFO] [stdout] bd0b8007250199be42654c9e5fb952cfea65211c633546a633702cf85b2ee9cd
[INFO] running `Command { std: "docker" "start" "-a" "bd0b8007250199be42654c9e5fb952cfea65211c633546a633702cf85b2ee9cd", kill_on_drop: false }`
[INFO] running `Command { std: "docker" "inspect" "bd0b8007250199be42654c9e5fb952cfea65211c633546a633702cf85b2ee9cd", kill_on_drop: false }`
[INFO] running `Command { std: "docker" "rm" "-f" "bd0b8007250199be42654c9e5fb952cfea65211c633546a633702cf85b2ee9cd", kill_on_drop: false }`
[INFO] [stdout] bd0b8007250199be42654c9e5fb952cfea65211c633546a633702cf85b2ee9cd
[INFO] running `Command { std: "docker" "create" "-v" "/var/lib/crater-agent-workspace/builds/worker-110/target:/opt/rustwide/target:rw,Z" "-v" "/var/lib/crater-agent-workspace/builds/worker-110/source:/opt/rustwide/workdir:ro,Z" "-v" "/var/lib/crater-agent-workspace/cargo-home:/opt/rustwide/cargo-home:ro,Z" "-v" "/var/lib/crater-agent-workspace/rustup-home:/opt/rustwide/rustup-home:ro,Z" "-e" "SOURCE_DIR=/opt/rustwide/workdir" "-e" "CARGO_TARGET_DIR=/opt/rustwide/target" "-e" "CARGO_INCREMENTAL=0" "-e" "RUST_BACKTRACE=full" "-e" "RUSTFLAGS=--cap-lints=warn" "-e" "CARGO_HOME=/opt/rustwide/cargo-home" "-e" "RUSTUP_HOME=/opt/rustwide/rustup-home" "-w" "/opt/rustwide/workdir" "-m" "1610612736" "--user" "0:0" "--network" "none" "ghcr.io/rust-lang/crates-build-env/linux@sha256:34b6a614d2c27851fe6cbf88fbd1137609cefab8b10d0615aaeb6fd47975d74e" "/opt/rustwide/cargo-home/bin/cargo" "+beta-2021-08-01" "build" "--frozen" "--message-format=json", kill_on_drop: false }`
[INFO] [stdout] 92cef71573c45911ded9df92a3ca69de819e3a6be033f72e104e9b9c19f4e771
[INFO] running `Command { std: "docker" "start" "-a" "92cef71573c45911ded9df92a3ca69de819e3a6be033f72e104e9b9c19f4e771", kill_on_drop: false }`
[INFO] [stderr]     Blocking waiting for file lock on package cache
[INFO] [stderr]    Compiling proc-macro2 v1.0.12
[INFO] [stderr]    Compiling syn v1.0.21
[INFO] [stderr]    Compiling libc v0.2.70
[INFO] [stderr]    Compiling version_check v0.9.1
[INFO] [stderr]    Compiling cc v1.0.53
[INFO] [stderr]    Compiling pkg-config v0.3.17
[INFO] [stderr]    Compiling bytes v0.5.4
[INFO] [stderr]    Compiling itoa v0.4.5
[INFO] [stderr]    Compiling pin-project-lite v0.1.5
[INFO] [stderr]    Compiling openssl v0.10.29
[INFO] [stderr]    Compiling foreign-types-shared v0.1.1
[INFO] [stderr]    Compiling smallvec v1.4.0
[INFO] [stderr]    Compiling native-tls v0.2.4
[INFO] [stderr]    Compiling futures-sink v0.3.5
[INFO] [stderr]    Compiling httparse v1.3.4
[INFO] [stderr]    Compiling serde v1.0.110
[INFO] [stderr]    Compiling futures-task v0.3.5
[INFO] [stderr]    Compiling ryu v1.0.4
[INFO] [stderr]    Compiling openssl-probe v0.1.2
[INFO] [stderr]    Compiling try-lock v0.2.2
[INFO] [stderr]    Compiling encoding_rs v0.8.23
[INFO] [stderr]    Compiling tower-service v0.3.0
[INFO] [stderr]    Compiling unicode-segmentation v1.6.0
[INFO] [stderr]    Compiling mime v0.3.16
[INFO] [stderr]    Compiling dtoa v0.4.5
[INFO] [stderr]    Compiling unicode-width v0.1.7
[INFO] [stderr]    Compiling base64 v0.11.0
[INFO] [stderr]    Compiling termcolor v1.1.0
[INFO] [stderr]    Compiling strsim v0.10.0
[INFO] [stderr]    Compiling os_str_bytes v2.3.1
[INFO] [stderr]    Compiling indexmap v1.3.2
[INFO] [stderr]    Compiling num-traits v0.2.11
[INFO] [stderr]    Compiling num-integer v0.1.42
[INFO] [stderr]    Compiling unicode-bidi v0.3.4
[INFO] [stderr]    Compiling futures-channel v0.3.5
[INFO] [stderr]    Compiling textwrap v0.11.0
[INFO] [stderr]    Compiling foreign-types v0.3.2
[INFO] [stderr]    Compiling want v0.3.0
[INFO] [stderr]    Compiling heck v0.3.1
[INFO] [stderr]    Compiling unicode-normalization v0.1.12
[INFO] [stderr]    Compiling http v0.2.1
[INFO] [stderr]    Compiling unicase v2.6.0
[INFO] [stderr]    Compiling proc-macro-error-attr v0.4.12
[INFO] [stderr]    Compiling proc-macro-error v0.4.12
[INFO] [stderr]    Compiling openssl-sys v0.9.56
[INFO] [stderr]    Compiling iovec v0.1.4
[INFO] [stderr]    Compiling net2 v0.2.34
[INFO] [stderr]    Compiling time v0.1.43
[INFO] [stderr]    Compiling atty v0.2.14
[INFO] [stderr]    Compiling idna v0.2.0
[INFO] [stderr]    Compiling quote v1.0.5
[INFO] [stderr]    Compiling colored v1.9.3
[INFO] [stderr]    Compiling mio v0.6.22
[INFO] [stderr]    Compiling mime_guess v2.0.3
[INFO] [stderr]    Compiling url v2.1.1
[INFO] [stderr]    Compiling chrono v0.4.11
[INFO] [stderr]    Compiling http-body v0.3.1
[INFO] [stderr]    Compiling simple_logger v1.6.0
[INFO] [stderr]    Compiling syn-mid v0.5.0
[INFO] [stderr]    Compiling tokio-macros v0.2.5
[INFO] [stderr]    Compiling pin-project-internal v0.4.16
[INFO] [stderr]    Compiling serde_derive v1.0.110
[INFO] [stderr]    Compiling tokio v0.2.21
[INFO] [stderr]    Compiling clap_derive v3.0.0-beta.1
[INFO] [stderr]    Compiling pin-project v0.4.16
[INFO] [stderr]    Compiling futures-util v0.3.5
[INFO] [stderr]    Compiling tokio-util v0.3.1
[INFO] [stderr]    Compiling tokio-tls v0.3.1
[INFO] [stderr]    Compiling clap v3.0.0-beta.1
[INFO] [stderr]    Compiling h2 v0.2.5
[INFO] [stderr]    Compiling hyper v0.13.5
[INFO] [stderr]    Compiling serde_json v1.0.53
[INFO] [stderr]    Compiling serde_urlencoded v0.6.1
[INFO] [stderr]    Compiling hyper-tls v0.4.1
[INFO] [stderr]    Compiling reqwest v0.10.4
[INFO] [stderr]    Compiling discord_api v0.2.3 (/opt/rustwide/workdir)
[INFO] [stderr]     Finished dev [unoptimized + debuginfo] target(s) in 38.62s
[INFO] running `Command { std: "docker" "inspect" "92cef71573c45911ded9df92a3ca69de819e3a6be033f72e104e9b9c19f4e771", kill_on_drop: false }`
[INFO] running `Command { std: "docker" "rm" "-f" "92cef71573c45911ded9df92a3ca69de819e3a6be033f72e104e9b9c19f4e771", kill_on_drop: false }`
[INFO] [stdout] 92cef71573c45911ded9df92a3ca69de819e3a6be033f72e104e9b9c19f4e771
[INFO] running `Command { std: "docker" "create" "-v" "/var/lib/crater-agent-workspace/builds/worker-110/target:/opt/rustwide/target:rw,Z" "-v" "/var/lib/crater-agent-workspace/builds/worker-110/source:/opt/rustwide/workdir:ro,Z" "-v" "/var/lib/crater-agent-workspace/cargo-home:/opt/rustwide/cargo-home:ro,Z" "-v" "/var/lib/crater-agent-workspace/rustup-home:/opt/rustwide/rustup-home:ro,Z" "-e" "SOURCE_DIR=/opt/rustwide/workdir" "-e" "CARGO_TARGET_DIR=/opt/rustwide/target" "-e" "CARGO_INCREMENTAL=0" "-e" "RUST_BACKTRACE=full" "-e" "RUSTFLAGS=--cap-lints=warn" "-e" "CARGO_HOME=/opt/rustwide/cargo-home" "-e" "RUSTUP_HOME=/opt/rustwide/rustup-home" "-w" "/opt/rustwide/workdir" "-m" "1610612736" "--user" "0:0" "--network" "none" "ghcr.io/rust-lang/crates-build-env/linux@sha256:34b6a614d2c27851fe6cbf88fbd1137609cefab8b10d0615aaeb6fd47975d74e" "/opt/rustwide/cargo-home/bin/cargo" "+beta-2021-08-01" "test" "--frozen" "--no-run" "--message-format=json", kill_on_drop: false }`
[INFO] [stdout] 4a297745d7c15289beb2d4b161a1548df3890e54f14de226154a948cf554e576
[INFO] running `Command { std: "docker" "start" "-a" "4a297745d7c15289beb2d4b161a1548df3890e54f14de226154a948cf554e576", kill_on_drop: false }`
[INFO] [stderr]    Compiling discord_api v0.2.3 (/opt/rustwide/workdir)
[INFO] [stderr]     Finished test [unoptimized + debuginfo] target(s) in 2.91s
[INFO] running `Command { std: "docker" "inspect" "4a297745d7c15289beb2d4b161a1548df3890e54f14de226154a948cf554e576", kill_on_drop: false }`
[INFO] running `Command { std: "docker" "rm" "-f" "4a297745d7c15289beb2d4b161a1548df3890e54f14de226154a948cf554e576", kill_on_drop: false }`
[INFO] [stdout] 4a297745d7c15289beb2d4b161a1548df3890e54f14de226154a948cf554e576
[INFO] running `Command { std: "docker" "create" "-v" "/var/lib/crater-agent-workspace/builds/worker-110/target:/opt/rustwide/target:rw,Z" "-v" "/var/lib/crater-agent-workspace/builds/worker-110/source:/opt/rustwide/workdir:ro,Z" "-v" "/var/lib/crater-agent-workspace/cargo-home:/opt/rustwide/cargo-home:ro,Z" "-v" "/var/lib/crater-agent-workspace/rustup-home:/opt/rustwide/rustup-home:ro,Z" "-e" "SOURCE_DIR=/opt/rustwide/workdir" "-e" "CARGO_TARGET_DIR=/opt/rustwide/target" "-e" "CARGO_INCREMENTAL=0" "-e" "RUST_BACKTRACE=full" "-e" "RUSTFLAGS=--cap-lints=warn" "-e" "CARGO_HOME=/opt/rustwide/cargo-home" "-e" "RUSTUP_HOME=/opt/rustwide/rustup-home" "-w" "/opt/rustwide/workdir" "-m" "1610612736" "--user" "0:0" "--network" "none" "ghcr.io/rust-lang/crates-build-env/linux@sha256:34b6a614d2c27851fe6cbf88fbd1137609cefab8b10d0615aaeb6fd47975d74e" "/opt/rustwide/cargo-home/bin/cargo" "+beta-2021-08-01" "test" "--frozen", kill_on_drop: false }`
[INFO] [stdout] 615675f929118d15ff2670e2c42c49ede8997fcf01b709611d8a02b3f9a5f590
[INFO] running `Command { std: "docker" "start" "-a" "615675f929118d15ff2670e2c42c49ede8997fcf01b709611d8a02b3f9a5f590", kill_on_drop: false }`
[INFO] [stderr]     Finished test [unoptimized + debuginfo] target(s) in 0.12s
[INFO] [stderr]      Running unittests (/opt/rustwide/target/debug/deps/discord_api-e8428956479d0337)
[INFO] [stderr]      Running unittests (/opt/rustwide/target/debug/deps/discord-37adbfb05d2a6992)
[INFO] [stdout] 
[INFO] [stderr]    Doc-tests discord_api
[INFO] [stdout] running 0 tests
[INFO] [stdout] 
[INFO] [stdout] test result: ok. 0 passed; 0 failed; 0 ignored; 0 measured; 0 filtered out; finished in 0.00s
[INFO] [stdout] 
[INFO] [stdout] 
[INFO] [stdout] running 0 tests
[INFO] [stdout] 
[INFO] [stdout] test result: ok. 0 passed; 0 failed; 0 ignored; 0 measured; 0 filtered out; finished in 0.00s
[INFO] [stdout] 
[INFO] [stdout] 
[INFO] [stdout] running 3 tests
[INFO] [stdout] test lib/lib.rs - (line 10) ... FAILED
[INFO] [stdout] test lib/lib.rs - (line 25) ... FAILED
[INFO] [stdout] test lib/http.rs - http::get_invite (line 26) ... FAILED
[INFO] [stdout] 
[INFO] [stdout] failures:
[INFO] [stdout] 
[INFO] [stdout] ---- lib/lib.rs - (line 10) stdout ----
[INFO] [stdout] Test executable failed (exit code 1).
[INFO] [stdout] 
[INFO] [stdout] stderr:
[INFO] [stdout] Error: reqwest::Error { kind: Request, url: "https://discord.com/api/v7/invites/python", source: hyper::Error(Connect, ConnectError("dns error", Custom { kind: Uncategorized, error: "failed to lookup address information: Temporary failure in name resolution" })) }
[INFO] [stdout] 
[INFO] [stdout] 
[INFO] [stdout] ---- lib/lib.rs - (line 25) stdout ----
[INFO] [stdout] Test executable failed (exit code 1).
[INFO] [stdout] 
[INFO] [stdout] stderr:
[INFO] [stdout] Error: reqwest::Error { kind: Request, url: "https://discord.com/api/v7/invites/python", source: hyper::Error(Connect, ConnectError("dns error", Custom { kind: Uncategorized, error: "failed to lookup address information: Temporary failure in name resolution" })) }
[INFO] [stdout] 
[INFO] [stdout] 
[INFO] [stdout] ---- lib/http.rs - http::get_invite (line 26) stdout ----
[INFO] [stdout] Test executable failed (exit code 101).
[INFO] [stdout] 
[INFO] [stdout] stderr:
[INFO] [stdout] thread 'main' panicked at 'Could not get invite, request error: reqwest::Error { kind: Request, url: "https://discord.com/api/v7/invites/python", source: hyper::Error(Connect, ConnectError("dns error", Custom { kind: Uncategorized, error: "failed to lookup address information: Temporary failure in name resolution" })) }', lib/http.rs:7:47
[INFO] [stdout] stack backtrace:
[INFO] [stdout]    0:     0x557b7dd3e370 - std::backtrace_rs::backtrace::libunwind::trace::hff4d1766e93f64f1
[INFO] [stdout]                                at /rustc/53fd98ca776cb875bc9e5514f56b52eb74f9e7a9/library/std/src/../../backtrace/src/backtrace/libunwind.rs:90:5
[INFO] [stdout]    1:     0x557b7dd3e370 - std::backtrace_rs::backtrace::trace_unsynchronized::h56bbc8eb78770bcb
[INFO] [stdout]                                at /rustc/53fd98ca776cb875bc9e5514f56b52eb74f9e7a9/library/std/src/../../backtrace/src/backtrace/mod.rs:66:5
[INFO] [stdout]    2:     0x557b7dd3e370 - std::sys_common::backtrace::_print_fmt::h5c8e75464faca780
[INFO] [stdout]                                at /rustc/53fd98ca776cb875bc9e5514f56b52eb74f9e7a9/library/std/src/sys_common/backtrace.rs:67:5
[INFO] [stdout]    3:     0x557b7dd3e370 - <std::sys_common::backtrace::_print::DisplayBacktrace as core::fmt::Display>::fmt::h48b88277def8b362
[INFO] [stdout]                                at /rustc/53fd98ca776cb875bc9e5514f56b52eb74f9e7a9/library/std/src/sys_common/backtrace.rs:46:22
[INFO] [stdout]    4:     0x557b7dd5e1bc - core::fmt::write::h3381b3176fe2b3d3
[INFO] [stdout]                                at /rustc/53fd98ca776cb875bc9e5514f56b52eb74f9e7a9/library/core/src/fmt/mod.rs:1115:17
[INFO] [stdout]    5:     0x557b7dd39675 - std::io::Write::write_fmt::hd42607e5d8e44db0
[INFO] [stdout]                                at /rustc/53fd98ca776cb875bc9e5514f56b52eb74f9e7a9/library/std/src/io/mod.rs:1665:15
[INFO] [stdout]    6:     0x557b7dd4037b - std::sys_common::backtrace::_print::ha537687d6c17dd0d
[INFO] [stdout]                                at /rustc/53fd98ca776cb875bc9e5514f56b52eb74f9e7a9/library/std/src/sys_common/backtrace.rs:49:5
[INFO] [stdout]    7:     0x557b7dd4037b - std::sys_common::backtrace::print::h61376ae57d131d72
[INFO] [stdout]                                at /rustc/53fd98ca776cb875bc9e5514f56b52eb74f9e7a9/library/std/src/sys_common/backtrace.rs:36:9
[INFO] [stdout]    8:     0x557b7dd4037b - std::panicking::default_hook::{{closure}}::h0f7208c0b9644a54
[INFO] [stdout]                                at /rustc/53fd98ca776cb875bc9e5514f56b52eb74f9e7a9/library/std/src/panicking.rs:208:50
[INFO] [stdout]    9:     0x557b7dd3fe51 - std::panicking::default_hook::hdac7fc06578c14ce
[INFO] [stdout]                                at /rustc/53fd98ca776cb875bc9e5514f56b52eb74f9e7a9/library/std/src/panicking.rs:225:9
[INFO] [stdout]   10:     0x557b7dd40a44 - std::panicking::rust_panic_with_hook::h72b21c283da3d1ef
[INFO] [stdout]                                at /rustc/53fd98ca776cb875bc9e5514f56b52eb74f9e7a9/library/std/src/panicking.rs:622:17
[INFO] [stdout]   11:     0x557b7dd40527 - std::panicking::begin_panic_handler::{{closure}}::he5778f1729cff84a
[INFO] [stdout]                                at /rustc/53fd98ca776cb875bc9e5514f56b52eb74f9e7a9/library/std/src/panicking.rs:519:13
[INFO] [stdout]   12:     0x557b7dd3e84c - std::sys_common::backtrace::__rust_end_short_backtrace::h2d11ca8b453b4b1d
[INFO] [stdout]                                at /rustc/53fd98ca776cb875bc9e5514f56b52eb74f9e7a9/library/std/src/sys_common/backtrace.rs:141:18
[INFO] [stdout]   13:     0x557b7dd40489 - rust_begin_unwind
[INFO] [stdout]                                at /rustc/53fd98ca776cb875bc9e5514f56b52eb74f9e7a9/library/std/src/panicking.rs:515:5
[INFO] [stdout]   14:     0x557b7d9ef801 - core::panicking::panic_fmt::hf9de31d4acbce4db
[INFO] [stdout]                                at /rustc/53fd98ca776cb875bc9e5514f56b52eb74f9e7a9/library/core/src/panicking.rs:92:14
[INFO] [stdout]   15:     0x557b7d9ef8f3 - core::result::unwrap_failed::ha0c84e81219e5878
[INFO] [stdout]                                at /rustc/53fd98ca776cb875bc9e5514f56b52eb74f9e7a9/library/core/src/result.rs:1599:5
[INFO] [stdout]   16:     0x557b7d9fdef3 - core::result::Result<T,E>::expect::h9454673545b06513
[INFO] [stdout]   17:     0x557b7da10a20 - rust_out::main::{{closure}}::h9af1e27f8d924e81
[INFO] [stdout]   18:     0x557b7da1057c - <core::future::from_generator::GenFuture<T> as core::future::future::Future>::poll::hf9172bdc82b1e07b
[INFO] [stdout]   19:     0x557b7da0357c - tokio::runtime::basic_scheduler::BasicScheduler<P>::block_on::{{closure}}::{{closure}}::h3ce0103674669c5f
[INFO] [stdout]   20:     0x557b7da01643 - tokio::coop::with_budget::{{closure}}::h17b391e67aefa98d
[INFO] [stdout]   21:     0x557b7d9f9c66 - std::thread::local::LocalKey<T>::try_with::h5b3fc0044c728bcd
[INFO] [stdout]   22:     0x557b7d9f9af8 - std::thread::local::LocalKey<T>::with::h684a29086cf0f7a8
[INFO] [stdout]   23:     0x557b7da03018 - tokio::runtime::basic_scheduler::BasicScheduler<P>::block_on::{{closure}}::h70014008b0470c9d
[INFO] [stdout]   24:     0x557b7da03a3f - tokio::runtime::basic_scheduler::enter::{{closure}}::h8c6696296da8bcf8
[INFO] [stdout]   25:     0x557b7da02c8e - tokio::macros::scoped_tls::ScopedKey<T>::set::h7142d7a8e4a75064
[INFO] [stdout]   26:     0x557b7da03986 - tokio::runtime::basic_scheduler::enter::haa55ed77ae5fceca
[INFO] [stdout]   27:     0x557b7da02d88 - tokio::runtime::basic_scheduler::BasicScheduler<P>::block_on::h18375c1e33e598fd
[INFO] [stdout]   28:     0x557b7da03f92 - tokio::runtime::Runtime::block_on::{{closure}}::h21b59b8e9c3c03e3
[INFO] [stdout]   29:     0x557b7da04012 - tokio::runtime::context::enter::h77991c40e48a192d
[INFO] [stdout]   30:     0x557b7da03e62 - tokio::runtime::handle::Handle::enter::h9f15c12c0a91f9b3
[INFO] [stdout]   31:     0x557b7da03ef5 - tokio::runtime::Runtime::block_on::he7220ad15ea7fbc5
[INFO] [stdout]   32:     0x557b7da106f5 - rust_out::main::h61823b600df25383
[INFO] [stdout]   33:     0x557b7d9facb3 - core::ops::function::FnOnce::call_once::h3d07824a44777914
[INFO] [stdout]   34:     0x557b7d9f9919 - std::sys_common::backtrace::__rust_begin_short_backtrace::h1ee1ba859d3174aa
[INFO] [stdout]   35:     0x557b7d9f9999 - std::rt::lang_start::{{closure}}::hee9719d6b6efb7fa
[INFO] [stdout]   36:     0x557b7dd4104a - core::ops::function::impls::<impl core::ops::function::FnOnce<A> for &F>::call_once::ha88a7d1a4d24e549
[INFO] [stdout]                                at /rustc/53fd98ca776cb875bc9e5514f56b52eb74f9e7a9/library/core/src/ops/function.rs:259:13
[INFO] [stdout]   37:     0x557b7dd4104a - std::panicking::try::do_call::hd3b1d7740607ccc7
[INFO] [stdout]                                at /rustc/53fd98ca776cb875bc9e5514f56b52eb74f9e7a9/library/std/src/panicking.rs:401:40
[INFO] [stdout]   38:     0x557b7dd4104a - std::panicking::try::h0ee8c65ac7461507
[INFO] [stdout]                                at /rustc/53fd98ca776cb875bc9e5514f56b52eb74f9e7a9/library/std/src/panicking.rs:365:19
[INFO] [stdout]   39:     0x557b7dd4104a - std::panic::catch_unwind::head47f0de4ccd838
[INFO] [stdout]                                at /rustc/53fd98ca776cb875bc9e5514f56b52eb74f9e7a9/library/std/src/panic.rs:434:14
[INFO] [stdout]   40:     0x557b7dd4104a - std::rt::lang_start_internal::{{closure}}::hbc7de8ec820ac085
[INFO] [stdout]                                at /rustc/53fd98ca776cb875bc9e5514f56b52eb74f9e7a9/library/std/src/rt.rs:45:48
[INFO] [stdout]   41:     0x557b7dd4104a - std::panicking::try::do_call::h2609e52e8bad4a7b
[INFO] [stdout]                                at /rustc/53fd98ca776cb875bc9e5514f56b52eb74f9e7a9/library/std/src/panicking.rs:401:40
[INFO] [stdout]   42:     0x557b7dd4104a - std::panicking::try::hd0929f0b603e0389
[INFO] [stdout]                                at /rustc/53fd98ca776cb875bc9e5514f56b52eb74f9e7a9/library/std/src/panicking.rs:365:19
[INFO] [stdout]   43:     0x557b7dd4104a - std::panic::catch_unwind::h27902b81c3e47571
[INFO] [stdout]                                at /rustc/53fd98ca776cb875bc9e5514f56b52eb74f9e7a9/library/std/src/panic.rs:434:14
[INFO] [stdout]   44:     0x557b7dd4104a - std::rt::lang_start_internal::h3fb2d794dd391e3e
[INFO] [stdout]                                at /rustc/53fd98ca776cb875bc9e5514f56b52eb74f9e7a9/library/std/src/rt.rs:45:20
[INFO] [stdout]   45:     0x557b7d9f9971 - std::rt::lang_start::h0745d281d96e0cdb
[INFO] [stdout]   46:     0x557b7da10ba3 - main
[INFO] [stdout]   47:     0x7f1bb38f30b3 - __libc_start_main
[INFO] [stdout]   48:     0x557b7d9efffe - _start
[INFO] [stdout]   49:                0x0 - <unknown>
[INFO] [stdout] 
[INFO] [stdout] 
[INFO] [stdout] 
[INFO] [stdout] failures:
[INFO] [stdout]     lib/http.rs - http::get_invite (line 26)
[INFO] [stdout]     lib/lib.rs - (line 10)
[INFO] [stdout]     lib/lib.rs - (line 25)
[INFO] [stdout] 
[INFO] [stdout] test result: FAILED. 0 passed; 3 failed; 0 ignored; 0 measured; 0 filtered out; finished in 3.63s
[INFO] [stdout] 
[INFO] [stderr] error: test failed, to rerun pass '--doc'
[INFO] running `Command { std: "docker" "inspect" "615675f929118d15ff2670e2c42c49ede8997fcf01b709611d8a02b3f9a5f590", kill_on_drop: false }`
[INFO] running `Command { std: "docker" "rm" "-f" "615675f929118d15ff2670e2c42c49ede8997fcf01b709611d8a02b3f9a5f590", kill_on_drop: false }`
[INFO] [stdout] 615675f929118d15ff2670e2c42c49ede8997fcf01b709611d8a02b3f9a5f590
