[INFO] fetching crate discord-finder 0.1.3...
[INFO] testing discord-finder-0.1.3 against 1.54.0 for beta-1.55-1
[INFO] extracting crate discord-finder 0.1.3 into /workspace/builds/worker-61/source
[INFO] validating manifest of crates.io crate discord-finder 0.1.3 on toolchain 1.54.0
[INFO] running `Command { std: "/workspace/cargo-home/bin/cargo" "+1.54.0" "metadata" "--manifest-path" "Cargo.toml" "--no-deps", kill_on_drop: false }`
[INFO] started tweaking crates.io crate discord-finder 0.1.3
[INFO] finished tweaking crates.io crate discord-finder 0.1.3
[INFO] tweaked toml for crates.io crate discord-finder 0.1.3 written to /workspace/builds/worker-61/source/Cargo.toml
[INFO] running `Command { std: "/workspace/cargo-home/bin/cargo" "+1.54.0" "generate-lockfile" "--manifest-path" "Cargo.toml" "-Zno-index-update", kill_on_drop: false }`
[INFO] [stderr]     Blocking waiting for file lock on package cache
[INFO] running `Command { std: "/workspace/cargo-home/bin/cargo" "+1.54.0" "fetch" "--manifest-path" "Cargo.toml", kill_on_drop: false }`
[INFO] [stderr]     Blocking waiting for file lock on package cache
[INFO] [stderr]     Blocking waiting for file lock on package cache
[INFO] [stderr]  Downloading crates ...
[INFO] [stderr]   Downloaded minreq v2.4.2
[INFO] [stderr]   Downloaded webpki-roots v0.18.0
[INFO] running `Command { std: "docker" "create" "-v" "/var/lib/crater-agent-workspace/builds/worker-61/target:/opt/rustwide/target:rw,Z" "-v" "/var/lib/crater-agent-workspace/builds/worker-61/source:/opt/rustwide/workdir:ro,Z" "-v" "/var/lib/crater-agent-workspace/cargo-home:/opt/rustwide/cargo-home:ro,Z" "-v" "/var/lib/crater-agent-workspace/rustup-home:/opt/rustwide/rustup-home:ro,Z" "-e" "SOURCE_DIR=/opt/rustwide/workdir" "-e" "CARGO_TARGET_DIR=/opt/rustwide/target" "-e" "CARGO_HOME=/opt/rustwide/cargo-home" "-e" "RUSTUP_HOME=/opt/rustwide/rustup-home" "-w" "/opt/rustwide/workdir" "-m" "1610612736" "--user" "0:0" "--network" "none" "ghcr.io/rust-lang/crates-build-env/linux@sha256:34b6a614d2c27851fe6cbf88fbd1137609cefab8b10d0615aaeb6fd47975d74e" "/opt/rustwide/cargo-home/bin/cargo" "+1.54.0" "metadata" "--no-deps" "--format-version=1", kill_on_drop: false }`
[INFO] [stdout] d6748fdcd0031474f744ee39374c906e0244f818ce0fdb11ad37054781a8f990
[INFO] running `Command { std: "docker" "start" "-a" "d6748fdcd0031474f744ee39374c906e0244f818ce0fdb11ad37054781a8f990", kill_on_drop: false }`
[INFO] running `Command { std: "docker" "inspect" "d6748fdcd0031474f744ee39374c906e0244f818ce0fdb11ad37054781a8f990", kill_on_drop: false }`
[INFO] running `Command { std: "docker" "rm" "-f" "d6748fdcd0031474f744ee39374c906e0244f818ce0fdb11ad37054781a8f990", kill_on_drop: false }`
[INFO] [stdout] d6748fdcd0031474f744ee39374c906e0244f818ce0fdb11ad37054781a8f990
[INFO] running `Command { std: "docker" "create" "-v" "/var/lib/crater-agent-workspace/builds/worker-61/target:/opt/rustwide/target:rw,Z" "-v" "/var/lib/crater-agent-workspace/builds/worker-61/source:/opt/rustwide/workdir:ro,Z" "-v" "/var/lib/crater-agent-workspace/cargo-home:/opt/rustwide/cargo-home:ro,Z" "-v" "/var/lib/crater-agent-workspace/rustup-home:/opt/rustwide/rustup-home:ro,Z" "-e" "SOURCE_DIR=/opt/rustwide/workdir" "-e" "CARGO_TARGET_DIR=/opt/rustwide/target" "-e" "CARGO_INCREMENTAL=0" "-e" "RUST_BACKTRACE=full" "-e" "RUSTFLAGS=--cap-lints=warn" "-e" "CARGO_HOME=/opt/rustwide/cargo-home" "-e" "RUSTUP_HOME=/opt/rustwide/rustup-home" "-w" "/opt/rustwide/workdir" "-m" "1610612736" "--user" "0:0" "--network" "none" "ghcr.io/rust-lang/crates-build-env/linux@sha256:34b6a614d2c27851fe6cbf88fbd1137609cefab8b10d0615aaeb6fd47975d74e" "/opt/rustwide/cargo-home/bin/cargo" "+1.54.0" "build" "--frozen" "--message-format=json", kill_on_drop: false }`
[INFO] [stdout] 37c7cea61c021cd7ba588eae77b1e797d1fa890fbd27723008f9b74056038d49
[INFO] running `Command { std: "docker" "start" "-a" "37c7cea61c021cd7ba588eae77b1e797d1fa890fbd27723008f9b74056038d49", kill_on_drop: false }`
[INFO] [stderr]    Compiling cc v1.0.69
[INFO] [stderr]    Compiling once_cell v1.8.0
[INFO] [stderr]    Compiling syn v1.0.74
[INFO] [stderr]    Compiling log v0.4.14
[INFO] [stderr]    Compiling serde v1.0.127
[INFO] [stderr]    Compiling minreq v2.4.2
[INFO] [stderr]    Compiling itoa v0.4.7
[INFO] [stderr]    Compiling string-tools v0.1.0
[INFO] [stderr]    Compiling ring v0.16.20
[INFO] [stderr]    Compiling serde_derive v1.0.127
[INFO] [stderr]    Compiling webpki v0.21.4
[INFO] [stderr]    Compiling sct v0.6.1
[INFO] [stderr]    Compiling webpki-roots v0.18.0
[INFO] [stderr]    Compiling rustls v0.19.1
[INFO] [stderr]    Compiling serde_json v1.0.66
[INFO] [stderr]    Compiling discord-finder v0.1.3 (/opt/rustwide/workdir)
[INFO] [stdout] warning: unused import: `super::discord::get_invite_code`
[INFO] [stdout]   --> src/lib.rs:96:9
[INFO] [stdout]    |
[INFO] [stdout] 96 |     use super::discord::get_invite_code;
[INFO] [stdout]    |         ^^^^^^^^^^^^^^^^^^^^^^^^^^^^^^^
[INFO] [stdout]    |
[INFO] [stdout]    = note: `#[warn(unused_imports)]` on by default
[INFO] [stdout] 
[INFO] [stdout] 
[INFO] [stdout] warning: unused import: `Value`
[INFO] [stdout]    --> src/lib.rs:149:32
[INFO] [stdout]     |
[INFO] [stdout] 149 |     use serde_json::{from_str, Value};
[INFO] [stdout]     |                                ^^^^^
[INFO] [stdout] 
[INFO] [stdout] 
[INFO] [stdout] warning: unused import: `std::thread::sleep`
[INFO] [stdout]    --> src/lib.rs:150:9
[INFO] [stdout]     |
[INFO] [stdout] 150 |     use std::thread::sleep;
[INFO] [stdout]     |         ^^^^^^^^^^^^^^^^^^
[INFO] [stdout] 
[INFO] [stdout] 
[INFO] [stdout] warning: unused imports: `Duration`, `SystemTime`, `UNIX_EPOCH`
[INFO] [stdout]    --> src/lib.rs:151:21
[INFO] [stdout]     |
[INFO] [stdout] 151 |     use std::time::{Duration, SystemTime, UNIX_EPOCH};
[INFO] [stdout]     |                     ^^^^^^^^  ^^^^^^^^^^  ^^^^^^^^^^
[INFO] [stdout] 
[INFO] [stdout] 
[INFO] [stdout] warning: unused imports: `get_all_between_strict`, `get_idx_between_strict`
[INFO] [stdout]    --> src/lib.rs:152:24
[INFO] [stdout]     |
[INFO] [stdout] 152 |     use string_tools::{get_all_between_strict, get_idx_between_strict};
[INFO] [stdout]     |                        ^^^^^^^^^^^^^^^^^^^^^^  ^^^^^^^^^^^^^^^^^^^^^^
[INFO] [stdout] 
[INFO] [stdout] 
[INFO] [stdout] warning: unused variable: `e`
[INFO] [stdout]    --> src/lib.rs:240:33
[INFO] [stdout]     |
[INFO] [stdout] 240 | ...                   Err(e) => {
[INFO] [stdout]     |                           ^ help: if this is intentional, prefix it with an underscore: `_e`
[INFO] [stdout]     |
[INFO] [stdout]     = note: `#[warn(unused_variables)]` on by default
[INFO] [stdout] 
[INFO] [stdout] 
[INFO] [stdout] warning: 6 warnings emitted
[INFO] [stdout] 
[INFO] [stdout] 
[INFO] [stderr]     Finished dev [unoptimized + debuginfo] target(s) in 19.89s
[INFO] running `Command { std: "docker" "inspect" "37c7cea61c021cd7ba588eae77b1e797d1fa890fbd27723008f9b74056038d49", kill_on_drop: false }`
[INFO] running `Command { std: "docker" "rm" "-f" "37c7cea61c021cd7ba588eae77b1e797d1fa890fbd27723008f9b74056038d49", kill_on_drop: false }`
[INFO] [stdout] 37c7cea61c021cd7ba588eae77b1e797d1fa890fbd27723008f9b74056038d49
[INFO] running `Command { std: "docker" "create" "-v" "/var/lib/crater-agent-workspace/builds/worker-61/target:/opt/rustwide/target:rw,Z" "-v" "/var/lib/crater-agent-workspace/builds/worker-61/source:/opt/rustwide/workdir:ro,Z" "-v" "/var/lib/crater-agent-workspace/cargo-home:/opt/rustwide/cargo-home:ro,Z" "-v" "/var/lib/crater-agent-workspace/rustup-home:/opt/rustwide/rustup-home:ro,Z" "-e" "SOURCE_DIR=/opt/rustwide/workdir" "-e" "CARGO_TARGET_DIR=/opt/rustwide/target" "-e" "CARGO_INCREMENTAL=0" "-e" "RUST_BACKTRACE=full" "-e" "RUSTFLAGS=--cap-lints=warn" "-e" "CARGO_HOME=/opt/rustwide/cargo-home" "-e" "RUSTUP_HOME=/opt/rustwide/rustup-home" "-w" "/opt/rustwide/workdir" "-m" "1610612736" "--user" "0:0" "--network" "none" "ghcr.io/rust-lang/crates-build-env/linux@sha256:34b6a614d2c27851fe6cbf88fbd1137609cefab8b10d0615aaeb6fd47975d74e" "/opt/rustwide/cargo-home/bin/cargo" "+1.54.0" "test" "--frozen" "--no-run" "--message-format=json", kill_on_drop: false }`
[INFO] [stdout] 597064105b231119ad6988d00084224901f7b681c97f7a1a35a7235d37bbd5cd
[INFO] running `Command { std: "docker" "start" "-a" "597064105b231119ad6988d00084224901f7b681c97f7a1a35a7235d37bbd5cd", kill_on_drop: false }`
[INFO] [stderr]     Blocking waiting for file lock on package cache
[INFO] [stderr]    Compiling discord-finder v0.1.3 (/opt/rustwide/workdir)
[INFO] [stdout] warning: unused import: `super::discord::get_invite_code`
[INFO] [stdout]   --> src/lib.rs:96:9
[INFO] [stdout]    |
[INFO] [stdout] 96 |     use super::discord::get_invite_code;
[INFO] [stdout]    |         ^^^^^^^^^^^^^^^^^^^^^^^^^^^^^^^
[INFO] [stdout]    |
[INFO] [stdout]    = note: `#[warn(unused_imports)]` on by default
[INFO] [stdout] 
[INFO] [stdout] 
[INFO] [stdout] warning: unused import: `Value`
[INFO] [stdout]    --> src/lib.rs:149:32
[INFO] [stdout]     |
[INFO] [stdout] 149 |     use serde_json::{from_str, Value};
[INFO] [stdout]     |                                ^^^^^
[INFO] [stdout] 
[INFO] [stdout] 
[INFO] [stdout] warning: unused import: `std::thread::sleep`
[INFO] [stdout]    --> src/lib.rs:150:9
[INFO] [stdout]     |
[INFO] [stdout] 150 |     use std::thread::sleep;
[INFO] [stdout]     |         ^^^^^^^^^^^^^^^^^^
[INFO] [stdout] 
[INFO] [stdout] 
[INFO] [stdout] warning: unused imports: `Duration`, `SystemTime`, `UNIX_EPOCH`
[INFO] [stdout]    --> src/lib.rs:151:21
[INFO] [stdout]     |
[INFO] [stdout] 151 |     use std::time::{Duration, SystemTime, UNIX_EPOCH};
[INFO] [stdout]     |                     ^^^^^^^^  ^^^^^^^^^^  ^^^^^^^^^^
[INFO] [stdout] 
[INFO] [stdout] 
[INFO] [stdout] warning: unused imports: `get_all_between_strict`, `get_idx_between_strict`
[INFO] [stdout]    --> src/lib.rs:152:24
[INFO] [stdout]     |
[INFO] [stdout] 152 |     use string_tools::{get_all_between_strict, get_idx_between_strict};
[INFO] [stdout]     |                        ^^^^^^^^^^^^^^^^^^^^^^  ^^^^^^^^^^^^^^^^^^^^^^
[INFO] [stdout] 
[INFO] [stdout] 
[INFO] [stdout] warning: unused variable: `e`
[INFO] [stdout]    --> src/lib.rs:240:33
[INFO] [stdout]     |
[INFO] [stdout] 240 | ...                   Err(e) => {
[INFO] [stdout]     |                           ^ help: if this is intentional, prefix it with an underscore: `_e`
[INFO] [stdout]     |
[INFO] [stdout]     = note: `#[warn(unused_variables)]` on by default
[INFO] [stdout] 
[INFO] [stdout] 
[INFO] [stdout] warning: 6 warnings emitted
[INFO] [stdout] 
[INFO] [stdout] 
[INFO] [stdout] warning: unused import: `super::discord::get_invite_code`
[INFO] [stdout]   --> src/lib.rs:96:9
[INFO] [stdout]    |
[INFO] [stdout] 96 |     use super::discord::get_invite_code;
[INFO] [stdout]    |         ^^^^^^^^^^^^^^^^^^^^^^^^^^^^^^^
[INFO] [stdout]    |
[INFO] [stdout]    = note: `#[warn(unused_imports)]` on by default
[INFO] [stdout] 
[INFO] [stdout] 
[INFO] [stdout] warning: unused import: `Value`
[INFO] [stdout]    --> src/lib.rs:149:32
[INFO] [stdout]     |
[INFO] [stdout] 149 |     use serde_json::{from_str, Value};
[INFO] [stdout]     |                                ^^^^^
[INFO] [stdout] 
[INFO] [stdout] 
[INFO] [stdout] warning: unused imports: `SystemTime`, `UNIX_EPOCH`
[INFO] [stdout]    --> src/lib.rs:151:31
[INFO] [stdout]     |
[INFO] [stdout] 151 |     use std::time::{Duration, SystemTime, UNIX_EPOCH};
[INFO] [stdout]     |                               ^^^^^^^^^^  ^^^^^^^^^^
[INFO] [stdout] 
[INFO] [stdout] 
[INFO] [stdout] warning: unused imports: `get_all_between_strict`, `get_idx_between_strict`
[INFO] [stdout]    --> src/lib.rs:152:24
[INFO] [stdout]     |
[INFO] [stdout] 152 |     use string_tools::{get_all_between_strict, get_idx_between_strict};
[INFO] [stdout]     |                        ^^^^^^^^^^^^^^^^^^^^^^  ^^^^^^^^^^^^^^^^^^^^^^
[INFO] [stdout] 
[INFO] [stdout] 
[INFO] [stdout] warning: unused variable: `e`
[INFO] [stdout]    --> src/lib.rs:240:33
[INFO] [stdout]     |
[INFO] [stdout] 240 | ...                   Err(e) => {
[INFO] [stdout]     |                           ^ help: if this is intentional, prefix it with an underscore: `_e`
[INFO] [stdout]     |
[INFO] [stdout]     = note: `#[warn(unused_variables)]` on by default
[INFO] [stdout] 
[INFO] [stdout] 
[INFO] [stdout] warning: 5 warnings emitted
[INFO] [stdout] 
[INFO] [stdout] 
[INFO] [stderr]     Finished test [unoptimized + debuginfo] target(s) in 1.71s
[INFO] running `Command { std: "docker" "inspect" "597064105b231119ad6988d00084224901f7b681c97f7a1a35a7235d37bbd5cd", kill_on_drop: false }`
[INFO] running `Command { std: "docker" "rm" "-f" "597064105b231119ad6988d00084224901f7b681c97f7a1a35a7235d37bbd5cd", kill_on_drop: false }`
[INFO] [stdout] 597064105b231119ad6988d00084224901f7b681c97f7a1a35a7235d37bbd5cd
[INFO] running `Command { std: "docker" "create" "-v" "/var/lib/crater-agent-workspace/builds/worker-61/target:/opt/rustwide/target:rw,Z" "-v" "/var/lib/crater-agent-workspace/builds/worker-61/source:/opt/rustwide/workdir:ro,Z" "-v" "/var/lib/crater-agent-workspace/cargo-home:/opt/rustwide/cargo-home:ro,Z" "-v" "/var/lib/crater-agent-workspace/rustup-home:/opt/rustwide/rustup-home:ro,Z" "-e" "SOURCE_DIR=/opt/rustwide/workdir" "-e" "CARGO_TARGET_DIR=/opt/rustwide/target" "-e" "CARGO_INCREMENTAL=0" "-e" "RUST_BACKTRACE=full" "-e" "RUSTFLAGS=--cap-lints=warn" "-e" "CARGO_HOME=/opt/rustwide/cargo-home" "-e" "RUSTUP_HOME=/opt/rustwide/rustup-home" "-w" "/opt/rustwide/workdir" "-m" "1610612736" "--user" "0:0" "--network" "none" "ghcr.io/rust-lang/crates-build-env/linux@sha256:34b6a614d2c27851fe6cbf88fbd1137609cefab8b10d0615aaeb6fd47975d74e" "/opt/rustwide/cargo-home/bin/cargo" "+1.54.0" "test" "--frozen", kill_on_drop: false }`
[INFO] [stdout] 4e16e018158136e47751f43ca04c5a716f5aaac704b112bc533c70967ca8c926
[INFO] running `Command { std: "docker" "start" "-a" "4e16e018158136e47751f43ca04c5a716f5aaac704b112bc533c70967ca8c926", kill_on_drop: false }`
[INFO] [stderr]     Blocking waiting for file lock on package cache
[INFO] [stderr] warning: unused import: `super::discord::get_invite_code`
[INFO] [stderr]   --> src/lib.rs:96:9
[INFO] [stderr]    |
[INFO] [stderr] 96 |     use super::discord::get_invite_code;
[INFO] [stderr]    |         ^^^^^^^^^^^^^^^^^^^^^^^^^^^^^^^
[INFO] [stderr]    |
[INFO] [stderr]    = note: `#[warn(unused_imports)]` on by default
[INFO] [stderr] 
[INFO] [stderr] warning: unused import: `Value`
[INFO] [stderr]    --> src/lib.rs:149:32
[INFO] [stderr]     |
[INFO] [stderr] 149 |     use serde_json::{from_str, Value};
[INFO] [stderr]     |                                ^^^^^
[INFO] [stderr] 
[INFO] [stderr] warning: unused import: `std::thread::sleep`
[INFO] [stderr]    --> src/lib.rs:150:9
[INFO] [stderr]     |
[INFO] [stderr] 150 |     use std::thread::sleep;
[INFO] [stderr]     |         ^^^^^^^^^^^^^^^^^^
[INFO] [stderr] 
[INFO] [stderr] warning: unused imports: `Duration`, `SystemTime`, `UNIX_EPOCH`
[INFO] [stderr]    --> src/lib.rs:151:21
[INFO] [stderr]     |
[INFO] [stderr] 151 |     use std::time::{Duration, SystemTime, UNIX_EPOCH};
[INFO] [stderr]     |                     ^^^^^^^^  ^^^^^^^^^^  ^^^^^^^^^^
[INFO] [stderr] 
[INFO] [stderr] warning: unused imports: `get_all_between_strict`, `get_idx_between_strict`
[INFO] [stderr]    --> src/lib.rs:152:24
[INFO] [stderr]     |
[INFO] [stderr] 152 |     use string_tools::{get_all_between_strict, get_idx_between_strict};
[INFO] [stderr]     |                        ^^^^^^^^^^^^^^^^^^^^^^  ^^^^^^^^^^^^^^^^^^^^^^
[INFO] [stderr] 
[INFO] [stderr] warning: unused variable: `e`
[INFO] [stderr]    --> src/lib.rs:240:33
[INFO] [stderr]     |
[INFO] [stderr] 240 | ...                   Err(e) => {
[INFO] [stderr]     |                           ^ help: if this is intentional, prefix it with an underscore: `_e`
[INFO] [stderr]     |
[INFO] [stderr]     = note: `#[warn(unused_variables)]` on by default
[INFO] [stderr] 
[INFO] [stderr] warning: 6 warnings emitted
[INFO] [stderr] 
[INFO] [stderr] warning: unused import: `super::discord::get_invite_code`
[INFO] [stderr]   --> src/lib.rs:96:9
[INFO] [stderr]    |
[INFO] [stderr] 96 |     use super::discord::get_invite_code;
[INFO] [stderr]    |         ^^^^^^^^^^^^^^^^^^^^^^^^^^^^^^^
[INFO] [stderr]    |
[INFO] [stderr]    = note: `#[warn(unused_imports)]` on by default
[INFO] [stderr] 
[INFO] [stderr] warning: unused import: `Value`
[INFO] [stderr]    --> src/lib.rs:149:32
[INFO] [stderr]     |
[INFO] [stderr] 149 |     use serde_json::{from_str, Value};
[INFO] [stderr]     |                                ^^^^^
[INFO] [stderr] 
[INFO] [stderr] warning: unused imports: `SystemTime`, `UNIX_EPOCH`
[INFO] [stderr]    --> src/lib.rs:151:31
[INFO] [stderr]     |
[INFO] [stderr] 151 |     use std::time::{Duration, SystemTime, UNIX_EPOCH};
[INFO] [stderr]     |                               ^^^^^^^^^^  ^^^^^^^^^^
[INFO] [stderr] 
[INFO] [stderr] warning: unused imports: `get_all_between_strict`, `get_idx_between_strict`
[INFO] [stderr]    --> src/lib.rs:152:24
[INFO] [stderr]     |
[INFO] [stderr] 152 |     use string_tools::{get_all_between_strict, get_idx_between_strict};
[INFO] [stderr]     |                        ^^^^^^^^^^^^^^^^^^^^^^  ^^^^^^^^^^^^^^^^^^^^^^
[INFO] [stderr] 
[INFO] [stderr] warning: unused variable: `e`
[INFO] [stderr]    --> src/lib.rs:240:33
[INFO] [stderr]     |
[INFO] [stderr] 240 | ...                   Err(e) => {
[INFO] [stderr]     |                           ^ help: if this is intentional, prefix it with an underscore: `_e`
[INFO] [stderr]     |
[INFO] [stderr]     = note: `#[warn(unused_variables)]` on by default
[INFO] [stderr] 
[INFO] [stderr] warning: 5 warnings emitted
[INFO] [stderr] 
[INFO] [stderr]     Finished test [unoptimized + debuginfo] target(s) in 0.32s
[INFO] [stderr]      Running unittests (/opt/rustwide/target/debug/deps/discord_finder-dbb05dab63dbcd35)
[INFO] [stdout] 
[INFO] [stdout] running 3 tests
[INFO] [stdout] test discord::tests::get_invite_urls ... ok
[INFO] [stdout] test google::tests::get_full_url_test ... ok
[INFO] [stdout] test discord::tests::test_invite_struct ... FAILED
[INFO] [stdout] 
[INFO] [stdout] failures:
[INFO] [stdout] 
[INFO] [stdout] ---- discord::tests::test_invite_struct stdout ----
[INFO] [stdout] thread 'discord::tests::test_invite_struct' panicked at 'called `Result::unwrap()` on an `Err` value: Timeout', src/lib.rs:269:22
[INFO] [stdout] stack backtrace:
[INFO] [stdout]    0:     0x55b1e9978930 - std::backtrace_rs::backtrace::libunwind::trace::h34055254b57d8e79
[INFO] [stdout]                                at /rustc/a178d0322ce20e33eac124758e837cbd80a6f633/library/std/src/../../backtrace/src/backtrace/libunwind.rs:90:5
[INFO] [stdout]    1:     0x55b1e9978930 - std::backtrace_rs::backtrace::trace_unsynchronized::h8f1e3fbd9afff6ec
[INFO] [stdout]                                at /rustc/a178d0322ce20e33eac124758e837cbd80a6f633/library/std/src/../../backtrace/src/backtrace/mod.rs:66:5
[INFO] [stdout]    2:     0x55b1e9978930 - std::sys_common::backtrace::_print_fmt::h3a99a796b770c360
[INFO] [stdout]                                at /rustc/a178d0322ce20e33eac124758e837cbd80a6f633/library/std/src/sys_common/backtrace.rs:67:5
[INFO] [stdout]    3:     0x55b1e9978930 - <std::sys_common::backtrace::_print::DisplayBacktrace as core::fmt::Display>::fmt::h32d1f94a80615d18
[INFO] [stdout]                                at /rustc/a178d0322ce20e33eac124758e837cbd80a6f633/library/std/src/sys_common/backtrace.rs:46:22
[INFO] [stdout]    4:     0x55b1e999bf6c - core::fmt::write::h306731c068f7162c
[INFO] [stdout]                                at /rustc/a178d0322ce20e33eac124758e837cbd80a6f633/library/core/src/fmt/mod.rs:1110:17
[INFO] [stdout]    5:     0x55b1e9973785 - std::io::Write::write_fmt::h87f19b0a2cd190bc
[INFO] [stdout]                                at /rustc/a178d0322ce20e33eac124758e837cbd80a6f633/library/std/src/io/mod.rs:1588:15
[INFO] [stdout]    6:     0x55b1e997aa9b - std::sys_common::backtrace::_print::h5abaa2601a852287
[INFO] [stdout]                                at /rustc/a178d0322ce20e33eac124758e837cbd80a6f633/library/std/src/sys_common/backtrace.rs:49:5
[INFO] [stdout]    7:     0x55b1e997aa9b - std::sys_common::backtrace::print::h8d81445442bb638f
[INFO] [stdout]                                at /rustc/a178d0322ce20e33eac124758e837cbd80a6f633/library/std/src/sys_common/backtrace.rs:36:9
[INFO] [stdout]    8:     0x55b1e997aa9b - std::panicking::default_hook::{{closure}}::hcfe804496a9fa747
[INFO] [stdout]                                at /rustc/a178d0322ce20e33eac124758e837cbd80a6f633/library/std/src/panicking.rs:208:50
[INFO] [stdout]    9:     0x55b1e997a5ac - std::panicking::default_hook::hbea8e3ccf2ba8901
[INFO] [stdout]                                at /rustc/a178d0322ce20e33eac124758e837cbd80a6f633/library/std/src/panicking.rs:222:9
[INFO] [stdout]   10:     0x55b1e997b164 - std::panicking::rust_panic_with_hook::h7ee9e1a2d0f8975a
[INFO] [stdout]                                at /rustc/a178d0322ce20e33eac124758e837cbd80a6f633/library/std/src/panicking.rs:622:17
[INFO] [stdout]   11:     0x55b1e997ac47 - std::panicking::begin_panic_handler::{{closure}}::h8ab3b4491718b2c7
[INFO] [stdout]                                at /rustc/a178d0322ce20e33eac124758e837cbd80a6f633/library/std/src/panicking.rs:519:13
[INFO] [stdout]   12:     0x55b1e9978e2c - std::sys_common::backtrace::__rust_end_short_backtrace::hd489062ffa586a9f
[INFO] [stdout]                                at /rustc/a178d0322ce20e33eac124758e837cbd80a6f633/library/std/src/sys_common/backtrace.rs:141:18
[INFO] [stdout]   13:     0x55b1e997aba9 - rust_begin_unwind
[INFO] [stdout]                                at /rustc/a178d0322ce20e33eac124758e837cbd80a6f633/library/std/src/panicking.rs:515:5
[INFO] [stdout]   14:     0x55b1e9765851 - core::panicking::panic_fmt::hca6330e3e14086b4
[INFO] [stdout]                                at /rustc/a178d0322ce20e33eac124758e837cbd80a6f633/library/core/src/panicking.rs:92:14
[INFO] [stdout]   15:     0x55b1e9765943 - core::result::unwrap_failed::h6160d2b4bfbb0e87
[INFO] [stdout]                                at /rustc/a178d0322ce20e33eac124758e837cbd80a6f633/library/core/src/result.rs:1355:5
[INFO] [stdout]   16:     0x55b1e977e988 - core::result::Result<T,E>::unwrap::h5ab6f54db7a91b5b
[INFO] [stdout]                                at /rustc/a178d0322ce20e33eac124758e837cbd80a6f633/library/core/src/result.rs:1037:23
[INFO] [stdout]   17:     0x55b1e977f309 - discord_finder::discord::tests::test_invite_struct::hc213a01f7615b42d
[INFO] [stdout]                                at /opt/rustwide/workdir/src/lib.rs:268:17
[INFO] [stdout]   18:     0x55b1e977f2ba - discord_finder::discord::tests::test_invite_struct::{{closure}}::h8587dabff1c92ce6
[INFO] [stdout]                                at /opt/rustwide/workdir/src/lib.rs:266:9
[INFO] [stdout]   19:     0x55b1e977c54e - core::ops::function::FnOnce::call_once::hefd4ffdd6ef95db4
[INFO] [stdout]                                at /rustc/a178d0322ce20e33eac124758e837cbd80a6f633/library/core/src/ops/function.rs:227:5
[INFO] [stdout]   20:     0x55b1e993bb23 - core::ops::function::FnOnce::call_once::h152e7e439ff59e19
[INFO] [stdout]                                at /rustc/a178d0322ce20e33eac124758e837cbd80a6f633/library/core/src/ops/function.rs:227:5
[INFO] [stdout]   21:     0x55b1e993bb23 - test::__rust_begin_short_backtrace::h0908f3b1fdbb72ab
[INFO] [stdout]                                at /rustc/a178d0322ce20e33eac124758e837cbd80a6f633/library/test/src/lib.rs:577:5
[INFO] [stdout]   22:     0x55b1e993a5e0 - <alloc::boxed::Box<F,A> as core::ops::function::FnOnce<Args>>::call_once::hf6d2a51e5587546c
[INFO] [stdout]                                at /rustc/a178d0322ce20e33eac124758e837cbd80a6f633/library/alloc/src/boxed.rs:1575:9
[INFO] [stdout]   23:     0x55b1e993a5e0 - <std::panic::AssertUnwindSafe<F> as core::ops::function::FnOnce<()>>::call_once::h8af660f3a89ef593
[INFO] [stdout]                                at /rustc/a178d0322ce20e33eac124758e837cbd80a6f633/library/std/src/panic.rs:347:9
[INFO] [stdout]   24:     0x55b1e993a5e0 - std::panicking::try::do_call::hd36aef60f84b6d36
[INFO] [stdout]                                at /rustc/a178d0322ce20e33eac124758e837cbd80a6f633/library/std/src/panicking.rs:401:40
[INFO] [stdout]   25:     0x55b1e993a5e0 - std::panicking::try::h9932b4480e69817c
[INFO] [stdout]                                at /rustc/a178d0322ce20e33eac124758e837cbd80a6f633/library/std/src/panicking.rs:365:19
[INFO] [stdout]   26:     0x55b1e993a5e0 - std::panic::catch_unwind::h6aa177099cfff5f8
[INFO] [stdout]                                at /rustc/a178d0322ce20e33eac124758e837cbd80a6f633/library/std/src/panic.rs:434:14
[INFO] [stdout]   27:     0x55b1e993a5e0 - test::run_test_in_process::h5884d6f2d99e20c3
[INFO] [stdout]                                at /rustc/a178d0322ce20e33eac124758e837cbd80a6f633/library/test/src/lib.rs:600:18
[INFO] [stdout]   28:     0x55b1e993a5e0 - test::run_test::run_test_inner::{{closure}}::h6fdc58c6d5f5b6e3
[INFO] [stdout]                                at /rustc/a178d0322ce20e33eac124758e837cbd80a6f633/library/test/src/lib.rs:492:39
[INFO] [stdout]   29:     0x55b1e9913c92 - test::run_test::run_test_inner::{{closure}}::h408365d67a78ade8
[INFO] [stdout]                                at /rustc/a178d0322ce20e33eac124758e837cbd80a6f633/library/test/src/lib.rs:519:37
[INFO] [stdout]   30:     0x55b1e9913c92 - std::sys_common::backtrace::__rust_begin_short_backtrace::hb560b77c4f701523
[INFO] [stdout]                                at /rustc/a178d0322ce20e33eac124758e837cbd80a6f633/library/std/src/sys_common/backtrace.rs:125:18
[INFO] [stdout]   31:     0x55b1e9917848 - std::thread::Builder::spawn_unchecked::{{closure}}::{{closure}}::hf2e7831dad93c597
[INFO] [stdout]                                at /rustc/a178d0322ce20e33eac124758e837cbd80a6f633/library/std/src/thread/mod.rs:481:17
[INFO] [stdout]   32:     0x55b1e9917848 - <std::panic::AssertUnwindSafe<F> as core::ops::function::FnOnce<()>>::call_once::hd2e08783d8be4d02
[INFO] [stdout]                                at /rustc/a178d0322ce20e33eac124758e837cbd80a6f633/library/std/src/panic.rs:347:9
[INFO] [stdout]   33:     0x55b1e9917848 - std::panicking::try::do_call::h062597b7acfd6b82
[INFO] [stdout]                                at /rustc/a178d0322ce20e33eac124758e837cbd80a6f633/library/std/src/panicking.rs:401:40
[INFO] [stdout]   34:     0x55b1e9917848 - std::panicking::try::h0d7b79db04c14552
[INFO] [stdout]                                at /rustc/a178d0322ce20e33eac124758e837cbd80a6f633/library/std/src/panicking.rs:365:19
[INFO] [stdout]   35:     0x55b1e9917848 - std::panic::catch_unwind::hb01a0b5e7c8cd43b
[INFO] [stdout]                                at /rustc/a178d0322ce20e33eac124758e837cbd80a6f633/library/std/src/panic.rs:434:14
[INFO] [stdout]   36:     0x55b1e9917848 - std::thread::Builder::spawn_unchecked::{{closure}}::h5bde48cc887e0d1e
[INFO] [stdout]                                at /rustc/a178d0322ce20e33eac124758e837cbd80a6f633/library/std/src/thread/mod.rs:480:30
[INFO] [stdout]   37:     0x55b1e9917848 - core::ops::function::FnOnce::call_once{{vtable.shim}}::h745ea30807a29e55
[INFO] [stdout]                                at /rustc/a178d0322ce20e33eac124758e837cbd80a6f633/library/core/src/ops/function.rs:227:5
[INFO] [stdout]   38:     0x55b1e9980377 - <alloc::boxed::Box<F,A> as core::ops::function::FnOnce<Args>>::call_once::h7ece6cfefaff1005
[INFO] [stdout]                                at /rustc/a178d0322ce20e33eac124758e837cbd80a6f633/library/alloc/src/boxed.rs:1575:9
[INFO] [stdout]   39:     0x55b1e9980377 - <alloc::boxed::Box<F,A> as core::ops::function::FnOnce<Args>>::call_once::hb8b48e55c21f193e
[INFO] [stdout]                                at /rustc/a178d0322ce20e33eac124758e837cbd80a6f633/library/alloc/src/boxed.rs:1575:9
[INFO] [stdout]   40:     0x55b1e9980377 - std::sys::unix::thread::Thread::new::thread_start::h8c7c4450dba62914
[INFO] [stdout]                                at /rustc/a178d0322ce20e33eac124758e837cbd80a6f633/library/std/src/sys/unix/thread.rs:71:17
[INFO] [stdout]   41:     0x7f8d9bf34609 - start_thread
[INFO] [stdout]   42:     0x7f8d9c1bf293 - clone
[INFO] [stdout]   43:                0x0 - <unknown>
[INFO] [stdout] 
[INFO] [stdout] 
[INFO] [stdout] failures:
[INFO] [stdout]     discord::tests::test_invite_struct
[INFO] [stdout] 
[INFO] [stdout] test result: FAILED. 2 passed; 1 failed; 0 ignored; 0 measured; 0 filtered out; finished in 0.02s
[INFO] [stdout] 
[INFO] [stderr] error: test failed, to rerun pass '--lib'
[INFO] running `Command { std: "docker" "inspect" "4e16e018158136e47751f43ca04c5a716f5aaac704b112bc533c70967ca8c926", kill_on_drop: false }`
[INFO] running `Command { std: "docker" "rm" "-f" "4e16e018158136e47751f43ca04c5a716f5aaac704b112bc533c70967ca8c926", kill_on_drop: false }`
[INFO] [stdout] 4e16e018158136e47751f43ca04c5a716f5aaac704b112bc533c70967ca8c926
