[INFO] fetching crate direkuta 0.1.8...
[INFO] testing direkuta-0.1.8 against beta-2021-08-01 for beta-1.55-1
[INFO] extracting crate direkuta 0.1.8 into /workspace/builds/worker-23/source
[INFO] validating manifest of crates.io crate direkuta 0.1.8 on toolchain beta-2021-08-01
[INFO] running `Command { std: "/workspace/cargo-home/bin/cargo" "+beta-2021-08-01" "metadata" "--manifest-path" "Cargo.toml" "--no-deps", kill_on_drop: false }`
[INFO] started tweaking crates.io crate direkuta 0.1.8
[INFO] removed 4 missing examples
[INFO] finished tweaking crates.io crate direkuta 0.1.8
[INFO] tweaked toml for crates.io crate direkuta 0.1.8 written to /workspace/builds/worker-23/source/Cargo.toml
[INFO] running `Command { std: "/workspace/cargo-home/bin/cargo" "+beta-2021-08-01" "generate-lockfile" "--manifest-path" "Cargo.toml" "-Zno-index-update", kill_on_drop: false }`
[INFO] [stderr]     Blocking waiting for file lock on package cache
[INFO] running `Command { std: "/workspace/cargo-home/bin/cargo" "+beta-2021-08-01" "fetch" "--manifest-path" "Cargo.toml", kill_on_drop: false }`
[INFO] [stderr] warning: the cargo feature `edition` has been stabilized in the 1.31 release and is no longer necessary to be listed in the manifest
[INFO] [stderr]   See https://doc.rust-lang.org/beta/cargo/reference/manifest.html#the-edition-field for more information about using this feature.
[INFO] [stderr]     Blocking waiting for file lock on package cache
[INFO] [stderr]  Downloading crates ...
[INFO] [stderr]   Downloaded unic-common v0.7.0
[INFO] [stderr]   Downloaded webpki v0.18.1
[INFO] [stderr]   Downloaded unic-char-range v0.7.0
[INFO] [stderr]   Downloaded unic-segment v0.7.0
[INFO] [stderr]   Downloaded webpki-roots v0.15.0
[INFO] [stderr]   Downloaded untrusted v0.6.2
[INFO] [stderr]   Downloaded unic-char-property v0.7.0
[INFO] [stderr]   Downloaded ct-logs v0.4.0
[INFO] [stderr]   Downloaded unic-ucd-version v0.7.0
[INFO] [stderr]   Downloaded unic-ucd-segment v0.7.0
[INFO] [stderr]   Downloaded hyper-rustls v0.15.1
[INFO] [stderr]   Downloaded tera v0.11.20
[INFO] [stderr]   Downloaded rustls v0.14.0
[INFO] [stderr]   Downloaded ring v0.13.5
[INFO] [stderr]   Downloaded etag v1.0.3
[INFO] [stderr]   Downloaded tokio-rustls v0.8.1
[INFO] [stderr]   Downloaded yukikaze v0.3.1
[INFO] [stderr]   Downloaded sct v0.4.0
[INFO] running `Command { std: "docker" "create" "-v" "/var/lib/crater-agent-workspace/builds/worker-23/target:/opt/rustwide/target:rw,Z" "-v" "/var/lib/crater-agent-workspace/builds/worker-23/source:/opt/rustwide/workdir:ro,Z" "-v" "/var/lib/crater-agent-workspace/cargo-home:/opt/rustwide/cargo-home:ro,Z" "-v" "/var/lib/crater-agent-workspace/rustup-home:/opt/rustwide/rustup-home:ro,Z" "-e" "SOURCE_DIR=/opt/rustwide/workdir" "-e" "CARGO_TARGET_DIR=/opt/rustwide/target" "-e" "CARGO_HOME=/opt/rustwide/cargo-home" "-e" "RUSTUP_HOME=/opt/rustwide/rustup-home" "-w" "/opt/rustwide/workdir" "-m" "1610612736" "--user" "0:0" "--network" "none" "ghcr.io/rust-lang/crates-build-env/linux@sha256:34b6a614d2c27851fe6cbf88fbd1137609cefab8b10d0615aaeb6fd47975d74e" "/opt/rustwide/cargo-home/bin/cargo" "+beta-2021-08-01" "metadata" "--no-deps" "--format-version=1", kill_on_drop: false }`
[INFO] [stdout] d4ea15e42ede465bae1b9a2848d5bd2ad8759937ad9e9871dbc7c1c09402ca25
[INFO] running `Command { std: "docker" "start" "-a" "d4ea15e42ede465bae1b9a2848d5bd2ad8759937ad9e9871dbc7c1c09402ca25", kill_on_drop: false }`
[INFO] running `Command { std: "docker" "inspect" "d4ea15e42ede465bae1b9a2848d5bd2ad8759937ad9e9871dbc7c1c09402ca25", kill_on_drop: false }`
[INFO] running `Command { std: "docker" "rm" "-f" "d4ea15e42ede465bae1b9a2848d5bd2ad8759937ad9e9871dbc7c1c09402ca25", kill_on_drop: false }`
[INFO] [stdout] d4ea15e42ede465bae1b9a2848d5bd2ad8759937ad9e9871dbc7c1c09402ca25
[INFO] running `Command { std: "docker" "create" "-v" "/var/lib/crater-agent-workspace/builds/worker-23/target:/opt/rustwide/target:rw,Z" "-v" "/var/lib/crater-agent-workspace/builds/worker-23/source:/opt/rustwide/workdir:ro,Z" "-v" "/var/lib/crater-agent-workspace/cargo-home:/opt/rustwide/cargo-home:ro,Z" "-v" "/var/lib/crater-agent-workspace/rustup-home:/opt/rustwide/rustup-home:ro,Z" "-e" "SOURCE_DIR=/opt/rustwide/workdir" "-e" "CARGO_TARGET_DIR=/opt/rustwide/target" "-e" "CARGO_INCREMENTAL=0" "-e" "RUST_BACKTRACE=full" "-e" "RUSTFLAGS=--cap-lints=warn" "-e" "CARGO_HOME=/opt/rustwide/cargo-home" "-e" "RUSTUP_HOME=/opt/rustwide/rustup-home" "-w" "/opt/rustwide/workdir" "-m" "1610612736" "--user" "0:0" "--network" "none" "ghcr.io/rust-lang/crates-build-env/linux@sha256:34b6a614d2c27851fe6cbf88fbd1137609cefab8b10d0615aaeb6fd47975d74e" "/opt/rustwide/cargo-home/bin/cargo" "+beta-2021-08-01" "build" "--frozen" "--message-format=json", kill_on_drop: false }`
[INFO] [stdout] dcbeae9c875f6f39646ba6270ae8db894c3a3ddc3ffa78d424a0a09658dc38be
[INFO] running `Command { std: "docker" "start" "-a" "dcbeae9c875f6f39646ba6270ae8db894c3a3ddc3ffa78d424a0a09658dc38be", kill_on_drop: false }`
[INFO] [stderr] warning: the cargo feature `edition` has been stabilized in the 1.31 release and is no longer necessary to be listed in the manifest
[INFO] [stderr]   See https://doc.rust-lang.org/beta/cargo/reference/manifest.html#the-edition-field for more information about using this feature.
[INFO] [stderr]     Blocking waiting for file lock on package cache
[INFO] [stderr]     Blocking waiting for file lock on package cache
[INFO] [stderr]    Compiling futures v0.1.31
[INFO] [stderr]    Compiling regex-syntax v0.6.25
[INFO] [stderr]    Compiling crossbeam-utils v0.7.2
[INFO] [stderr]    Compiling memoffset v0.5.6
[INFO] [stderr]    Compiling crossbeam-epoch v0.8.2
[INFO] [stderr]    Compiling indexmap v1.7.0
[INFO] [stderr]    Compiling lock_api v0.3.4
[INFO] [stderr]    Compiling httparse v1.4.1
[INFO] [stderr]    Compiling iovec v0.1.4
[INFO] [stderr]    Compiling parking_lot_core v0.6.2
[INFO] [stderr]    Compiling parking_lot v0.9.0
[INFO] [stderr]    Compiling net2 v0.2.37
[INFO] [stderr]    Compiling hyper v0.12.36
[INFO] [stderr]    Compiling time v0.1.44
[INFO] [stderr]    Compiling aho-corasick v0.7.18
[INFO] [stderr]    Compiling bytes v0.4.12
[INFO] [stderr]    Compiling mio v0.6.23
[INFO] [stderr]    Compiling http v0.1.21
[INFO] [stderr]    Compiling string v0.2.1
[INFO] [stderr]    Compiling mio-uds v0.6.8
[INFO] [stderr]    Compiling tokio-io v0.1.13
[INFO] [stderr]    Compiling tokio-sync v0.1.8
[INFO] [stderr]    Compiling tokio-buf v0.1.1
[INFO] [stderr]    Compiling futures-cpupool v0.1.8
[INFO] [stderr]    Compiling want v0.2.0
[INFO] [stderr]    Compiling tokio-executor v0.1.10
[INFO] [stderr]    Compiling crossbeam-queue v0.2.3
[INFO] [stderr]    Compiling tokio-codec v0.1.2
[INFO] [stderr]    Compiling tokio-current-thread v0.1.7
[INFO] [stderr]    Compiling tokio-timer v0.2.13
[INFO] [stderr]    Compiling crossbeam-deque v0.7.4
[INFO] [stderr]    Compiling tokio-reactor v0.1.12
[INFO] [stderr]    Compiling tokio-threadpool v0.1.18
[INFO] [stderr]    Compiling tokio-tcp v0.1.4
[INFO] [stderr]    Compiling tokio-udp v0.1.6
[INFO] [stderr]    Compiling tokio-uds v0.2.7
[INFO] [stderr]    Compiling regex v1.5.4
[INFO] [stderr]    Compiling tokio-fs v0.1.7
[INFO] [stderr]    Compiling http-body v0.1.0
[INFO] [stderr]    Compiling h2 v0.1.26
[INFO] [stderr]    Compiling tokio v0.1.22
[INFO] [stderr]    Compiling direkuta v0.1.8 (/opt/rustwide/workdir)
[INFO] [stdout] warning: trait objects without an explicit `dyn` are deprecated
[INFO] [stdout]    --> src/lib.rs:148:38
[INFO] [stdout]     |
[INFO] [stdout] 148 |     middle: Arc<IndexMap<TypeId, Box<Middle + Send + Sync + 'static>>>,
[INFO] [stdout]     |                                      ^^^^^^^^^^^^^^^^^^^^^^^^^^^^^^ help: use `dyn`: `dyn Middle + Send + Sync + 'static`
[INFO] [stdout]     |
[INFO] [stdout]     = note: `#[warn(bare_trait_objects)]` on by default
[INFO] [stdout]     = warning: this is accepted in the current edition (Rust 2018) but is a hard error in Rust 2021!
[INFO] [stdout]     = note: for more information, see issue #80165 <https://github.com/rust-lang/rust/issues/80165>
[INFO] [stdout] 
[INFO] [stdout] 
[INFO] [stdout] warning: trait objects without an explicit `dyn` are deprecated
[INFO] [stdout]    --> src/lib.rs:326:23
[INFO] [stdout]     |
[INFO] [stdout] 326 |     type Future = Box<Future<Item = Self::Service, Error = Self::InitError> + Send>;
[INFO] [stdout]     |                       ^^^^^^^^^^^^^^^^^^^^^^^^^^^^^^^^^^^^^^^^^^^^^^^^^^^^^^^^^^^^ help: use `dyn`: `dyn Future<Item = Self::Service, Error = Self::InitError> + Send`
[INFO] [stdout]     |
[INFO] [stdout]     = warning: this is accepted in the current edition (Rust 2018) but is a hard error in Rust 2021!
[INFO] [stdout]     = note: for more information, see issue #80165 <https://github.com/rust-lang/rust/issues/80165>
[INFO] [stdout] 
[INFO] [stdout] 
[INFO] [stdout] warning: trait objects without an explicit `dyn` are deprecated
[INFO] [stdout]    --> src/lib.rs:342:23
[INFO] [stdout]     |
[INFO] [stdout] 342 |     type Future = Box<Future<Item = response::Response<Self::ResBody>, Error = Self::Error> + Send>;
[INFO] [stdout]     |                       ^^^^^^^^^^^^^^^^^^^^^^^^^^^^^^^^^^^^^^^^^^^^^^^^^^^^^^^^^^^^^^^^^^^^^^^^^^^^ help: use `dyn`: `dyn Future<Item = response::Response<Self::ResBody>, Error = Self::Error> + Send`
[INFO] [stdout]     |
[INFO] [stdout]     = warning: this is accepted in the current edition (Rust 2018) but is a hard error in Rust 2021!
[INFO] [stdout]     = note: for more information, see issue #80165 <https://github.com/rust-lang/rust/issues/80165>
[INFO] [stdout] 
[INFO] [stdout] 
[INFO] [stdout] warning: trait objects without an explicit `dyn` are deprecated
[INFO] [stdout]    --> src/lib.rs:427:32
[INFO] [stdout]     |
[INFO] [stdout] 427 |     fn cause(&self) -> Option<&Error> {
[INFO] [stdout]     |                                ^^^^^ help: use `dyn`: `dyn Error`
[INFO] [stdout]     |
[INFO] [stdout]     = warning: this is accepted in the current edition (Rust 2018) but is a hard error in Rust 2021!
[INFO] [stdout]     = note: for more information, see issue #80165 <https://github.com/rust-lang/rust/issues/80165>
[INFO] [stdout] 
[INFO] [stdout] 
[INFO] [stdout] warning: trait objects without an explicit `dyn` are deprecated
[INFO] [stdout]    --> src/lib.rs:513:33
[INFO] [stdout]     |
[INFO] [stdout] 513 |     inner: IndexMap<TypeId, Box<Any + Send + Sync + 'static>>,
[INFO] [stdout]     |                                 ^^^^^^^^^^^^^^^^^^^^^^^^^^^ help: use `dyn`: `dyn Any + Send + Sync + 'static`
[INFO] [stdout]     |
[INFO] [stdout]     = warning: this is accepted in the current edition (Rust 2018) but is a hard error in Rust 2021!
[INFO] [stdout]     = note: for more information, see issue #80165 <https://github.com/rust-lang/rust/issues/80165>
[INFO] [stdout] 
[INFO] [stdout] 
[INFO] [stdout] warning: trait objects without an explicit `dyn` are deprecated
[INFO] [stdout]    --> src/lib.rs:805:5
[INFO] [stdout]     |
[INFO] [stdout] 805 | /     Fn(Request, Arc<State>, Capture)
[INFO] [stdout] 806 | |             -> Box<dyn Future<Item = response::Response<Body>, Error = DireError> + Send + 'static>
[INFO] [stdout] 807 | |         + Send
[INFO] [stdout] 808 | |         + Sync
[INFO] [stdout] 809 | |         + 'static;
[INFO] [stdout]     | |_________________^
[INFO] [stdout]     |
[INFO] [stdout]     = warning: this is accepted in the current edition (Rust 2018) but is a hard error in Rust 2021!
[INFO] [stdout]     = note: for more information, see issue #80165 <https://github.com/rust-lang/rust/issues/80165>
[INFO] [stdout] help: use `dyn`
[INFO] [stdout]     |
[INFO] [stdout] 805 |     dyn Fn(Request, Arc<State>, Capture)
[INFO] [stdout] 806 |             -> Box<dyn Future<Item = response::Response<Body>, Error = DireError> + Send + 'static>
[INFO] [stdout] 807 |         + Send
[INFO] [stdout] 808 |         + Sync
[INFO] [stdout] 809 |         + 'static;
[INFO] [stdout]     |
[INFO] [stdout] 
[INFO] [stdout] 
[INFO] [stdout] warning: trait objects without an explicit `dyn` are deprecated
[INFO] [stdout]     --> src/lib.rs:1636:14
[INFO] [stdout]      |
[INFO] [stdout] 1636 |     ) -> Box<Future<Item = response::Response<Body>, Error = DireError> + Send + 'static> {
[INFO] [stdout]      |              ^^^^^^^^^^^^^^^^^^^^^^^^^^^^^^^^^^^^^^^^^^^^^^^^^^^^^^^^^^^^^^^^^^^^^^^^^^^ help: use `dyn`: `dyn Future<Item = response::Response<Body>, Error = DireError> + Send + 'static`
[INFO] [stdout]      |
[INFO] [stdout]      = warning: this is accepted in the current edition (Rust 2018) but is a hard error in Rust 2021!
[INFO] [stdout]      = note: for more information, see issue #80165 <https://github.com/rust-lang/rust/issues/80165>
[INFO] [stdout] 
[INFO] [stdout] 
[INFO] [stdout] warning: use of deprecated associated function `std::error::Error::description`: use the Display impl or to_string()
[INFO] [stdout]    --> src/lib.rs:421:42
[INFO] [stdout]     |
[INFO] [stdout] 421 |             DireError::Hyper(ref e) => e.description(),
[INFO] [stdout]     |                                          ^^^^^^^^^^^
[INFO] [stdout]     |
[INFO] [stdout]     = note: `#[warn(deprecated)]` on by default
[INFO] [stdout] 
[INFO] [stdout] 
[INFO] [stdout] warning: use of deprecated associated function `std::error::Error::cause`: replaced by Error::source, which can support downcasting
[INFO] [stdout]    --> src/lib.rs:429:42
[INFO] [stdout]     |
[INFO] [stdout] 429 |             DireError::Hyper(ref e) => e.cause(),
[INFO] [stdout]     |                                          ^^^^^
[INFO] [stdout] 
[INFO] [stdout] 
[INFO] [stdout] warning: use of deprecated associated function `core::str::<impl str>::trim_left_matches`: superseded by `trim_start_matches`
[INFO] [stdout]     --> src/lib.rs:1278:14
[INFO] [stdout]      |
[INFO] [stdout] 1278 |             .trim_left_matches('^')
[INFO] [stdout]      |              ^^^^^^^^^^^^^^^^^ help: replace the use of the deprecated associated function: `trim_start_matches`
[INFO] [stdout] 
[INFO] [stdout] 
[INFO] [stdout] warning: use of deprecated associated function `core::str::<impl str>::trim_right_matches`: superseded by `trim_end_matches`
[INFO] [stdout]     --> src/lib.rs:1279:14
[INFO] [stdout]      |
[INFO] [stdout] 1279 |             .trim_right_matches('$')
[INFO] [stdout]      |              ^^^^^^^^^^^^^^^^^^ help: replace the use of the deprecated associated function: `trim_end_matches`
[INFO] [stdout] 
[INFO] [stdout] 
[INFO] [stdout] warning: use of deprecated associated function `core::str::<impl str>::trim_right_matches`: superseded by `trim_end_matches`
[INFO] [stdout]     --> src/lib.rs:1280:14
[INFO] [stdout]      |
[INFO] [stdout] 1280 |             .trim_right_matches('/');
[INFO] [stdout]      |              ^^^^^^^^^^^^^^^^^^ help: replace the use of the deprecated associated function: `trim_end_matches`
[INFO] [stdout] 
[INFO] [stdout] 
[INFO] [stdout] warning: 12 warnings emitted
[INFO] [stdout] 
[INFO] [stdout] 
[INFO] [stderr]     Finished dev [unoptimized + debuginfo] target(s) in 13.04s
[INFO] running `Command { std: "docker" "inspect" "dcbeae9c875f6f39646ba6270ae8db894c3a3ddc3ffa78d424a0a09658dc38be", kill_on_drop: false }`
[INFO] running `Command { std: "docker" "rm" "-f" "dcbeae9c875f6f39646ba6270ae8db894c3a3ddc3ffa78d424a0a09658dc38be", kill_on_drop: false }`
[INFO] [stdout] dcbeae9c875f6f39646ba6270ae8db894c3a3ddc3ffa78d424a0a09658dc38be
[INFO] running `Command { std: "docker" "create" "-v" "/var/lib/crater-agent-workspace/builds/worker-23/target:/opt/rustwide/target:rw,Z" "-v" "/var/lib/crater-agent-workspace/builds/worker-23/source:/opt/rustwide/workdir:ro,Z" "-v" "/var/lib/crater-agent-workspace/cargo-home:/opt/rustwide/cargo-home:ro,Z" "-v" "/var/lib/crater-agent-workspace/rustup-home:/opt/rustwide/rustup-home:ro,Z" "-e" "SOURCE_DIR=/opt/rustwide/workdir" "-e" "CARGO_TARGET_DIR=/opt/rustwide/target" "-e" "CARGO_INCREMENTAL=0" "-e" "RUST_BACKTRACE=full" "-e" "RUSTFLAGS=--cap-lints=warn" "-e" "CARGO_HOME=/opt/rustwide/cargo-home" "-e" "RUSTUP_HOME=/opt/rustwide/rustup-home" "-w" "/opt/rustwide/workdir" "-m" "1610612736" "--user" "0:0" "--network" "none" "ghcr.io/rust-lang/crates-build-env/linux@sha256:34b6a614d2c27851fe6cbf88fbd1137609cefab8b10d0615aaeb6fd47975d74e" "/opt/rustwide/cargo-home/bin/cargo" "+beta-2021-08-01" "test" "--frozen" "--no-run" "--message-format=json", kill_on_drop: false }`
[INFO] [stdout] eccae6dacf799c43482c0e0676c319dba1048b4cb332bfde835bd454b1fda03a
[INFO] running `Command { std: "docker" "start" "-a" "eccae6dacf799c43482c0e0676c319dba1048b4cb332bfde835bd454b1fda03a", kill_on_drop: false }`
[INFO] [stderr] warning: the cargo feature `edition` has been stabilized in the 1.31 release and is no longer necessary to be listed in the manifest
[INFO] [stderr]   See https://doc.rust-lang.org/beta/cargo/reference/manifest.html#the-edition-field for more information about using this feature.
[INFO] [stderr]     Blocking waiting for file lock on package cache
[INFO] [stderr]     Blocking waiting for file lock on package cache
[INFO] [stderr]    Compiling untrusted v0.6.2
[INFO] [stderr]    Compiling safemem v0.3.3
[INFO] [stderr]    Compiling crc32fast v1.2.1
[INFO] [stderr]    Compiling percent-encoding v1.0.1
[INFO] [stderr]    Compiling dtoa v0.4.8
[INFO] [stderr]    Compiling httpdate v0.3.2
[INFO] [stderr]    Compiling data-encoding v2.3.2
[INFO] [stderr]    Compiling etag v1.0.3
[INFO] [stderr]    Compiling ring v0.13.5
[INFO] [stderr]    Compiling syn v1.0.74
[INFO] [stderr]    Compiling miniz-sys v0.1.12
[INFO] [stderr]    Compiling unicase v2.6.0
[INFO] [stderr]    Compiling pest_meta v2.1.3
[INFO] [stderr]    Compiling idna v0.1.5
[INFO] [stderr]    Compiling cookie v0.11.4
[INFO] [stdout] warning: trait objects without an explicit `dyn` are deprecated
[INFO] [stdout]    --> src/lib.rs:148:38
[INFO] [stdout]     |
[INFO] [stdout] 148 |     middle: Arc<IndexMap<TypeId, Box<Middle + Send + Sync + 'static>>>,
[INFO] [stdout]     |                                      ^^^^^^^^^^^^^^^^^^^^^^^^^^^^^^ help: use `dyn`: `dyn Middle + Send + Sync + 'static`
[INFO] [stdout]     |
[INFO] [stdout]     = note: `#[warn(bare_trait_objects)]` on by default
[INFO] [stdout]     = warning: this is accepted in the current edition (Rust 2018) but is a hard error in Rust 2021!
[INFO] [stdout]     = note: for more information, see issue #80165 <https://github.com/rust-lang/rust/issues/80165>
[INFO] [stdout] 
[INFO] [stdout] 
[INFO] [stdout] warning: trait objects without an explicit `dyn` are deprecated
[INFO] [stdout]    --> src/lib.rs:326:23
[INFO] [stdout]     |
[INFO] [stdout] 326 |     type Future = Box<Future<Item = Self::Service, Error = Self::InitError> + Send>;
[INFO] [stdout]     |                       ^^^^^^^^^^^^^^^^^^^^^^^^^^^^^^^^^^^^^^^^^^^^^^^^^^^^^^^^^^^^ help: use `dyn`: `dyn Future<Item = Self::Service, Error = Self::InitError> + Send`
[INFO] [stdout]     |
[INFO] [stdout]     = warning: this is accepted in the current edition (Rust 2018) but is a hard error in Rust 2021!
[INFO] [stdout]     = note: for more information, see issue #80165 <https://github.com/rust-lang/rust/issues/80165>
[INFO] [stdout] 
[INFO] [stdout] 
[INFO] [stdout] warning: trait objects without an explicit `dyn` are deprecated
[INFO] [stdout]    --> src/lib.rs:342:23
[INFO] [stdout]     |
[INFO] [stdout] 342 |     type Future = Box<Future<Item = response::Response<Self::ResBody>, Error = Self::Error> + Send>;
[INFO] [stdout]     |                       ^^^^^^^^^^^^^^^^^^^^^^^^^^^^^^^^^^^^^^^^^^^^^^^^^^^^^^^^^^^^^^^^^^^^^^^^^^^^ help: use `dyn`: `dyn Future<Item = response::Response<Self::ResBody>, Error = Self::Error> + Send`
[INFO] [stdout]     |
[INFO] [stdout]     = warning: this is accepted in the current edition (Rust 2018) but is a hard error in Rust 2021!
[INFO] [stdout]     = note: for more information, see issue #80165 <https://github.com/rust-lang/rust/issues/80165>
[INFO] [stdout] 
[INFO] [stdout] 
[INFO] [stdout] warning: trait objects without an explicit `dyn` are deprecated
[INFO] [stdout]    --> src/lib.rs:427:32
[INFO] [stdout]     |
[INFO] [stdout] 427 |     fn cause(&self) -> Option<&Error> {
[INFO] [stdout]     |                                ^^^^^ help: use `dyn`: `dyn Error`
[INFO] [stdout]     |
[INFO] [stdout]     = warning: this is accepted in the current edition (Rust 2018) but is a hard error in Rust 2021!
[INFO] [stdout]     = note: for more information, see issue #80165 <https://github.com/rust-lang/rust/issues/80165>
[INFO] [stdout] 
[INFO] [stdout] 
[INFO] [stdout] warning: trait objects without an explicit `dyn` are deprecated
[INFO] [stdout]    --> src/lib.rs:513:33
[INFO] [stdout]     |
[INFO] [stdout] 513 |     inner: IndexMap<TypeId, Box<Any + Send + Sync + 'static>>,
[INFO] [stdout]     |                                 ^^^^^^^^^^^^^^^^^^^^^^^^^^^ help: use `dyn`: `dyn Any + Send + Sync + 'static`
[INFO] [stdout]     |
[INFO] [stdout]     = warning: this is accepted in the current edition (Rust 2018) but is a hard error in Rust 2021!
[INFO] [stdout]     = note: for more information, see issue #80165 <https://github.com/rust-lang/rust/issues/80165>
[INFO] [stdout] 
[INFO] [stdout] 
[INFO] [stdout] warning: trait objects without an explicit `dyn` are deprecated
[INFO] [stdout]    --> src/lib.rs:805:5
[INFO] [stdout]     |
[INFO] [stdout] 805 | /     Fn(Request, Arc<State>, Capture)
[INFO] [stdout] 806 | |             -> Box<dyn Future<Item = response::Response<Body>, Error = DireError> + Send + 'static>
[INFO] [stdout] 807 | |         + Send
[INFO] [stdout] 808 | |         + Sync
[INFO] [stdout] 809 | |         + 'static;
[INFO] [stdout]     | |_________________^
[INFO] [stdout]     |
[INFO] [stdout]     = warning: this is accepted in the current edition (Rust 2018) but is a hard error in Rust 2021!
[INFO] [stdout]     = note: for more information, see issue #80165 <https://github.com/rust-lang/rust/issues/80165>
[INFO] [stdout] help: use `dyn`
[INFO] [stdout]     |
[INFO] [stdout] 805 |     dyn Fn(Request, Arc<State>, Capture)
[INFO] [stdout] 806 |             -> Box<dyn Future<Item = response::Response<Body>, Error = DireError> + Send + 'static>
[INFO] [stdout] 807 |         + Send
[INFO] [stdout] 808 |         + Sync
[INFO] [stdout] 809 |         + 'static;
[INFO] [stdout]     |
[INFO] [stdout] 
[INFO] [stdout] 
[INFO] [stdout] warning: trait objects without an explicit `dyn` are deprecated
[INFO] [stdout]     --> src/lib.rs:1636:14
[INFO] [stdout]      |
[INFO] [stdout] 1636 |     ) -> Box<Future<Item = response::Response<Body>, Error = DireError> + Send + 'static> {
[INFO] [stdout]      |              ^^^^^^^^^^^^^^^^^^^^^^^^^^^^^^^^^^^^^^^^^^^^^^^^^^^^^^^^^^^^^^^^^^^^^^^^^^^ help: use `dyn`: `dyn Future<Item = response::Response<Body>, Error = DireError> + Send + 'static`
[INFO] [stdout]      |
[INFO] [stdout]      = warning: this is accepted in the current edition (Rust 2018) but is a hard error in Rust 2021!
[INFO] [stdout]      = note: for more information, see issue #80165 <https://github.com/rust-lang/rust/issues/80165>
[INFO] [stdout] 
[INFO] [stdout] 
[INFO] [stdout] warning: use of deprecated associated function `std::error::Error::description`: use the Display impl or to_string()
[INFO] [stdout]    --> src/lib.rs:421:42
[INFO] [stdout]     |
[INFO] [stdout] 421 |             DireError::Hyper(ref e) => e.description(),
[INFO] [stdout]     |                                          ^^^^^^^^^^^
[INFO] [stdout]     |
[INFO] [stdout]     = note: `#[warn(deprecated)]` on by default
[INFO] [stdout] 
[INFO] [stdout] 
[INFO] [stdout] warning: use of deprecated associated function `std::error::Error::cause`: replaced by Error::source, which can support downcasting
[INFO] [stdout]    --> src/lib.rs:429:42
[INFO] [stdout]     |
[INFO] [stdout] 429 |             DireError::Hyper(ref e) => e.cause(),
[INFO] [stdout]     |                                          ^^^^^
[INFO] [stdout] 
[INFO] [stdout] 
[INFO] [stdout] warning: use of deprecated associated function `core::str::<impl str>::trim_left_matches`: superseded by `trim_start_matches`
[INFO] [stdout]     --> src/lib.rs:1278:14
[INFO] [stdout]      |
[INFO] [stdout] 1278 |             .trim_left_matches('^')
[INFO] [stdout]      |              ^^^^^^^^^^^^^^^^^ help: replace the use of the deprecated associated function: `trim_start_matches`
[INFO] [stdout] 
[INFO] [stdout] 
[INFO] [stdout] warning: use of deprecated associated function `core::str::<impl str>::trim_right_matches`: superseded by `trim_end_matches`
[INFO] [stdout]     --> src/lib.rs:1279:14
[INFO] [stdout]      |
[INFO] [stdout] 1279 |             .trim_right_matches('$')
[INFO] [stdout]      |              ^^^^^^^^^^^^^^^^^^ help: replace the use of the deprecated associated function: `trim_end_matches`
[INFO] [stdout] 
[INFO] [stdout] 
[INFO] [stdout] warning: use of deprecated associated function `core::str::<impl str>::trim_right_matches`: superseded by `trim_end_matches`
[INFO] [stdout]     --> src/lib.rs:1280:14
[INFO] [stdout]      |
[INFO] [stdout] 1280 |             .trim_right_matches('/');
[INFO] [stdout]      |              ^^^^^^^^^^^^^^^^^^ help: replace the use of the deprecated associated function: `trim_end_matches`
[INFO] [stdout] 
[INFO] [stdout] 
[INFO] [stdout] warning: 12 warnings emitted
[INFO] [stdout] 
[INFO] [stdout] 
[INFO] [stderr]    Compiling base64 v0.9.3
[INFO] [stderr]    Compiling url v1.7.2
[INFO] [stderr]    Compiling mime_guess v2.0.3
[INFO] [stderr]    Compiling flate2 v1.0.20
[INFO] [stderr]    Compiling serde_urlencoded v0.5.5
[INFO] [stderr]    Compiling pest_generator v2.1.3
[INFO] [stderr]    Compiling pest_derive v2.1.0
[INFO] [stderr]    Compiling sct v0.4.0
[INFO] [stderr]    Compiling webpki v0.18.1
[INFO] [stderr]    Compiling ct-logs v0.4.0
[INFO] [stderr]    Compiling rustls v0.14.0
[INFO] [stderr]    Compiling webpki-roots v0.15.0
[INFO] [stderr]    Compiling tokio-rustls v0.8.1
[INFO] [stderr]    Compiling hyper-rustls v0.15.1
[INFO] [stderr]    Compiling yukikaze v0.3.1
[INFO] [stderr]    Compiling direkuta v0.1.8 (/opt/rustwide/workdir)
[INFO] [stdout] warning: trait objects without an explicit `dyn` are deprecated
[INFO] [stdout]    --> src/lib.rs:148:38
[INFO] [stdout]     |
[INFO] [stdout] 148 |     middle: Arc<IndexMap<TypeId, Box<Middle + Send + Sync + 'static>>>,
[INFO] [stdout]     |                                      ^^^^^^^^^^^^^^^^^^^^^^^^^^^^^^ help: use `dyn`: `dyn Middle + Send + Sync + 'static`
[INFO] [stdout]     |
[INFO] [stdout]     = note: `#[warn(bare_trait_objects)]` on by default
[INFO] [stdout]     = warning: this is accepted in the current edition (Rust 2018) but is a hard error in Rust 2021!
[INFO] [stdout]     = note: for more information, see issue #80165 <https://github.com/rust-lang/rust/issues/80165>
[INFO] [stdout] 
[INFO] [stdout] 
[INFO] [stdout] warning: trait objects without an explicit `dyn` are deprecated
[INFO] [stdout]    --> src/lib.rs:326:23
[INFO] [stdout]     |
[INFO] [stdout] 326 |     type Future = Box<Future<Item = Self::Service, Error = Self::InitError> + Send>;
[INFO] [stdout]     |                       ^^^^^^^^^^^^^^^^^^^^^^^^^^^^^^^^^^^^^^^^^^^^^^^^^^^^^^^^^^^^ help: use `dyn`: `dyn Future<Item = Self::Service, Error = Self::InitError> + Send`
[INFO] [stdout]     |
[INFO] [stdout]     = warning: this is accepted in the current edition (Rust 2018) but is a hard error in Rust 2021!
[INFO] [stdout]     = note: for more information, see issue #80165 <https://github.com/rust-lang/rust/issues/80165>
[INFO] [stdout] 
[INFO] [stdout] 
[INFO] [stdout] warning: trait objects without an explicit `dyn` are deprecated
[INFO] [stdout]    --> src/lib.rs:342:23
[INFO] [stdout]     |
[INFO] [stdout] 342 |     type Future = Box<Future<Item = response::Response<Self::ResBody>, Error = Self::Error> + Send>;
[INFO] [stdout]     |                       ^^^^^^^^^^^^^^^^^^^^^^^^^^^^^^^^^^^^^^^^^^^^^^^^^^^^^^^^^^^^^^^^^^^^^^^^^^^^ help: use `dyn`: `dyn Future<Item = response::Response<Self::ResBody>, Error = Self::Error> + Send`
[INFO] [stdout]     |
[INFO] [stdout]     = warning: this is accepted in the current edition (Rust 2018) but is a hard error in Rust 2021!
[INFO] [stdout]     = note: for more information, see issue #80165 <https://github.com/rust-lang/rust/issues/80165>
[INFO] [stdout] 
[INFO] [stdout] 
[INFO] [stdout] warning: trait objects without an explicit `dyn` are deprecated
[INFO] [stdout]    --> src/lib.rs:427:32
[INFO] [stdout]     |
[INFO] [stdout] 427 |     fn cause(&self) -> Option<&Error> {
[INFO] [stdout]     |                                ^^^^^ help: use `dyn`: `dyn Error`
[INFO] [stdout]     |
[INFO] [stdout]     = warning: this is accepted in the current edition (Rust 2018) but is a hard error in Rust 2021!
[INFO] [stdout]     = note: for more information, see issue #80165 <https://github.com/rust-lang/rust/issues/80165>
[INFO] [stdout] 
[INFO] [stdout] 
[INFO] [stdout] warning: trait objects without an explicit `dyn` are deprecated
[INFO] [stdout]    --> src/lib.rs:513:33
[INFO] [stdout]     |
[INFO] [stdout] 513 |     inner: IndexMap<TypeId, Box<Any + Send + Sync + 'static>>,
[INFO] [stdout]     |                                 ^^^^^^^^^^^^^^^^^^^^^^^^^^^ help: use `dyn`: `dyn Any + Send + Sync + 'static`
[INFO] [stdout]     |
[INFO] [stdout]     = warning: this is accepted in the current edition (Rust 2018) but is a hard error in Rust 2021!
[INFO] [stdout]     = note: for more information, see issue #80165 <https://github.com/rust-lang/rust/issues/80165>
[INFO] [stdout] 
[INFO] [stdout] 
[INFO] [stdout] warning: trait objects without an explicit `dyn` are deprecated
[INFO] [stdout]    --> src/lib.rs:805:5
[INFO] [stdout]     |
[INFO] [stdout] 805 | /     Fn(Request, Arc<State>, Capture)
[INFO] [stdout] 806 | |             -> Box<dyn Future<Item = response::Response<Body>, Error = DireError> + Send + 'static>
[INFO] [stdout] 807 | |         + Send
[INFO] [stdout] 808 | |         + Sync
[INFO] [stdout] 809 | |         + 'static;
[INFO] [stdout]     | |_________________^
[INFO] [stdout]     |
[INFO] [stdout]     = warning: this is accepted in the current edition (Rust 2018) but is a hard error in Rust 2021!
[INFO] [stdout]     = note: for more information, see issue #80165 <https://github.com/rust-lang/rust/issues/80165>
[INFO] [stdout] help: use `dyn`
[INFO] [stdout]     |
[INFO] [stdout] 805 |     dyn Fn(Request, Arc<State>, Capture)
[INFO] [stdout] 806 |             -> Box<dyn Future<Item = response::Response<Body>, Error = DireError> + Send + 'static>
[INFO] [stdout] 807 |         + Send
[INFO] [stdout] 808 |         + Sync
[INFO] [stdout] 809 |         + 'static;
[INFO] [stdout]     |
[INFO] [stdout] 
[INFO] [stdout] 
[INFO] [stdout] warning: trait objects without an explicit `dyn` are deprecated
[INFO] [stdout]     --> src/lib.rs:1636:14
[INFO] [stdout]      |
[INFO] [stdout] 1636 |     ) -> Box<Future<Item = response::Response<Body>, Error = DireError> + Send + 'static> {
[INFO] [stdout]      |              ^^^^^^^^^^^^^^^^^^^^^^^^^^^^^^^^^^^^^^^^^^^^^^^^^^^^^^^^^^^^^^^^^^^^^^^^^^^ help: use `dyn`: `dyn Future<Item = response::Response<Body>, Error = DireError> + Send + 'static`
[INFO] [stdout]      |
[INFO] [stdout]      = warning: this is accepted in the current edition (Rust 2018) but is a hard error in Rust 2021!
[INFO] [stdout]      = note: for more information, see issue #80165 <https://github.com/rust-lang/rust/issues/80165>
[INFO] [stdout] 
[INFO] [stdout] 
[INFO] [stdout] warning: use of deprecated associated function `std::error::Error::description`: use the Display impl or to_string()
[INFO] [stdout]    --> src/lib.rs:421:42
[INFO] [stdout]     |
[INFO] [stdout] 421 |             DireError::Hyper(ref e) => e.description(),
[INFO] [stdout]     |                                          ^^^^^^^^^^^
[INFO] [stdout]     |
[INFO] [stdout]     = note: `#[warn(deprecated)]` on by default
[INFO] [stdout] 
[INFO] [stdout] 
[INFO] [stdout] warning: use of deprecated associated function `std::error::Error::cause`: replaced by Error::source, which can support downcasting
[INFO] [stdout]    --> src/lib.rs:429:42
[INFO] [stdout]     |
[INFO] [stdout] 429 |             DireError::Hyper(ref e) => e.cause(),
[INFO] [stdout]     |                                          ^^^^^
[INFO] [stdout] 
[INFO] [stdout] 
[INFO] [stdout] warning: use of deprecated associated function `core::str::<impl str>::trim_left_matches`: superseded by `trim_start_matches`
[INFO] [stdout]     --> src/lib.rs:1278:14
[INFO] [stdout]      |
[INFO] [stdout] 1278 |             .trim_left_matches('^')
[INFO] [stdout]      |              ^^^^^^^^^^^^^^^^^ help: replace the use of the deprecated associated function: `trim_start_matches`
[INFO] [stdout] 
[INFO] [stdout] 
[INFO] [stdout] warning: use of deprecated associated function `core::str::<impl str>::trim_right_matches`: superseded by `trim_end_matches`
[INFO] [stdout]     --> src/lib.rs:1279:14
[INFO] [stdout]      |
[INFO] [stdout] 1279 |             .trim_right_matches('$')
[INFO] [stdout]      |              ^^^^^^^^^^^^^^^^^^ help: replace the use of the deprecated associated function: `trim_end_matches`
[INFO] [stdout] 
[INFO] [stdout] 
[INFO] [stdout] warning: use of deprecated associated function `core::str::<impl str>::trim_right_matches`: superseded by `trim_end_matches`
[INFO] [stdout]     --> src/lib.rs:1280:14
[INFO] [stdout]      |
[INFO] [stdout] 1280 |             .trim_right_matches('/');
[INFO] [stdout]      |              ^^^^^^^^^^^^^^^^^^ help: replace the use of the deprecated associated function: `trim_end_matches`
[INFO] [stdout] 
[INFO] [stdout] 
[INFO] [stdout] warning: 12 warnings emitted
[INFO] [stdout] 
[INFO] [stdout] 
[INFO] [stderr]     Finished test [unoptimized + debuginfo] target(s) in 14.28s
[INFO] running `Command { std: "docker" "inspect" "eccae6dacf799c43482c0e0676c319dba1048b4cb332bfde835bd454b1fda03a", kill_on_drop: false }`
[INFO] running `Command { std: "docker" "rm" "-f" "eccae6dacf799c43482c0e0676c319dba1048b4cb332bfde835bd454b1fda03a", kill_on_drop: false }`
[INFO] [stdout] eccae6dacf799c43482c0e0676c319dba1048b4cb332bfde835bd454b1fda03a
[INFO] running `Command { std: "docker" "create" "-v" "/var/lib/crater-agent-workspace/builds/worker-23/target:/opt/rustwide/target:rw,Z" "-v" "/var/lib/crater-agent-workspace/builds/worker-23/source:/opt/rustwide/workdir:ro,Z" "-v" "/var/lib/crater-agent-workspace/cargo-home:/opt/rustwide/cargo-home:ro,Z" "-v" "/var/lib/crater-agent-workspace/rustup-home:/opt/rustwide/rustup-home:ro,Z" "-e" "SOURCE_DIR=/opt/rustwide/workdir" "-e" "CARGO_TARGET_DIR=/opt/rustwide/target" "-e" "CARGO_INCREMENTAL=0" "-e" "RUST_BACKTRACE=full" "-e" "RUSTFLAGS=--cap-lints=warn" "-e" "CARGO_HOME=/opt/rustwide/cargo-home" "-e" "RUSTUP_HOME=/opt/rustwide/rustup-home" "-w" "/opt/rustwide/workdir" "-m" "1610612736" "--user" "0:0" "--network" "none" "ghcr.io/rust-lang/crates-build-env/linux@sha256:34b6a614d2c27851fe6cbf88fbd1137609cefab8b10d0615aaeb6fd47975d74e" "/opt/rustwide/cargo-home/bin/cargo" "+beta-2021-08-01" "test" "--frozen", kill_on_drop: false }`
[INFO] [stdout] e0be75e2bfcab8f29f5c8cde9b86898fedf2fae6f6ed186cc22f9e9e1c55727c
[INFO] running `Command { std: "docker" "start" "-a" "e0be75e2bfcab8f29f5c8cde9b86898fedf2fae6f6ed186cc22f9e9e1c55727c", kill_on_drop: false }`
[INFO] [stderr] warning: the cargo feature `edition` has been stabilized in the 1.31 release and is no longer necessary to be listed in the manifest
[INFO] [stderr]   See https://doc.rust-lang.org/beta/cargo/reference/manifest.html#the-edition-field for more information about using this feature.
[INFO] [stderr]     Blocking waiting for file lock on package cache
[INFO] [stderr] warning: trait objects without an explicit `dyn` are deprecated
[INFO] [stderr]    --> src/lib.rs:148:38
[INFO] [stderr]     |
[INFO] [stderr] 148 |     middle: Arc<IndexMap<TypeId, Box<Middle + Send + Sync + 'static>>>,
[INFO] [stderr]     |                                      ^^^^^^^^^^^^^^^^^^^^^^^^^^^^^^ help: use `dyn`: `dyn Middle + Send + Sync + 'static`
[INFO] [stderr]     |
[INFO] [stderr]     = note: `#[warn(bare_trait_objects)]` on by default
[INFO] [stderr]     = warning: this is accepted in the current edition (Rust 2018) but is a hard error in Rust 2021!
[INFO] [stderr]     = note: for more information, see issue #80165 <https://github.com/rust-lang/rust/issues/80165>
[INFO] [stderr] 
[INFO] [stderr] warning: trait objects without an explicit `dyn` are deprecated
[INFO] [stderr]    --> src/lib.rs:326:23
[INFO] [stderr]     |
[INFO] [stderr] 326 |     type Future = Box<Future<Item = Self::Service, Error = Self::InitError> + Send>;
[INFO] [stderr]     |                       ^^^^^^^^^^^^^^^^^^^^^^^^^^^^^^^^^^^^^^^^^^^^^^^^^^^^^^^^^^^^ help: use `dyn`: `dyn Future<Item = Self::Service, Error = Self::InitError> + Send`
[INFO] [stderr]     |
[INFO] [stderr]     = warning: this is accepted in the current edition (Rust 2018) but is a hard error in Rust 2021!
[INFO] [stderr]     = note: for more information, see issue #80165 <https://github.com/rust-lang/rust/issues/80165>
[INFO] [stderr] 
[INFO] [stderr] warning: trait objects without an explicit `dyn` are deprecated
[INFO] [stderr]    --> src/lib.rs:342:23
[INFO] [stderr]     |
[INFO] [stderr] 342 |     type Future = Box<Future<Item = response::Response<Self::ResBody>, Error = Self::Error> + Send>;
[INFO] [stderr]     |                       ^^^^^^^^^^^^^^^^^^^^^^^^^^^^^^^^^^^^^^^^^^^^^^^^^^^^^^^^^^^^^^^^^^^^^^^^^^^^ help: use `dyn`: `dyn Future<Item = response::Response<Self::ResBody>, Error = Self::Error> + Send`
[INFO] [stderr]     |
[INFO] [stderr]     = warning: this is accepted in the current edition (Rust 2018) but is a hard error in Rust 2021!
[INFO] [stderr]     = note: for more information, see issue #80165 <https://github.com/rust-lang/rust/issues/80165>
[INFO] [stderr] 
[INFO] [stderr] warning: trait objects without an explicit `dyn` are deprecated
[INFO] [stderr]    --> src/lib.rs:427:32
[INFO] [stderr]     |
[INFO] [stderr] 427 |     fn cause(&self) -> Option<&Error> {
[INFO] [stderr]     |                                ^^^^^ help: use `dyn`: `dyn Error`
[INFO] [stderr]     |
[INFO] [stderr]     = warning: this is accepted in the current edition (Rust 2018) but is a hard error in Rust 2021!
[INFO] [stderr]     = note: for more information, see issue #80165 <https://github.com/rust-lang/rust/issues/80165>
[INFO] [stderr] 
[INFO] [stderr] warning: trait objects without an explicit `dyn` are deprecated
[INFO] [stderr]    --> src/lib.rs:513:33
[INFO] [stderr]     |
[INFO] [stderr] 513 |     inner: IndexMap<TypeId, Box<Any + Send + Sync + 'static>>,
[INFO] [stderr]     |                                 ^^^^^^^^^^^^^^^^^^^^^^^^^^^ help: use `dyn`: `dyn Any + Send + Sync + 'static`
[INFO] [stderr]     |
[INFO] [stderr]     = warning: this is accepted in the current edition (Rust 2018) but is a hard error in Rust 2021!
[INFO] [stderr]     = note: for more information, see issue #80165 <https://github.com/rust-lang/rust/issues/80165>
[INFO] [stderr] 
[INFO] [stderr] warning: trait objects without an explicit `dyn` are deprecated
[INFO] [stderr]    --> src/lib.rs:805:5
[INFO] [stderr]     |
[INFO] [stderr] 805 | /     Fn(Request, Arc<State>, Capture)
[INFO] [stderr] 806 | |             -> Box<dyn Future<Item = response::Response<Body>, Error = DireError> + Send + 'static>
[INFO] [stderr] 807 | |         + Send
[INFO] [stderr] 808 | |         + Sync
[INFO] [stderr] 809 | |         + 'static;
[INFO] [stderr]     | |_________________^
[INFO] [stderr]     |
[INFO] [stderr]     = warning: this is accepted in the current edition (Rust 2018) but is a hard error in Rust 2021!
[INFO] [stderr]     = note: for more information, see issue #80165 <https://github.com/rust-lang/rust/issues/80165>
[INFO] [stderr] help: use `dyn`
[INFO] [stderr]     |
[INFO] [stderr] 805 |     dyn Fn(Request, Arc<State>, Capture)
[INFO] [stderr] 806 |             -> Box<dyn Future<Item = response::Response<Body>, Error = DireError> + Send + 'static>
[INFO] [stderr] 807 |         + Send
[INFO] [stderr] 808 |         + Sync
[INFO] [stderr] 809 |         + 'static;
[INFO] [stderr]     |
[INFO] [stderr] 
[INFO] [stderr] warning: trait objects without an explicit `dyn` are deprecated
[INFO] [stderr]     --> src/lib.rs:1636:14
[INFO] [stderr]      |
[INFO] [stderr] 1636 |     ) -> Box<Future<Item = response::Response<Body>, Error = DireError> + Send + 'static> {
[INFO] [stderr]      |              ^^^^^^^^^^^^^^^^^^^^^^^^^^^^^^^^^^^^^^^^^^^^^^^^^^^^^^^^^^^^^^^^^^^^^^^^^^^ help: use `dyn`: `dyn Future<Item = response::Response<Body>, Error = DireError> + Send + 'static`
[INFO] [stderr]      |
[INFO] [stderr]      = warning: this is accepted in the current edition (Rust 2018) but is a hard error in Rust 2021!
[INFO] [stderr]      = note: for more information, see issue #80165 <https://github.com/rust-lang/rust/issues/80165>
[INFO] [stderr] 
[INFO] [stderr] warning: use of deprecated associated function `std::error::Error::description`: use the Display impl or to_string()
[INFO] [stderr]    --> src/lib.rs:421:42
[INFO] [stderr]     |
[INFO] [stderr] 421 |             DireError::Hyper(ref e) => e.description(),
[INFO] [stderr]     |                                          ^^^^^^^^^^^
[INFO] [stderr]     |
[INFO] [stderr]     = note: `#[warn(deprecated)]` on by default
[INFO] [stderr] 
[INFO] [stderr] warning: use of deprecated associated function `std::error::Error::cause`: replaced by Error::source, which can support downcasting
[INFO] [stderr]    --> src/lib.rs:429:42
[INFO] [stderr]     |
[INFO] [stderr] 429 |             DireError::Hyper(ref e) => e.cause(),
[INFO] [stderr]     |                                          ^^^^^
[INFO] [stderr] 
[INFO] [stderr] warning: use of deprecated associated function `core::str::<impl str>::trim_left_matches`: superseded by `trim_start_matches`
[INFO] [stderr]     --> src/lib.rs:1278:14
[INFO] [stderr]      |
[INFO] [stderr] 1278 |             .trim_left_matches('^')
[INFO] [stderr]      |              ^^^^^^^^^^^^^^^^^ help: replace the use of the deprecated associated function: `trim_start_matches`
[INFO] [stderr] 
[INFO] [stderr] warning: use of deprecated associated function `core::str::<impl str>::trim_right_matches`: superseded by `trim_end_matches`
[INFO] [stderr]     --> src/lib.rs:1279:14
[INFO] [stderr]      |
[INFO] [stderr] 1279 |             .trim_right_matches('$')
[INFO] [stderr]      |              ^^^^^^^^^^^^^^^^^^ help: replace the use of the deprecated associated function: `trim_end_matches`
[INFO] [stderr] 
[INFO] [stderr] warning: use of deprecated associated function `core::str::<impl str>::trim_right_matches`: superseded by `trim_end_matches`
[INFO] [stderr]     --> src/lib.rs:1280:14
[INFO] [stderr]      |
[INFO] [stderr] 1280 |             .trim_right_matches('/');
[INFO] [stderr]      |              ^^^^^^^^^^^^^^^^^^ help: replace the use of the deprecated associated function: `trim_end_matches`
[INFO] [stderr] 
[INFO] [stderr] warning: `direkuta` (lib) generated 12 warnings
[INFO] [stderr] warning: `direkuta` (lib test) generated 12 warnings (12 duplicates)
[INFO] [stderr]     Finished test [unoptimized + debuginfo] target(s) in 0.25s
[INFO] [stderr]      Running unittests (/opt/rustwide/target/debug/deps/direkuta-16db241b1d825c9f)
[INFO] [stdout] 
[INFO] [stdout] running 0 tests
[INFO] [stdout] 
[INFO] [stdout] test result: ok. 0 passed; 0 failed; 0 ignored; 0 measured; 0 filtered out; finished in 0.00s
[INFO] [stdout] 
[INFO] [stderr]    Doc-tests direkuta
[INFO] [stdout] 
[INFO] [stdout] running 53 tests
[INFO] [stdout] test src/lib.rs - (line 11) ... ignored
[INFO] [stdout] test src/lib.rs - (line 25) ... ignored
[INFO] [stdout] test src/lib.rs - (line 46) ... ignored
[INFO] [stdout] test src/lib.rs - (line 74) ... ignored
[INFO] [stdout] test src/lib.rs - Direkuta::run (line 274) ... ignored
[INFO] [stdout] test src/lib.rs - Router (line 830) ... ignored
[INFO] [stdout] test src/lib.rs - Router::delete (line 1044) ... ignored
[INFO] [stdout] test src/lib.rs - Router::get (line 926) ... ignored
[INFO] [stdout] test src/lib.rs - Router::get (line 945) ... ignored
[INFO] [stdout] test src/lib.rs - Router::head (line 1077) ... ignored
[INFO] [stdout] test src/lib.rs - Router::options (line 1110) ... ignored
[INFO] [stdout] test src/lib.rs - Router::path (line 1145) ... ignored
[INFO] [stdout] test src/lib.rs - Router::post (line 978) ... ignored
[INFO] [stdout] test src/lib.rs - Router::put (line 1011) ... ignored
[INFO] [stdout] test src/lib.rs - Router::route (line 863) ... ignored
[INFO] [stdout] test src/lib.rs - Router::route (line 882) ... ignored
[INFO] [stdout] test src/lib.rs - headermap (line 1905) ... FAILED
[INFO] [stdout] test src/lib.rs - Router::route (line 871) ... FAILED
[INFO] [stdout] test src/lib.rs - Router::options (line 1100) ... FAILED
[INFO] [stderr] error: test failed, to rerun pass '--doc'
[INFO] [stderr] 
[INFO] [stderr] Caused by:
[INFO] [stderr]   process didn't exit successfully: `rustdoc --edition=2018 --crate-type lib --crate-name direkuta --test /opt/rustwide/workdir/src/lib.rs -L dependency=/opt/rustwide/target/debug/deps -L dependency=/opt/rustwide/target/debug/deps -L native=/opt/rustwide/target/debug/build/miniz-sys-4619d2ad5751b19e/out -L native=/opt/rustwide/target/debug/build/ring-e5f51adf9b221309/out --extern direkuta=/opt/rustwide/target/debug/deps/libdirekuta-6806ba3c80e475e5.rlib --extern futures=/opt/rustwide/target/debug/deps/libfutures-c39dff430ac81ac9.rlib --extern http=/opt/rustwide/target/debug/deps/libhttp-a6b4079bb55b893a.rlib --extern hyper=/opt/rustwide/target/debug/deps/libhyper-267801923fde4b73.rlib --extern indexmap=/opt/rustwide/target/debug/deps/libindexmap-aaa7679905b2afd3.rlib --extern regex=/opt/rustwide/target/debug/deps/libregex-a3872ea1c1199fca.rlib --extern tokio=/opt/rustwide/target/debug/deps/libtokio-4d9063d725e7cc36.rlib --extern tokio_fs=/opt/rustwide/target/debug/deps/libtokio_fs-e70baeb0b89a461f.rlib --extern yukikaze=/opt/rustwide/target/debug/deps/libyukikaze-297fecc20601267f.rlib -C embed-bitcode=no --cfg 'feature="default"' --error-format human` (signal: 9, SIGKILL: kill)
[INFO] running `Command { std: "docker" "inspect" "e0be75e2bfcab8f29f5c8cde9b86898fedf2fae6f6ed186cc22f9e9e1c55727c", kill_on_drop: false }`
[INFO] running `Command { std: "docker" "rm" "-f" "e0be75e2bfcab8f29f5c8cde9b86898fedf2fae6f6ed186cc22f9e9e1c55727c", kill_on_drop: false }`
[INFO] [stdout] e0be75e2bfcab8f29f5c8cde9b86898fedf2fae6f6ed186cc22f9e9e1c55727c
