[INFO] fetching crate dioxus-core-macro 0.1.1...
[INFO] testing dioxus-core-macro-0.1.1 against beta-2021-08-01 for beta-1.55-1
[INFO] extracting crate dioxus-core-macro 0.1.1 into /workspace/builds/worker-78/source
[INFO] validating manifest of crates.io crate dioxus-core-macro 0.1.1 on toolchain beta-2021-08-01
[INFO] running `Command { std: "/workspace/cargo-home/bin/cargo" "+beta-2021-08-01" "metadata" "--manifest-path" "Cargo.toml" "--no-deps", kill_on_drop: false }`
[INFO] started tweaking crates.io crate dioxus-core-macro 0.1.1
[INFO] finished tweaking crates.io crate dioxus-core-macro 0.1.1
[INFO] tweaked toml for crates.io crate dioxus-core-macro 0.1.1 written to /workspace/builds/worker-78/source/Cargo.toml
[INFO] running `Command { std: "/workspace/cargo-home/bin/cargo" "+beta-2021-08-01" "generate-lockfile" "--manifest-path" "Cargo.toml" "-Zno-index-update", kill_on_drop: false }`
[INFO] [stderr]     Blocking waiting for file lock on package cache
[INFO] running `Command { std: "/workspace/cargo-home/bin/cargo" "+beta-2021-08-01" "fetch" "--manifest-path" "Cargo.toml", kill_on_drop: false }`
[INFO] [stderr]     Blocking waiting for file lock on package cache
[INFO] running `Command { std: "docker" "create" "-v" "/var/lib/crater-agent-workspace/builds/worker-78/target:/opt/rustwide/target:rw,Z" "-v" "/var/lib/crater-agent-workspace/builds/worker-78/source:/opt/rustwide/workdir:ro,Z" "-v" "/var/lib/crater-agent-workspace/cargo-home:/opt/rustwide/cargo-home:ro,Z" "-v" "/var/lib/crater-agent-workspace/rustup-home:/opt/rustwide/rustup-home:ro,Z" "-e" "SOURCE_DIR=/opt/rustwide/workdir" "-e" "CARGO_TARGET_DIR=/opt/rustwide/target" "-e" "CARGO_HOME=/opt/rustwide/cargo-home" "-e" "RUSTUP_HOME=/opt/rustwide/rustup-home" "-w" "/opt/rustwide/workdir" "-m" "1610612736" "--user" "0:0" "--network" "none" "ghcr.io/rust-lang/crates-build-env/linux@sha256:34b6a614d2c27851fe6cbf88fbd1137609cefab8b10d0615aaeb6fd47975d74e" "/opt/rustwide/cargo-home/bin/cargo" "+beta-2021-08-01" "metadata" "--no-deps" "--format-version=1", kill_on_drop: false }`
[INFO] [stdout] 856114c61668288cbf52c451beccb7f36da549a83a3156f64d5fc3e0c9feafba
[INFO] running `Command { std: "docker" "start" "-a" "856114c61668288cbf52c451beccb7f36da549a83a3156f64d5fc3e0c9feafba", kill_on_drop: false }`
[INFO] running `Command { std: "docker" "inspect" "856114c61668288cbf52c451beccb7f36da549a83a3156f64d5fc3e0c9feafba", kill_on_drop: false }`
[INFO] running `Command { std: "docker" "rm" "-f" "856114c61668288cbf52c451beccb7f36da549a83a3156f64d5fc3e0c9feafba", kill_on_drop: false }`
[INFO] [stdout] 856114c61668288cbf52c451beccb7f36da549a83a3156f64d5fc3e0c9feafba
[INFO] running `Command { std: "docker" "create" "-v" "/var/lib/crater-agent-workspace/builds/worker-78/target:/opt/rustwide/target:rw,Z" "-v" "/var/lib/crater-agent-workspace/builds/worker-78/source:/opt/rustwide/workdir:ro,Z" "-v" "/var/lib/crater-agent-workspace/cargo-home:/opt/rustwide/cargo-home:ro,Z" "-v" "/var/lib/crater-agent-workspace/rustup-home:/opt/rustwide/rustup-home:ro,Z" "-e" "SOURCE_DIR=/opt/rustwide/workdir" "-e" "CARGO_TARGET_DIR=/opt/rustwide/target" "-e" "CARGO_INCREMENTAL=0" "-e" "RUST_BACKTRACE=full" "-e" "RUSTFLAGS=--cap-lints=warn" "-e" "CARGO_HOME=/opt/rustwide/cargo-home" "-e" "RUSTUP_HOME=/opt/rustwide/rustup-home" "-w" "/opt/rustwide/workdir" "-m" "1610612736" "--user" "0:0" "--network" "none" "ghcr.io/rust-lang/crates-build-env/linux@sha256:34b6a614d2c27851fe6cbf88fbd1137609cefab8b10d0615aaeb6fd47975d74e" "/opt/rustwide/cargo-home/bin/cargo" "+beta-2021-08-01" "build" "--frozen" "--message-format=json", kill_on_drop: false }`
[INFO] [stdout] d61bf9bfeb71104f9238e1d64eab760102fc884283fe2c7d0ef50d8c4ea0a708
[INFO] running `Command { std: "docker" "start" "-a" "d61bf9bfeb71104f9238e1d64eab760102fc884283fe2c7d0ef50d8c4ea0a708", kill_on_drop: false }`
[INFO] [stderr]    Compiling dioxus-core-macro v0.1.1 (/opt/rustwide/workdir)
[INFO] [stdout] warning: unused imports: `quote_spanned`, `quote`
[INFO] [stdout]  --> src/lib.rs:2:13
[INFO] [stdout]   |
[INFO] [stdout] 2 | use quote::{quote, quote_spanned, ToTokens};
[INFO] [stdout]   |             ^^^^^  ^^^^^^^^^^^^^
[INFO] [stdout]   |
[INFO] [stdout]   = note: `#[warn(unused_imports)]` on by default
[INFO] [stdout] 
[INFO] [stdout] 
[INFO] [stdout] warning: unused import: `syn::spanned::Spanned`
[INFO] [stdout]  --> src/lib.rs:3:5
[INFO] [stdout]   |
[INFO] [stdout] 3 | use syn::spanned::Spanned;
[INFO] [stdout]   |     ^^^^^^^^^^^^^^^^^^^^^
[INFO] [stdout] 
[INFO] [stdout] 
[INFO] [stdout] warning: unused imports: `ParseStream`, `Parse`, `Signature`
[INFO] [stdout]  --> src/lib.rs:5:13
[INFO] [stdout]   |
[INFO] [stdout] 5 |     parse::{Parse, ParseStream},
[INFO] [stdout]   |             ^^^^^  ^^^^^^^^^^^
[INFO] [stdout] 6 |     Signature,
[INFO] [stdout]   |     ^^^^^^^^^
[INFO] [stdout] 
[INFO] [stdout] 
[INFO] [stdout] warning: unused imports: `Attribute`, `Block`, `FnArg`, `Ident`, `ItemFn`, `Item`, `ReturnType`, `Type`, `Visibility`
[INFO] [stdout]  --> src/lib.rs:9:24
[INFO] [stdout]   |
[INFO] [stdout] 9 |     parse_macro_input, Attribute, Block, FnArg, Ident, Item, ItemFn, ReturnType, Type, Visibility,
[INFO] [stdout]   |                        ^^^^^^^^^  ^^^^^  ^^^^^  ^^^^^  ^^^^  ^^^^^^  ^^^^^^^^^^  ^^^^  ^^^^^^^^^^
[INFO] [stdout] 
[INFO] [stdout] 
[INFO] [stdout] warning: unused import: `quote_spanned`
[INFO] [stdout]  --> src/fc.rs:2:20
[INFO] [stdout]   |
[INFO] [stdout] 2 | use quote::{quote, quote_spanned, ToTokens};
[INFO] [stdout]   |                    ^^^^^^^^^^^^^
[INFO] [stdout] 
[INFO] [stdout] 
[INFO] [stdout] warning: unused import: `syn::spanned::Spanned`
[INFO] [stdout]  --> src/fc.rs:3:5
[INFO] [stdout]   |
[INFO] [stdout] 3 | use syn::spanned::Spanned;
[INFO] [stdout]   |     ^^^^^^^^^^^^^^^^^^^^^
[INFO] [stdout] 
[INFO] [stdout] 
[INFO] [stdout] warning: unused import: `parse_macro_input`
[INFO] [stdout]  --> src/fc.rs:9:5
[INFO] [stdout]   |
[INFO] [stdout] 9 |     parse_macro_input, Attribute, Block, FnArg, Ident, Item, ItemFn, ReturnType, Type, Visibility,
[INFO] [stdout]   |     ^^^^^^^^^^^^^^^^^
[INFO] [stdout] 
[INFO] [stdout] 
[INFO] [stdout] warning: unused imports: `LitBool`, `Path`, `Span`, `proc_macro::TokenStream`
[INFO] [stdout]   --> src/htm.rs:17:5
[INFO] [stdout]    |
[INFO] [stdout] 17 |     proc_macro::TokenStream,
[INFO] [stdout]    |     ^^^^^^^^^^^^^^^^^^^^^^^
[INFO] [stdout] 18 |     proc_macro2::{Span, TokenStream as TokenStream2},
[INFO] [stdout]    |                   ^^^^
[INFO] [stdout] ...
[INFO] [stdout] 23 |         token, Error, Expr, ExprClosure, Ident, LitBool, LitStr, Path, Result, Token,
[INFO] [stdout]    |                                                 ^^^^^^^          ^^^^
[INFO] [stdout] 
[INFO] [stdout] 
[INFO] [stdout] warning: unused macro definition
[INFO] [stdout]   --> src/ifmt.rs:15:1
[INFO] [stdout]    |
[INFO] [stdout] 15 | / macro_rules! debug_input {
[INFO] [stdout] 16 | |     ($expr:expr) => {
[INFO] [stdout] 17 | |         $expr
[INFO] [stdout] 18 | |     };
[INFO] [stdout] 19 | | }
[INFO] [stdout]    | |_^
[INFO] [stdout]    |
[INFO] [stdout]    = note: `#[warn(unused_macros)]` on by default
[INFO] [stdout] 
[INFO] [stdout] 
[INFO] [stdout] warning: unused macro definition
[INFO] [stdout]   --> src/ifmt.rs:22:1
[INFO] [stdout]    |
[INFO] [stdout] 22 | / macro_rules! debug_input {
[INFO] [stdout] 23 | |     ($expr:expr) => {
[INFO] [stdout] 24 | |         match $expr {
[INFO] [stdout] 25 | |             expr => {
[INFO] [stdout] ...  |
[INFO] [stdout] 30 | |     };
[INFO] [stdout] 31 | | }
[INFO] [stdout]    | |_^
[INFO] [stdout] 
[INFO] [stdout] 
[INFO] [stdout] warning: unused macro definition
[INFO] [stdout]   --> src/ifmt.rs:34:1
[INFO] [stdout]    |
[INFO] [stdout] 34 | / macro_rules! debug_output {
[INFO] [stdout] 35 | |     ($expr:expr) => {
[INFO] [stdout] 36 | |         $expr
[INFO] [stdout] 37 | |     };
[INFO] [stdout] 38 | | }
[INFO] [stdout]    | |_^
[INFO] [stdout] 
[INFO] [stdout] 
[INFO] [stdout] warning: unused variable: `attr`
[INFO] [stdout]   --> src/lib.rs:31:11
[INFO] [stdout]    |
[INFO] [stdout] 31 | pub fn fc(attr: TokenStream, item: TokenStream) -> TokenStream {
[INFO] [stdout]    |           ^^^^ help: if this is intentional, prefix it with an underscore: `_attr`
[INFO] [stdout]    |
[INFO] [stdout]    = note: `#[warn(unused_variables)]` on by default
[INFO] [stdout] 
[INFO] [stdout] 
[INFO] [stdout] warning: unused variable: `props_type`
[INFO] [stdout]   --> src/fc.rs:20:9
[INFO] [stdout]    |
[INFO] [stdout] 20 |         props_type,
[INFO] [stdout]    |         ^^^^^^^^^^ help: try ignoring the field: `props_type: _`
[INFO] [stdout] 
[INFO] [stdout] 
[INFO] [stdout] warning: unused variable: `arg`
[INFO] [stdout]   --> src/fc.rs:21:9
[INFO] [stdout]    |
[INFO] [stdout] 21 |         arg,
[INFO] [stdout]    |         ^^^ help: try ignoring the field: `arg: _`
[INFO] [stdout] 
[INFO] [stdout] 
[INFO] [stdout] warning: unused variable: `vis`
[INFO] [stdout]   --> src/fc.rs:22:9
[INFO] [stdout]    |
[INFO] [stdout] 22 |         vis,
[INFO] [stdout]    |         ^^^ help: try ignoring the field: `vis: _`
[INFO] [stdout] 
[INFO] [stdout] 
[INFO] [stdout] warning: unused variable: `attrs`
[INFO] [stdout]   --> src/fc.rs:23:9
[INFO] [stdout]    |
[INFO] [stdout] 23 |         attrs,
[INFO] [stdout]    |         ^^^^^ help: try ignoring the field: `attrs: _`
[INFO] [stdout] 
[INFO] [stdout] 
[INFO] [stdout] warning: unused variable: `return_type`
[INFO] [stdout]   --> src/fc.rs:25:9
[INFO] [stdout]    |
[INFO] [stdout] 25 |         return_type,
[INFO] [stdout]    |         ^^^^^^^^^^^ help: try ignoring the field: `return_type: _`
[INFO] [stdout] 
[INFO] [stdout] 
[INFO] [stdout] warning: unused variable: `attrs`
[INFO] [stdout]    --> src/fc.rs:179:17
[INFO] [stdout]     |
[INFO] [stdout] 179 |                 attrs,
[INFO] [stdout]     |                 ^^^^^ help: try ignoring the field: `attrs: _`
[INFO] [stdout] 
[INFO] [stdout] 
[INFO] [stdout] warning: unused variable: `vis`
[INFO] [stdout]    --> src/fc.rs:180:17
[INFO] [stdout]     |
[INFO] [stdout] 180 |                 vis,
[INFO] [stdout]     |                 ^^^ help: try ignoring the field: `vis: _`
[INFO] [stdout] 
[INFO] [stdout] 
[INFO] [stdout] warning: unused variable: `static_token`
[INFO] [stdout]    --> src/fc.rs:181:17
[INFO] [stdout]     |
[INFO] [stdout] 181 |                 static_token,
[INFO] [stdout]     |                 ^^^^^^^^^^^^ help: try ignoring the field: `static_token: _`
[INFO] [stdout] 
[INFO] [stdout] 
[INFO] [stdout] warning: unused variable: `mutability`
[INFO] [stdout]    --> src/fc.rs:182:17
[INFO] [stdout]     |
[INFO] [stdout] 182 |                 mutability,
[INFO] [stdout]     |                 ^^^^^^^^^^ help: try ignoring the field: `mutability: _`
[INFO] [stdout] 
[INFO] [stdout] 
[INFO] [stdout] warning: unused variable: `ident`
[INFO] [stdout]    --> src/fc.rs:183:17
[INFO] [stdout]     |
[INFO] [stdout] 183 |                 ident,
[INFO] [stdout]     |                 ^^^^^ help: try ignoring the field: `ident: _`
[INFO] [stdout] 
[INFO] [stdout] 
[INFO] [stdout] warning: unused variable: `colon_token`
[INFO] [stdout]    --> src/fc.rs:184:17
[INFO] [stdout]     |
[INFO] [stdout] 184 |                 colon_token,
[INFO] [stdout]     |                 ^^^^^^^^^^^ help: try ignoring the field: `colon_token: _`
[INFO] [stdout] 
[INFO] [stdout] 
[INFO] [stdout] warning: unused variable: `eq_token`
[INFO] [stdout]    --> src/fc.rs:186:17
[INFO] [stdout]     |
[INFO] [stdout] 186 |                 eq_token,
[INFO] [stdout]     |                 ^^^^^^^^ help: try ignoring the field: `eq_token: _`
[INFO] [stdout] 
[INFO] [stdout] 
[INFO] [stdout] warning: unused variable: `expr`
[INFO] [stdout]    --> src/fc.rs:187:17
[INFO] [stdout]     |
[INFO] [stdout] 187 |                 expr,
[INFO] [stdout]     |                 ^^^^ help: try ignoring the field: `expr: _`
[INFO] [stdout] 
[INFO] [stdout] 
[INFO] [stdout] warning: unused variable: `semi_token`
[INFO] [stdout]    --> src/fc.rs:188:17
[INFO] [stdout]     |
[INFO] [stdout] 188 |                 semi_token,
[INFO] [stdout]     |                 ^^^^^^^^^^ help: try ignoring the field: `semi_token: _`
[INFO] [stdout] 
[INFO] [stdout] 
[INFO] [stdout] warning: unused variable: `bare`
[INFO] [stdout]    --> src/fc.rs:191:30
[INFO] [stdout]     |
[INFO] [stdout] 191 |                 Type::BareFn(bare) => {}
[INFO] [stdout]     |                              ^^^^ help: if this is intentional, prefix it with an underscore: `_bare`
[INFO] [stdout] 
[INFO] [stdout] 
[INFO] [stdout] warning: unused variable: `children`
[INFO] [stdout]    --> src/htm.rs:183:17
[INFO] [stdout]     |
[INFO] [stdout] 183 |         let mut children: Vec<Node> = vec![];
[INFO] [stdout]     |                 ^^^^^^^^ help: if this is intentional, prefix it with an underscore: `_children`
[INFO] [stdout] 
[INFO] [stdout] 
[INFO] [stdout] warning: unused variable: `attr_stream`
[INFO] [stdout]    --> src/htm.rs:292:17
[INFO] [stdout]     |
[INFO] [stdout] 292 |         let mut attr_stream = TokenStream2::new();
[INFO] [stdout]     |                 ^^^^^^^^^^^ help: if this is intentional, prefix it with an underscore: `_attr_stream`
[INFO] [stdout] 
[INFO] [stdout] 
[INFO] [stdout] warning: variable does not need to be mutable
[INFO] [stdout]    --> src/htm.rs:183:13
[INFO] [stdout]     |
[INFO] [stdout] 183 |         let mut children: Vec<Node> = vec![];
[INFO] [stdout]     |             ----^^^^^^^^
[INFO] [stdout]     |             |
[INFO] [stdout]     |             help: remove this `mut`
[INFO] [stdout]     |
[INFO] [stdout]     = note: `#[warn(unused_mut)]` on by default
[INFO] [stdout] 
[INFO] [stdout] 
[INFO] [stdout] warning: variable does not need to be mutable
[INFO] [stdout]    --> src/htm.rs:292:13
[INFO] [stdout]     |
[INFO] [stdout] 292 |         let mut attr_stream = TokenStream2::new();
[INFO] [stdout]     |             ----^^^^^^^^^^^
[INFO] [stdout]     |             |
[INFO] [stdout]     |             help: remove this `mut`
[INFO] [stdout] 
[INFO] [stdout] 
[INFO] [stdout] warning: function is never used: `collect_inline_args`
[INFO] [stdout]    --> src/fc.rs:305:8
[INFO] [stdout]     |
[INFO] [stdout] 305 | pub fn collect_inline_args() {}
[INFO] [stdout]     |        ^^^^^^^^^^^^^^^^^^^
[INFO] [stdout]     |
[INFO] [stdout]     = note: `#[warn(dead_code)]` on by default
[INFO] [stdout] 
[INFO] [stdout] 
[INFO] [stdout] warning: field is never read: `component_name`
[INFO] [stdout]    --> src/fc.rs:309:5
[INFO] [stdout]     |
[INFO] [stdout] 309 |     component_name: Ident,
[INFO] [stdout]     |     ^^^^^^^^^^^^^^^^^^^^^
[INFO] [stdout] 
[INFO] [stdout] 
[INFO] [stdout] warning: associated function is never used: `peek`
[INFO] [stdout]    --> src/htm.rs:116:8
[INFO] [stdout]     |
[INFO] [stdout] 116 |     fn peek(s: ParseStream) -> bool {
[INFO] [stdout]     |        ^^^^
[INFO] [stdout] 
[INFO] [stdout] 
[INFO] [stdout] warning: 34 warnings emitted
[INFO] [stdout] 
[INFO] [stdout] 
[INFO] [stderr]     Finished dev [unoptimized + debuginfo] target(s) in 2.30s
[INFO] running `Command { std: "docker" "inspect" "d61bf9bfeb71104f9238e1d64eab760102fc884283fe2c7d0ef50d8c4ea0a708", kill_on_drop: false }`
[INFO] running `Command { std: "docker" "rm" "-f" "d61bf9bfeb71104f9238e1d64eab760102fc884283fe2c7d0ef50d8c4ea0a708", kill_on_drop: false }`
[INFO] [stdout] d61bf9bfeb71104f9238e1d64eab760102fc884283fe2c7d0ef50d8c4ea0a708
[INFO] running `Command { std: "docker" "create" "-v" "/var/lib/crater-agent-workspace/builds/worker-78/target:/opt/rustwide/target:rw,Z" "-v" "/var/lib/crater-agent-workspace/builds/worker-78/source:/opt/rustwide/workdir:ro,Z" "-v" "/var/lib/crater-agent-workspace/cargo-home:/opt/rustwide/cargo-home:ro,Z" "-v" "/var/lib/crater-agent-workspace/rustup-home:/opt/rustwide/rustup-home:ro,Z" "-e" "SOURCE_DIR=/opt/rustwide/workdir" "-e" "CARGO_TARGET_DIR=/opt/rustwide/target" "-e" "CARGO_INCREMENTAL=0" "-e" "RUST_BACKTRACE=full" "-e" "RUSTFLAGS=--cap-lints=warn" "-e" "CARGO_HOME=/opt/rustwide/cargo-home" "-e" "RUSTUP_HOME=/opt/rustwide/rustup-home" "-w" "/opt/rustwide/workdir" "-m" "1610612736" "--user" "0:0" "--network" "none" "ghcr.io/rust-lang/crates-build-env/linux@sha256:34b6a614d2c27851fe6cbf88fbd1137609cefab8b10d0615aaeb6fd47975d74e" "/opt/rustwide/cargo-home/bin/cargo" "+beta-2021-08-01" "test" "--frozen" "--no-run" "--message-format=json", kill_on_drop: false }`
[INFO] [stdout] 81116a10e9628e73813520967dde02f4970fb235bbece9b8177bd9e07e3a851f
[INFO] running `Command { std: "docker" "start" "-a" "81116a10e9628e73813520967dde02f4970fb235bbece9b8177bd9e07e3a851f", kill_on_drop: false }`
[INFO] [stderr]    Compiling rustversion v1.0.5
[INFO] [stderr]    Compiling trybuild v1.0.43
[INFO] [stderr]    Compiling glob v0.3.0
[INFO] [stderr]    Compiling serde_derive v1.0.127
[INFO] [stdout] warning: unused imports: `quote_spanned`, `quote`
[INFO] [stdout]  --> src/lib.rs:2:13
[INFO] [stdout]   |
[INFO] [stdout] 2 | use quote::{quote, quote_spanned, ToTokens};
[INFO] [stdout]   |             ^^^^^  ^^^^^^^^^^^^^
[INFO] [stdout]   |
[INFO] [stdout]   = note: `#[warn(unused_imports)]` on by default
[INFO] [stdout] 
[INFO] [stdout] 
[INFO] [stdout] warning: unused import: `syn::spanned::Spanned`
[INFO] [stdout]  --> src/lib.rs:3:5
[INFO] [stdout]   |
[INFO] [stdout] 3 | use syn::spanned::Spanned;
[INFO] [stdout]   |     ^^^^^^^^^^^^^^^^^^^^^
[INFO] [stdout] 
[INFO] [stdout] 
[INFO] [stdout] warning: unused imports: `ParseStream`, `Parse`, `Signature`
[INFO] [stdout]  --> src/lib.rs:5:13
[INFO] [stdout]   |
[INFO] [stdout] 5 |     parse::{Parse, ParseStream},
[INFO] [stdout]   |             ^^^^^  ^^^^^^^^^^^
[INFO] [stdout] 6 |     Signature,
[INFO] [stdout]   |     ^^^^^^^^^
[INFO] [stdout] 
[INFO] [stdout] 
[INFO] [stdout] warning: unused imports: `Attribute`, `Block`, `FnArg`, `Ident`, `ItemFn`, `Item`, `ReturnType`, `Type`, `Visibility`
[INFO] [stdout]  --> src/lib.rs:9:24
[INFO] [stdout]   |
[INFO] [stdout] 9 |     parse_macro_input, Attribute, Block, FnArg, Ident, Item, ItemFn, ReturnType, Type, Visibility,
[INFO] [stdout]   |                        ^^^^^^^^^  ^^^^^  ^^^^^  ^^^^^  ^^^^  ^^^^^^  ^^^^^^^^^^  ^^^^  ^^^^^^^^^^
[INFO] [stdout] 
[INFO] [stdout] 
[INFO] [stdout] warning: unused import: `quote_spanned`
[INFO] [stdout]  --> src/fc.rs:2:20
[INFO] [stdout]   |
[INFO] [stdout] 2 | use quote::{quote, quote_spanned, ToTokens};
[INFO] [stdout]   |                    ^^^^^^^^^^^^^
[INFO] [stdout] 
[INFO] [stdout] 
[INFO] [stdout] warning: unused import: `syn::spanned::Spanned`
[INFO] [stdout]  --> src/fc.rs:3:5
[INFO] [stdout]   |
[INFO] [stdout] 3 | use syn::spanned::Spanned;
[INFO] [stdout]   |     ^^^^^^^^^^^^^^^^^^^^^
[INFO] [stdout] 
[INFO] [stdout] 
[INFO] [stdout] warning: unused import: `parse_macro_input`
[INFO] [stdout]  --> src/fc.rs:9:5
[INFO] [stdout]   |
[INFO] [stdout] 9 |     parse_macro_input, Attribute, Block, FnArg, Ident, Item, ItemFn, ReturnType, Type, Visibility,
[INFO] [stdout]   |     ^^^^^^^^^^^^^^^^^
[INFO] [stdout] 
[INFO] [stdout] 
[INFO] [stdout] warning: unused imports: `LitBool`, `Path`, `Span`, `proc_macro::TokenStream`
[INFO] [stdout]   --> src/htm.rs:17:5
[INFO] [stdout]    |
[INFO] [stdout] 17 |     proc_macro::TokenStream,
[INFO] [stdout]    |     ^^^^^^^^^^^^^^^^^^^^^^^
[INFO] [stdout] 18 |     proc_macro2::{Span, TokenStream as TokenStream2},
[INFO] [stdout]    |                   ^^^^
[INFO] [stdout] ...
[INFO] [stdout] 23 |         token, Error, Expr, ExprClosure, Ident, LitBool, LitStr, Path, Result, Token,
[INFO] [stdout]    |                                                 ^^^^^^^          ^^^^
[INFO] [stdout] 
[INFO] [stdout] 
[INFO] [stdout] warning: unused macro definition
[INFO] [stdout]   --> src/ifmt.rs:15:1
[INFO] [stdout]    |
[INFO] [stdout] 15 | / macro_rules! debug_input {
[INFO] [stdout] 16 | |     ($expr:expr) => {
[INFO] [stdout] 17 | |         $expr
[INFO] [stdout] 18 | |     };
[INFO] [stdout] 19 | | }
[INFO] [stdout]    | |_^
[INFO] [stdout]    |
[INFO] [stdout]    = note: `#[warn(unused_macros)]` on by default
[INFO] [stdout] 
[INFO] [stdout] 
[INFO] [stdout] warning: unused macro definition
[INFO] [stdout]   --> src/ifmt.rs:22:1
[INFO] [stdout]    |
[INFO] [stdout] 22 | / macro_rules! debug_input {
[INFO] [stdout] 23 | |     ($expr:expr) => {
[INFO] [stdout] 24 | |         match $expr {
[INFO] [stdout] 25 | |             expr => {
[INFO] [stdout] ...  |
[INFO] [stdout] 30 | |     };
[INFO] [stdout] 31 | | }
[INFO] [stdout]    | |_^
[INFO] [stdout] 
[INFO] [stdout] 
[INFO] [stdout] warning: unused macro definition
[INFO] [stdout]   --> src/ifmt.rs:34:1
[INFO] [stdout]    |
[INFO] [stdout] 34 | / macro_rules! debug_output {
[INFO] [stdout] 35 | |     ($expr:expr) => {
[INFO] [stdout] 36 | |         $expr
[INFO] [stdout] 37 | |     };
[INFO] [stdout] 38 | | }
[INFO] [stdout]    | |_^
[INFO] [stdout] 
[INFO] [stdout] 
[INFO] [stdout] warning: unused variable: `attr`
[INFO] [stdout]   --> src/lib.rs:31:11
[INFO] [stdout]    |
[INFO] [stdout] 31 | pub fn fc(attr: TokenStream, item: TokenStream) -> TokenStream {
[INFO] [stdout]    |           ^^^^ help: if this is intentional, prefix it with an underscore: `_attr`
[INFO] [stdout]    |
[INFO] [stdout]    = note: `#[warn(unused_variables)]` on by default
[INFO] [stdout] 
[INFO] [stdout] 
[INFO] [stdout] warning: unused variable: `props_type`
[INFO] [stdout]   --> src/fc.rs:20:9
[INFO] [stdout]    |
[INFO] [stdout] 20 |         props_type,
[INFO] [stdout]    |         ^^^^^^^^^^ help: try ignoring the field: `props_type: _`
[INFO] [stdout] 
[INFO] [stdout] 
[INFO] [stdout] warning: unused variable: `arg`
[INFO] [stdout]   --> src/fc.rs:21:9
[INFO] [stdout]    |
[INFO] [stdout] 21 |         arg,
[INFO] [stdout]    |         ^^^ help: try ignoring the field: `arg: _`
[INFO] [stdout] 
[INFO] [stdout] 
[INFO] [stdout] warning: unused variable: `vis`
[INFO] [stdout]   --> src/fc.rs:22:9
[INFO] [stdout]    |
[INFO] [stdout] 22 |         vis,
[INFO] [stdout]    |         ^^^ help: try ignoring the field: `vis: _`
[INFO] [stdout] 
[INFO] [stdout] 
[INFO] [stdout] warning: unused variable: `attrs`
[INFO] [stdout]   --> src/fc.rs:23:9
[INFO] [stdout]    |
[INFO] [stdout] 23 |         attrs,
[INFO] [stdout]    |         ^^^^^ help: try ignoring the field: `attrs: _`
[INFO] [stdout] 
[INFO] [stdout] 
[INFO] [stdout] warning: unused variable: `return_type`
[INFO] [stdout]   --> src/fc.rs:25:9
[INFO] [stdout]    |
[INFO] [stdout] 25 |         return_type,
[INFO] [stdout]    |         ^^^^^^^^^^^ help: try ignoring the field: `return_type: _`
[INFO] [stdout] 
[INFO] [stdout] 
[INFO] [stdout] warning: unused variable: `attrs`
[INFO] [stdout]    --> src/fc.rs:179:17
[INFO] [stdout]     |
[INFO] [stdout] 179 |                 attrs,
[INFO] [stdout]     |                 ^^^^^ help: try ignoring the field: `attrs: _`
[INFO] [stdout] 
[INFO] [stdout] 
[INFO] [stdout] warning: unused variable: `vis`
[INFO] [stdout]    --> src/fc.rs:180:17
[INFO] [stdout]     |
[INFO] [stdout] 180 |                 vis,
[INFO] [stdout]     |                 ^^^ help: try ignoring the field: `vis: _`
[INFO] [stdout] 
[INFO] [stdout] 
[INFO] [stdout] warning: unused variable: `static_token`
[INFO] [stdout]    --> src/fc.rs:181:17
[INFO] [stdout]     |
[INFO] [stdout] 181 |                 static_token,
[INFO] [stdout]     |                 ^^^^^^^^^^^^ help: try ignoring the field: `static_token: _`
[INFO] [stdout] 
[INFO] [stdout] 
[INFO] [stdout] warning: unused variable: `mutability`
[INFO] [stdout]    --> src/fc.rs:182:17
[INFO] [stdout]     |
[INFO] [stdout] 182 |                 mutability,
[INFO] [stdout]     |                 ^^^^^^^^^^ help: try ignoring the field: `mutability: _`
[INFO] [stdout] 
[INFO] [stdout] 
[INFO] [stdout] warning: unused variable: `ident`
[INFO] [stdout]    --> src/fc.rs:183:17
[INFO] [stdout]     |
[INFO] [stdout] 183 |                 ident,
[INFO] [stdout]     |                 ^^^^^ help: try ignoring the field: `ident: _`
[INFO] [stdout] 
[INFO] [stdout] 
[INFO] [stdout] warning: unused variable: `colon_token`
[INFO] [stdout]    --> src/fc.rs:184:17
[INFO] [stdout]     |
[INFO] [stdout] 184 |                 colon_token,
[INFO] [stdout]     |                 ^^^^^^^^^^^ help: try ignoring the field: `colon_token: _`
[INFO] [stdout] 
[INFO] [stdout] 
[INFO] [stdout] warning: unused variable: `eq_token`
[INFO] [stdout]    --> src/fc.rs:186:17
[INFO] [stdout]     |
[INFO] [stdout] 186 |                 eq_token,
[INFO] [stdout]     |                 ^^^^^^^^ help: try ignoring the field: `eq_token: _`
[INFO] [stdout] 
[INFO] [stdout] 
[INFO] [stdout] warning: unused variable: `expr`
[INFO] [stdout]    --> src/fc.rs:187:17
[INFO] [stdout]     |
[INFO] [stdout] 187 |                 expr,
[INFO] [stdout]     |                 ^^^^ help: try ignoring the field: `expr: _`
[INFO] [stdout] 
[INFO] [stdout] 
[INFO] [stdout] warning: unused variable: `semi_token`
[INFO] [stdout]    --> src/fc.rs:188:17
[INFO] [stdout]     |
[INFO] [stdout] 188 |                 semi_token,
[INFO] [stdout]     |                 ^^^^^^^^^^ help: try ignoring the field: `semi_token: _`
[INFO] [stdout] 
[INFO] [stdout] 
[INFO] [stdout] warning: unused variable: `bare`
[INFO] [stdout]    --> src/fc.rs:191:30
[INFO] [stdout]     |
[INFO] [stdout] 191 |                 Type::BareFn(bare) => {}
[INFO] [stdout]     |                              ^^^^ help: if this is intentional, prefix it with an underscore: `_bare`
[INFO] [stdout] 
[INFO] [stdout] 
[INFO] [stdout] warning: unused variable: `children`
[INFO] [stdout]    --> src/htm.rs:183:17
[INFO] [stdout]     |
[INFO] [stdout] 183 |         let mut children: Vec<Node> = vec![];
[INFO] [stdout]     |                 ^^^^^^^^ help: if this is intentional, prefix it with an underscore: `_children`
[INFO] [stdout] 
[INFO] [stdout] 
[INFO] [stdout] warning: unused variable: `attr_stream`
[INFO] [stdout]    --> src/htm.rs:292:17
[INFO] [stdout]     |
[INFO] [stdout] 292 |         let mut attr_stream = TokenStream2::new();
[INFO] [stdout]     |                 ^^^^^^^^^^^ help: if this is intentional, prefix it with an underscore: `_attr_stream`
[INFO] [stdout] 
[INFO] [stdout] 
[INFO] [stdout] warning: variable does not need to be mutable
[INFO] [stdout]    --> src/htm.rs:183:13
[INFO] [stdout]     |
[INFO] [stdout] 183 |         let mut children: Vec<Node> = vec![];
[INFO] [stdout]     |             ----^^^^^^^^
[INFO] [stdout]     |             |
[INFO] [stdout]     |             help: remove this `mut`
[INFO] [stdout]     |
[INFO] [stdout]     = note: `#[warn(unused_mut)]` on by default
[INFO] [stdout] 
[INFO] [stdout] 
[INFO] [stdout] warning: variable does not need to be mutable
[INFO] [stdout]    --> src/htm.rs:292:13
[INFO] [stdout]     |
[INFO] [stdout] 292 |         let mut attr_stream = TokenStream2::new();
[INFO] [stdout]     |             ----^^^^^^^^^^^
[INFO] [stdout]     |             |
[INFO] [stdout]     |             help: remove this `mut`
[INFO] [stdout] 
[INFO] [stdout] 
[INFO] [stdout] warning: function is never used: `collect_inline_args`
[INFO] [stdout]    --> src/fc.rs:305:8
[INFO] [stdout]     |
[INFO] [stdout] 305 | pub fn collect_inline_args() {}
[INFO] [stdout]     |        ^^^^^^^^^^^^^^^^^^^
[INFO] [stdout]     |
[INFO] [stdout]     = note: `#[warn(dead_code)]` on by default
[INFO] [stdout] 
[INFO] [stdout] 
[INFO] [stdout] warning: field is never read: `component_name`
[INFO] [stdout]    --> src/fc.rs:309:5
[INFO] [stdout]     |
[INFO] [stdout] 309 |     component_name: Ident,
[INFO] [stdout]     |     ^^^^^^^^^^^^^^^^^^^^^
[INFO] [stdout] 
[INFO] [stdout] 
[INFO] [stdout] warning: associated function is never used: `peek`
[INFO] [stdout]    --> src/htm.rs:116:8
[INFO] [stdout]     |
[INFO] [stdout] 116 |     fn peek(s: ParseStream) -> bool {
[INFO] [stdout]     |        ^^^^
[INFO] [stdout] 
[INFO] [stdout] 
[INFO] [stdout] warning: 34 warnings emitted
[INFO] [stdout] 
[INFO] [stdout] 
[INFO] [stderr]    Compiling serde v1.0.127
[INFO] [stderr]    Compiling toml v0.5.8
[INFO] [stderr]    Compiling serde_json v1.0.66
[INFO] [stderr]    Compiling dioxus-core-macro v0.1.1 (/opt/rustwide/workdir)
[INFO] [stdout] warning: unused imports: `quote_spanned`, `quote`
[INFO] [stdout]  --> src/lib.rs:2:13
[INFO] [stdout]   |
[INFO] [stdout] 2 | use quote::{quote, quote_spanned, ToTokens};
[INFO] [stdout]   |             ^^^^^  ^^^^^^^^^^^^^
[INFO] [stdout]   |
[INFO] [stdout]   = note: `#[warn(unused_imports)]` on by default
[INFO] [stdout] 
[INFO] [stdout] 
[INFO] [stdout] warning: unused import: `syn::spanned::Spanned`
[INFO] [stdout]  --> src/lib.rs:3:5
[INFO] [stdout]   |
[INFO] [stdout] 3 | use syn::spanned::Spanned;
[INFO] [stdout]   |     ^^^^^^^^^^^^^^^^^^^^^
[INFO] [stdout] 
[INFO] [stdout] 
[INFO] [stdout] warning: unused imports: `ParseStream`, `Parse`, `Signature`
[INFO] [stdout]  --> src/lib.rs:5:13
[INFO] [stdout]   |
[INFO] [stdout] 5 |     parse::{Parse, ParseStream},
[INFO] [stdout]   |             ^^^^^  ^^^^^^^^^^^
[INFO] [stdout] 6 |     Signature,
[INFO] [stdout]   |     ^^^^^^^^^
[INFO] [stdout] 
[INFO] [stdout] 
[INFO] [stdout] warning: unused imports: `Attribute`, `Block`, `FnArg`, `Ident`, `ItemFn`, `Item`, `ReturnType`, `Type`, `Visibility`
[INFO] [stdout]  --> src/lib.rs:9:24
[INFO] [stdout]   |
[INFO] [stdout] 9 |     parse_macro_input, Attribute, Block, FnArg, Ident, Item, ItemFn, ReturnType, Type, Visibility,
[INFO] [stdout]   |                        ^^^^^^^^^  ^^^^^  ^^^^^  ^^^^^  ^^^^  ^^^^^^  ^^^^^^^^^^  ^^^^  ^^^^^^^^^^
[INFO] [stdout] 
[INFO] [stdout] 
[INFO] [stdout] warning: unused import: `quote_spanned`
[INFO] [stdout]  --> src/fc.rs:2:20
[INFO] [stdout]   |
[INFO] [stdout] 2 | use quote::{quote, quote_spanned, ToTokens};
[INFO] [stdout]   |                    ^^^^^^^^^^^^^
[INFO] [stdout] 
[INFO] [stdout] 
[INFO] [stdout] warning: unused import: `syn::spanned::Spanned`
[INFO] [stdout]  --> src/fc.rs:3:5
[INFO] [stdout]   |
[INFO] [stdout] 3 | use syn::spanned::Spanned;
[INFO] [stdout]   |     ^^^^^^^^^^^^^^^^^^^^^
[INFO] [stdout] 
[INFO] [stdout] 
[INFO] [stdout] warning: unused import: `parse_macro_input`
[INFO] [stdout]  --> src/fc.rs:9:5
[INFO] [stdout]   |
[INFO] [stdout] 9 |     parse_macro_input, Attribute, Block, FnArg, Ident, Item, ItemFn, ReturnType, Type, Visibility,
[INFO] [stdout]   |     ^^^^^^^^^^^^^^^^^
[INFO] [stdout] 
[INFO] [stdout] 
[INFO] [stdout] warning: unused imports: `LitBool`, `Path`, `Span`, `proc_macro::TokenStream`
[INFO] [stdout]   --> src/htm.rs:17:5
[INFO] [stdout]    |
[INFO] [stdout] 17 |     proc_macro::TokenStream,
[INFO] [stdout]    |     ^^^^^^^^^^^^^^^^^^^^^^^
[INFO] [stdout] 18 |     proc_macro2::{Span, TokenStream as TokenStream2},
[INFO] [stdout]    |                   ^^^^
[INFO] [stdout] ...
[INFO] [stdout] 23 |         token, Error, Expr, ExprClosure, Ident, LitBool, LitStr, Path, Result, Token,
[INFO] [stdout]    |                                                 ^^^^^^^          ^^^^
[INFO] [stdout] 
[INFO] [stdout] 
[INFO] [stdout] warning: unused macro definition
[INFO] [stdout]   --> src/ifmt.rs:15:1
[INFO] [stdout]    |
[INFO] [stdout] 15 | / macro_rules! debug_input {
[INFO] [stdout] 16 | |     ($expr:expr) => {
[INFO] [stdout] 17 | |         $expr
[INFO] [stdout] 18 | |     };
[INFO] [stdout] 19 | | }
[INFO] [stdout]    | |_^
[INFO] [stdout]    |
[INFO] [stdout]    = note: `#[warn(unused_macros)]` on by default
[INFO] [stdout] 
[INFO] [stdout] 
[INFO] [stdout] warning: unused macro definition
[INFO] [stdout]   --> src/ifmt.rs:22:1
[INFO] [stdout]    |
[INFO] [stdout] 22 | / macro_rules! debug_input {
[INFO] [stdout] 23 | |     ($expr:expr) => {
[INFO] [stdout] 24 | |         match $expr {
[INFO] [stdout] 25 | |             expr => {
[INFO] [stdout] ...  |
[INFO] [stdout] 30 | |     };
[INFO] [stdout] 31 | | }
[INFO] [stdout]    | |_^
[INFO] [stdout] 
[INFO] [stdout] 
[INFO] [stdout] warning: unused macro definition
[INFO] [stdout]   --> src/ifmt.rs:34:1
[INFO] [stdout]    |
[INFO] [stdout] 34 | / macro_rules! debug_output {
[INFO] [stdout] 35 | |     ($expr:expr) => {
[INFO] [stdout] 36 | |         $expr
[INFO] [stdout] 37 | |     };
[INFO] [stdout] 38 | | }
[INFO] [stdout]    | |_^
[INFO] [stdout] 
[INFO] [stdout] 
[INFO] [stdout] warning: unused variable: `attr`
[INFO] [stdout]   --> src/lib.rs:31:11
[INFO] [stdout]    |
[INFO] [stdout] 31 | pub fn fc(attr: TokenStream, item: TokenStream) -> TokenStream {
[INFO] [stdout]    |           ^^^^ help: if this is intentional, prefix it with an underscore: `_attr`
[INFO] [stdout]    |
[INFO] [stdout]    = note: `#[warn(unused_variables)]` on by default
[INFO] [stdout] 
[INFO] [stdout] 
[INFO] [stdout] warning: unused variable: `props_type`
[INFO] [stdout]   --> src/fc.rs:20:9
[INFO] [stdout]    |
[INFO] [stdout] 20 |         props_type,
[INFO] [stdout]    |         ^^^^^^^^^^ help: try ignoring the field: `props_type: _`
[INFO] [stdout] 
[INFO] [stdout] 
[INFO] [stdout] warning: unused variable: `arg`
[INFO] [stdout]   --> src/fc.rs:21:9
[INFO] [stdout]    |
[INFO] [stdout] 21 |         arg,
[INFO] [stdout]    |         ^^^ help: try ignoring the field: `arg: _`
[INFO] [stdout] 
[INFO] [stdout] 
[INFO] [stdout] warning: unused variable: `vis`
[INFO] [stdout]   --> src/fc.rs:22:9
[INFO] [stdout]    |
[INFO] [stdout] 22 |         vis,
[INFO] [stdout]    |         ^^^ help: try ignoring the field: `vis: _`
[INFO] [stdout] 
[INFO] [stdout] 
[INFO] [stdout] warning: unused variable: `attrs`
[INFO] [stdout]   --> src/fc.rs:23:9
[INFO] [stdout]    |
[INFO] [stdout] 23 |         attrs,
[INFO] [stdout]    |         ^^^^^ help: try ignoring the field: `attrs: _`
[INFO] [stdout] 
[INFO] [stdout] 
[INFO] [stdout] warning: unused variable: `return_type`
[INFO] [stdout]   --> src/fc.rs:25:9
[INFO] [stdout]    |
[INFO] [stdout] 25 |         return_type,
[INFO] [stdout]    |         ^^^^^^^^^^^ help: try ignoring the field: `return_type: _`
[INFO] [stdout] 
[INFO] [stdout] 
[INFO] [stdout] warning: unused variable: `attrs`
[INFO] [stdout]    --> src/fc.rs:179:17
[INFO] [stdout]     |
[INFO] [stdout] 179 |                 attrs,
[INFO] [stdout]     |                 ^^^^^ help: try ignoring the field: `attrs: _`
[INFO] [stdout] 
[INFO] [stdout] 
[INFO] [stdout] warning: unused variable: `vis`
[INFO] [stdout]    --> src/fc.rs:180:17
[INFO] [stdout]     |
[INFO] [stdout] 180 |                 vis,
[INFO] [stdout]     |                 ^^^ help: try ignoring the field: `vis: _`
[INFO] [stdout] 
[INFO] [stdout] 
[INFO] [stdout] warning: unused variable: `static_token`
[INFO] [stdout]    --> src/fc.rs:181:17
[INFO] [stdout]     |
[INFO] [stdout] 181 |                 static_token,
[INFO] [stdout]     |                 ^^^^^^^^^^^^ help: try ignoring the field: `static_token: _`
[INFO] [stdout] 
[INFO] [stdout] 
[INFO] [stdout] warning: unused variable: `mutability`
[INFO] [stdout]    --> src/fc.rs:182:17
[INFO] [stdout]     |
[INFO] [stdout] 182 |                 mutability,
[INFO] [stdout]     |                 ^^^^^^^^^^ help: try ignoring the field: `mutability: _`
[INFO] [stdout] 
[INFO] [stdout] 
[INFO] [stdout] warning: unused variable: `ident`
[INFO] [stdout]    --> src/fc.rs:183:17
[INFO] [stdout]     |
[INFO] [stdout] 183 |                 ident,
[INFO] [stdout]     |                 ^^^^^ help: try ignoring the field: `ident: _`
[INFO] [stdout] 
[INFO] [stdout] 
[INFO] [stdout] warning: unused variable: `colon_token`
[INFO] [stdout]    --> src/fc.rs:184:17
[INFO] [stdout]     |
[INFO] [stdout] 184 |                 colon_token,
[INFO] [stdout]     |                 ^^^^^^^^^^^ help: try ignoring the field: `colon_token: _`
[INFO] [stdout] 
[INFO] [stdout] 
[INFO] [stdout] warning: unused variable: `eq_token`
[INFO] [stdout]    --> src/fc.rs:186:17
[INFO] [stdout]     |
[INFO] [stdout] 186 |                 eq_token,
[INFO] [stdout]     |                 ^^^^^^^^ help: try ignoring the field: `eq_token: _`
[INFO] [stdout] 
[INFO] [stdout] 
[INFO] [stdout] warning: unused variable: `expr`
[INFO] [stdout]    --> src/fc.rs:187:17
[INFO] [stdout]     |
[INFO] [stdout] 187 |                 expr,
[INFO] [stdout]     |                 ^^^^ help: try ignoring the field: `expr: _`
[INFO] [stdout] 
[INFO] [stdout] 
[INFO] [stdout] warning: unused variable: `semi_token`
[INFO] [stdout]    --> src/fc.rs:188:17
[INFO] [stdout]     |
[INFO] [stdout] 188 |                 semi_token,
[INFO] [stdout]     |                 ^^^^^^^^^^ help: try ignoring the field: `semi_token: _`
[INFO] [stdout] 
[INFO] [stdout] 
[INFO] [stdout] warning: unused variable: `bare`
[INFO] [stdout]    --> src/fc.rs:191:30
[INFO] [stdout]     |
[INFO] [stdout] 191 |                 Type::BareFn(bare) => {}
[INFO] [stdout]     |                              ^^^^ help: if this is intentional, prefix it with an underscore: `_bare`
[INFO] [stdout] 
[INFO] [stdout] 
[INFO] [stdout] warning: unused variable: `children`
[INFO] [stdout]    --> src/htm.rs:183:17
[INFO] [stdout]     |
[INFO] [stdout] 183 |         let mut children: Vec<Node> = vec![];
[INFO] [stdout]     |                 ^^^^^^^^ help: if this is intentional, prefix it with an underscore: `_children`
[INFO] [stdout] 
[INFO] [stdout] 
[INFO] [stdout] warning: unused variable: `attr_stream`
[INFO] [stdout]    --> src/htm.rs:292:17
[INFO] [stdout]     |
[INFO] [stdout] 292 |         let mut attr_stream = TokenStream2::new();
[INFO] [stdout]     |                 ^^^^^^^^^^^ help: if this is intentional, prefix it with an underscore: `_attr_stream`
[INFO] [stdout] 
[INFO] [stdout] 
[INFO] [stdout] warning: variable does not need to be mutable
[INFO] [stdout]    --> src/htm.rs:183:13
[INFO] [stdout]     |
[INFO] [stdout] 183 |         let mut children: Vec<Node> = vec![];
[INFO] [stdout]     |             ----^^^^^^^^
[INFO] [stdout]     |             |
[INFO] [stdout]     |             help: remove this `mut`
[INFO] [stdout]     |
[INFO] [stdout]     = note: `#[warn(unused_mut)]` on by default
[INFO] [stdout] 
[INFO] [stdout] 
[INFO] [stdout] warning: variable does not need to be mutable
[INFO] [stdout]    --> src/htm.rs:292:13
[INFO] [stdout]     |
[INFO] [stdout] 292 |         let mut attr_stream = TokenStream2::new();
[INFO] [stdout]     |             ----^^^^^^^^^^^
[INFO] [stdout]     |             |
[INFO] [stdout]     |             help: remove this `mut`
[INFO] [stdout] 
[INFO] [stdout] 
[INFO] [stdout] warning: function is never used: `collect_inline_args`
[INFO] [stdout]    --> src/fc.rs:305:8
[INFO] [stdout]     |
[INFO] [stdout] 305 | pub fn collect_inline_args() {}
[INFO] [stdout]     |        ^^^^^^^^^^^^^^^^^^^
[INFO] [stdout]     |
[INFO] [stdout]     = note: `#[warn(dead_code)]` on by default
[INFO] [stdout] 
[INFO] [stdout] 
[INFO] [stdout] warning: field is never read: `component_name`
[INFO] [stdout]    --> src/fc.rs:309:5
[INFO] [stdout]     |
[INFO] [stdout] 309 |     component_name: Ident,
[INFO] [stdout]     |     ^^^^^^^^^^^^^^^^^^^^^
[INFO] [stdout] 
[INFO] [stdout] 
[INFO] [stdout] warning: associated function is never used: `peek`
[INFO] [stdout]    --> src/htm.rs:116:8
[INFO] [stdout]     |
[INFO] [stdout] 116 |     fn peek(s: ParseStream) -> bool {
[INFO] [stdout]     |        ^^^^
[INFO] [stdout] 
[INFO] [stdout] 
[INFO] [stdout] warning: 34 warnings emitted
[INFO] [stdout] 
[INFO] [stdout] 
[INFO] [stderr]     Finished test [unoptimized + debuginfo] target(s) in 16.88s
[INFO] running `Command { std: "docker" "inspect" "81116a10e9628e73813520967dde02f4970fb235bbece9b8177bd9e07e3a851f", kill_on_drop: false }`
[INFO] running `Command { std: "docker" "rm" "-f" "81116a10e9628e73813520967dde02f4970fb235bbece9b8177bd9e07e3a851f", kill_on_drop: false }`
[INFO] [stdout] 81116a10e9628e73813520967dde02f4970fb235bbece9b8177bd9e07e3a851f
[INFO] running `Command { std: "docker" "create" "-v" "/var/lib/crater-agent-workspace/builds/worker-78/target:/opt/rustwide/target:rw,Z" "-v" "/var/lib/crater-agent-workspace/builds/worker-78/source:/opt/rustwide/workdir:ro,Z" "-v" "/var/lib/crater-agent-workspace/cargo-home:/opt/rustwide/cargo-home:ro,Z" "-v" "/var/lib/crater-agent-workspace/rustup-home:/opt/rustwide/rustup-home:ro,Z" "-e" "SOURCE_DIR=/opt/rustwide/workdir" "-e" "CARGO_TARGET_DIR=/opt/rustwide/target" "-e" "CARGO_INCREMENTAL=0" "-e" "RUST_BACKTRACE=full" "-e" "RUSTFLAGS=--cap-lints=warn" "-e" "CARGO_HOME=/opt/rustwide/cargo-home" "-e" "RUSTUP_HOME=/opt/rustwide/rustup-home" "-w" "/opt/rustwide/workdir" "-m" "1610612736" "--user" "0:0" "--network" "none" "ghcr.io/rust-lang/crates-build-env/linux@sha256:34b6a614d2c27851fe6cbf88fbd1137609cefab8b10d0615aaeb6fd47975d74e" "/opt/rustwide/cargo-home/bin/cargo" "+beta-2021-08-01" "test" "--frozen", kill_on_drop: false }`
[INFO] [stdout] 22a64438165a335ee7f3e60e86d9f999c6b438a5900ad47a703ed2e3f04942e1
[INFO] running `Command { std: "docker" "start" "-a" "22a64438165a335ee7f3e60e86d9f999c6b438a5900ad47a703ed2e3f04942e1", kill_on_drop: false }`
[INFO] [stderr] warning: unused imports: `quote_spanned`, `quote`
[INFO] [stderr]  --> src/lib.rs:2:13
[INFO] [stderr]   |
[INFO] [stderr] 2 | use quote::{quote, quote_spanned, ToTokens};
[INFO] [stderr]   |             ^^^^^  ^^^^^^^^^^^^^
[INFO] [stderr]   |
[INFO] [stderr]   = note: `#[warn(unused_imports)]` on by default
[INFO] [stderr] 
[INFO] [stderr] warning: unused import: `syn::spanned::Spanned`
[INFO] [stderr]  --> src/lib.rs:3:5
[INFO] [stderr]   |
[INFO] [stderr] 3 | use syn::spanned::Spanned;
[INFO] [stderr]   |     ^^^^^^^^^^^^^^^^^^^^^
[INFO] [stderr] 
[INFO] [stderr] warning: unused imports: `ParseStream`, `Parse`, `Signature`
[INFO] [stderr]  --> src/lib.rs:5:13
[INFO] [stderr]   |
[INFO] [stderr] 5 |     parse::{Parse, ParseStream},
[INFO] [stderr]   |             ^^^^^  ^^^^^^^^^^^
[INFO] [stderr] 6 |     Signature,
[INFO] [stderr]   |     ^^^^^^^^^
[INFO] [stderr] 
[INFO] [stderr] warning: unused imports: `Attribute`, `Block`, `FnArg`, `Ident`, `ItemFn`, `Item`, `ReturnType`, `Type`, `Visibility`
[INFO] [stderr]  --> src/lib.rs:9:24
[INFO] [stderr]   |
[INFO] [stderr] 9 |     parse_macro_input, Attribute, Block, FnArg, Ident, Item, ItemFn, ReturnType, Type, Visibility,
[INFO] [stderr]   |                        ^^^^^^^^^  ^^^^^  ^^^^^  ^^^^^  ^^^^  ^^^^^^  ^^^^^^^^^^  ^^^^  ^^^^^^^^^^
[INFO] [stderr] 
[INFO] [stderr] warning: unused import: `quote_spanned`
[INFO] [stderr]  --> src/fc.rs:2:20
[INFO] [stderr]   |
[INFO] [stderr] 2 | use quote::{quote, quote_spanned, ToTokens};
[INFO] [stderr]   |                    ^^^^^^^^^^^^^
[INFO] [stderr] 
[INFO] [stderr] warning: unused import: `syn::spanned::Spanned`
[INFO] [stderr]  --> src/fc.rs:3:5
[INFO] [stderr]   |
[INFO] [stderr] 3 | use syn::spanned::Spanned;
[INFO] [stderr]   |     ^^^^^^^^^^^^^^^^^^^^^
[INFO] [stderr] 
[INFO] [stderr] warning: unused import: `parse_macro_input`
[INFO] [stderr]  --> src/fc.rs:9:5
[INFO] [stderr]   |
[INFO] [stderr] 9 |     parse_macro_input, Attribute, Block, FnArg, Ident, Item, ItemFn, ReturnType, Type, Visibility,
[INFO] [stderr]   |     ^^^^^^^^^^^^^^^^^
[INFO] [stderr] 
[INFO] [stderr] warning: unused imports: `LitBool`, `Path`, `Span`, `proc_macro::TokenStream`
[INFO] [stderr]   --> src/htm.rs:17:5
[INFO] [stderr]    |
[INFO] [stderr] 17 |     proc_macro::TokenStream,
[INFO] [stderr]    |     ^^^^^^^^^^^^^^^^^^^^^^^
[INFO] [stderr] 18 |     proc_macro2::{Span, TokenStream as TokenStream2},
[INFO] [stderr]    |                   ^^^^
[INFO] [stderr] ...
[INFO] [stderr] 23 |         token, Error, Expr, ExprClosure, Ident, LitBool, LitStr, Path, Result, Token,
[INFO] [stderr]    |                                                 ^^^^^^^          ^^^^
[INFO] [stderr] 
[INFO] [stderr] warning: unused macro definition
[INFO] [stderr]   --> src/ifmt.rs:15:1
[INFO] [stderr]    |
[INFO] [stderr] 15 | / macro_rules! debug_input {
[INFO] [stderr] 16 | |     ($expr:expr) => {
[INFO] [stderr] 17 | |         $expr
[INFO] [stderr] 18 | |     };
[INFO] [stderr] 19 | | }
[INFO] [stderr]    | |_^
[INFO] [stderr]    |
[INFO] [stderr]    = note: `#[warn(unused_macros)]` on by default
[INFO] [stderr] 
[INFO] [stderr] warning: unused macro definition
[INFO] [stderr]   --> src/ifmt.rs:22:1
[INFO] [stderr]    |
[INFO] [stderr] 22 | / macro_rules! debug_input {
[INFO] [stderr] 23 | |     ($expr:expr) => {
[INFO] [stderr] 24 | |         match $expr {
[INFO] [stderr] 25 | |             expr => {
[INFO] [stderr] ...  |
[INFO] [stderr] 30 | |     };
[INFO] [stderr] 31 | | }
[INFO] [stderr]    | |_^
[INFO] [stderr] 
[INFO] [stderr] warning: unused macro definition
[INFO] [stderr]   --> src/ifmt.rs:34:1
[INFO] [stderr]    |
[INFO] [stderr] 34 | / macro_rules! debug_output {
[INFO] [stderr] 35 | |     ($expr:expr) => {
[INFO] [stderr] 36 | |         $expr
[INFO] [stderr] 37 | |     };
[INFO] [stderr] 38 | | }
[INFO] [stderr]    | |_^
[INFO] [stderr] 
[INFO] [stderr] warning: unused variable: `attr`
[INFO] [stderr]   --> src/lib.rs:31:11
[INFO] [stderr]    |
[INFO] [stderr] 31 | pub fn fc(attr: TokenStream, item: TokenStream) -> TokenStream {
[INFO] [stderr]    |           ^^^^ help: if this is intentional, prefix it with an underscore: `_attr`
[INFO] [stderr]    |
[INFO] [stderr]    = note: `#[warn(unused_variables)]` on by default
[INFO] [stderr] 
[INFO] [stderr] warning: unused variable: `props_type`
[INFO] [stderr]   --> src/fc.rs:20:9
[INFO] [stderr]    |
[INFO] [stderr] 20 |         props_type,
[INFO] [stderr]    |         ^^^^^^^^^^ help: try ignoring the field: `props_type: _`
[INFO] [stderr] 
[INFO] [stderr] warning: unused variable: `arg`
[INFO] [stderr]   --> src/fc.rs:21:9
[INFO] [stderr]    |
[INFO] [stderr] 21 |         arg,
[INFO] [stderr]    |         ^^^ help: try ignoring the field: `arg: _`
[INFO] [stderr] 
[INFO] [stderr] warning: unused variable: `vis`
[INFO] [stderr]   --> src/fc.rs:22:9
[INFO] [stderr]    |
[INFO] [stderr] 22 |         vis,
[INFO] [stderr]    |         ^^^ help: try ignoring the field: `vis: _`
[INFO] [stderr] 
[INFO] [stderr] warning: unused variable: `attrs`
[INFO] [stderr]   --> src/fc.rs:23:9
[INFO] [stderr]    |
[INFO] [stderr] 23 |         attrs,
[INFO] [stderr]    |         ^^^^^ help: try ignoring the field: `attrs: _`
[INFO] [stderr] 
[INFO] [stderr] warning: unused variable: `return_type`
[INFO] [stderr]   --> src/fc.rs:25:9
[INFO] [stderr]    |
[INFO] [stderr] 25 |         return_type,
[INFO] [stderr]    |         ^^^^^^^^^^^ help: try ignoring the field: `return_type: _`
[INFO] [stderr] 
[INFO] [stderr] warning: unused variable: `attrs`
[INFO] [stderr]    --> src/fc.rs:179:17
[INFO] [stderr]     |
[INFO] [stderr] 179 |                 attrs,
[INFO] [stderr]     |                 ^^^^^ help: try ignoring the field: `attrs: _`
[INFO] [stderr] 
[INFO] [stderr] warning: unused variable: `vis`
[INFO] [stderr]    --> src/fc.rs:180:17
[INFO] [stderr]     |
[INFO] [stderr] 180 |                 vis,
[INFO] [stderr]     |                 ^^^ help: try ignoring the field: `vis: _`
[INFO] [stderr] 
[INFO] [stderr] warning: unused variable: `static_token`
[INFO] [stderr]    --> src/fc.rs:181:17
[INFO] [stderr]     |
[INFO] [stderr] 181 |                 static_token,
[INFO] [stderr]     |                 ^^^^^^^^^^^^ help: try ignoring the field: `static_token: _`
[INFO] [stderr] 
[INFO] [stderr] warning: unused variable: `mutability`
[INFO] [stderr]    --> src/fc.rs:182:17
[INFO] [stderr]     |
[INFO] [stderr] 182 |                 mutability,
[INFO] [stderr]     |                 ^^^^^^^^^^ help: try ignoring the field: `mutability: _`
[INFO] [stderr] 
[INFO] [stderr] warning: unused variable: `ident`
[INFO] [stderr]    --> src/fc.rs:183:17
[INFO] [stderr]     |
[INFO] [stderr] 183 |                 ident,
[INFO] [stderr]     |                 ^^^^^ help: try ignoring the field: `ident: _`
[INFO] [stderr] 
[INFO] [stderr] warning: unused variable: `colon_token`
[INFO] [stderr]    --> src/fc.rs:184:17
[INFO] [stderr]     |
[INFO] [stderr] 184 |                 colon_token,
[INFO] [stderr]     |                 ^^^^^^^^^^^ help: try ignoring the field: `colon_token: _`
[INFO] [stderr] 
[INFO] [stderr] warning: unused variable: `eq_token`
[INFO] [stderr]    --> src/fc.rs:186:17
[INFO] [stderr]     |
[INFO] [stderr] 186 |                 eq_token,
[INFO] [stderr]     |                 ^^^^^^^^ help: try ignoring the field: `eq_token: _`
[INFO] [stderr] 
[INFO] [stderr] warning: unused variable: `expr`
[INFO] [stderr]    --> src/fc.rs:187:17
[INFO] [stderr]     |
[INFO] [stderr] 187 |                 expr,
[INFO] [stderr]     |                 ^^^^ help: try ignoring the field: `expr: _`
[INFO] [stderr] 
[INFO] [stderr] warning: unused variable: `semi_token`
[INFO] [stderr]    --> src/fc.rs:188:17
[INFO] [stderr]     |
[INFO] [stderr] 188 |                 semi_token,
[INFO] [stderr]     |                 ^^^^^^^^^^ help: try ignoring the field: `semi_token: _`
[INFO] [stderr] 
[INFO] [stderr] warning: unused variable: `bare`
[INFO] [stderr]    --> src/fc.rs:191:30
[INFO] [stderr]     |
[INFO] [stderr] 191 |                 Type::BareFn(bare) => {}
[INFO] [stderr]     |                              ^^^^ help: if this is intentional, prefix it with an underscore: `_bare`
[INFO] [stderr] 
[INFO] [stderr] warning: unused variable: `children`
[INFO] [stderr]    --> src/htm.rs:183:17
[INFO] [stderr]     |
[INFO] [stderr] 183 |         let mut children: Vec<Node> = vec![];
[INFO] [stderr]     |                 ^^^^^^^^ help: if this is intentional, prefix it with an underscore: `_children`
[INFO] [stderr] 
[INFO] [stderr] warning: unused variable: `attr_stream`
[INFO] [stderr]    --> src/htm.rs:292:17
[INFO] [stderr]     |
[INFO] [stderr] 292 |         let mut attr_stream = TokenStream2::new();
[INFO] [stderr]     |                 ^^^^^^^^^^^ help: if this is intentional, prefix it with an underscore: `_attr_stream`
[INFO] [stderr] 
[INFO] [stderr] warning: variable does not need to be mutable
[INFO] [stderr]    --> src/htm.rs:183:13
[INFO] [stderr]     |
[INFO] [stderr] 183 |         let mut children: Vec<Node> = vec![];
[INFO] [stderr]     |             ----^^^^^^^^
[INFO] [stderr]     |             |
[INFO] [stderr]     |             help: remove this `mut`
[INFO] [stderr]     |
[INFO] [stderr]     = note: `#[warn(unused_mut)]` on by default
[INFO] [stderr] 
[INFO] [stderr] warning: variable does not need to be mutable
[INFO] [stderr]    --> src/htm.rs:292:13
[INFO] [stderr]     |
[INFO] [stderr] 292 |         let mut attr_stream = TokenStream2::new();
[INFO] [stderr]     |             ----^^^^^^^^^^^
[INFO] [stderr]     |             |
[INFO] [stderr]     |             help: remove this `mut`
[INFO] [stderr] 
[INFO] [stderr] warning: function is never used: `collect_inline_args`
[INFO] [stderr]    --> src/fc.rs:305:8
[INFO] [stderr]     |
[INFO] [stderr] 305 | pub fn collect_inline_args() {}
[INFO] [stderr]     |        ^^^^^^^^^^^^^^^^^^^
[INFO] [stderr]     |
[INFO] [stderr]     = note: `#[warn(dead_code)]` on by default
[INFO] [stderr] 
[INFO] [stderr] warning: field is never read: `component_name`
[INFO] [stderr]    --> src/fc.rs:309:5
[INFO] [stderr]     |
[INFO] [stderr] 309 |     component_name: Ident,
[INFO] [stderr]     |     ^^^^^^^^^^^^^^^^^^^^^
[INFO] [stderr] 
[INFO] [stderr] warning: associated function is never used: `peek`
[INFO] [stderr]    --> src/htm.rs:116:8
[INFO] [stderr]     |
[INFO] [stderr] 116 |     fn peek(s: ParseStream) -> bool {
[INFO] [stderr]     |        ^^^^
[INFO] [stderr] 
[INFO] [stderr] warning: `dioxus-core-macro` (lib) generated 34 warnings
[INFO] [stderr] warning: `dioxus-core-macro` (lib test) generated 34 warnings (34 duplicates)
[INFO] [stderr]     Finished test [unoptimized + debuginfo] target(s) in 0.03s
[INFO] [stderr]      Running unittests (/opt/rustwide/target/debug/deps/dioxus_core_macro-13f1ac796d13886c)
[INFO] [stdout] 
[INFO] [stdout] running 3 tests
[INFO] [stdout] test htm::test::nested ... FAILED
[INFO] [stdout] test htm::test::div ... FAILED
[INFO] [stdout] test htm::test::complex ... FAILED
[INFO] [stdout] 
[INFO] [stdout] failures:
[INFO] [stdout] 
[INFO] [stdout] ---- htm::test::nested stdout ----
[INFO] [stdout] thread 'htm::test::nested' panicked at 'called `Result::unwrap()` on an `Err` value: Error("expected string literal")', src/htm.rs:410:66
[INFO] [stdout] stack backtrace:
[INFO] [stdout]    0:     0x7f4fac551b00 - std::backtrace_rs::backtrace::libunwind::trace::hff4d1766e93f64f1
[INFO] [stdout]                                at /rustc/53fd98ca776cb875bc9e5514f56b52eb74f9e7a9/library/std/src/../../backtrace/src/backtrace/libunwind.rs:90:5
[INFO] [stdout]    1:     0x7f4fac551b00 - std::backtrace_rs::backtrace::trace_unsynchronized::h56bbc8eb78770bcb
[INFO] [stdout]                                at /rustc/53fd98ca776cb875bc9e5514f56b52eb74f9e7a9/library/std/src/../../backtrace/src/backtrace/mod.rs:66:5
[INFO] [stdout]    2:     0x7f4fac551b00 - std::sys_common::backtrace::_print_fmt::h5c8e75464faca780
[INFO] [stdout]                                at /rustc/53fd98ca776cb875bc9e5514f56b52eb74f9e7a9/library/std/src/sys_common/backtrace.rs:67:5
[INFO] [stdout]    3:     0x7f4fac551b00 - <std::sys_common::backtrace::_print::DisplayBacktrace as core::fmt::Display>::fmt::h48b88277def8b362
[INFO] [stdout]                                at /rustc/53fd98ca776cb875bc9e5514f56b52eb74f9e7a9/library/std/src/sys_common/backtrace.rs:46:22
[INFO] [stdout]    4:     0x7f4fac5bf63c - core::fmt::write::h3381b3176fe2b3d3
[INFO] [stdout]                                at /rustc/53fd98ca776cb875bc9e5514f56b52eb74f9e7a9/library/core/src/fmt/mod.rs:1115:17
[INFO] [stdout]    5:     0x7f4fac543295 - std::io::Write::write_fmt::h5f34a676f60246b5
[INFO] [stdout]                                at /rustc/53fd98ca776cb875bc9e5514f56b52eb74f9e7a9/library/std/src/io/mod.rs:1665:15
[INFO] [stdout]    6:     0x7f4fac55581b - std::sys_common::backtrace::_print::ha537687d6c17dd0d
[INFO] [stdout]                                at /rustc/53fd98ca776cb875bc9e5514f56b52eb74f9e7a9/library/std/src/sys_common/backtrace.rs:49:5
[INFO] [stdout]    7:     0x7f4fac55581b - std::sys_common::backtrace::print::h61376ae57d131d72
[INFO] [stdout]                                at /rustc/53fd98ca776cb875bc9e5514f56b52eb74f9e7a9/library/std/src/sys_common/backtrace.rs:36:9
[INFO] [stdout]    8:     0x7f4fac55581b - std::panicking::default_hook::{{closure}}::h0f7208c0b9644a54
[INFO] [stdout]                                at /rustc/53fd98ca776cb875bc9e5514f56b52eb74f9e7a9/library/std/src/panicking.rs:208:50
[INFO] [stdout]    9:     0x7f4fac55532c - std::panicking::default_hook::hdac7fc06578c14ce
[INFO] [stdout]                                at /rustc/53fd98ca776cb875bc9e5514f56b52eb74f9e7a9/library/std/src/panicking.rs:222:9
[INFO] [stdout]   10:     0x7f4fac556049 - std::panicking::rust_panic_with_hook::h72b21c283da3d1ef
[INFO] [stdout]                                at /rustc/53fd98ca776cb875bc9e5514f56b52eb74f9e7a9/library/std/src/panicking.rs:626:17
[INFO] [stdout]   11:     0x7f4fac555b07 - std::panicking::begin_panic_handler::{{closure}}::he5778f1729cff84a
[INFO] [stdout]                                at /rustc/53fd98ca776cb875bc9e5514f56b52eb74f9e7a9/library/std/src/panicking.rs:519:13
[INFO] [stdout]   12:     0x7f4fac551fdc - std::sys_common::backtrace::__rust_end_short_backtrace::h2d11ca8b453b4b1d
[INFO] [stdout]                                at /rustc/53fd98ca776cb875bc9e5514f56b52eb74f9e7a9/library/std/src/sys_common/backtrace.rs:141:18
[INFO] [stdout]   13:     0x7f4fac555a69 - rust_begin_unwind
[INFO] [stdout]                                at /rustc/53fd98ca776cb875bc9e5514f56b52eb74f9e7a9/library/std/src/panicking.rs:515:5
[INFO] [stdout]   14:     0x7f4fac520b41 - core::panicking::panic_fmt::hf9de31d4acbce4db
[INFO] [stdout]                                at /rustc/53fd98ca776cb875bc9e5514f56b52eb74f9e7a9/library/core/src/panicking.rs:92:14
[INFO] [stdout]   15:     0x7f4fac520c33 - core::result::unwrap_failed::ha0c84e81219e5878
[INFO] [stdout]                                at /rustc/53fd98ca776cb875bc9e5514f56b52eb74f9e7a9/library/core/src/result.rs:1599:5
[INFO] [stdout]   16:     0x55f96094f894 - core::result::Result<T,E>::unwrap::hd39c2f1ec09051ac
[INFO] [stdout]                                at /rustc/53fd98ca776cb875bc9e5514f56b52eb74f9e7a9/library/core/src/result.rs:1281:23
[INFO] [stdout]   17:     0x55f96094e917 - dioxus_core_macro::htm::test::nested::ha26465f71fc165cb
[INFO] [stdout]                                at /opt/rustwide/workdir/src/htm.rs:410:9
[INFO] [stdout]   18:     0x55f96094e8ca - dioxus_core_macro::htm::test::nested::{{closure}}::h316635ec511222a5
[INFO] [stdout]                                at /opt/rustwide/workdir/src/htm.rs:409:5
[INFO] [stdout]   19:     0x55f9609520ce - core::ops::function::FnOnce::call_once::had6c1b56989e3d83
[INFO] [stdout]                                at /rustc/53fd98ca776cb875bc9e5514f56b52eb74f9e7a9/library/core/src/ops/function.rs:227:5
[INFO] [stdout]   20:     0x7f4fac886983 - core::ops::function::FnOnce::call_once::hbb52c4519d3137b0
[INFO] [stdout]                                at /rustc/53fd98ca776cb875bc9e5514f56b52eb74f9e7a9/library/core/src/ops/function.rs:227:5
[INFO] [stdout]   21:     0x7f4fac886983 - test::__rust_begin_short_backtrace::h86fe3a2a5a5121af
[INFO] [stdout]                                at /rustc/53fd98ca776cb875bc9e5514f56b52eb74f9e7a9/library/test/src/lib.rs:578:5
[INFO] [stdout]   22:     0x7f4fac885438 - <alloc::boxed::Box<F,A> as core::ops::function::FnOnce<Args>>::call_once::hfd956bc3d57399be
[INFO] [stdout]                                at /rustc/53fd98ca776cb875bc9e5514f56b52eb74f9e7a9/library/alloc/src/boxed.rs:1572:9
[INFO] [stdout]   23:     0x7f4fac885438 - <std::panic::AssertUnwindSafe<F> as core::ops::function::FnOnce<()>>::call_once::h40dc93e0ddb5938a
[INFO] [stdout]                                at /rustc/53fd98ca776cb875bc9e5514f56b52eb74f9e7a9/library/std/src/panic.rs:347:9
[INFO] [stdout]   24:     0x7f4fac885438 - std::panicking::try::do_call::h90d07750cb47c562
[INFO] [stdout]                                at /rustc/53fd98ca776cb875bc9e5514f56b52eb74f9e7a9/library/std/src/panicking.rs:401:40
[INFO] [stdout]   25:     0x7f4fac885438 - std::panicking::try::h063c84733ad2a629
[INFO] [stdout]                                at /rustc/53fd98ca776cb875bc9e5514f56b52eb74f9e7a9/library/std/src/panicking.rs:365:19
[INFO] [stdout]   26:     0x7f4fac885438 - std::panic::catch_unwind::h0c464836a84e7c08
[INFO] [stdout]                                at /rustc/53fd98ca776cb875bc9e5514f56b52eb74f9e7a9/library/std/src/panic.rs:434:14
[INFO] [stdout]   27:     0x7f4fac885438 - test::run_test_in_process::h5cb06ef620b157fc
[INFO] [stdout]                                at /rustc/53fd98ca776cb875bc9e5514f56b52eb74f9e7a9/library/test/src/lib.rs:601:18
[INFO] [stdout]   28:     0x7f4fac885438 - test::run_test::run_test_inner::{{closure}}::h76f677f4b93f9828
[INFO] [stdout]                                at /rustc/53fd98ca776cb875bc9e5514f56b52eb74f9e7a9/library/test/src/lib.rs:493:39
[INFO] [stdout]   29:     0x7f4fac850bad - test::run_test::run_test_inner::{{closure}}::h366d01fe04f4d67a
[INFO] [stdout]                                at /rustc/53fd98ca776cb875bc9e5514f56b52eb74f9e7a9/library/test/src/lib.rs:520:37
[INFO] [stdout]   30:     0x7f4fac850bad - std::sys_common::backtrace::__rust_begin_short_backtrace::h7dfa0de4eb395af2
[INFO] [stdout]                                at /rustc/53fd98ca776cb875bc9e5514f56b52eb74f9e7a9/library/std/src/sys_common/backtrace.rs:125:18
[INFO] [stdout]   31:     0x7f4fac856338 - std::thread::Builder::spawn_unchecked::{{closure}}::{{closure}}::hf0a74bb58798037f
[INFO] [stdout]                                at /rustc/53fd98ca776cb875bc9e5514f56b52eb74f9e7a9/library/std/src/thread/mod.rs:476:17
[INFO] [stdout]   32:     0x7f4fac856338 - <std::panic::AssertUnwindSafe<F> as core::ops::function::FnOnce<()>>::call_once::hb024e854818586ac
[INFO] [stdout]                                at /rustc/53fd98ca776cb875bc9e5514f56b52eb74f9e7a9/library/std/src/panic.rs:347:9
[INFO] [stdout]   33:     0x7f4fac856338 - std::panicking::try::do_call::hb2dd9f1d0d48e41d
[INFO] [stdout]                                at /rustc/53fd98ca776cb875bc9e5514f56b52eb74f9e7a9/library/std/src/panicking.rs:401:40
[INFO] [stdout]   34:     0x7f4fac856338 - std::panicking::try::h4717ae7bac8b2bf3
[INFO] [stdout]                                at /rustc/53fd98ca776cb875bc9e5514f56b52eb74f9e7a9/library/std/src/panicking.rs:365:19
[INFO] [stdout]   35:     0x7f4fac856338 - std::panic::catch_unwind::h0dc8a061326ce8d8
[INFO] [stdout]                                at /rustc/53fd98ca776cb875bc9e5514f56b52eb74f9e7a9/library/std/src/panic.rs:434:14
[INFO] [stdout]   36:     0x7f4fac856338 - std::thread::Builder::spawn_unchecked::{{closure}}::haa369e2d6fd00aa1
[INFO] [stdout]                                at /rustc/53fd98ca776cb875bc9e5514f56b52eb74f9e7a9/library/std/src/thread/mod.rs:475:30
[INFO] [stdout]   37:     0x7f4fac856338 - core::ops::function::FnOnce::call_once{{vtable.shim}}::h36dcf3de8b056f17
[INFO] [stdout]                                at /rustc/53fd98ca776cb875bc9e5514f56b52eb74f9e7a9/library/core/src/ops/function.rs:227:5
[INFO] [stdout]   38:     0x7f4fac5625d7 - <alloc::boxed::Box<F,A> as core::ops::function::FnOnce<Args>>::call_once::h65c29e4642be2358
[INFO] [stdout]                                at /rustc/53fd98ca776cb875bc9e5514f56b52eb74f9e7a9/library/alloc/src/boxed.rs:1572:9
[INFO] [stdout]   39:     0x7f4fac5625d7 - <alloc::boxed::Box<F,A> as core::ops::function::FnOnce<Args>>::call_once::hd0f8f7fbbd9fffbf
[INFO] [stdout]                                at /rustc/53fd98ca776cb875bc9e5514f56b52eb74f9e7a9/library/alloc/src/boxed.rs:1572:9
[INFO] [stdout]   40:     0x7f4fac5625d7 - std::sys::unix::thread::Thread::new::thread_start::h2fd22fee3ca77b65
[INFO] [stdout]                                at /rustc/53fd98ca776cb875bc9e5514f56b52eb74f9e7a9/library/std/src/sys/unix/thread.rs:74:17
[INFO] [stdout]   41:     0x7f4fac271609 - start_thread
[INFO] [stdout]   42:     0x7f4fac3ad293 - clone
[INFO] [stdout]   43:                0x0 - <unknown>
[INFO] [stdout] 
[INFO] [stdout] ---- htm::test::div stdout ----
[INFO] [stdout] thread 'htm::test::div' panicked at 'called `Result::unwrap()` on an `Err` value: Error("expected string literal")', src/htm.rs:405:46
[INFO] [stdout] stack backtrace:
[INFO] [stdout]    0:     0x7f4fac551b00 - std::backtrace_rs::backtrace::libunwind::trace::hff4d1766e93f64f1
[INFO] [stdout]                                at /rustc/53fd98ca776cb875bc9e5514f56b52eb74f9e7a9/library/std/src/../../backtrace/src/backtrace/libunwind.rs:90:5
[INFO] [stdout]    1:     0x7f4fac551b00 - std::backtrace_rs::backtrace::trace_unsynchronized::h56bbc8eb78770bcb
[INFO] [stdout]                                at /rustc/53fd98ca776cb875bc9e5514f56b52eb74f9e7a9/library/std/src/../../backtrace/src/backtrace/mod.rs:66:5
[INFO] [stdout]    2:     0x7f4fac551b00 - std::sys_common::backtrace::_print_fmt::h5c8e75464faca780
[INFO] [stdout]                                at /rustc/53fd98ca776cb875bc9e5514f56b52eb74f9e7a9/library/std/src/sys_common/backtrace.rs:67:5
[INFO] [stdout]    3:     0x7f4fac551b00 - <std::sys_common::backtrace::_print::DisplayBacktrace as core::fmt::Display>::fmt::h48b88277def8b362
[INFO] [stdout]                                at /rustc/53fd98ca776cb875bc9e5514f56b52eb74f9e7a9/library/std/src/sys_common/backtrace.rs:46:22
[INFO] [stdout]    4:     0x7f4fac5bf63c - core::fmt::write::h3381b3176fe2b3d3
[INFO] [stdout]                                at /rustc/53fd98ca776cb875bc9e5514f56b52eb74f9e7a9/library/core/src/fmt/mod.rs:1115:17
[INFO] [stdout]    5:     0x7f4fac543295 - std::io::Write::write_fmt::h5f34a676f60246b5
[INFO] [stdout]                                at /rustc/53fd98ca776cb875bc9e5514f56b52eb74f9e7a9/library/std/src/io/mod.rs:1665:15
[INFO] [stdout]    6:     0x7f4fac55581b - std::sys_common::backtrace::_print::ha537687d6c17dd0d
[INFO] [stdout]                                at /rustc/53fd98ca776cb875bc9e5514f56b52eb74f9e7a9/library/std/src/sys_common/backtrace.rs:49:5
[INFO] [stdout]    7:     0x7f4fac55581b - std::sys_common::backtrace::print::h61376ae57d131d72
[INFO] [stdout]                                at /rustc/53fd98ca776cb875bc9e5514f56b52eb74f9e7a9/library/std/src/sys_common/backtrace.rs:36:9
[INFO] [stdout]    8:     0x7f4fac55581b - std::panicking::default_hook::{{closure}}::h0f7208c0b9644a54
[INFO] [stdout]                                at /rustc/53fd98ca776cb875bc9e5514f56b52eb74f9e7a9/library/std/src/panicking.rs:208:50
[INFO] [stdout]    9:     0x7f4fac55532c - std::panicking::default_hook::hdac7fc06578c14ce
[INFO] [stdout]                                at /rustc/53fd98ca776cb875bc9e5514f56b52eb74f9e7a9/library/std/src/panicking.rs:222:9
[INFO] [stdout]   10:     0x7f4fac556049 - std::panicking::rust_panic_with_hook::h72b21c283da3d1ef
[INFO] [stdout]                                at /rustc/53fd98ca776cb875bc9e5514f56b52eb74f9e7a9/library/std/src/panicking.rs:626:17
[INFO] [stdout]   11:     0x7f4fac555b07 - std::panicking::begin_panic_handler::{{closure}}::he5778f1729cff84a
[INFO] [stdout]                                at /rustc/53fd98ca776cb875bc9e5514f56b52eb74f9e7a9/library/std/src/panicking.rs:519:13
[INFO] [stdout]   12:     0x7f4fac551fdc - std::sys_common::backtrace::__rust_end_short_backtrace::h2d11ca8b453b4b1d
[INFO] [stdout]                                at /rustc/53fd98ca776cb875bc9e5514f56b52eb74f9e7a9/library/std/src/sys_common/backtrace.rs:141:18
[INFO] [stdout]   13:     0x7f4fac555a69 - rust_begin_unwind
[INFO] [stdout]                                at /rustc/53fd98ca776cb875bc9e5514f56b52eb74f9e7a9/library/std/src/panicking.rs:515:5
[INFO] [stdout]   14:     0x7f4fac520b41 - core::panicking::panic_fmt::hf9de31d4acbce4db
[INFO] [stdout]                                at /rustc/53fd98ca776cb875bc9e5514f56b52eb74f9e7a9/library/core/src/panicking.rs:92:14
[INFO] [stdout]   15:     0x7f4fac520c33 - core::result::unwrap_failed::ha0c84e81219e5878
[INFO] [stdout]                                at /rustc/53fd98ca776cb875bc9e5514f56b52eb74f9e7a9/library/core/src/result.rs:1599:5
[INFO] [stdout]   16:     0x55f96094f894 - core::result::Result<T,E>::unwrap::hd39c2f1ec09051ac
[INFO] [stdout]                                at /rustc/53fd98ca776cb875bc9e5514f56b52eb74f9e7a9/library/core/src/result.rs:1281:23
[INFO] [stdout]   17:     0x55f96094e8a7 - dioxus_core_macro::htm::test::div::h390b0a7597f6760e
[INFO] [stdout]                                at /opt/rustwide/workdir/src/htm.rs:405:9
[INFO] [stdout]   18:     0x55f96094e85a - dioxus_core_macro::htm::test::div::{{closure}}::h4b508d8581c26778
[INFO] [stdout]                                at /opt/rustwide/workdir/src/htm.rs:404:5
[INFO] [stdout]   19:     0x55f96095210e - core::ops::function::FnOnce::call_once::he4c39ea910bd0098
[INFO] [stdout]                                at /rustc/53fd98ca776cb875bc9e5514f56b52eb74f9e7a9/library/core/src/ops/function.rs:227:5
[INFO] [stdout]   20:     0x7f4fac886983 - core::ops::function::FnOnce::call_once::hbb52c4519d3137b0
[INFO] [stdout]                                at /rustc/53fd98ca776cb875bc9e5514f56b52eb74f9e7a9/library/core/src/ops/function.rs:227:5
[INFO] [stdout]   21:     0x7f4fac886983 - test::__rust_begin_short_backtrace::h86fe3a2a5a5121af
[INFO] [stdout]                                at /rustc/53fd98ca776cb875bc9e5514f56b52eb74f9e7a9/library/test/src/lib.rs:578:5
[INFO] [stdout]   22:     0x7f4fac885438 - <alloc::boxed::Box<F,A> as core::ops::function::FnOnce<Args>>::call_once::hfd956bc3d57399be
[INFO] [stdout]                                at /rustc/53fd98ca776cb875bc9e5514f56b52eb74f9e7a9/library/alloc/src/boxed.rs:1572:9
[INFO] [stdout]   23:     0x7f4fac885438 - <std::panic::AssertUnwindSafe<F> as core::ops::function::FnOnce<()>>::call_once::h40dc93e0ddb5938a
[INFO] [stdout]                                at /rustc/53fd98ca776cb875bc9e5514f56b52eb74f9e7a9/library/std/src/panic.rs:347:9
[INFO] [stdout]   24:     0x7f4fac885438 - std::panicking::try::do_call::h90d07750cb47c562
[INFO] [stdout]                                at /rustc/53fd98ca776cb875bc9e5514f56b52eb74f9e7a9/library/std/src/panicking.rs:401:40
[INFO] [stdout]   25:     0x7f4fac885438 - std::panicking::try::h063c84733ad2a629
[INFO] [stdout]                                at /rustc/53fd98ca776cb875bc9e5514f56b52eb74f9e7a9/library/std/src/panicking.rs:365:19
[INFO] [stdout]   26:     0x7f4fac885438 - std::panic::catch_unwind::h0c464836a84e7c08
[INFO] [stdout]                                at /rustc/53fd98ca776cb875bc9e5514f56b52eb74f9e7a9/library/std/src/panic.rs:434:14
[INFO] [stdout]   27:     0x7f4fac885438 - test::run_test_in_process::h5cb06ef620b157fc
[INFO] [stdout]                                at /rustc/53fd98ca776cb875bc9e5514f56b52eb74f9e7a9/library/test/src/lib.rs:601:18
[INFO] [stdout]   28:     0x7f4fac885438 - test::run_test::run_test_inner::{{closure}}::h76f677f4b93f9828
[INFO] [stdout]                                at /rustc/53fd98ca776cb875bc9e5514f56b52eb74f9e7a9/library/test/src/lib.rs:493:39
[INFO] [stdout]   29:     0x7f4fac850bad - test::run_test::run_test_inner::{{closure}}::h366d01fe04f4d67a
[INFO] [stdout]                                at /rustc/53fd98ca776cb875bc9e5514f56b52eb74f9e7a9/library/test/src/lib.rs:520:37
[INFO] [stdout]   30:     0x7f4fac850bad - std::sys_common::backtrace::__rust_begin_short_backtrace::h7dfa0de4eb395af2
[INFO] [stdout]                                at /rustc/53fd98ca776cb875bc9e5514f56b52eb74f9e7a9/library/std/src/sys_common/backtrace.rs:125:18
[INFO] [stdout]   31:     0x7f4fac856338 - std::thread::Builder::spawn_unchecked::{{closure}}::{{closure}}::hf0a74bb58798037f
[INFO] [stdout]                                at /rustc/53fd98ca776cb875bc9e5514f56b52eb74f9e7a9/library/std/src/thread/mod.rs:476:17
[INFO] [stdout]   32:     0x7f4fac856338 - <std::panic::AssertUnwindSafe<F> as core::ops::function::FnOnce<()>>::call_once::hb024e854818586ac
[INFO] [stdout]                                at /rustc/53fd98ca776cb875bc9e5514f56b52eb74f9e7a9/library/std/src/panic.rs:347:9
[INFO] [stdout]   33:     0x7f4fac856338 - std::panicking::try::do_call::hb2dd9f1d0d48e41d
[INFO] [stdout]                                at /rustc/53fd98ca776cb875bc9e5514f56b52eb74f9e7a9/library/std/src/panicking.rs:401:40
[INFO] [stdout]   34:     0x7f4fac856338 - std::panicking::try::h4717ae7bac8b2bf3
[INFO] [stdout]                                at /rustc/53fd98ca776cb875bc9e5514f56b52eb74f9e7a9/library/std/src/panicking.rs:365:19
[INFO] [stdout]   35:     0x7f4fac856338 - std::panic::catch_unwind::h0dc8a061326ce8d8
[INFO] [stdout]                                at /rustc/53fd98ca776cb875bc9e5514f56b52eb74f9e7a9/library/std/src/panic.rs:434:14
[INFO] [stdout]   36:     0x7f4fac856338 - std::thread::Builder::spawn_unchecked::{{closure}}::haa369e2d6fd00aa1
[INFO] [stdout]                                at /rustc/53fd98ca776cb875bc9e5514f56b52eb74f9e7a9/library/std/src/thread/mod.rs:475:30
[INFO] [stdout]   37:     0x7f4fac856338 - core::ops::function::FnOnce::call_once{{vtable.shim}}::h36dcf3de8b056f17
[INFO] [stdout]                                at /rustc/53fd98ca776cb875bc9e5514f56b52eb74f9e7a9/library/core/src/ops/function.rs:227:5
[INFO] [stdout]   38:     0x7f4fac5625d7 - <alloc::boxed::Box<F,A> as core::ops::function::FnOnce<Args>>::call_once::h65c29e4642be2358
[INFO] [stdout]                                at /rustc/53fd98ca776cb875bc9e5514f56b52eb74f9e7a9/library/alloc/src/boxed.rs:1572:9
[INFO] [stdout]   39:     0x7f4fac5625d7 - <alloc::boxed::Box<F,A> as core::ops::function::FnOnce<Args>>::call_once::hd0f8f7fbbd9fffbf
[INFO] [stdout]                                at /rustc/53fd98ca776cb875bc9e5514f56b52eb74f9e7a9/library/alloc/src/boxed.rs:1572:9
[INFO] [stdout]   40:     0x7f4fac5625d7 - std::sys::unix::thread::Thread::new::thread_start::h2fd22fee3ca77b65
[INFO] [stdout]                                at /rustc/53fd98ca776cb875bc9e5514f56b52eb74f9e7a9/library/std/src/sys/unix/thread.rs:74:17
[INFO] [stdout]   41:     0x7f4fac271609 - start_thread
[INFO] [stdout]   42:     0x7f4fac3ad293 - clone
[INFO] [stdout]   43:                0x0 - <unknown>
[INFO] [stdout] 
[INFO] [stdout] ---- htm::test::complex stdout ----
[INFO] [stdout] thread 'htm::test::complex' panicked at 'called `Result::unwrap()` on an `Err` value: Error("expected string literal")', src/htm.rs:424:10
[INFO] [stdout] stack backtrace:
[INFO] [stdout]    0:     0x7f4fac551b00 - std::backtrace_rs::backtrace::libunwind::trace::hff4d1766e93f64f1
[INFO] [stdout]                                at /rustc/53fd98ca776cb875bc9e5514f56b52eb74f9e7a9/library/std/src/../../backtrace/src/backtrace/libunwind.rs:90:5
[INFO] [stdout]    1:     0x7f4fac551b00 - std::backtrace_rs::backtrace::trace_unsynchronized::h56bbc8eb78770bcb
[INFO] [stdout]                                at /rustc/53fd98ca776cb875bc9e5514f56b52eb74f9e7a9/library/std/src/../../backtrace/src/backtrace/mod.rs:66:5
[INFO] [stdout]    2:     0x7f4fac551b00 - std::sys_common::backtrace::_print_fmt::h5c8e75464faca780
[INFO] [stdout]                                at /rustc/53fd98ca776cb875bc9e5514f56b52eb74f9e7a9/library/std/src/sys_common/backtrace.rs:67:5
[INFO] [stdout]    3:     0x7f4fac551b00 - <std::sys_common::backtrace::_print::DisplayBacktrace as core::fmt::Display>::fmt::h48b88277def8b362
[INFO] [stdout]                                at /rustc/53fd98ca776cb875bc9e5514f56b52eb74f9e7a9/library/std/src/sys_common/backtrace.rs:46:22
[INFO] [stdout]    4:     0x7f4fac5bf63c - core::fmt::write::h3381b3176fe2b3d3
[INFO] [stdout]                                at /rustc/53fd98ca776cb875bc9e5514f56b52eb74f9e7a9/library/core/src/fmt/mod.rs:1115:17
[INFO] [stdout]    5:     0x7f4fac543295 - std::io::Write::write_fmt::h5f34a676f60246b5
[INFO] [stdout]                                at /rustc/53fd98ca776cb875bc9e5514f56b52eb74f9e7a9/library/std/src/io/mod.rs:1665:15
[INFO] [stdout]    6:     0x7f4fac55581b - std::sys_common::backtrace::_print::ha537687d6c17dd0d
[INFO] [stdout]                                at /rustc/53fd98ca776cb875bc9e5514f56b52eb74f9e7a9/library/std/src/sys_common/backtrace.rs:49:5
[INFO] [stdout]    7:     0x7f4fac55581b - std::sys_common::backtrace::print::h61376ae57d131d72
[INFO] [stdout]                                at /rustc/53fd98ca776cb875bc9e5514f56b52eb74f9e7a9/library/std/src/sys_common/backtrace.rs:36:9
[INFO] [stdout]    8:     0x7f4fac55581b - std::panicking::default_hook::{{closure}}::h0f7208c0b9644a54
[INFO] [stdout]                                at /rustc/53fd98ca776cb875bc9e5514f56b52eb74f9e7a9/library/std/src/panicking.rs:208:50
[INFO] [stdout]    9:     0x7f4fac55532c - std::panicking::default_hook::hdac7fc06578c14ce
[INFO] [stdout]                                at /rustc/53fd98ca776cb875bc9e5514f56b52eb74f9e7a9/library/std/src/panicking.rs:222:9
[INFO] [stdout]   10:     0x7f4fac556049 - std::panicking::rust_panic_with_hook::h72b21c283da3d1ef
[INFO] [stdout]                                at /rustc/53fd98ca776cb875bc9e5514f56b52eb74f9e7a9/library/std/src/panicking.rs:626:17
[INFO] [stdout]   11:     0x7f4fac555b07 - std::panicking::begin_panic_handler::{{closure}}::he5778f1729cff84a
[INFO] [stdout]                                at /rustc/53fd98ca776cb875bc9e5514f56b52eb74f9e7a9/library/std/src/panicking.rs:519:13
[INFO] [stdout]   12:     0x7f4fac551fdc - std::sys_common::backtrace::__rust_end_short_backtrace::h2d11ca8b453b4b1d
[INFO] [stdout]                                at /rustc/53fd98ca776cb875bc9e5514f56b52eb74f9e7a9/library/std/src/sys_common/backtrace.rs:141:18
[INFO] [stdout]   13:     0x7f4fac555a69 - rust_begin_unwind
[INFO] [stdout]                                at /rustc/53fd98ca776cb875bc9e5514f56b52eb74f9e7a9/library/std/src/panicking.rs:515:5
[INFO] [stdout]   14:     0x7f4fac520b41 - core::panicking::panic_fmt::hf9de31d4acbce4db
[INFO] [stdout]                                at /rustc/53fd98ca776cb875bc9e5514f56b52eb74f9e7a9/library/core/src/panicking.rs:92:14
[INFO] [stdout]   15:     0x7f4fac520c33 - core::result::unwrap_failed::ha0c84e81219e5878
[INFO] [stdout]                                at /rustc/53fd98ca776cb875bc9e5514f56b52eb74f9e7a9/library/core/src/result.rs:1599:5
[INFO] [stdout]   16:     0x55f96094f894 - core::result::Result<T,E>::unwrap::hd39c2f1ec09051ac
[INFO] [stdout]                                at /rustc/53fd98ca776cb875bc9e5514f56b52eb74f9e7a9/library/core/src/result.rs:1281:23
[INFO] [stdout]   17:     0x55f96094e987 - dioxus_core_macro::htm::test::complex::hab27c7b7bf9a9d9a
[INFO] [stdout]                                at /opt/rustwide/workdir/src/htm.rs:415:9
[INFO] [stdout]   18:     0x55f96094e93a - dioxus_core_macro::htm::test::complex::{{closure}}::h33b3c6a8f9f10491
[INFO] [stdout]                                at /opt/rustwide/workdir/src/htm.rs:414:5
[INFO] [stdout]   19:     0x55f96095202e - core::ops::function::FnOnce::call_once::h60fe5edbd2d789cf
[INFO] [stdout]                                at /rustc/53fd98ca776cb875bc9e5514f56b52eb74f9e7a9/library/core/src/ops/function.rs:227:5
[INFO] [stdout]   20:     0x7f4fac886983 - core::ops::function::FnOnce::call_once::hbb52c4519d3137b0
[INFO] [stdout]                                at /rustc/53fd98ca776cb875bc9e5514f56b52eb74f9e7a9/library/core/src/ops/function.rs:227:5
[INFO] [stdout]   21:     0x7f4fac886983 - test::__rust_begin_short_backtrace::h86fe3a2a5a5121af
[INFO] [stdout]                                at /rustc/53fd98ca776cb875bc9e5514f56b52eb74f9e7a9/library/test/src/lib.rs:578:5
[INFO] [stdout]   22:     0x7f4fac885438 - <alloc::boxed::Box<F,A> as core::ops::function::FnOnce<Args>>::call_once::hfd956bc3d57399be
[INFO] [stdout]                                at /rustc/53fd98ca776cb875bc9e5514f56b52eb74f9e7a9/library/alloc/src/boxed.rs:1572:9
[INFO] [stdout]   23:     0x7f4fac885438 - <std::panic::AssertUnwindSafe<F> as core::ops::function::FnOnce<()>>::call_once::h40dc93e0ddb5938a
[INFO] [stdout]                                at /rustc/53fd98ca776cb875bc9e5514f56b52eb74f9e7a9/library/std/src/panic.rs:347:9
[INFO] [stdout]   24:     0x7f4fac885438 - std::panicking::try::do_call::h90d07750cb47c562
[INFO] [stdout]                                at /rustc/53fd98ca776cb875bc9e5514f56b52eb74f9e7a9/library/std/src/panicking.rs:401:40
[INFO] [stdout]   25:     0x7f4fac885438 - std::panicking::try::h063c84733ad2a629
[INFO] [stdout]                                at /rustc/53fd98ca776cb875bc9e5514f56b52eb74f9e7a9/library/std/src/panicking.rs:365:19
[INFO] [stdout]   26:     0x7f4fac885438 - std::panic::catch_unwind::h0c464836a84e7c08
[INFO] [stdout]                                at /rustc/53fd98ca776cb875bc9e5514f56b52eb74f9e7a9/library/std/src/panic.rs:434:14
[INFO] [stdout]   27:     0x7f4fac885438 - test::run_test_in_process::h5cb06ef620b157fc
[INFO] [stdout]                                at /rustc/53fd98ca776cb875bc9e5514f56b52eb74f9e7a9/library/test/src/lib.rs:601:18
[INFO] [stdout]   28:     0x7f4fac885438 - test::run_test::run_test_inner::{{closure}}::h76f677f4b93f9828
[INFO] [stdout]                                at /rustc/53fd98ca776cb875bc9e5514f56b52eb74f9e7a9/library/test/src/lib.rs:493:39
[INFO] [stdout]   29:     0x7f4fac850bad - test::run_test::run_test_inner::{{closure}}::h366d01fe04f4d67a
[INFO] [stdout]                                at /rustc/53fd98ca776cb875bc9e5514f56b52eb74f9e7a9/library/test/src/lib.rs:520:37
[INFO] [stdout]   30:     0x7f4fac850bad - std::sys_common::backtrace::__rust_begin_short_backtrace::h7dfa0de4eb395af2
[INFO] [stdout]                                at /rustc/53fd98ca776cb875bc9e5514f56b52eb74f9e7a9/library/std/src/sys_common/backtrace.rs:125:18
[INFO] [stdout]   31:     0x7f4fac856338 - std::thread::Builder::spawn_unchecked::{{closure}}::{{closure}}::hf0a74bb58798037f
[INFO] [stdout]                                at /rustc/53fd98ca776cb875bc9e5514f56b52eb74f9e7a9/library/std/src/thread/mod.rs:476:17
[INFO] [stdout]   32:     0x7f4fac856338 - <std::panic::AssertUnwindSafe<F> as core::ops::function::FnOnce<()>>::call_once::hb024e854818586ac
[INFO] [stdout]                                at /rustc/53fd98ca776cb875bc9e5514f56b52eb74f9e7a9/library/std/src/panic.rs:347:9
[INFO] [stdout]   33:     0x7f4fac856338 - std::panicking::try::do_call::hb2dd9f1d0d48e41d
[INFO] [stdout]                                at /rustc/53fd98ca776cb875bc9e5514f56b52eb74f9e7a9/library/std/src/panicking.rs:401:40
[INFO] [stdout]   34:     0x7f4fac856338 - std::panicking::try::h4717ae7bac8b2bf3
[INFO] [stdout]                                at /rustc/53fd98ca776cb875bc9e5514f56b52eb74f9e7a9/library/std/src/panicking.rs:365:19
[INFO] [stdout]   35:     0x7f4fac856338 - std::panic::catch_unwind::h0dc8a061326ce8d8
[INFO] [stdout]                                at /rustc/53fd98ca776cb875bc9e5514f56b52eb74f9e7a9/library/std/src/panic.rs:434:14
[INFO] [stdout]   36:     0x7f4fac856338 - std::thread::Builder::spawn_unchecked::{{closure}}::haa369e2d6fd00aa1
[INFO] [stdout]                                at /rustc/53fd98ca776cb875bc9e5514f56b52eb74f9e7a9/library/std/src/thread/mod.rs:475:30
[INFO] [stdout]   37:     0x7f4fac856338 - core::ops::function::FnOnce::call_once{{vtable.shim}}::h36dcf3de8b056f17
[INFO] [stdout]                                at /rustc/53fd98ca776cb875bc9e5514f56b52eb74f9e7a9/library/core/src/ops/function.rs:227:5
[INFO] [stdout]   38:     0x7f4fac5625d7 - <alloc::boxed::Box<F,A> as core::ops::function::FnOnce<Args>>::call_once::h65c29e4642be2358
[INFO] [stdout]                                at /rustc/53fd98ca776cb875bc9e5514f56b52eb74f9e7a9/library/alloc/src/boxed.rs:1572:9
[INFO] [stdout]   39:     0x7f4fac5625d7 - <alloc::boxed::Box<F,A> as core::ops::function::FnOnce<Args>>::call_once::hd0f8f7fbbd9fffbf
[INFO] [stdout]                                at /rustc/53fd98ca776cb875bc9e5514f56b52eb74f9e7a9/library/alloc/src/boxed.rs:1572:9
[INFO] [stdout]   40:     0x7f4fac5625d7 - std::sys::unix::thread::Thread::new::thread_start::h2fd22fee3ca77b65
[INFO] [stdout]                                at /rustc/53fd98ca776cb875bc9e5514f56b52eb74f9e7a9/library/std/src/sys/unix/thread.rs:74:17
[INFO] [stdout]   41:     0x7f4fac271609 - start_thread
[INFO] [stdout]   42:     0x7f4fac3ad293 - clone
[INFO] [stdout]   43:                0x0 - <unknown>
[INFO] [stdout] 
[INFO] [stdout] 
[INFO] [stdout] failures:
[INFO] [stdout]     htm::test::complex
[INFO] [stdout]     htm::test::div
[INFO] [stdout]     htm::test::nested
[INFO] [stdout] 
[INFO] [stdout] test result: FAILED. 0 passed; 3 failed; 0 ignored; 0 measured; 0 filtered out; finished in 0.09s
[INFO] [stdout] 
[INFO] [stderr] error: test failed, to rerun pass '--lib'
[INFO] running `Command { std: "docker" "inspect" "22a64438165a335ee7f3e60e86d9f999c6b438a5900ad47a703ed2e3f04942e1", kill_on_drop: false }`
[INFO] running `Command { std: "docker" "rm" "-f" "22a64438165a335ee7f3e60e86d9f999c6b438a5900ad47a703ed2e3f04942e1", kill_on_drop: false }`
[INFO] [stdout] 22a64438165a335ee7f3e60e86d9f999c6b438a5900ad47a703ed2e3f04942e1
