[INFO] fetching crate digest-headers 0.2.1...
[INFO] testing digest-headers-0.2.1 against 1.54.0 for beta-1.55-1
[INFO] extracting crate digest-headers 0.2.1 into /workspace/builds/worker-44/source
[INFO] validating manifest of crates.io crate digest-headers 0.2.1 on toolchain 1.54.0
[INFO] running `Command { std: "/workspace/cargo-home/bin/cargo" "+1.54.0" "metadata" "--manifest-path" "Cargo.toml" "--no-deps", kill_on_drop: false }`
[INFO] started tweaking crates.io crate digest-headers 0.2.1
[INFO] finished tweaking crates.io crate digest-headers 0.2.1
[INFO] tweaked toml for crates.io crate digest-headers 0.2.1 written to /workspace/builds/worker-44/source/Cargo.toml
[INFO] running `Command { std: "/workspace/cargo-home/bin/cargo" "+1.54.0" "generate-lockfile" "--manifest-path" "Cargo.toml" "-Zno-index-update", kill_on_drop: false }`
[INFO] [stderr]     Blocking waiting for file lock on package cache
[INFO] running `Command { std: "/workspace/cargo-home/bin/cargo" "+1.54.0" "fetch" "--manifest-path" "Cargo.toml", kill_on_drop: false }`
[INFO] [stderr]     Blocking waiting for file lock on package cache
[INFO] [stderr]     Blocking waiting for file lock on package cache
[INFO] running `Command { std: "docker" "create" "-v" "/var/lib/crater-agent-workspace/builds/worker-44/target:/opt/rustwide/target:rw,Z" "-v" "/var/lib/crater-agent-workspace/builds/worker-44/source:/opt/rustwide/workdir:ro,Z" "-v" "/var/lib/crater-agent-workspace/cargo-home:/opt/rustwide/cargo-home:ro,Z" "-v" "/var/lib/crater-agent-workspace/rustup-home:/opt/rustwide/rustup-home:ro,Z" "-e" "SOURCE_DIR=/opt/rustwide/workdir" "-e" "CARGO_TARGET_DIR=/opt/rustwide/target" "-e" "CARGO_HOME=/opt/rustwide/cargo-home" "-e" "RUSTUP_HOME=/opt/rustwide/rustup-home" "-w" "/opt/rustwide/workdir" "-m" "1610612736" "--user" "0:0" "--network" "none" "ghcr.io/rust-lang/crates-build-env/linux@sha256:34b6a614d2c27851fe6cbf88fbd1137609cefab8b10d0615aaeb6fd47975d74e" "/opt/rustwide/cargo-home/bin/cargo" "+1.54.0" "metadata" "--no-deps" "--format-version=1", kill_on_drop: false }`
[INFO] [stdout] 18ccf759ddc331ffc75719c2cc91b423a433a26fbadcacf89ce40988e6c8b1f9
[INFO] running `Command { std: "docker" "start" "-a" "18ccf759ddc331ffc75719c2cc91b423a433a26fbadcacf89ce40988e6c8b1f9", kill_on_drop: false }`
[INFO] running `Command { std: "docker" "inspect" "18ccf759ddc331ffc75719c2cc91b423a433a26fbadcacf89ce40988e6c8b1f9", kill_on_drop: false }`
[INFO] running `Command { std: "docker" "rm" "-f" "18ccf759ddc331ffc75719c2cc91b423a433a26fbadcacf89ce40988e6c8b1f9", kill_on_drop: false }`
[INFO] [stdout] 18ccf759ddc331ffc75719c2cc91b423a433a26fbadcacf89ce40988e6c8b1f9
[INFO] running `Command { std: "docker" "create" "-v" "/var/lib/crater-agent-workspace/builds/worker-44/target:/opt/rustwide/target:rw,Z" "-v" "/var/lib/crater-agent-workspace/builds/worker-44/source:/opt/rustwide/workdir:ro,Z" "-v" "/var/lib/crater-agent-workspace/cargo-home:/opt/rustwide/cargo-home:ro,Z" "-v" "/var/lib/crater-agent-workspace/rustup-home:/opt/rustwide/rustup-home:ro,Z" "-e" "SOURCE_DIR=/opt/rustwide/workdir" "-e" "CARGO_TARGET_DIR=/opt/rustwide/target" "-e" "CARGO_INCREMENTAL=0" "-e" "RUST_BACKTRACE=full" "-e" "RUSTFLAGS=--cap-lints=warn" "-e" "CARGO_HOME=/opt/rustwide/cargo-home" "-e" "RUSTUP_HOME=/opt/rustwide/rustup-home" "-w" "/opt/rustwide/workdir" "-m" "1610612736" "--user" "0:0" "--network" "none" "ghcr.io/rust-lang/crates-build-env/linux@sha256:34b6a614d2c27851fe6cbf88fbd1137609cefab8b10d0615aaeb6fd47975d74e" "/opt/rustwide/cargo-home/bin/cargo" "+1.54.0" "build" "--frozen" "--message-format=json", kill_on_drop: false }`
[INFO] [stdout] ab4cbce140da2d7291406737f81a14db8ae548fc6a866faf03e33c7e24bc76fd
[INFO] running `Command { std: "docker" "start" "-a" "ab4cbce140da2d7291406737f81a14db8ae548fc6a866faf03e33c7e24bc76fd", kill_on_drop: false }`
[INFO] [stderr]     Blocking waiting for file lock on package cache
[INFO] [stderr]     Blocking waiting for file lock on package cache
[INFO] [stderr]    Compiling syn v1.0.74
[INFO] [stderr]    Compiling failure_derive v0.1.8
[INFO] [stderr]    Compiling untrusted v0.6.2
[INFO] [stderr]    Compiling safemem v0.3.3
[INFO] [stderr]    Compiling ring v0.13.5
[INFO] [stderr]    Compiling base64 v0.9.3
[INFO] [stderr]    Compiling synstructure v0.12.5
[INFO] [stderr]    Compiling failure v0.1.8
[INFO] [stderr]    Compiling digest-headers v0.2.1 (/opt/rustwide/workdir)
[INFO] [stdout] warning: use of deprecated associated function `std::error::Error::description`: use the Display impl or to_string()
[INFO] [stdout]   --> src/error.rs:38:23
[INFO] [stdout]    |
[INFO] [stdout] 38 |             _ => self.description(),
[INFO] [stdout]    |                       ^^^^^^^^^^^
[INFO] [stdout]    |
[INFO] [stdout]    = note: `#[warn(deprecated)]` on by default
[INFO] [stdout] 
[INFO] [stdout] 
[INFO] [stdout] warning: 1 warning emitted
[INFO] [stdout] 
[INFO] [stdout] 
[INFO] [stderr]     Finished dev [unoptimized + debuginfo] target(s) in 8.42s
[INFO] running `Command { std: "docker" "inspect" "ab4cbce140da2d7291406737f81a14db8ae548fc6a866faf03e33c7e24bc76fd", kill_on_drop: false }`
[INFO] running `Command { std: "docker" "rm" "-f" "ab4cbce140da2d7291406737f81a14db8ae548fc6a866faf03e33c7e24bc76fd", kill_on_drop: false }`
[INFO] [stdout] ab4cbce140da2d7291406737f81a14db8ae548fc6a866faf03e33c7e24bc76fd
[INFO] running `Command { std: "docker" "create" "-v" "/var/lib/crater-agent-workspace/builds/worker-44/target:/opt/rustwide/target:rw,Z" "-v" "/var/lib/crater-agent-workspace/builds/worker-44/source:/opt/rustwide/workdir:ro,Z" "-v" "/var/lib/crater-agent-workspace/cargo-home:/opt/rustwide/cargo-home:ro,Z" "-v" "/var/lib/crater-agent-workspace/rustup-home:/opt/rustwide/rustup-home:ro,Z" "-e" "SOURCE_DIR=/opt/rustwide/workdir" "-e" "CARGO_TARGET_DIR=/opt/rustwide/target" "-e" "CARGO_INCREMENTAL=0" "-e" "RUST_BACKTRACE=full" "-e" "RUSTFLAGS=--cap-lints=warn" "-e" "CARGO_HOME=/opt/rustwide/cargo-home" "-e" "RUSTUP_HOME=/opt/rustwide/rustup-home" "-w" "/opt/rustwide/workdir" "-m" "1610612736" "--user" "0:0" "--network" "none" "ghcr.io/rust-lang/crates-build-env/linux@sha256:34b6a614d2c27851fe6cbf88fbd1137609cefab8b10d0615aaeb6fd47975d74e" "/opt/rustwide/cargo-home/bin/cargo" "+1.54.0" "test" "--frozen" "--no-run" "--message-format=json", kill_on_drop: false }`
[INFO] [stdout] e4fe36a6009c86e044eb10b1b67b3cbeaf6ce7c434dd9967a7f1f73ceb541903
[INFO] running `Command { std: "docker" "start" "-a" "e4fe36a6009c86e044eb10b1b67b3cbeaf6ce7c434dd9967a7f1f73ceb541903", kill_on_drop: false }`
[INFO] [stderr]    Compiling digest-headers v0.2.1 (/opt/rustwide/workdir)
[INFO] [stdout] warning: use of deprecated associated function `std::error::Error::description`: use the Display impl or to_string()
[INFO] [stdout]   --> src/error.rs:38:23
[INFO] [stdout]    |
[INFO] [stdout] 38 |             _ => self.description(),
[INFO] [stdout]    |                       ^^^^^^^^^^^
[INFO] [stdout]    |
[INFO] [stdout]    = note: `#[warn(deprecated)]` on by default
[INFO] [stdout] 
[INFO] [stdout] 
[INFO] [stdout] warning: 1 warning emitted
[INFO] [stdout] 
[INFO] [stdout] 
[INFO] [stdout] warning: use of deprecated associated function `std::error::Error::description`: use the Display impl or to_string()
[INFO] [stdout]   --> src/error.rs:38:23
[INFO] [stdout]    |
[INFO] [stdout] 38 |             _ => self.description(),
[INFO] [stdout]    |                       ^^^^^^^^^^^
[INFO] [stdout]    |
[INFO] [stdout]    = note: `#[warn(deprecated)]` on by default
[INFO] [stdout] 
[INFO] [stdout] 
[INFO] [stdout] warning: 1 warning emitted
[INFO] [stdout] 
[INFO] [stdout] 
[INFO] [stderr]     Finished test [unoptimized + debuginfo] target(s) in 0.66s
[INFO] running `Command { std: "docker" "inspect" "e4fe36a6009c86e044eb10b1b67b3cbeaf6ce7c434dd9967a7f1f73ceb541903", kill_on_drop: false }`
[INFO] running `Command { std: "docker" "rm" "-f" "e4fe36a6009c86e044eb10b1b67b3cbeaf6ce7c434dd9967a7f1f73ceb541903", kill_on_drop: false }`
[INFO] [stdout] e4fe36a6009c86e044eb10b1b67b3cbeaf6ce7c434dd9967a7f1f73ceb541903
[INFO] running `Command { std: "docker" "create" "-v" "/var/lib/crater-agent-workspace/builds/worker-44/target:/opt/rustwide/target:rw,Z" "-v" "/var/lib/crater-agent-workspace/builds/worker-44/source:/opt/rustwide/workdir:ro,Z" "-v" "/var/lib/crater-agent-workspace/cargo-home:/opt/rustwide/cargo-home:ro,Z" "-v" "/var/lib/crater-agent-workspace/rustup-home:/opt/rustwide/rustup-home:ro,Z" "-e" "SOURCE_DIR=/opt/rustwide/workdir" "-e" "CARGO_TARGET_DIR=/opt/rustwide/target" "-e" "CARGO_INCREMENTAL=0" "-e" "RUST_BACKTRACE=full" "-e" "RUSTFLAGS=--cap-lints=warn" "-e" "CARGO_HOME=/opt/rustwide/cargo-home" "-e" "RUSTUP_HOME=/opt/rustwide/rustup-home" "-w" "/opt/rustwide/workdir" "-m" "1610612736" "--user" "0:0" "--network" "none" "ghcr.io/rust-lang/crates-build-env/linux@sha256:34b6a614d2c27851fe6cbf88fbd1137609cefab8b10d0615aaeb6fd47975d74e" "/opt/rustwide/cargo-home/bin/cargo" "+1.54.0" "test" "--frozen", kill_on_drop: false }`
[INFO] [stdout] 9d6b72430f990aad9145c0d9cc9c968e96bcf070ce768bc9766372f89ec7db3a
[INFO] running `Command { std: "docker" "start" "-a" "9d6b72430f990aad9145c0d9cc9c968e96bcf070ce768bc9766372f89ec7db3a", kill_on_drop: false }`
[INFO] [stderr] warning: use of deprecated associated function `std::error::Error::description`: use the Display impl or to_string()
[INFO] [stderr]   --> src/error.rs:38:23
[INFO] [stderr]    |
[INFO] [stderr] 38 |             _ => self.description(),
[INFO] [stderr]    |                       ^^^^^^^^^^^
[INFO] [stderr]    |
[INFO] [stderr]    = note: `#[warn(deprecated)]` on by default
[INFO] [stderr] 
[INFO] [stderr] warning: 1 warning emitted
[INFO] [stderr] 
[INFO] [stderr] warning: use of deprecated associated function `std::error::Error::description`: use the Display impl or to_string()
[INFO] [stderr]   --> src/error.rs:38:23
[INFO] [stderr]    |
[INFO] [stderr] 38 |             _ => self.description(),
[INFO] [stderr]    |                       ^^^^^^^^^^^
[INFO] [stderr]    |
[INFO] [stderr]    = note: `#[warn(deprecated)]` on by default
[INFO] [stderr] 
[INFO] [stderr] warning: 1 warning emitted
[INFO] [stderr] 
[INFO] [stderr]     Finished test [unoptimized + debuginfo] target(s) in 0.16s
[INFO] [stderr]      Running unittests (/opt/rustwide/target/debug/deps/digest_headers-237eba425418a258)
[INFO] [stdout] 
[INFO] [stdout] running 14 tests
[INFO] [stdout] test tests::digest_256 ... ok
[INFO] [stdout] test tests::invalid_digest_256 ... ok
[INFO] [stdout] test tests::digest_512 ... ok
[INFO] [stdout] test tests::invalid_digest_512 ... ok
[INFO] [stdout] test tests::parse_digest_384 ... ok
[INFO] [stdout] test tests::invalid_digest_384 ... ok
[INFO] [stdout] test tests::digest_384 ... ok
[INFO] [stdout] test tests::invalid_parse_sha ... ok
[INFO] [stdout] test tests::invalid_parse_digest ... ok
[INFO] [stdout] test tests::parse_digest_256 ... ok
[INFO] [stdout] test tests::parse_digest_512 ... ok
[INFO] [stdout] test tests::parse_sha_384 ... ok
[INFO] [stdout] test tests::parse_sha_512 ... ok
[INFO] [stdout] test tests::parse_sha_256 ... ok
[INFO] [stdout] 
[INFO] [stdout] test result: ok. 14 passed; 0 failed; 0 ignored; 0 measured; 0 filtered out; finished in 0.05s
[INFO] [stdout] 
[INFO] [stderr]    Doc-tests digest-headers
[INFO] [stdout] 
[INFO] [stdout] running 7 tests
[INFO] [stdout] test src/lib.rs - (line 57) ... FAILED
[INFO] [stdout] test src/lib.rs - (line 40) ... ok
[INFO] [stdout] test src/lib.rs - Digest::from_base64_and_size (line 186) ... ok
[INFO] [stdout] test src/lib.rs - Digest::verify (line 224) ... ok
[INFO] [stdout] test src/lib.rs - Digest::as_string (line 210) ... ok
[INFO] [stdout] test src/lib.rs - (line 28) ... ok
[INFO] [stdout] test src/lib.rs - Digest::new (line 171) ... ok
[INFO] [stdout] 
[INFO] [stdout] failures:
[INFO] [stdout] 
[INFO] [stdout] ---- src/lib.rs - (line 57) stdout ----
[INFO] [stdout] error[E0463]: can't find crate for `hyper`
[INFO] [stdout]  --> src/lib.rs:59:1
[INFO] [stdout]   |
[INFO] [stdout] 3 | extern crate hyper;
[INFO] [stdout]   | ^^^^^^^^^^^^^^^^^^^ can't find crate
[INFO] [stdout] 
[INFO] [stdout] error: aborting due to previous error
[INFO] [stdout] 
[INFO] [stdout] For more information about this error, try `rustc --explain E0463`.
[INFO] [stdout] Couldn't compile the test.
[INFO] [stdout] 
[INFO] [stdout] failures:
[INFO] [stdout]     src/lib.rs - (line 57)
[INFO] [stdout] 
[INFO] [stdout] test result: FAILED. 6 passed; 1 failed; 0 ignored; 0 measured; 0 filtered out; finished in 0.64s
[INFO] [stdout] 
[INFO] [stderr] error: test failed, to rerun pass '--doc'
[INFO] running `Command { std: "docker" "inspect" "9d6b72430f990aad9145c0d9cc9c968e96bcf070ce768bc9766372f89ec7db3a", kill_on_drop: false }`
[INFO] running `Command { std: "docker" "rm" "-f" "9d6b72430f990aad9145c0d9cc9c968e96bcf070ce768bc9766372f89ec7db3a", kill_on_drop: false }`
[INFO] [stdout] 9d6b72430f990aad9145c0d9cc9c968e96bcf070ce768bc9766372f89ec7db3a
