[INFO] fetching crate diesel_pg_tester 0.5.1...
[INFO] testing diesel_pg_tester-0.5.1 against 1.54.0 for beta-1.55-1
[INFO] extracting crate diesel_pg_tester 0.5.1 into /workspace/builds/worker-97/source
[INFO] validating manifest of crates.io crate diesel_pg_tester 0.5.1 on toolchain 1.54.0
[INFO] running `Command { std: "/workspace/cargo-home/bin/cargo" "+1.54.0" "metadata" "--manifest-path" "Cargo.toml" "--no-deps", kill_on_drop: false }`
[INFO] started tweaking crates.io crate diesel_pg_tester 0.5.1
[INFO] finished tweaking crates.io crate diesel_pg_tester 0.5.1
[INFO] tweaked toml for crates.io crate diesel_pg_tester 0.5.1 written to /workspace/builds/worker-97/source/Cargo.toml
[INFO] running `Command { std: "/workspace/cargo-home/bin/cargo" "+1.54.0" "generate-lockfile" "--manifest-path" "Cargo.toml" "-Zno-index-update", kill_on_drop: false }`
[INFO] running `Command { std: "/workspace/cargo-home/bin/cargo" "+1.54.0" "fetch" "--manifest-path" "Cargo.toml", kill_on_drop: false }`
[INFO] running `Command { std: "docker" "create" "-v" "/var/lib/crater-agent-workspace/builds/worker-97/target:/opt/rustwide/target:rw,Z" "-v" "/var/lib/crater-agent-workspace/builds/worker-97/source:/opt/rustwide/workdir:ro,Z" "-v" "/var/lib/crater-agent-workspace/cargo-home:/opt/rustwide/cargo-home:ro,Z" "-v" "/var/lib/crater-agent-workspace/rustup-home:/opt/rustwide/rustup-home:ro,Z" "-e" "SOURCE_DIR=/opt/rustwide/workdir" "-e" "CARGO_TARGET_DIR=/opt/rustwide/target" "-e" "CARGO_HOME=/opt/rustwide/cargo-home" "-e" "RUSTUP_HOME=/opt/rustwide/rustup-home" "-w" "/opt/rustwide/workdir" "-m" "1610612736" "--user" "0:0" "--network" "none" "ghcr.io/rust-lang/crates-build-env/linux@sha256:34b6a614d2c27851fe6cbf88fbd1137609cefab8b10d0615aaeb6fd47975d74e" "/opt/rustwide/cargo-home/bin/cargo" "+1.54.0" "metadata" "--no-deps" "--format-version=1", kill_on_drop: false }`
[INFO] [stdout] 5ba6e9730a6550d851aa47c4be9963e2717e6814f2638da50bc5cf397d97af0a
[INFO] running `Command { std: "docker" "start" "-a" "5ba6e9730a6550d851aa47c4be9963e2717e6814f2638da50bc5cf397d97af0a", kill_on_drop: false }`
[INFO] running `Command { std: "docker" "inspect" "5ba6e9730a6550d851aa47c4be9963e2717e6814f2638da50bc5cf397d97af0a", kill_on_drop: false }`
[INFO] running `Command { std: "docker" "rm" "-f" "5ba6e9730a6550d851aa47c4be9963e2717e6814f2638da50bc5cf397d97af0a", kill_on_drop: false }`
[INFO] [stdout] 5ba6e9730a6550d851aa47c4be9963e2717e6814f2638da50bc5cf397d97af0a
[INFO] running `Command { std: "docker" "create" "-v" "/var/lib/crater-agent-workspace/builds/worker-97/target:/opt/rustwide/target:rw,Z" "-v" "/var/lib/crater-agent-workspace/builds/worker-97/source:/opt/rustwide/workdir:ro,Z" "-v" "/var/lib/crater-agent-workspace/cargo-home:/opt/rustwide/cargo-home:ro,Z" "-v" "/var/lib/crater-agent-workspace/rustup-home:/opt/rustwide/rustup-home:ro,Z" "-e" "SOURCE_DIR=/opt/rustwide/workdir" "-e" "CARGO_TARGET_DIR=/opt/rustwide/target" "-e" "CARGO_INCREMENTAL=0" "-e" "RUST_BACKTRACE=full" "-e" "RUSTFLAGS=--cap-lints=warn" "-e" "CARGO_HOME=/opt/rustwide/cargo-home" "-e" "RUSTUP_HOME=/opt/rustwide/rustup-home" "-w" "/opt/rustwide/workdir" "-m" "1610612736" "--user" "0:0" "--network" "none" "ghcr.io/rust-lang/crates-build-env/linux@sha256:34b6a614d2c27851fe6cbf88fbd1137609cefab8b10d0615aaeb6fd47975d74e" "/opt/rustwide/cargo-home/bin/cargo" "+1.54.0" "build" "--frozen" "--message-format=json", kill_on_drop: false }`
[INFO] [stdout] 4d722102f77e92abda37e97676a9b1a08125d65b9775acfcb432edae527f1986
[INFO] running `Command { std: "docker" "start" "-a" "4d722102f77e92abda37e97676a9b1a08125d65b9775acfcb432edae527f1986", kill_on_drop: false }`
[INFO] [stderr]    Compiling syn v1.0.74
[INFO] [stderr]    Compiling pq-sys v0.4.6
[INFO] [stderr]    Compiling thread-id v3.3.0
[INFO] [stderr]    Compiling diesel_derives v1.4.1
[INFO] [stderr]    Compiling diesel v1.4.7
[INFO] [stderr]    Compiling diesel_pg_tester v0.5.1 (/opt/rustwide/workdir)
[INFO] [stderr]     Finished dev [unoptimized + debuginfo] target(s) in 37.19s
[INFO] running `Command { std: "docker" "inspect" "4d722102f77e92abda37e97676a9b1a08125d65b9775acfcb432edae527f1986", kill_on_drop: false }`
[INFO] running `Command { std: "docker" "rm" "-f" "4d722102f77e92abda37e97676a9b1a08125d65b9775acfcb432edae527f1986", kill_on_drop: false }`
[INFO] [stdout] 4d722102f77e92abda37e97676a9b1a08125d65b9775acfcb432edae527f1986
[INFO] running `Command { std: "docker" "create" "-v" "/var/lib/crater-agent-workspace/builds/worker-97/target:/opt/rustwide/target:rw,Z" "-v" "/var/lib/crater-agent-workspace/builds/worker-97/source:/opt/rustwide/workdir:ro,Z" "-v" "/var/lib/crater-agent-workspace/cargo-home:/opt/rustwide/cargo-home:ro,Z" "-v" "/var/lib/crater-agent-workspace/rustup-home:/opt/rustwide/rustup-home:ro,Z" "-e" "SOURCE_DIR=/opt/rustwide/workdir" "-e" "CARGO_TARGET_DIR=/opt/rustwide/target" "-e" "CARGO_INCREMENTAL=0" "-e" "RUST_BACKTRACE=full" "-e" "RUSTFLAGS=--cap-lints=warn" "-e" "CARGO_HOME=/opt/rustwide/cargo-home" "-e" "RUSTUP_HOME=/opt/rustwide/rustup-home" "-w" "/opt/rustwide/workdir" "-m" "1610612736" "--user" "0:0" "--network" "none" "ghcr.io/rust-lang/crates-build-env/linux@sha256:34b6a614d2c27851fe6cbf88fbd1137609cefab8b10d0615aaeb6fd47975d74e" "/opt/rustwide/cargo-home/bin/cargo" "+1.54.0" "test" "--frozen" "--no-run" "--message-format=json", kill_on_drop: false }`
[INFO] [stdout] 6d604d0ce5f3c9a6bd0c1d4629e78dcc3e70ae68d15ac4301043b16f8d0bcf71
[INFO] running `Command { std: "docker" "start" "-a" "6d604d0ce5f3c9a6bd0c1d4629e78dcc3e70ae68d15ac4301043b16f8d0bcf71", kill_on_drop: false }`
[INFO] [stderr]    Compiling once_cell v1.8.0
[INFO] [stderr]    Compiling diesel_pg_tester v0.5.1 (/opt/rustwide/workdir)
[INFO] [stderr]     Finished test [unoptimized + debuginfo] target(s) in 1.86s
[INFO] running `Command { std: "docker" "inspect" "6d604d0ce5f3c9a6bd0c1d4629e78dcc3e70ae68d15ac4301043b16f8d0bcf71", kill_on_drop: false }`
[INFO] running `Command { std: "docker" "rm" "-f" "6d604d0ce5f3c9a6bd0c1d4629e78dcc3e70ae68d15ac4301043b16f8d0bcf71", kill_on_drop: false }`
[INFO] [stdout] 6d604d0ce5f3c9a6bd0c1d4629e78dcc3e70ae68d15ac4301043b16f8d0bcf71
[INFO] running `Command { std: "docker" "create" "-v" "/var/lib/crater-agent-workspace/builds/worker-97/target:/opt/rustwide/target:rw,Z" "-v" "/var/lib/crater-agent-workspace/builds/worker-97/source:/opt/rustwide/workdir:ro,Z" "-v" "/var/lib/crater-agent-workspace/cargo-home:/opt/rustwide/cargo-home:ro,Z" "-v" "/var/lib/crater-agent-workspace/rustup-home:/opt/rustwide/rustup-home:ro,Z" "-e" "SOURCE_DIR=/opt/rustwide/workdir" "-e" "CARGO_TARGET_DIR=/opt/rustwide/target" "-e" "CARGO_INCREMENTAL=0" "-e" "RUST_BACKTRACE=full" "-e" "RUSTFLAGS=--cap-lints=warn" "-e" "CARGO_HOME=/opt/rustwide/cargo-home" "-e" "RUSTUP_HOME=/opt/rustwide/rustup-home" "-w" "/opt/rustwide/workdir" "-m" "1610612736" "--user" "0:0" "--network" "none" "ghcr.io/rust-lang/crates-build-env/linux@sha256:34b6a614d2c27851fe6cbf88fbd1137609cefab8b10d0615aaeb6fd47975d74e" "/opt/rustwide/cargo-home/bin/cargo" "+1.54.0" "test" "--frozen", kill_on_drop: false }`
[INFO] [stdout] b7a64cfd63b871b8f8ab23088c57cf450672fd7ee484dc3d84266ec735edc21f
[INFO] running `Command { std: "docker" "start" "-a" "b7a64cfd63b871b8f8ab23088c57cf450672fd7ee484dc3d84266ec735edc21f", kill_on_drop: false }`
[INFO] [stderr]     Finished test [unoptimized + debuginfo] target(s) in 0.04s
[INFO] [stderr]      Running unittests (/opt/rustwide/target/debug/deps/diesel_pg_tester-91a0f2d110504375)
[INFO] [stdout] 
[INFO] [stdout] running 0 tests
[INFO] [stdout] 
[INFO] [stdout] test result: ok. 0 passed; 0 failed; 0 ignored; 0 measured; 0 filtered out; finished in 0.00s
[INFO] [stdout] 
[INFO] [stderr]    Doc-tests diesel_pg_tester
[INFO] [stdout] 
[INFO] [stdout] running 1 test
[INFO] [stdout] test src/lib.rs - (line 16) ... FAILED
[INFO] [stdout] 
[INFO] [stdout] failures:
[INFO] [stdout] 
[INFO] [stdout] ---- src/lib.rs - (line 16) stdout ----
[INFO] [stdout] Test executable failed (exit code 101).
[INFO] [stdout] 
[INFO] [stdout] stderr:
[INFO] [stdout] thread 'thread 'main' panicked at 'DieselPgTester halted (possibly due to an earlier initialization error)', /opt/rustwide/workdir/src/lib.rs:349DieselPgTester:' panicked at '9error connecting to postgres:///: could not connect to server: No such file or directory
[INFO] [stdout] 	Is the server running locally and accepting
[INFO] [stdout] 	connections on Unix domain socket "/var/run/postgresql/.s.PGSQL.5432"?
[INFO] [stdout] 
[INFO] [stdout] ', /opt/rustwide/workdir/src/lib.rs:273:17
[INFO] [stdout] stack backtrace:
[INFO] [stdout]    0:     0x55b56f2f6520 - std::backtrace_rs::backtrace::libunwind::trace::h34055254b57d8e79
[INFO] [stdout]                                at /rustc/a178d0322ce20e33eac124758e837cbd80a6f633/library/std/src/../../backtrace/src/backtrace/libunwind.rs:90:5
[INFO] [stdout]    1:     0x55b56f2f6520 - std::backtrace_rs::backtrace::trace_unsynchronized::h8f1e3fbd9afff6ec
[INFO] [stdout]                                at /rustc/a178d0322ce20e33eac124758e837cbd80a6f633/library/std/src/../../backtrace/src/backtrace/mod.rs:66:5
[INFO] [stdout]    2:     0x55b56f2f6520 - std::sys_common::backtrace::_print_fmt::h3a99a796b770c360
[INFO] [stdout]                                at /rustc/a178d0322ce20e33eac124758e837cbd80a6f633/library/std/src/sys_common/backtrace.rs:67:5
[INFO] [stdout]    3:     0x55b56f2f6520 - <std::sys_common::backtrace::_print::DisplayBacktrace as core::fmt::Display>::fmt::h32d1f94a80615d18
[INFO] [stdout]                                at /rustc/a178d0322ce20e33eac124758e837cbd80a6f633/library/std/src/sys_common/backtrace.rs:46:22
[INFO] [stdout]    4:     0x55b56f3110bc - core::fmt::write::h306731c068f7162c
[INFO] [stdout]                                at /rustc/a178d0322ce20e33eac124758e837cbd80a6f633/library/core/src/fmt/mod.rs:1110:17
[INFO] [stdout]    5:     0x55b56f2f4725 - std::io::Write::write_fmt::hd2fa90334eee2a21
[INFO] [stdout]                                at /rustc/a178d0322ce20e33eac124758e837cbd80a6f633/library/std/src/io/mod.rs:1588:15
[INFO] [stdout]    6:     0x55b56f2f84ab - std::sys_common::backtrace::_print::h5abaa2601a852287
[INFO] [stdout]                                at /rustc/a178d0322ce20e33eac124758e837cbd80a6f633/library/std/src/sys_common/backtrace.rs:49:5
[INFO] [stdout]    7:     0x55b56f2f84ab - std::sys_common::backtrace::print::h8d81445442bb638f
[INFO] [stdout]                                at /rustc/a178d0322ce20e33eac124758e837cbd80a6f633/library/std/src/sys_common/backtrace.rs:36:9
[INFO] [stdout]    8:     0x55b56f2f84ab - std::panicking::default_hook::{{closure}}::hcfe804496a9fa747
[INFO] [stdout]                                at /rustc/a178d0322ce20e33eac124758e837cbd80a6f633/library/std/src/panicking.rs:208:50
[INFO] [stdout]    9:     0x55b56f2f7f81 - std::panicking::default_hook::hbea8e3ccf2ba8901
[INFO] [stdout]                                at /rustc/a178d0322ce20e33eac124758e837cbd80a6f633/library/std/src/panicking.rs:225:9
[INFO] [stdout]   10:     0x55b56f2f8b74 - std::panicking::rust_panic_with_hook::h7ee9e1a2d0f8975a
[INFO] [stdout]                                at /rustc/a178d0322ce20e33eac124758e837cbd80a6f633/library/std/src/panicking.rs:622:17
[INFO] [stdout]   11:     0x55b56f2e5ac3 - std::panicking::begin_panic::{{closure}}::hd0411ccca8806ffb
[INFO] [stdout]                                at /rustc/a178d0322ce20e33eac124758e837cbd80a6f633/library/std/src/panicking.rs:542:9
[INFO] [stdout]   12:     0x55b56f2e5c99 - std::sys_common::backtrace::__rust_end_short_backtrace::hd6c9e6e70387a0da
[INFO] [stdout]                                at /rustc/a178d0322ce20e33eac124758e837cbd80a6f633/library/std/src/sys_common/backtrace.rs:141:18
[INFO] [stdout]   13:     0x55b56f2e59f9 - std::panicking::begin_panic::h8d8de138617f13cf
[INFO] [stdout]                                at /rustc/a178d0322ce20e33eac124758e837cbd80a6f633/library/std/src/panicking.rs:541:12
[INFO] [stdout]   14:     0x55b56f28540d - diesel_pg_tester::Runner<E>::report_halted::h7c74e01044b1985c
[INFO] [stdout]   15:     0x55b56f2856b7 - diesel_pg_tester::Runner<E>::run_job::{{closure}}::hfacf6ff4e18d2879
[INFO] [stdout]   16:     0x55b56f297b72 - core::result::Result<T,E>::unwrap_or_else::h77cf408c9ebb7291
[INFO] [stdout]   17:     0x55b56f2855e6 - diesel_pg_tester::Runner<E>::run_job::h61e87d3620c61c4b
[INFO] [stdout]   18:     0x55b56f285dbf - diesel_pg_tester::DieselPgTester<E>::run::hc2e3ad45be2aa0f7
[INFO] [stdout]   19:     0x55b56f2a7c4c - rust_out::main::_doctest_main_src_lib_rs_16_0::insert_and_query_user_real::h345424487ae38d95
[INFO] [stdout]   20:     0x55b56f2a7b2c - rust_out::main::_doctest_main_src_lib_rs_16_0::h18e4f8db0a050754
[INFO] [stdout]   21:     0x55b56f2a7b16 - rust_out::main::h2a38bb51b9580a7d
[INFO] [stdout]   22:     0x55b56f291483 - core::ops::function::FnOnce::call_once::hb73b95e6982fd3f0
[INFO] [stdout]   23:     0x55b56f2865c9 - std::sys_common::backtrace::__rust_begin_short_backtrace::h8371d112165838d3
[INFO] [stdout]   24:     0x55b56f286639 - std::rt::lang_start::{{closure}}::h783adf50233ec5ec
[INFO] [stdout]   25:     0x55b56f2f9079 - core::ops::function::impls::<impl core::ops::function::FnOnce<A> for &F>::call_once::h2aabc384aab89b7b
[INFO] [stdout]                                at /rustc/a178d0322ce20e33eac124758e837cbd80a6f633/library/core/src/ops/function.rs:259:13
[INFO] [stdout]   26:     0x55b56f2f9079 - std::panicking::try::do_call::hc5fcacb7a85fc7b1
[INFO] [stdout]                                at /rustc/a178d0322ce20e33eac124758e837cbd80a6f633/library/std/src/panicking.rs:401:40
[INFO] [stdout]   27:     0x55b56f2f9079 - std::panicking::try::hb5d9603af3abbe3a
[INFO] [stdout]                                at /rustc/a178d0322ce20e33eac124758e837cbd80a6f633/library/std/src/panicking.rs:365:19
[INFO] [stdout]   28:     0x55b56f2f9079 - std::panic::catch_unwind::h98fe6ac3925e64b4
[INFO] [stdout]                                at /rustc/a178d0322ce20e33eac124758e837cbd80a6f633/library/std/src/panic.rs:434:14
[INFO] [stdout]   29:     0x55b56f2f9079 - std::rt::lang_start_internal::h22ac7383c516f93e
[INFO] [stdout]                                at /rustc/a178d0322ce20e33eac124758e837cbd80a6f633/library/std/src/rt.rs:34:21
[INFO] [stdout]   30:     0x55b56f286621 - std::rt::lang_start::h11b9716471e37ff8
[INFO] [stdout]   31:     0x55b56f2a81c3 - main
[INFO] [stdout]   32:     0x7f9375f180b3 - __libc_start_main
[INFO] [stdout]   33:     0x55b56f28166e - _start
[INFO] [stdout]   34:                0x0 - <unknown>
[INFO] [stdout] stack backtrace:
[INFO] [stdout]    0:     0x55b56f2f6520 - std::backtrace_rs::backtrace::libunwind::trace::h34055254b57d8e79
[INFO] [stdout]                                at /rustc/a178d0322ce20e33eac124758e837cbd80a6f633/library/std/src/../../backtrace/src/backtrace/libunwind.rs:90:5
[INFO] [stdout]    1:     0x55b56f2f6520 - std::backtrace_rs::backtrace::trace_unsynchronized::h8f1e3fbd9afff6ec
[INFO] [stdout]                                at /rustc/a178d0322ce20e33eac124758e837cbd80a6f633/library/std/src/../../backtrace/src/backtrace/mod.rs:66:5
[INFO] [stdout]    2:     0x55b56f2f6520 - std::sys_common::backtrace::_print_fmt::h3a99a796b770c360
[INFO] [stdout]                                at /rustc/a178d0322ce20e33eac124758e837cbd80a6f633/library/std/src/sys_common/backtrace.rs:67:5
[INFO] [stdout]    3:     0x55b56f2f6520 - <std::sys_common::backtrace::_print::DisplayBacktrace as core::fmt::Display>::fmt::h32d1f94a80615d18
[INFO] [stdout]                                at /rustc/a178d0322ce20e33eac124758e837cbd80a6f633/library/std/src/sys_common/backtrace.rs:46:22
[INFO] [stdout]    4:     0x55b56f3110bc - core::fmt::write::h306731c068f7162c
[INFO] [stdout]                                at /rustc/a178d0322ce20e33eac124758e837cbd80a6f633/library/core/src/fmt/mod.rs:1110:17
[INFO] [stdout]    5:     0x55b56f2f4725 - std::io::Write::write_fmt::hd2fa90334eee2a21
[INFO] [stdout]                                at /rustc/a178d0322ce20e33eac124758e837cbd80a6f633/library/std/src/io/mod.rs:1588:15
[INFO] [stdout]    6:     0x55b56f2f84ab - std::sys_common::backtrace::_print::h5abaa2601a852287
[INFO] [stdout]                                at /rustc/a178d0322ce20e33eac124758e837cbd80a6f633/library/std/src/sys_common/backtrace.rs:49:5
[INFO] [stdout]    7:     0x55b56f2f84ab - std::sys_common::backtrace::print::h8d81445442bb638f
[INFO] [stdout]   
[INFO] [stdout] 
[INFO] [stdout] 
[INFO] [stdout] failures:
[INFO] [stdout]     src/lib.rs - (line 16)
[INFO] [stdout] 
[INFO] [stdout] test result: FAILED. 0 passed; 1 failed; 0 ignored; 0 measured; 0 filtered out; finished in 1.55s
[INFO] [stdout] 
[INFO] [stderr] error: test failed, to rerun pass '--doc'
[INFO] running `Command { std: "docker" "inspect" "b7a64cfd63b871b8f8ab23088c57cf450672fd7ee484dc3d84266ec735edc21f", kill_on_drop: false }`
[INFO] running `Command { std: "docker" "rm" "-f" "b7a64cfd63b871b8f8ab23088c57cf450672fd7ee484dc3d84266ec735edc21f", kill_on_drop: false }`
[INFO] [stdout] b7a64cfd63b871b8f8ab23088c57cf450672fd7ee484dc3d84266ec735edc21f
