[INFO] fetching crate diesel-factories 2.0.0...
[INFO] testing diesel-factories-2.0.0 against 1.54.0 for beta-1.55-1
[INFO] extracting crate diesel-factories 2.0.0 into /workspace/builds/worker-33/source
[INFO] validating manifest of crates.io crate diesel-factories 2.0.0 on toolchain 1.54.0
[INFO] running `Command { std: "/workspace/cargo-home/bin/cargo" "+1.54.0" "metadata" "--manifest-path" "Cargo.toml" "--no-deps", kill_on_drop: false }`
[INFO] started tweaking crates.io crate diesel-factories 2.0.0
[INFO] finished tweaking crates.io crate diesel-factories 2.0.0
[INFO] tweaked toml for crates.io crate diesel-factories 2.0.0 written to /workspace/builds/worker-33/source/Cargo.toml
[INFO] running `Command { std: "/workspace/cargo-home/bin/cargo" "+1.54.0" "generate-lockfile" "--manifest-path" "Cargo.toml" "-Zno-index-update", kill_on_drop: false }`
[INFO] [stderr]     Blocking waiting for file lock on package cache
[INFO] running `Command { std: "/workspace/cargo-home/bin/cargo" "+1.54.0" "fetch" "--manifest-path" "Cargo.toml", kill_on_drop: false }`
[INFO] [stderr]     Blocking waiting for file lock on package cache
[INFO] [stderr]  Downloading crates ...
[INFO] [stderr]   Downloaded diesel-factories-code-gen v2.0.0
[INFO] running `Command { std: "docker" "create" "-v" "/var/lib/crater-agent-workspace/builds/worker-33/target:/opt/rustwide/target:rw,Z" "-v" "/var/lib/crater-agent-workspace/builds/worker-33/source:/opt/rustwide/workdir:ro,Z" "-v" "/var/lib/crater-agent-workspace/cargo-home:/opt/rustwide/cargo-home:ro,Z" "-v" "/var/lib/crater-agent-workspace/rustup-home:/opt/rustwide/rustup-home:ro,Z" "-e" "SOURCE_DIR=/opt/rustwide/workdir" "-e" "CARGO_TARGET_DIR=/opt/rustwide/target" "-e" "CARGO_HOME=/opt/rustwide/cargo-home" "-e" "RUSTUP_HOME=/opt/rustwide/rustup-home" "-w" "/opt/rustwide/workdir" "-m" "1610612736" "--user" "0:0" "--network" "none" "ghcr.io/rust-lang/crates-build-env/linux@sha256:34b6a614d2c27851fe6cbf88fbd1137609cefab8b10d0615aaeb6fd47975d74e" "/opt/rustwide/cargo-home/bin/cargo" "+1.54.0" "metadata" "--no-deps" "--format-version=1", kill_on_drop: false }`
[INFO] [stdout] d15ab134351e2e08c2c6029af5ca6ec4ed2a50b7a2e239b82753d2bdd4ee883d
[INFO] running `Command { std: "docker" "start" "-a" "d15ab134351e2e08c2c6029af5ca6ec4ed2a50b7a2e239b82753d2bdd4ee883d", kill_on_drop: false }`
[INFO] running `Command { std: "docker" "inspect" "d15ab134351e2e08c2c6029af5ca6ec4ed2a50b7a2e239b82753d2bdd4ee883d", kill_on_drop: false }`
[INFO] running `Command { std: "docker" "rm" "-f" "d15ab134351e2e08c2c6029af5ca6ec4ed2a50b7a2e239b82753d2bdd4ee883d", kill_on_drop: false }`
[INFO] [stdout] d15ab134351e2e08c2c6029af5ca6ec4ed2a50b7a2e239b82753d2bdd4ee883d
[INFO] running `Command { std: "docker" "create" "-v" "/var/lib/crater-agent-workspace/builds/worker-33/target:/opt/rustwide/target:rw,Z" "-v" "/var/lib/crater-agent-workspace/builds/worker-33/source:/opt/rustwide/workdir:ro,Z" "-v" "/var/lib/crater-agent-workspace/cargo-home:/opt/rustwide/cargo-home:ro,Z" "-v" "/var/lib/crater-agent-workspace/rustup-home:/opt/rustwide/rustup-home:ro,Z" "-e" "SOURCE_DIR=/opt/rustwide/workdir" "-e" "CARGO_TARGET_DIR=/opt/rustwide/target" "-e" "CARGO_INCREMENTAL=0" "-e" "RUST_BACKTRACE=full" "-e" "RUSTFLAGS=--cap-lints=warn" "-e" "CARGO_HOME=/opt/rustwide/cargo-home" "-e" "RUSTUP_HOME=/opt/rustwide/rustup-home" "-w" "/opt/rustwide/workdir" "-m" "1610612736" "--user" "0:0" "--network" "none" "ghcr.io/rust-lang/crates-build-env/linux@sha256:34b6a614d2c27851fe6cbf88fbd1137609cefab8b10d0615aaeb6fd47975d74e" "/opt/rustwide/cargo-home/bin/cargo" "+1.54.0" "build" "--frozen" "--message-format=json", kill_on_drop: false }`
[INFO] [stdout] a60b0d2c6ae6580d10abb227a5272f6121dfe69f00a605a18dbfa0452012e10d
[INFO] running `Command { std: "docker" "start" "-a" "a60b0d2c6ae6580d10abb227a5272f6121dfe69f00a605a18dbfa0452012e10d", kill_on_drop: false }`
[INFO] [stderr]    Compiling syn v1.0.74
[INFO] [stderr]    Compiling pq-sys v0.4.6
[INFO] [stderr]    Compiling proc-macro-error-attr v0.4.12
[INFO] [stderr]    Compiling proc-macro-error v0.4.12
[INFO] [stderr]    Compiling syn-mid v0.5.3
[INFO] [stderr]    Compiling serde_derive v1.0.127
[INFO] [stderr]    Compiling diesel_derives v1.4.1
[INFO] [stderr]    Compiling bae v0.1.6
[INFO] [stderr]    Compiling diesel-factories-code-gen v2.0.0
[INFO] [stderr]    Compiling serde v1.0.127
[INFO] [stderr]    Compiling ipnetwork v0.18.0
[INFO] [stderr]    Compiling diesel v1.4.7
[INFO] [stderr]    Compiling diesel-factories v2.0.0 (/opt/rustwide/workdir)
[INFO] [stderr]     Finished dev [unoptimized + debuginfo] target(s) in 46.33s
[INFO] running `Command { std: "docker" "inspect" "a60b0d2c6ae6580d10abb227a5272f6121dfe69f00a605a18dbfa0452012e10d", kill_on_drop: false }`
[INFO] running `Command { std: "docker" "rm" "-f" "a60b0d2c6ae6580d10abb227a5272f6121dfe69f00a605a18dbfa0452012e10d", kill_on_drop: false }`
[INFO] [stdout] a60b0d2c6ae6580d10abb227a5272f6121dfe69f00a605a18dbfa0452012e10d
[INFO] running `Command { std: "docker" "create" "-v" "/var/lib/crater-agent-workspace/builds/worker-33/target:/opt/rustwide/target:rw,Z" "-v" "/var/lib/crater-agent-workspace/builds/worker-33/source:/opt/rustwide/workdir:ro,Z" "-v" "/var/lib/crater-agent-workspace/cargo-home:/opt/rustwide/cargo-home:ro,Z" "-v" "/var/lib/crater-agent-workspace/rustup-home:/opt/rustwide/rustup-home:ro,Z" "-e" "SOURCE_DIR=/opt/rustwide/workdir" "-e" "CARGO_TARGET_DIR=/opt/rustwide/target" "-e" "CARGO_INCREMENTAL=0" "-e" "RUST_BACKTRACE=full" "-e" "RUSTFLAGS=--cap-lints=warn" "-e" "CARGO_HOME=/opt/rustwide/cargo-home" "-e" "RUSTUP_HOME=/opt/rustwide/rustup-home" "-w" "/opt/rustwide/workdir" "-m" "1610612736" "--user" "0:0" "--network" "none" "ghcr.io/rust-lang/crates-build-env/linux@sha256:34b6a614d2c27851fe6cbf88fbd1137609cefab8b10d0615aaeb6fd47975d74e" "/opt/rustwide/cargo-home/bin/cargo" "+1.54.0" "test" "--frozen" "--no-run" "--message-format=json", kill_on_drop: false }`
[INFO] [stdout] 456616a55c6f60dd1b4cbe7967632020b8d72db6e5afdc6892207c2ef6b14d0e
[INFO] running `Command { std: "docker" "start" "-a" "456616a55c6f60dd1b4cbe7967632020b8d72db6e5afdc6892207c2ef6b14d0e", kill_on_drop: false }`
[INFO] [stderr]    Compiling trybuild v1.0.43
[INFO] [stderr]    Compiling glob v0.3.0
[INFO] [stderr]    Compiling toml v0.5.8
[INFO] [stderr]    Compiling serde_json v1.0.66
[INFO] [stderr]    Compiling diesel-factories v2.0.0 (/opt/rustwide/workdir)
[INFO] [stdout] warning: unused import: `pg::PgConnection`
[INFO] [stdout]  --> tests/docs_setup.rs:4:14
[INFO] [stdout]   |
[INFO] [stdout] 4 | use diesel::{pg::PgConnection, prelude::*};
[INFO] [stdout]   |              ^^^^^^^^^^^^^^^^
[INFO] [stdout]   |
[INFO] [stdout]   = note: `#[warn(unused_imports)]` on by default
[INFO] [stdout] 
[INFO] [stdout] 
[INFO] [stdout] warning: unused import: `Association`
[INFO] [stdout]  --> tests/docs_setup.rs:5:24
[INFO] [stdout]   |
[INFO] [stdout] 5 | use diesel_factories::{Association, Factory};
[INFO] [stdout]   |                        ^^^^^^^^^^^
[INFO] [stdout] 
[INFO] [stdout] 
[INFO] [stdout] warning: unused import: `prelude`
[INFO] [stdout]  --> tests/docs_setup.rs:4:32
[INFO] [stdout]   |
[INFO] [stdout] 4 | use diesel::{pg::PgConnection, prelude::*};
[INFO] [stdout]   |                                ^^^^^^^
[INFO] [stdout] 
[INFO] [stdout] 
[INFO] [stdout] warning: 3 warnings emitted
[INFO] [stdout] 
[INFO] [stdout] 
[INFO] [stderr]     Finished test [unoptimized + debuginfo] target(s) in 5.19s
[INFO] running `Command { std: "docker" "inspect" "456616a55c6f60dd1b4cbe7967632020b8d72db6e5afdc6892207c2ef6b14d0e", kill_on_drop: false }`
[INFO] running `Command { std: "docker" "rm" "-f" "456616a55c6f60dd1b4cbe7967632020b8d72db6e5afdc6892207c2ef6b14d0e", kill_on_drop: false }`
[INFO] [stdout] 456616a55c6f60dd1b4cbe7967632020b8d72db6e5afdc6892207c2ef6b14d0e
[INFO] running `Command { std: "docker" "create" "-v" "/var/lib/crater-agent-workspace/builds/worker-33/target:/opt/rustwide/target:rw,Z" "-v" "/var/lib/crater-agent-workspace/builds/worker-33/source:/opt/rustwide/workdir:ro,Z" "-v" "/var/lib/crater-agent-workspace/cargo-home:/opt/rustwide/cargo-home:ro,Z" "-v" "/var/lib/crater-agent-workspace/rustup-home:/opt/rustwide/rustup-home:ro,Z" "-e" "SOURCE_DIR=/opt/rustwide/workdir" "-e" "CARGO_TARGET_DIR=/opt/rustwide/target" "-e" "CARGO_INCREMENTAL=0" "-e" "RUST_BACKTRACE=full" "-e" "RUSTFLAGS=--cap-lints=warn" "-e" "CARGO_HOME=/opt/rustwide/cargo-home" "-e" "RUSTUP_HOME=/opt/rustwide/rustup-home" "-w" "/opt/rustwide/workdir" "-m" "1610612736" "--user" "0:0" "--network" "none" "ghcr.io/rust-lang/crates-build-env/linux@sha256:34b6a614d2c27851fe6cbf88fbd1137609cefab8b10d0615aaeb6fd47975d74e" "/opt/rustwide/cargo-home/bin/cargo" "+1.54.0" "test" "--frozen", kill_on_drop: false }`
[INFO] [stdout] bdb6f6d1cc7ebf67d162b6ad0e79d012a6fcce44ef8c0d5e7357e4e9431082ee
[INFO] running `Command { std: "docker" "start" "-a" "bdb6f6d1cc7ebf67d162b6ad0e79d012a6fcce44ef8c0d5e7357e4e9431082ee", kill_on_drop: false }`
[INFO] [stderr] warning: unused import: `pg::PgConnection`
[INFO] [stderr]  --> tests/docs_setup.rs:4:14
[INFO] [stderr]   |
[INFO] [stderr] 4 | use diesel::{pg::PgConnection, prelude::*};
[INFO] [stderr]   |              ^^^^^^^^^^^^^^^^
[INFO] [stderr]   |
[INFO] [stderr]   = note: `#[warn(unused_imports)]` on by default
[INFO] [stderr] 
[INFO] [stderr] warning: unused import: `Association`
[INFO] [stderr]  --> tests/docs_setup.rs:5:24
[INFO] [stderr]   |
[INFO] [stderr] 5 | use diesel_factories::{Association, Factory};
[INFO] [stderr]   |                        ^^^^^^^^^^^
[INFO] [stderr] 
[INFO] [stderr] warning: unused import: `prelude`
[INFO] [stderr]  --> tests/docs_setup.rs:4:32
[INFO] [stderr]   |
[INFO] [stderr] 4 | use diesel::{pg::PgConnection, prelude::*};
[INFO] [stderr]   |                                ^^^^^^^
[INFO] [stderr] 
[INFO] [stderr] warning: 3 warnings emitted
[INFO] [stderr] 
[INFO] [stderr]     Finished test [unoptimized + debuginfo] target(s) in 0.03s
[INFO] [stderr]      Running unittests (/opt/rustwide/target/debug/deps/diesel_factories-0943074e9855e78d)
[INFO] [stdout] 
[INFO] [stdout] running 1 test
[INFO] [stderr]    Compiling proc-macro2 v1.0.28
[INFO] [stderr]    Compiling unicode-xid v0.2.2
[INFO] [stderr]    Compiling syn v1.0.74
[INFO] [stderr]    Compiling version_check v0.9.3
[INFO] [stderr]    Compiling serde v1.0.127
[INFO] [stderr]    Compiling pq-sys v0.4.6
[INFO] [stderr]    Compiling unicode-segmentation v1.8.0
[INFO] [stderr]    Compiling bitflags v1.2.1
[INFO] [stderr]    Compiling libc v0.2.98
[INFO] [stderr]    Compiling byteorder v1.4.3
[INFO] [stderr]    Compiling heck v0.3.3
[INFO] [stderr]    Compiling proc-macro-error-attr v0.4.12
[INFO] [stderr]    Compiling proc-macro-error v0.4.12
[INFO] [stderr]    Compiling quote v1.0.9
[INFO] [stderr]    Compiling ipnetwork v0.18.0
[INFO] [stderr]    Compiling syn-mid v0.5.3
[INFO] [stderr]    Compiling diesel_derives v1.4.1
[INFO] [stderr]    Compiling bae v0.1.6
[INFO] [stderr]    Compiling diesel-factories-code-gen v2.0.0
[INFO] [stderr]    Compiling diesel v1.4.7
[INFO] [stderr]    Compiling diesel-factories v2.0.0 (/opt/rustwide/workdir)
[INFO] [stderr]    Compiling diesel-factories-tests v0.0.0 (/opt/rustwide/target/tests/diesel-factories)
[INFO] [stderr]     Finished dev [unoptimized + debuginfo] target(s) in 31.31s
[INFO] [stderr] 
[INFO] [stderr] 
[INFO] [stderr] test alternative_fk_name.rs [should pass] ... ok
[INFO] [stderr] test alternative_pk_name.rs [should pass] ... ok
[INFO] [stderr] test basic.rs [should pass] ... ok
[INFO] [stderr] test change_foreign_key_name.rs [should pass] ... ok
[INFO] [stderr] test empty_factory.rs [should pass] ... ok
[INFO] [stderr] test factory_containing_reference.rs [should pass] ... ok
[INFO] [stderr] test macaddr.rs [should pass] ... ok
[INFO] [stderr] test path_name_models.rs [should pass] ... ok
[INFO] [stderr] test foreign_key_name_on_non_association.rs [should fail to compile] ... mismatch
[INFO] [stderr] 
[INFO] [stderr] EXPECTED:
[INFO] [stderr] ┈┈┈┈┈┈┈┈┈┈┈┈┈┈┈┈┈┈┈┈┈┈┈┈┈┈┈┈┈┈┈┈┈┈┈┈┈┈┈┈┈┈┈┈┈┈┈┈┈┈┈┈┈┈┈┈┈┈┈┈
[INFO] [stderr] error: `#[factory]` attributes are only allowed on association fields
[INFO] [stderr]   --> $DIR/foreign_key_name_on_non_association.rs:39:5
[INFO] [stderr]    |
[INFO] [stderr] 39 |     #[factory(foreign_key_name = not_allowed_here)]
[INFO] [stderr]    |     ^
[INFO] [stderr] 
[INFO] [stderr] error[E0599]: no method named `country` found for struct `UserFactory<'_>` in the current scope
[INFO] [stderr]   --> $DIR/foreign_key_name_on_non_association.rs:75:10
[INFO] [stderr]    |
[INFO] [stderr] 38 | struct UserFactory<'a> {
[INFO] [stderr]    | ---------------------- method `country` not found for this
[INFO] [stderr] ...
[INFO] [stderr] 75 |         .country(CountryFactory::default())
[INFO] [stderr]    |          ^^^^^^^--------------------------- help: remove the arguments
[INFO] [stderr]    |          |
[INFO] [stderr]    |          field, not a method
[INFO] [stderr] ┈┈┈┈┈┈┈┈┈┈┈┈┈┈┈┈┈┈┈┈┈┈┈┈┈┈┈┈┈┈┈┈┈┈┈┈┈┈┈┈┈┈┈┈┈┈┈┈┈┈┈┈┈┈┈┈┈┈┈┈
[INFO] [stderr] 
[INFO] [stderr] ACTUAL OUTPUT:
[INFO] [stderr] ┈┈┈┈┈┈┈┈┈┈┈┈┈┈┈┈┈┈┈┈┈┈┈┈┈┈┈┈┈┈┈┈┈┈┈┈┈┈┈┈┈┈┈┈┈┈┈┈┈┈┈┈┈┈┈┈┈┈┈┈
[INFO] [stderr] error: `#[factory]` attributes are only allowed on association fields
[INFO] [stderr]   --> $DIR/foreign_key_name_on_non_association.rs:39:5
[INFO] [stderr]    |
[INFO] [stderr] 39 |     #[factory(foreign_key_name = not_allowed_here)]
[INFO] [stderr]    |     ^
[INFO] [stderr] 
[INFO] [stderr] error[E0599]: no method named `country` found for struct `UserFactory` in the current scope
[INFO] [stderr]   --> $DIR/foreign_key_name_on_non_association.rs:75:10
[INFO] [stderr]    |
[INFO] [stderr] 38 | struct UserFactory<'a> {
[INFO] [stderr]    | ---------------------- method `country` not found for this
[INFO] [stderr] ...
[INFO] [stderr] 75 |         .country(CountryFactory::default())
[INFO] [stderr]    |          ^^^^^^^--------------------------- help: remove the arguments
[INFO] [stderr]    |          |
[INFO] [stderr]    |          field, not a method
[INFO] [stderr] ┈┈┈┈┈┈┈┈┈┈┈┈┈┈┈┈┈┈┈┈┈┈┈┈┈┈┈┈┈┈┈┈┈┈┈┈┈┈┈┈┈┈┈┈┈┈┈┈┈┈┈┈┈┈┈┈┈┈┈┈
[INFO] [stderr] note: If the actual output is the correct output you can bless it by rerunning
[INFO] [stderr]       your test with the environment variable TRYBUILD=overwrite
[INFO] [stderr] 
[INFO] [stderr] 
[INFO] [stderr] 
[INFO] [stdout] test test::test_compile_pass ... FAILED
[INFO] [stdout] 
[INFO] [stdout] failures:
[INFO] [stdout] 
[INFO] [stdout] ---- test::test_compile_pass stdout ----
[INFO] [stdout] thread 'test::test_compile_pass' panicked at '1 of 9 tests failed', /opt/rustwide/cargo-home/registry/src/github.com-1ecc6299db9ec823/trybuild-1.0.43/src/run.rs:73:13
[INFO] [stdout] stack backtrace:
[INFO] [stdout]    0:     0x556622022590 - std::backtrace_rs::backtrace::libunwind::trace::h34055254b57d8e79
[INFO] [stdout]                                at /rustc/a178d0322ce20e33eac124758e837cbd80a6f633/library/std/src/../../backtrace/src/backtrace/libunwind.rs:90:5
[INFO] [stdout]    1:     0x556622022590 - std::backtrace_rs::backtrace::trace_unsynchronized::h8f1e3fbd9afff6ec
[INFO] [stdout]                                at /rustc/a178d0322ce20e33eac124758e837cbd80a6f633/library/std/src/../../backtrace/src/backtrace/mod.rs:66:5
[INFO] [stdout]    2:     0x556622022590 - std::sys_common::backtrace::_print_fmt::h3a99a796b770c360
[INFO] [stdout]                                at /rustc/a178d0322ce20e33eac124758e837cbd80a6f633/library/std/src/sys_common/backtrace.rs:67:5
[INFO] [stdout]    3:     0x556622022590 - <std::sys_common::backtrace::_print::DisplayBacktrace as core::fmt::Display>::fmt::h32d1f94a80615d18
[INFO] [stdout]                                at /rustc/a178d0322ce20e33eac124758e837cbd80a6f633/library/std/src/sys_common/backtrace.rs:46:22
[INFO] [stdout]    4:     0x556622047acc - core::fmt::write::h306731c068f7162c
[INFO] [stdout]                                at /rustc/a178d0322ce20e33eac124758e837cbd80a6f633/library/core/src/fmt/mod.rs:1110:17
[INFO] [stdout]    5:     0x55662201e9b5 - std::io::Write::write_fmt::h87f19b0a2cd190bc
[INFO] [stdout]                                at /rustc/a178d0322ce20e33eac124758e837cbd80a6f633/library/std/src/io/mod.rs:1588:15
[INFO] [stdout]    6:     0x5566220248ab - std::sys_common::backtrace::_print::h5abaa2601a852287
[INFO] [stdout]                                at /rustc/a178d0322ce20e33eac124758e837cbd80a6f633/library/std/src/sys_common/backtrace.rs:49:5
[INFO] [stdout]    7:     0x5566220248ab - std::sys_common::backtrace::print::h8d81445442bb638f
[INFO] [stdout]                                at /rustc/a178d0322ce20e33eac124758e837cbd80a6f633/library/std/src/sys_common/backtrace.rs:36:9
[INFO] [stdout]    8:     0x5566220248ab - std::panicking::default_hook::{{closure}}::hcfe804496a9fa747
[INFO] [stdout]                                at /rustc/a178d0322ce20e33eac124758e837cbd80a6f633/library/std/src/panicking.rs:208:50
[INFO] [stdout]    9:     0x5566220243bc - std::panicking::default_hook::hbea8e3ccf2ba8901
[INFO] [stdout]                                at /rustc/a178d0322ce20e33eac124758e837cbd80a6f633/library/std/src/panicking.rs:222:9
[INFO] [stdout]   10:     0x556622024f74 - std::panicking::rust_panic_with_hook::h7ee9e1a2d0f8975a
[INFO] [stdout]                                at /rustc/a178d0322ce20e33eac124758e837cbd80a6f633/library/std/src/panicking.rs:622:17
[INFO] [stdout]   11:     0x556622024a57 - std::panicking::begin_panic_handler::{{closure}}::h8ab3b4491718b2c7
[INFO] [stdout]                                at /rustc/a178d0322ce20e33eac124758e837cbd80a6f633/library/std/src/panicking.rs:519:13
[INFO] [stdout]   12:     0x556622022a8c - std::sys_common::backtrace::__rust_end_short_backtrace::hd489062ffa586a9f
[INFO] [stdout]                                at /rustc/a178d0322ce20e33eac124758e837cbd80a6f633/library/std/src/sys_common/backtrace.rs:141:18
[INFO] [stdout]   13:     0x5566220249b9 - rust_begin_unwind
[INFO] [stdout]                                at /rustc/a178d0322ce20e33eac124758e837cbd80a6f633/library/std/src/panicking.rs:515:5
[INFO] [stdout]   14:     0x556621dc1f9b - std::panicking::begin_panic_fmt::h5479575e112541f8
[INFO] [stdout]                                at /rustc/a178d0322ce20e33eac124758e837cbd80a6f633/library/std/src/panicking.rs:457:5
[INFO] [stdout]   15:     0x556621df6912 - trybuild::run::<impl trybuild::Runner>::run::h48e0fc324517c462
[INFO] [stdout]                                at /opt/rustwide/cargo-home/registry/src/github.com-1ecc6299db9ec823/trybuild-1.0.43/src/run.rs:73:13
[INFO] [stdout]   16:     0x556621dfb582 - <trybuild::TestCases as core::ops::drop::Drop>::drop::h252bcac62c28b7b2
[INFO] [stdout]                                at /opt/rustwide/cargo-home/registry/src/github.com-1ecc6299db9ec823/trybuild-1.0.43/src/lib.rs:306:13
[INFO] [stdout]   17:     0x556621dc3dd7 - core::ptr::drop_in_place<trybuild::TestCases>::h4780e1982c406c89
[INFO] [stdout]                                at /rustc/a178d0322ce20e33eac124758e837cbd80a6f633/library/core/src/ptr/mod.rs:192:1
[INFO] [stdout]   18:     0x556621dc4045 - diesel_factories::test::test_compile_pass::h17c24c755ccee291
[INFO] [stdout]                                at /opt/rustwide/workdir/src/lib.rs:549:5
[INFO] [stdout]   19:     0x556621dc3fca - diesel_factories::test::test_compile_pass::{{closure}}::hd69167dbd96adccd
[INFO] [stdout]                                at /opt/rustwide/workdir/src/lib.rs:545:5
[INFO] [stdout]   20:     0x556621dc3d7e - core::ops::function::FnOnce::call_once::hf5ac971f4787d335
[INFO] [stdout]                                at /rustc/a178d0322ce20e33eac124758e837cbd80a6f633/library/core/src/ops/function.rs:227:5
[INFO] [stdout]   21:     0x556621ff7b13 - core::ops::function::FnOnce::call_once::h152e7e439ff59e19
[INFO] [stdout]                                at /rustc/a178d0322ce20e33eac124758e837cbd80a6f633/library/core/src/ops/function.rs:227:5
[INFO] [stdout]   22:     0x556621ff7b13 - test::__rust_begin_short_backtrace::h0908f3b1fdbb72ab
[INFO] [stdout]                                at /rustc/a178d0322ce20e33eac124758e837cbd80a6f633/library/test/src/lib.rs:577:5
[INFO] [stdout]   23:     0x556621ff65d0 - <alloc::boxed::Box<F,A> as core::ops::function::FnOnce<Args>>::call_once::hf6d2a51e5587546c
[INFO] [stdout]                                at /rustc/a178d0322ce20e33eac124758e837cbd80a6f633/library/alloc/src/boxed.rs:1575:9
[INFO] [stdout]   24:     0x556621ff65d0 - <std::panic::AssertUnwindSafe<F> as core::ops::function::FnOnce<()>>::call_once::h8af660f3a89ef593
[INFO] [stdout]                                at /rustc/a178d0322ce20e33eac124758e837cbd80a6f633/library/std/src/panic.rs:347:9
[INFO] [stdout]   25:     0x556621ff65d0 - std::panicking::try::do_call::hd36aef60f84b6d36
[INFO] [stdout]                                at /rustc/a178d0322ce20e33eac124758e837cbd80a6f633/library/std/src/panicking.rs:401:40
[INFO] [stdout]   26:     0x556621ff65d0 - std::panicking::try::h9932b4480e69817c
[INFO] [stdout]                                at /rustc/a178d0322ce20e33eac124758e837cbd80a6f633/library/std/src/panicking.rs:365:19
[INFO] [stdout]   27:     0x556621ff65d0 - std::panic::catch_unwind::h6aa177099cfff5f8
[INFO] [stdout]                                at /rustc/a178d0322ce20e33eac124758e837cbd80a6f633/library/std/src/panic.rs:434:14
[INFO] [stdout]   28:     0x556621ff65d0 - test::run_test_in_process::h5884d6f2d99e20c3
[INFO] [stdout]                                at /rustc/a178d0322ce20e33eac124758e837cbd80a6f633/library/test/src/lib.rs:600:18
[INFO] [stdout]   29:     0x556621ff65d0 - test::run_test::run_test_inner::{{closure}}::h6fdc58c6d5f5b6e3
[INFO] [stdout]                                at /rustc/a178d0322ce20e33eac124758e837cbd80a6f633/library/test/src/lib.rs:492:39
[INFO] [stdout]   30:     0x556621fcfc82 - test::run_test::run_test_inner::{{closure}}::h408365d67a78ade8
[INFO] [stdout]                                at /rustc/a178d0322ce20e33eac124758e837cbd80a6f633/library/test/src/lib.rs:519:37
[INFO] [stdout]   31:     0x556621fcfc82 - std::sys_common::backtrace::__rust_begin_short_backtrace::hb560b77c4f701523
[INFO] [stdout]                                at /rustc/a178d0322ce20e33eac124758e837cbd80a6f633/library/std/src/sys_common/backtrace.rs:125:18
[INFO] [stdout]   32:     0x556621fd3838 - std::thread::Builder::spawn_unchecked::{{closure}}::{{closure}}::hf2e7831dad93c597
[INFO] [stdout]                                at /rustc/a178d0322ce20e33eac124758e837cbd80a6f633/library/std/src/thread/mod.rs:481:17
[INFO] [stdout]   33:     0x556621fd3838 - <std::panic::AssertUnwindSafe<F> as core::ops::function::FnOnce<()>>::call_once::hd2e08783d8be4d02
[INFO] [stdout]                                at /rustc/a178d0322ce20e33eac124758e837cbd80a6f633/library/std/src/panic.rs:347:9
[INFO] [stdout]   34:     0x556621fd3838 - std::panicking::try::do_call::h062597b7acfd6b82
[INFO] [stdout]                                at /rustc/a178d0322ce20e33eac124758e837cbd80a6f633/library/std/src/panicking.rs:401:40
[INFO] [stdout]   35:     0x556621fd3838 - std::panicking::try::h0d7b79db04c14552
[INFO] [stdout]                                at /rustc/a178d0322ce20e33eac124758e837cbd80a6f633/library/std/src/panicking.rs:365:19
[INFO] [stdout]   36:     0x556621fd3838 - std::panic::catch_unwind::hb01a0b5e7c8cd43b
[INFO] [stdout]                                at /rustc/a178d0322ce20e33eac124758e837cbd80a6f633/library/std/src/panic.rs:434:14
[INFO] [stdout]   37:     0x556621fd3838 - std::thread::Builder::spawn_unchecked::{{closure}}::h5bde48cc887e0d1e
[INFO] [stdout]                                at /rustc/a178d0322ce20e33eac124758e837cbd80a6f633/library/std/src/thread/mod.rs:480:30
[INFO] [stdout]   38:     0x556621fd3838 - core::ops::function::FnOnce::call_once{{vtable.shim}}::h745ea30807a29e55
[INFO] [stdout]                                at /rustc/a178d0322ce20e33eac124758e837cbd80a6f633/library/core/src/ops/function.rs:227:5
[INFO] [stdout]   39:     0x55662202af37 - <alloc::boxed::Box<F,A> as core::ops::function::FnOnce<Args>>::call_once::h7ece6cfefaff1005
[INFO] [stdout]                                at /rustc/a178d0322ce20e33eac124758e837cbd80a6f633/library/alloc/src/boxed.rs:1575:9
[INFO] [stdout]   40:     0x55662202af37 - <alloc::boxed::Box<F,A> as core::ops::function::FnOnce<Args>>::call_once::hb8b48e55c21f193e
[INFO] [stdout]                                at /rustc/a178d0322ce20e33eac124758e837cbd80a6f633/library/alloc/src/boxed.rs:1575:9
[INFO] [stdout]   41:     0x55662202af37 - std::sys::unix::thread::Thread::new::thread_start::h8c7c4450dba62914
[INFO] [stdout]                                at /rustc/a178d0322ce20e33eac124758e837cbd80a6f633/library/std/src/sys/unix/thread.rs:71:17
[INFO] [stdout]   42:     0x7fea0ab5b609 - start_thread
[INFO] [stdout]   43:     0x7fea0a92d293 - clone
[INFO] [stdout]   44:                0x0 - <unknown>
[INFO] [stdout] 
[INFO] [stdout] 
[INFO] [stdout] failures:
[INFO] [stdout]     test::test_compile_pass
[INFO] [stdout] 
[INFO] [stdout] test result: FAILED. 0 passed; 1 failed; 0 ignored; 0 measured; 0 filtered out; finished in 36.64s
[INFO] [stdout] 
[INFO] [stderr] error: test failed, to rerun pass '--lib'
[INFO] running `Command { std: "docker" "inspect" "bdb6f6d1cc7ebf67d162b6ad0e79d012a6fcce44ef8c0d5e7357e4e9431082ee", kill_on_drop: false }`
[INFO] running `Command { std: "docker" "rm" "-f" "bdb6f6d1cc7ebf67d162b6ad0e79d012a6fcce44ef8c0d5e7357e4e9431082ee", kill_on_drop: false }`
[INFO] [stdout] bdb6f6d1cc7ebf67d162b6ad0e79d012a6fcce44ef8c0d5e7357e4e9431082ee
