[INFO] fetching crate diesel-enum 0.0.4...
[INFO] testing diesel-enum-0.0.4 against 1.54.0 for beta-1.55-1
[INFO] extracting crate diesel-enum 0.0.4 into /workspace/builds/worker-64/source
[INFO] validating manifest of crates.io crate diesel-enum 0.0.4 on toolchain 1.54.0
[INFO] running `Command { std: "/workspace/cargo-home/bin/cargo" "+1.54.0" "metadata" "--manifest-path" "Cargo.toml" "--no-deps", kill_on_drop: false }`
[INFO] started tweaking crates.io crate diesel-enum 0.0.4
[INFO] finished tweaking crates.io crate diesel-enum 0.0.4
[INFO] tweaked toml for crates.io crate diesel-enum 0.0.4 written to /workspace/builds/worker-64/source/Cargo.toml
[INFO] running `Command { std: "/workspace/cargo-home/bin/cargo" "+1.54.0" "generate-lockfile" "--manifest-path" "Cargo.toml" "-Zno-index-update", kill_on_drop: false }`
[INFO] [stderr]     Blocking waiting for file lock on package cache
[INFO] running `Command { std: "/workspace/cargo-home/bin/cargo" "+1.54.0" "fetch" "--manifest-path" "Cargo.toml", kill_on_drop: false }`
[INFO] [stderr]     Blocking waiting for file lock on package cache
[INFO] running `Command { std: "docker" "create" "-v" "/var/lib/crater-agent-workspace/builds/worker-64/target:/opt/rustwide/target:rw,Z" "-v" "/var/lib/crater-agent-workspace/builds/worker-64/source:/opt/rustwide/workdir:ro,Z" "-v" "/var/lib/crater-agent-workspace/cargo-home:/opt/rustwide/cargo-home:ro,Z" "-v" "/var/lib/crater-agent-workspace/rustup-home:/opt/rustwide/rustup-home:ro,Z" "-e" "SOURCE_DIR=/opt/rustwide/workdir" "-e" "CARGO_TARGET_DIR=/opt/rustwide/target" "-e" "CARGO_HOME=/opt/rustwide/cargo-home" "-e" "RUSTUP_HOME=/opt/rustwide/rustup-home" "-w" "/opt/rustwide/workdir" "-m" "1610612736" "--user" "0:0" "--network" "none" "ghcr.io/rust-lang/crates-build-env/linux@sha256:34b6a614d2c27851fe6cbf88fbd1137609cefab8b10d0615aaeb6fd47975d74e" "/opt/rustwide/cargo-home/bin/cargo" "+1.54.0" "metadata" "--no-deps" "--format-version=1", kill_on_drop: false }`
[INFO] [stdout] 30b15a2b32b0c87a8a6f71cf27597ff053c6b335ddf73b4654ccb18dc6dce493
[INFO] running `Command { std: "docker" "start" "-a" "30b15a2b32b0c87a8a6f71cf27597ff053c6b335ddf73b4654ccb18dc6dce493", kill_on_drop: false }`
[INFO] running `Command { std: "docker" "inspect" "30b15a2b32b0c87a8a6f71cf27597ff053c6b335ddf73b4654ccb18dc6dce493", kill_on_drop: false }`
[INFO] running `Command { std: "docker" "rm" "-f" "30b15a2b32b0c87a8a6f71cf27597ff053c6b335ddf73b4654ccb18dc6dce493", kill_on_drop: false }`
[INFO] [stdout] 30b15a2b32b0c87a8a6f71cf27597ff053c6b335ddf73b4654ccb18dc6dce493
[INFO] running `Command { std: "docker" "create" "-v" "/var/lib/crater-agent-workspace/builds/worker-64/target:/opt/rustwide/target:rw,Z" "-v" "/var/lib/crater-agent-workspace/builds/worker-64/source:/opt/rustwide/workdir:ro,Z" "-v" "/var/lib/crater-agent-workspace/cargo-home:/opt/rustwide/cargo-home:ro,Z" "-v" "/var/lib/crater-agent-workspace/rustup-home:/opt/rustwide/rustup-home:ro,Z" "-e" "SOURCE_DIR=/opt/rustwide/workdir" "-e" "CARGO_TARGET_DIR=/opt/rustwide/target" "-e" "CARGO_INCREMENTAL=0" "-e" "RUST_BACKTRACE=full" "-e" "RUSTFLAGS=--cap-lints=warn" "-e" "CARGO_HOME=/opt/rustwide/cargo-home" "-e" "RUSTUP_HOME=/opt/rustwide/rustup-home" "-w" "/opt/rustwide/workdir" "-m" "1610612736" "--user" "0:0" "--network" "none" "ghcr.io/rust-lang/crates-build-env/linux@sha256:34b6a614d2c27851fe6cbf88fbd1137609cefab8b10d0615aaeb6fd47975d74e" "/opt/rustwide/cargo-home/bin/cargo" "+1.54.0" "build" "--frozen" "--message-format=json", kill_on_drop: false }`
[INFO] [stdout] 2e97921f2feb4ead9d6a18d2b18c7c2672d77b0746809abde6861657d968e79e
[INFO] running `Command { std: "docker" "start" "-a" "2e97921f2feb4ead9d6a18d2b18c7c2672d77b0746809abde6861657d968e79e", kill_on_drop: false }`
[INFO] [stderr]     Blocking waiting for file lock on package cache
[INFO] [stderr]    Compiling diesel-enum v0.0.4 (/opt/rustwide/workdir)
[INFO] [stderr]     Finished dev [unoptimized + debuginfo] target(s) in 2.94s
[INFO] running `Command { std: "docker" "inspect" "2e97921f2feb4ead9d6a18d2b18c7c2672d77b0746809abde6861657d968e79e", kill_on_drop: false }`
[INFO] running `Command { std: "docker" "rm" "-f" "2e97921f2feb4ead9d6a18d2b18c7c2672d77b0746809abde6861657d968e79e", kill_on_drop: false }`
[INFO] [stdout] 2e97921f2feb4ead9d6a18d2b18c7c2672d77b0746809abde6861657d968e79e
[INFO] running `Command { std: "docker" "create" "-v" "/var/lib/crater-agent-workspace/builds/worker-64/target:/opt/rustwide/target:rw,Z" "-v" "/var/lib/crater-agent-workspace/builds/worker-64/source:/opt/rustwide/workdir:ro,Z" "-v" "/var/lib/crater-agent-workspace/cargo-home:/opt/rustwide/cargo-home:ro,Z" "-v" "/var/lib/crater-agent-workspace/rustup-home:/opt/rustwide/rustup-home:ro,Z" "-e" "SOURCE_DIR=/opt/rustwide/workdir" "-e" "CARGO_TARGET_DIR=/opt/rustwide/target" "-e" "CARGO_INCREMENTAL=0" "-e" "RUST_BACKTRACE=full" "-e" "RUSTFLAGS=--cap-lints=warn" "-e" "CARGO_HOME=/opt/rustwide/cargo-home" "-e" "RUSTUP_HOME=/opt/rustwide/rustup-home" "-w" "/opt/rustwide/workdir" "-m" "1610612736" "--user" "0:0" "--network" "none" "ghcr.io/rust-lang/crates-build-env/linux@sha256:34b6a614d2c27851fe6cbf88fbd1137609cefab8b10d0615aaeb6fd47975d74e" "/opt/rustwide/cargo-home/bin/cargo" "+1.54.0" "test" "--frozen" "--no-run" "--message-format=json", kill_on_drop: false }`
[INFO] [stdout] 37d6ab8ab64ae16ece476df4f1dad14f40bd4a3fcad12344f83ad8407d12df51
[INFO] running `Command { std: "docker" "start" "-a" "37d6ab8ab64ae16ece476df4f1dad14f40bd4a3fcad12344f83ad8407d12df51", kill_on_drop: false }`
[INFO] [stderr]    Compiling diesel-enum v0.0.4 (/opt/rustwide/workdir)
[INFO] [stderr]     Finished test [unoptimized + debuginfo] target(s) in 0.98s
[INFO] running `Command { std: "docker" "inspect" "37d6ab8ab64ae16ece476df4f1dad14f40bd4a3fcad12344f83ad8407d12df51", kill_on_drop: false }`
[INFO] running `Command { std: "docker" "rm" "-f" "37d6ab8ab64ae16ece476df4f1dad14f40bd4a3fcad12344f83ad8407d12df51", kill_on_drop: false }`
[INFO] [stdout] 37d6ab8ab64ae16ece476df4f1dad14f40bd4a3fcad12344f83ad8407d12df51
[INFO] running `Command { std: "docker" "create" "-v" "/var/lib/crater-agent-workspace/builds/worker-64/target:/opt/rustwide/target:rw,Z" "-v" "/var/lib/crater-agent-workspace/builds/worker-64/source:/opt/rustwide/workdir:ro,Z" "-v" "/var/lib/crater-agent-workspace/cargo-home:/opt/rustwide/cargo-home:ro,Z" "-v" "/var/lib/crater-agent-workspace/rustup-home:/opt/rustwide/rustup-home:ro,Z" "-e" "SOURCE_DIR=/opt/rustwide/workdir" "-e" "CARGO_TARGET_DIR=/opt/rustwide/target" "-e" "CARGO_INCREMENTAL=0" "-e" "RUST_BACKTRACE=full" "-e" "RUSTFLAGS=--cap-lints=warn" "-e" "CARGO_HOME=/opt/rustwide/cargo-home" "-e" "RUSTUP_HOME=/opt/rustwide/rustup-home" "-w" "/opt/rustwide/workdir" "-m" "1610612736" "--user" "0:0" "--network" "none" "ghcr.io/rust-lang/crates-build-env/linux@sha256:34b6a614d2c27851fe6cbf88fbd1137609cefab8b10d0615aaeb6fd47975d74e" "/opt/rustwide/cargo-home/bin/cargo" "+1.54.0" "test" "--frozen", kill_on_drop: false }`
[INFO] [stdout] d68776de73309b45ddf8ea0c8f864ae016579ac68389d77380997dd1bc37cc21
[INFO] running `Command { std: "docker" "start" "-a" "d68776de73309b45ddf8ea0c8f864ae016579ac68389d77380997dd1bc37cc21", kill_on_drop: false }`
[INFO] [stderr]     Finished test [unoptimized + debuginfo] target(s) in 0.02s
[INFO] [stderr]      Running unittests (/opt/rustwide/target/debug/deps/diesel_enum-5033fa54a95828dd)
[INFO] [stdout] 
[INFO] [stdout] running 0 tests
[INFO] [stdout] 
[INFO] [stdout] test result: ok. 0 passed; 0 failed; 0 ignored; 0 measured; 0 filtered out; finished in 0.00s
[INFO] [stdout] 
[INFO] [stderr]    Doc-tests diesel-enum
[INFO] [stdout] 
[INFO] [stdout] running 2 tests
[INFO] [stdout] test src/lib.rs - (line 19) ... FAILED
[INFO] [stdout] test src/lib.rs - (line 52) ... FAILED
[INFO] [stdout] 
[INFO] [stdout] failures:
[INFO] [stdout] 
[INFO] [stdout] ---- src/lib.rs - (line 19) stdout ----
[INFO] [stdout] error[E0463]: can't find crate for `diesel`
[INFO] [stdout]  --> src/lib.rs:18:14
[INFO] [stdout]   |
[INFO] [stdout] 2 | #[macro_use] extern crate diesel;
[INFO] [stdout]   |              ^^^^^^^^^^^^^^^^^^^^ can't find crate
[INFO] [stdout] 
[INFO] [stdout] error: aborting due to previous error
[INFO] [stdout] 
[INFO] [stdout] For more information about this error, try `rustc --explain E0463`.
[INFO] [stdout] Couldn't compile the test.
[INFO] [stdout] ---- src/lib.rs - (line 52) stdout ----
[INFO] [stdout] error: cannot find derive macro `AsExpression` in this scope
[INFO] [stdout]  --> src/lib.rs:53:45
[INFO] [stdout]   |
[INFO] [stdout] 3 | #[derive(Debug, Clone, Copy, PartialEq, Eq, AsExpression, FromSqlRow, DbEnum)]
[INFO] [stdout]   |                                             ^^^^^^^^^^^^
[INFO] [stdout] 
[INFO] [stdout] error: cannot find derive macro `FromSqlRow` in this scope
[INFO] [stdout]  --> src/lib.rs:53:59
[INFO] [stdout]   |
[INFO] [stdout] 3 | #[derive(Debug, Clone, Copy, PartialEq, Eq, AsExpression, FromSqlRow, DbEnum)]
[INFO] [stdout]   |                                                           ^^^^^^^^^^
[INFO] [stdout] 
[INFO] [stdout] error: cannot find derive macro `DbEnum` in this scope
[INFO] [stdout]  --> src/lib.rs:53:71
[INFO] [stdout]   |
[INFO] [stdout] 3 | #[derive(Debug, Clone, Copy, PartialEq, Eq, AsExpression, FromSqlRow, DbEnum)]
[INFO] [stdout]   |                                                                       ^^^^^^
[INFO] [stdout] 
[INFO] [stdout] error: cannot find attribute `sql_type` in this scope
[INFO] [stdout]  --> src/lib.rs:54:3
[INFO] [stdout]   |
[INFO] [stdout] 4 | #[sql_type = "VarChar"]
[INFO] [stdout]   |   ^^^^^^^^
[INFO] [stdout] 
[INFO] [stdout] error: cannot find attribute `error_fn` in this scope
[INFO] [stdout]  --> src/lib.rs:55:3
[INFO] [stdout]   |
[INFO] [stdout] 5 | #[error_fn = "CustomError::not_found"]
[INFO] [stdout]   |   ^^^^^^^^
[INFO] [stdout] 
[INFO] [stdout] error: cannot find attribute `error_type` in this scope
[INFO] [stdout]  --> src/lib.rs:56:3
[INFO] [stdout]   |
[INFO] [stdout] 6 | #[error_type = "CustomError"]
[INFO] [stdout]   |   ^^^^^^^^^^
[INFO] [stdout] 
[INFO] [stdout] error: aborting due to 6 previous errors
[INFO] [stdout] 
[INFO] [stdout] Couldn't compile the test.
[INFO] [stdout] 
[INFO] [stdout] failures:
[INFO] [stdout]     src/lib.rs - (line 19)
[INFO] [stdout]     src/lib.rs - (line 52)
[INFO] [stdout] 
[INFO] [stdout] test result: FAILED. 0 passed; 2 failed; 0 ignored; 0 measured; 0 filtered out; finished in 0.16s
[INFO] [stdout] 
[INFO] [stderr] error: test failed, to rerun pass '--doc'
[INFO] running `Command { std: "docker" "inspect" "d68776de73309b45ddf8ea0c8f864ae016579ac68389d77380997dd1bc37cc21", kill_on_drop: false }`
[INFO] running `Command { std: "docker" "rm" "-f" "d68776de73309b45ddf8ea0c8f864ae016579ac68389d77380997dd1bc37cc21", kill_on_drop: false }`
[INFO] [stdout] d68776de73309b45ddf8ea0c8f864ae016579ac68389d77380997dd1bc37cc21
