[INFO] fetching crate diem-crypto 0.0.2...
[INFO] testing diem-crypto-0.0.2 against 1.54.0 for beta-1.55-1
[INFO] extracting crate diem-crypto 0.0.2 into /workspace/builds/worker-72/source
[INFO] validating manifest of crates.io crate diem-crypto 0.0.2 on toolchain 1.54.0
[INFO] running `Command { std: "/workspace/cargo-home/bin/cargo" "+1.54.0" "metadata" "--manifest-path" "Cargo.toml" "--no-deps", kill_on_drop: false }`
[INFO] started tweaking crates.io crate diem-crypto 0.0.2
[INFO] finished tweaking crates.io crate diem-crypto 0.0.2
[INFO] tweaked toml for crates.io crate diem-crypto 0.0.2 written to /workspace/builds/worker-72/source/Cargo.toml
[INFO] running `Command { std: "/workspace/cargo-home/bin/cargo" "+1.54.0" "generate-lockfile" "--manifest-path" "Cargo.toml" "-Zno-index-update", kill_on_drop: false }`
[INFO] [stderr]     Blocking waiting for file lock on package cache
[INFO] running `Command { std: "/workspace/cargo-home/bin/cargo" "+1.54.0" "fetch" "--manifest-path" "Cargo.toml", kill_on_drop: false }`
[INFO] [stderr]     Blocking waiting for file lock on package cache
[INFO] [stderr]     Blocking waiting for file lock on package cache
[INFO] [stderr]  Downloading crates ...
[INFO] [stderr]   Downloaded ripemd160 v0.9.1
[INFO] running `Command { std: "docker" "create" "-v" "/var/lib/crater-agent-workspace/builds/worker-72/target:/opt/rustwide/target:rw,Z" "-v" "/var/lib/crater-agent-workspace/builds/worker-72/source:/opt/rustwide/workdir:ro,Z" "-v" "/var/lib/crater-agent-workspace/cargo-home:/opt/rustwide/cargo-home:ro,Z" "-v" "/var/lib/crater-agent-workspace/rustup-home:/opt/rustwide/rustup-home:ro,Z" "-e" "SOURCE_DIR=/opt/rustwide/workdir" "-e" "CARGO_TARGET_DIR=/opt/rustwide/target" "-e" "CARGO_HOME=/opt/rustwide/cargo-home" "-e" "RUSTUP_HOME=/opt/rustwide/rustup-home" "-w" "/opt/rustwide/workdir" "-m" "1610612736" "--user" "0:0" "--network" "none" "ghcr.io/rust-lang/crates-build-env/linux@sha256:34b6a614d2c27851fe6cbf88fbd1137609cefab8b10d0615aaeb6fd47975d74e" "/opt/rustwide/cargo-home/bin/cargo" "+1.54.0" "metadata" "--no-deps" "--format-version=1", kill_on_drop: false }`
[INFO] [stdout] ce4f711dcc4e8a5dad3cde5f2a653c7a8cf10e7e30ee3f55ae228e95d5ba74cb
[INFO] running `Command { std: "docker" "start" "-a" "ce4f711dcc4e8a5dad3cde5f2a653c7a8cf10e7e30ee3f55ae228e95d5ba74cb", kill_on_drop: false }`
[INFO] running `Command { std: "docker" "inspect" "ce4f711dcc4e8a5dad3cde5f2a653c7a8cf10e7e30ee3f55ae228e95d5ba74cb", kill_on_drop: false }`
[INFO] running `Command { std: "docker" "rm" "-f" "ce4f711dcc4e8a5dad3cde5f2a653c7a8cf10e7e30ee3f55ae228e95d5ba74cb", kill_on_drop: false }`
[INFO] [stdout] ce4f711dcc4e8a5dad3cde5f2a653c7a8cf10e7e30ee3f55ae228e95d5ba74cb
[INFO] running `Command { std: "docker" "create" "-v" "/var/lib/crater-agent-workspace/builds/worker-72/target:/opt/rustwide/target:rw,Z" "-v" "/var/lib/crater-agent-workspace/builds/worker-72/source:/opt/rustwide/workdir:ro,Z" "-v" "/var/lib/crater-agent-workspace/cargo-home:/opt/rustwide/cargo-home:ro,Z" "-v" "/var/lib/crater-agent-workspace/rustup-home:/opt/rustwide/rustup-home:ro,Z" "-e" "SOURCE_DIR=/opt/rustwide/workdir" "-e" "CARGO_TARGET_DIR=/opt/rustwide/target" "-e" "CARGO_INCREMENTAL=0" "-e" "RUST_BACKTRACE=full" "-e" "RUSTFLAGS=--cap-lints=warn" "-e" "CARGO_HOME=/opt/rustwide/cargo-home" "-e" "RUSTUP_HOME=/opt/rustwide/rustup-home" "-w" "/opt/rustwide/workdir" "-m" "1610612736" "--user" "0:0" "--network" "none" "ghcr.io/rust-lang/crates-build-env/linux@sha256:34b6a614d2c27851fe6cbf88fbd1137609cefab8b10d0615aaeb6fd47975d74e" "/opt/rustwide/cargo-home/bin/cargo" "+1.54.0" "build" "--frozen" "--message-format=json", kill_on_drop: false }`
[INFO] [stdout] dc130f29ed9033f4d2c8fd12b5bdd6e0051ff818aa37f6074f8f01bc59a97290
[INFO] running `Command { std: "docker" "start" "-a" "dc130f29ed9033f4d2c8fd12b5bdd6e0051ff818aa37f6074f8f01bc59a97290", kill_on_drop: false }`
[INFO] [stderr]    Compiling typenum v1.13.0
[INFO] [stderr]    Compiling syn v1.0.74
[INFO] [stderr]    Compiling subtle v2.4.1
[INFO] [stderr]    Compiling opaque-debug v0.3.0
[INFO] [stderr]    Compiling fiat-crypto v0.1.8
[INFO] [stderr]    Compiling cpuid-bool v0.2.0
[INFO] [stderr]    Compiling byteorder v1.4.3
[INFO] [stderr]    Compiling crunchy v0.2.2
[INFO] [stderr]    Compiling signature v1.3.1
[INFO] [stderr]    Compiling cpufeatures v0.1.5
[INFO] [stderr]    Compiling tiny-keccak v2.0.2
[INFO] [stderr]    Compiling static_assertions v1.1.0
[INFO] [stderr]    Compiling once_cell v1.8.0
[INFO] [stderr]    Compiling mirai-annotations v1.12.0
[INFO] [stderr]    Compiling hex v0.4.3
[INFO] [stderr]    Compiling bytes v1.0.1
[INFO] [stderr]    Compiling generic-array v0.14.4
[INFO] [stderr]    Compiling getrandom v0.2.3
[INFO] [stderr]    Compiling rand_core v0.6.3
[INFO] [stderr]    Compiling rand_chacha v0.3.1
[INFO] [stderr]    Compiling rand v0.8.4
[INFO] [stderr]    Compiling digest v0.9.0
[INFO] [stderr]    Compiling cipher v0.2.5
[INFO] [stderr]    Compiling universal-hash v0.4.1
[INFO] [stderr]    Compiling crypto-mac v0.10.1
[INFO] [stderr]    Compiling block-buffer v0.9.0
[INFO] [stderr]    Compiling aead v0.3.2
[INFO] [stderr]    Compiling hmac v0.10.1
[INFO] [stderr]    Compiling aes-soft v0.6.4
[INFO] [stderr]    Compiling polyval v0.4.5
[INFO] [stderr]    Compiling sha2 v0.9.5
[INFO] [stderr]    Compiling ctr v0.6.0
[INFO] [stderr]    Compiling hkdf v0.10.0
[INFO] [stderr]    Compiling ghash v0.3.1
[INFO] [stderr]    Compiling aes v0.6.0
[INFO] [stderr]    Compiling aes-gcm v0.8.0
[INFO] [stderr]    Compiling synstructure v0.12.5
[INFO] [stderr]    Compiling serde_derive v1.0.127
[INFO] [stderr]    Compiling zeroize_derive v1.1.0
[INFO] [stderr]    Compiling thiserror-impl v1.0.26
[INFO] [stderr]    Compiling diem-crypto-derive v0.0.2
[INFO] [stderr]    Compiling zeroize v1.4.1
[INFO] [stderr]    Compiling curve25519-dalek-fiat v0.1.0
[INFO] [stderr]    Compiling thiserror v1.0.26
[INFO] [stderr]    Compiling x25519-dalek-fiat v0.1.0
[INFO] [stderr]    Compiling serde v1.0.127
[INFO] [stderr]    Compiling serde_bytes v0.11.5
[INFO] [stderr]    Compiling ed25519 v1.2.0
[INFO] [stderr]    Compiling bcs v0.1.3
[INFO] [stderr]    Compiling serde-name v0.1.2
[INFO] [stderr]    Compiling ed25519-dalek-fiat v0.1.0
[INFO] [stderr]    Compiling diem-crypto v0.0.2 (/opt/rustwide/workdir)
[INFO] [stderr]     Finished dev [unoptimized + debuginfo] target(s) in 16.92s
[INFO] running `Command { std: "docker" "inspect" "dc130f29ed9033f4d2c8fd12b5bdd6e0051ff818aa37f6074f8f01bc59a97290", kill_on_drop: false }`
[INFO] running `Command { std: "docker" "rm" "-f" "dc130f29ed9033f4d2c8fd12b5bdd6e0051ff818aa37f6074f8f01bc59a97290", kill_on_drop: false }`
[INFO] [stdout] dc130f29ed9033f4d2c8fd12b5bdd6e0051ff818aa37f6074f8f01bc59a97290
[INFO] running `Command { std: "docker" "create" "-v" "/var/lib/crater-agent-workspace/builds/worker-72/target:/opt/rustwide/target:rw,Z" "-v" "/var/lib/crater-agent-workspace/builds/worker-72/source:/opt/rustwide/workdir:ro,Z" "-v" "/var/lib/crater-agent-workspace/cargo-home:/opt/rustwide/cargo-home:ro,Z" "-v" "/var/lib/crater-agent-workspace/rustup-home:/opt/rustwide/rustup-home:ro,Z" "-e" "SOURCE_DIR=/opt/rustwide/workdir" "-e" "CARGO_TARGET_DIR=/opt/rustwide/target" "-e" "CARGO_INCREMENTAL=0" "-e" "RUST_BACKTRACE=full" "-e" "RUSTFLAGS=--cap-lints=warn" "-e" "CARGO_HOME=/opt/rustwide/cargo-home" "-e" "RUSTUP_HOME=/opt/rustwide/rustup-home" "-w" "/opt/rustwide/workdir" "-m" "1610612736" "--user" "0:0" "--network" "none" "ghcr.io/rust-lang/crates-build-env/linux@sha256:34b6a614d2c27851fe6cbf88fbd1137609cefab8b10d0615aaeb6fd47975d74e" "/opt/rustwide/cargo-home/bin/cargo" "+1.54.0" "test" "--frozen" "--no-run" "--message-format=json", kill_on_drop: false }`
[INFO] [stdout] 24c8ddc4f76c4ef72d414687160c6441fcffdd108dbc73958dcba9ed97fe1317
[INFO] running `Command { std: "docker" "start" "-a" "24c8ddc4f76c4ef72d414687160c6441fcffdd108dbc73958dcba9ed97fe1317", kill_on_drop: false }`
[INFO] [stderr]    Compiling block-padding v0.2.1
[INFO] [stderr]    Compiling proc-macro2 v0.4.30
[INFO] [stderr]    Compiling byteorder v1.4.3
[INFO] [stderr]    Compiling unicode-xid v0.1.0
[INFO] [stderr]    Compiling radium v0.5.3
[INFO] [stderr]    Compiling syn v0.15.44
[INFO] [stderr]    Compiling remove_dir_all v0.5.3
[INFO] [stderr]    Compiling trybuild v1.0.43
[INFO] [stderr]    Compiling fnv v1.0.7
[INFO] [stderr]    Compiling bit-vec v0.6.3
[INFO] [stderr]    Compiling quick-error v2.0.1
[INFO] [stderr]    Compiling keccak v0.1.0
[INFO] [stderr]    Compiling wyz v0.2.0
[INFO] [stderr]    Compiling tap v1.0.1
[INFO] [stderr]    Compiling funty v1.1.0
[INFO] [stderr]    Compiling regex v1.5.4
[INFO] [stderr]    Compiling getrandom v0.2.3
[INFO] [stderr]    Compiling wait-timeout v0.2.0
[INFO] [stderr]    Compiling serde_json v1.0.66
[INFO] [stderr]    Compiling bstr v0.2.16
[INFO] [stderr]    Compiling toml v0.5.8
[INFO] [stderr]    Compiling serde_cbor v0.11.1
[INFO] [stderr]    Compiling block-buffer v0.9.0
[INFO] [stderr]    Compiling rand_core v0.6.3
[INFO] [stderr]    Compiling bit-set v0.5.2
[INFO] [stderr]    Compiling sha2 v0.9.5
[INFO] [stderr]    Compiling ripemd160 v0.9.1
[INFO] [stderr]    Compiling sha3 v0.9.1
[INFO] [stderr]    Compiling rand_chacha v0.3.1
[INFO] [stderr]    Compiling curve25519-dalek-fiat v0.1.0
[INFO] [stderr]    Compiling rand_xorshift v0.3.0
[INFO] [stderr]    Compiling csv v1.1.6
[INFO] [stderr]    Compiling bitvec v0.19.5
[INFO] [stderr]    Compiling rand v0.8.4
[INFO] [stderr]    Compiling quote v0.6.13
[INFO] [stderr]    Compiling x25519-dalek-fiat v0.1.0
[INFO] [stderr]    Compiling tinytemplate v1.2.1
[INFO] [stderr]    Compiling tempfile v3.2.0
[INFO] [stderr]    Compiling ed25519-dalek-fiat v0.1.0
[INFO] [stderr]    Compiling diem-crypto v0.0.2 (/opt/rustwide/workdir)
[INFO] [stderr]    Compiling rusty-fork v0.3.0
[INFO] [stderr]    Compiling criterion v0.3.5
[INFO] [stderr]    Compiling proptest v1.0.0
[INFO] [stderr]    Compiling proptest-derive v0.3.0
[INFO] [stderr]     Finished test [unoptimized + debuginfo] target(s) in 19.07s
[INFO] running `Command { std: "docker" "inspect" "24c8ddc4f76c4ef72d414687160c6441fcffdd108dbc73958dcba9ed97fe1317", kill_on_drop: false }`
[INFO] running `Command { std: "docker" "rm" "-f" "24c8ddc4f76c4ef72d414687160c6441fcffdd108dbc73958dcba9ed97fe1317", kill_on_drop: false }`
[INFO] [stdout] 24c8ddc4f76c4ef72d414687160c6441fcffdd108dbc73958dcba9ed97fe1317
[INFO] running `Command { std: "docker" "create" "-v" "/var/lib/crater-agent-workspace/builds/worker-72/target:/opt/rustwide/target:rw,Z" "-v" "/var/lib/crater-agent-workspace/builds/worker-72/source:/opt/rustwide/workdir:ro,Z" "-v" "/var/lib/crater-agent-workspace/cargo-home:/opt/rustwide/cargo-home:ro,Z" "-v" "/var/lib/crater-agent-workspace/rustup-home:/opt/rustwide/rustup-home:ro,Z" "-e" "SOURCE_DIR=/opt/rustwide/workdir" "-e" "CARGO_TARGET_DIR=/opt/rustwide/target" "-e" "CARGO_INCREMENTAL=0" "-e" "RUST_BACKTRACE=full" "-e" "RUSTFLAGS=--cap-lints=warn" "-e" "CARGO_HOME=/opt/rustwide/cargo-home" "-e" "RUSTUP_HOME=/opt/rustwide/rustup-home" "-w" "/opt/rustwide/workdir" "-m" "1610612736" "--user" "0:0" "--network" "none" "ghcr.io/rust-lang/crates-build-env/linux@sha256:34b6a614d2c27851fe6cbf88fbd1137609cefab8b10d0615aaeb6fd47975d74e" "/opt/rustwide/cargo-home/bin/cargo" "+1.54.0" "test" "--frozen", kill_on_drop: false }`
[INFO] [stdout] 7f8753b36d72bc85a9ccfd330620c98d8fa4f5e23955b2c33f01b9f40a65b607
[INFO] running `Command { std: "docker" "start" "-a" "7f8753b36d72bc85a9ccfd330620c98d8fa4f5e23955b2c33f01b9f40a65b607", kill_on_drop: false }`
[INFO] [stderr]     Finished test [unoptimized + debuginfo] target(s) in 0.07s
[INFO] [stderr]      Running unittests (/opt/rustwide/target/debug/deps/diem_crypto-f92b78164aa98c29)
[INFO] [stdout] 
[INFO] [stdout] running 55 tests
[INFO] [stdout] test multi_ed25519::bitmap_tests ... ok
[INFO] [stdout] test unit_tests::cryptohasher::test_bcs_cryptohash ... ok
[INFO] [stdout] test unit_tests::cryptohasher::test_cryptohasher_name ... ok
[INFO] [stdout] test unit_tests::cryptohasher::test_bcs_cryptohash_with_generics ... ok
[INFO] [stdout] test unit_tests::bcs_test::ed25519_bcs_material ... ok
[INFO] [stdout] test unit_tests::cryptohasher::test_cryptohasher_salt_access ... ok
[INFO] [stdout] test unit_tests::ed25519_test::test_publickey_smallorder ... ok
[INFO] [stdout] test unit_tests::hash_test::test_default_hasher ... ok
[INFO] [stdout] test unit_tests::hash_test::test_common_prefix_bits_len ... ok
[INFO] [stdout] test unit_tests::hash_test::test_from_slice ... ok
[INFO] [stdout] test unit_tests::hash_test::test_hash_value_iterator_exact_size ... ok
[INFO] [stdout] test unit_tests::hash_test::test_fmt_binary ... ok
[INFO] [stdout] test unit_tests::hash_test::test_hash_value_iter_bits ... ok
[INFO] [stdout] test unit_tests::bcs_test::multi_ed25519_bcs_material ... ok
[INFO] [stdout] test unit_tests::hash_test::test_primitive_type ... ok
[INFO] [stdout] test unit_tests::hash_test::test_random_with_rng ... ok
[INFO] [stdout] test unit_tests::hkdf_test::test_ikm_size ... ok
[INFO] [stdout] test unit_tests::hkdf_test::test_extract_then_expand ... ok
[INFO] [stdout] test unit_tests::multi_ed25519_test::test_publickey_smallorder ... ok
[INFO] [stdout] test unit_tests::hkdf_test::test_sha256_test_vectors ... ok
[INFO] [stdout] test unit_tests::hash_test::test_hashvalue_to_str_roundtrip ... ok
[INFO] [stdout] test unit_tests::hkdf_test::test_sha256_output_length ... ok
[INFO] [stdout] test unit_tests::hash_test::test_hashvalue_from_bit_iter ... ok
[INFO] [stdout] test unit_tests::hkdf_test::test_sha3_256_output_length ... ok
[INFO] [stdout] test unit_tests::hash_test::test_hashvalue_iter_bits_rev ... ok
[INFO] [stdout] test unit_tests::ed25519_test::test_pub_key_deserialization ... ok
[INFO] [stdout] test unit_tests::noise_test::test_vectors ... ok
[INFO] [stdout] test unit_tests::hash_test::test_hashvalue_to_rev_bits_roundtrip ... ok
[INFO] [stdout] test unit_tests::hkdf_test::test_sha512_output_length ... ok
[INFO] [stdout] test unit_tests::noise_test::simple_handshake ... ok
[INFO] [stdout] test unit_tests::hash_test::test_hashvalue_to_bits_roundtrip ... ok
[INFO] [stdout] test unit_tests::multi_ed25519_test::test_multi_ed25519_public_key_serialization ... ok
[INFO] [stdout] test unit_tests::multi_ed25519_test::test_multi_ed25519_signature_verification ... ok
[INFO] [stdout] test unit_tests::noise_test::wrong_buffer_sizes ... ok
[INFO] [stdout] test unit_tests::multi_ed25519_test::test_multi_ed25519_signature_serialization ... ok
[INFO] [stdout] test unit_tests::hash_test::test_hashvalue_to_bits_inverse_roundtrip ... ok
[INFO] [stdout] test unit_tests::ed25519_test::test_keys_encode ... ok
[INFO] [stdout] test unit_tests::ed25519_test::test_keys_custom_serialisation ... ok
[INFO] [stdout] test unit_tests::ed25519_test::convert_from_ed25519_publickey ... ok
[INFO] [stdout] test unit_tests::ed25519_test::verify_mul_torsion ... ok
[INFO] [stdout] test unit_tests::ed25519_test::ed25519_to_x25519_roundtrip ... ok
[INFO] [stdout] test unit_tests::ed25519_test::verify_canonicity_torsion ... ok
[INFO] [stdout] test unit_tests::compat_test::check_basic_sha3_256_test_vectors ... ok
[INFO] [stdout] test unit_tests::compat_test::sha3_256_compatibility_test ... ok
[INFO] [stdout] test unit_tests::ed25519_test::ed25519_and_x25519_privkeys ... ok
[INFO] [stdout] test unit_tests::ed25519_test::test_signature_verification_from_struct ... ok
[INFO] [stdout] test unit_tests::ed25519_test::test_signature_verification_from_arbitrary ... ok
[INFO] [stdout] test unit_tests::ed25519_test::test_signature_malleability ... ok
[INFO] [stdout] test unit_tests::cross_test::test_keys_mix ... ok
[INFO] [stdout] test unit_tests::ed25519_test::test_signature_verification_custom_serialisation ... ok
[INFO] [stderr]    Compiling proc-macro2 v1.0.28
[INFO] [stderr]    Compiling unicode-xid v0.2.2
[INFO] [stderr]    Compiling syn v1.0.74
[INFO] [stderr]    Compiling typenum v1.13.0
[INFO] [stderr]    Compiling version_check v0.9.3
[INFO] [stderr]     Checking cfg-if v1.0.0
[INFO] [stderr]    Compiling libc v0.2.98
[INFO] [stderr]    Compiling serde_derive v1.0.127
[INFO] [stderr]    Compiling autocfg v1.0.1
[INFO] [stderr]    Compiling serde v1.0.127
[INFO] [stderr]     Checking subtle v2.4.1
[INFO] [stderr]     Checking lazy_static v1.4.0
[INFO] [stderr]     Checking opaque-debug v0.3.0
[INFO] [stderr]    Compiling semver v1.0.4
[INFO] [stderr]    Compiling crossbeam-utils v0.8.5
[INFO] [stderr]     Checking ppv-lite86 v0.2.10
[INFO] [stderr]     Checking block-padding v0.2.1
[INFO] [stderr]    Compiling memchr v2.4.0
[INFO] [stderr]    Compiling ryu v1.0.5
[INFO] [stderr]    Compiling crossbeam-epoch v0.9.5
[INFO] [stderr]     Checking scopeguard v1.1.0
[INFO] [stderr]     Checking byteorder v1.4.3
[INFO] [stderr]    Compiling proc-macro2 v0.4.30
[INFO] [stderr]    Compiling bitflags v1.2.1
[INFO] [stderr]    Compiling rayon-core v1.9.1
[INFO] [stderr]     Checking cpuid-bool v0.2.0
[INFO] [stderr]    Compiling unicode-xid v0.1.0
[INFO] [stderr]    Compiling crunchy v0.2.2
[INFO] [stderr]     Checking itoa v0.4.7
[INFO] [stderr]     Checking either v1.6.1
[INFO] [stderr]    Compiling serde_json v1.0.66
[INFO] [stderr]     Checking fiat-crypto v0.1.8
[INFO] [stderr]    Compiling radium v0.5.3
[INFO] [stderr]     Checking regex-automata v0.1.10
[INFO] [stderr]    Compiling syn v0.15.44
[INFO] [stderr]     Checking remove_dir_all v0.5.3
[INFO] [stderr]    Compiling anyhow v1.0.42
[INFO] [stderr]     Checking unicode-width v0.1.8
[INFO] [stderr]     Checking signature v1.3.1
[INFO] [stderr]     Checking cpufeatures v0.1.5
[INFO] [stderr]     Checking regex-syntax v0.6.25
[INFO] [stderr]    Compiling tiny-keccak v2.0.2
[INFO] [stderr]     Checking plotters-backend v0.3.2
[INFO] [stderr]     Checking half v1.7.1
[INFO] [stderr]     Checking fnv v1.0.7
[INFO] [stderr]     Checking same-file v1.0.6
[INFO] [stderr]     Checking quick-error v1.2.3
[INFO] [stderr]     Checking bit-vec v0.6.3
[INFO] [stderr]     Checking bytes v1.0.1
[INFO] [stderr]     Checking tap v1.0.1
[INFO] [stderr]     Checking keccak v0.1.0
[INFO] [stderr]     Checking wyz v0.2.0
[INFO] [stderr]     Checking funty v1.1.0
[INFO] [stderr]     Checking static_assertions v1.1.0
[INFO] [stderr]     Checking once_cell v1.8.0
[INFO] [stderr]     Checking hex v0.4.3
[INFO] [stderr]     Checking quick-error v2.0.1
[INFO] [stderr]     Checking mirai-annotations v1.12.0
[INFO] [stderr]     Checking oorandom v11.1.3
[INFO] [stdout] test unit_tests::ed25519_test::verify_sig_strict_torsion ... ok
[INFO] [stderr]     Checking textwrap v0.11.0
[INFO] [stderr]     Checking itertools v0.10.1
[INFO] [stderr]     Checking walkdir v2.3.2
[INFO] [stderr]     Checking bit-set v0.5.2
[INFO] [stderr]    Compiling generic-array v0.14.4
[INFO] [stderr]     Checking plotters-svg v0.3.1
[INFO] [stderr]    Compiling memoffset v0.6.4
[INFO] [stderr]    Compiling num-traits v0.2.14
[INFO] [stderr]    Compiling rayon v1.5.1
[INFO] [stderr]     Checking crossbeam-channel v0.5.1
[INFO] [stderr]     Checking bitvec v0.19.5
[INFO] [stderr]     Checking clap v2.33.3
[INFO] [stderr]    Compiling rustc_version v0.4.0
[INFO] [stdout] test unit_tests::ed25519_test::verify_sig_malleable_torsion ... ok
[INFO] [stderr]     Checking csv-core v0.1.10
[INFO] [stderr]    Compiling quote v1.0.9
[INFO] [stderr]    Compiling quote v0.6.13
[INFO] [stderr]     Checking getrandom v0.2.3
[INFO] [stderr]     Checking num_cpus v1.13.0
[INFO] [stderr]     Checking wait-timeout v0.2.0
[INFO] [stderr]     Checking atty v0.2.14
[INFO] [stderr]    Compiling cast v0.2.7
[INFO] [stderr]     Checking rand_core v0.6.3
[INFO] [stderr]     Checking crossbeam-deque v0.8.1
[INFO] [stderr]     Checking rand_chacha v0.3.1
[INFO] [stderr]     Checking rand_xorshift v0.3.0
[INFO] [stderr]     Checking criterion-plot v0.4.4
[INFO] [stderr]     Checking rand v0.8.4
[INFO] [stderr]     Checking digest v0.9.0
[INFO] [stderr]     Checking block-buffer v0.9.0
[INFO] [stderr]     Checking cipher v0.2.5
[INFO] [stderr]     Checking universal-hash v0.4.1
[INFO] [stderr]     Checking crypto-mac v0.10.1
[INFO] [stderr]     Checking aead v0.3.2
[INFO] [stderr]     Checking plotters v0.3.1
[INFO] [stderr]     Checking polyval v0.4.5
[INFO] [stderr]     Checking hmac v0.10.1
[INFO] [stderr]     Checking sha2 v0.9.5
[INFO] [stderr]     Checking sha3 v0.9.1
[INFO] [stderr]     Checking ripemd160 v0.9.1
[INFO] [stderr]     Checking aes-soft v0.6.4
[INFO] [stderr]     Checking ctr v0.6.0
[INFO] [stderr]     Checking hkdf v0.10.0
[INFO] [stderr]     Checking ghash v0.3.1
[INFO] [stderr]     Checking regex v1.5.4
[INFO] [stderr]     Checking aes v0.6.0
[INFO] [stderr]     Checking aes-gcm v0.8.0
[INFO] [stderr]     Checking tempfile v3.2.0
[INFO] [stderr]     Checking rusty-fork v0.3.0
[INFO] [stderr]     Checking proptest v1.0.0
[INFO] [stderr]    Compiling synstructure v0.12.5
[INFO] [stdout] test unit_tests::ed25519_test::test_batch_verify ... ok
[INFO] [stderr]    Compiling zeroize_derive v1.1.0
[INFO] [stderr]    Compiling thiserror-impl v1.0.26
[INFO] [stderr]    Compiling diem-crypto-derive v0.0.2
[INFO] [stderr]    Compiling proptest-derive v0.3.0
[INFO] [stderr]     Checking zeroize v1.4.1
[INFO] [stderr]     Checking curve25519-dalek-fiat v0.1.0
[INFO] [stderr]     Checking thiserror v1.0.26
[INFO] [stderr]     Checking x25519-dalek-fiat v0.1.0
[INFO] [stderr]     Checking bstr v0.2.16
[INFO] [stderr]     Checking ed25519 v1.2.0
[INFO] [stderr]     Checking serde_bytes v0.11.5
[INFO] [stderr]     Checking serde_cbor v0.11.1
[INFO] [stderr]     Checking bcs v0.1.3
[INFO] [stderr]     Checking serde-name v0.1.2
[INFO] [stderr]     Checking ed25519-dalek-fiat v0.1.0
[INFO] [stderr]     Checking diem-crypto v0.0.2 (/opt/rustwide/workdir)
[INFO] [stderr]     Checking csv v1.1.6
[INFO] [stderr]     Checking tinytemplate v1.2.1
[INFO] [stderr]     Checking criterion v0.3.5
[INFO] [stderr]     Checking diem-crypto-tests v0.0.0 (/opt/rustwide/target/tests/diem-crypto)
[INFO] [stderr]     Finished dev [unoptimized + debuginfo] target(s) in 20.63s
[INFO] [stderr] 
[INFO] [stderr] 
[INFO] [stderr] test src/unit_tests/compilation/cross_test.rs ... error
[INFO] [stderr] Read-only file system (os error 30)
[INFO] [stderr] 
[INFO] [stderr] test src/unit_tests/compilation/cross_test_trait_obj.rs ... error
[INFO] [stderr] Read-only file system (os error 30)
[INFO] [stderr] 
[INFO] [stderr] test src/unit_tests/compilation/cross_test_trait_obj_sig.rs ... error
[INFO] [stderr] Read-only file system (os error 30)
[INFO] [stderr] 
[INFO] [stderr] test src/unit_tests/compilation/cross_test_trait_obj_pub.rs ... error
[INFO] [stderr] Read-only file system (os error 30)
[INFO] [stderr] 
[INFO] [stderr] 
[INFO] [stderr] 
[INFO] [stdout] test unit_tests::cross_test::unsupported_sigs ... FAILED
[INFO] [stderr]     Checking diem-crypto-tests v0.0.0 (/opt/rustwide/target/tests/diem-crypto)
[INFO] [stderr]     Finished dev [unoptimized + debuginfo] target(s) in 0.17s
[INFO] [stderr] 
[INFO] [stderr] 
[INFO] [stderr] test src/unit_tests/compilation/small_kdf.rs ... error
[INFO] [stderr] Read-only file system (os error 30)
[INFO] [stderr] 
[INFO] [stderr] 
[INFO] [stderr] 
[INFO] [stdout] test unit_tests::hkdf_test::unsupported_digest ... FAILED
[INFO] [stdout] 
[INFO] [stdout] failures:
[INFO] [stdout] 
[INFO] [stdout] ---- unit_tests::cross_test::unsupported_sigs stdout ----
[INFO] [stdout] thread 'unit_tests::cross_test::unsupported_sigs' panicked at '4 of 4 tests failed', /opt/rustwide/cargo-home/registry/src/github.com-1ecc6299db9ec823/trybuild-1.0.43/src/run.rs:73:13
[INFO] [stdout] stack backtrace:
[INFO] [stdout]    0:     0x55efe58fa750 - std::backtrace_rs::backtrace::libunwind::trace::h34055254b57d8e79
[INFO] [stdout]                                at /rustc/a178d0322ce20e33eac124758e837cbd80a6f633/library/std/src/../../backtrace/src/backtrace/libunwind.rs:90:5
[INFO] [stdout]    1:     0x55efe58fa750 - std::backtrace_rs::backtrace::trace_unsynchronized::h8f1e3fbd9afff6ec
[INFO] [stdout]                                at /rustc/a178d0322ce20e33eac124758e837cbd80a6f633/library/std/src/../../backtrace/src/backtrace/mod.rs:66:5
[INFO] [stdout]    2:     0x55efe58fa750 - std::sys_common::backtrace::_print_fmt::h3a99a796b770c360
[INFO] [stdout]                                at /rustc/a178d0322ce20e33eac124758e837cbd80a6f633/library/std/src/sys_common/backtrace.rs:67:5
[INFO] [stdout]    3:     0x55efe58fa750 - <std::sys_common::backtrace::_print::DisplayBacktrace as core::fmt::Display>::fmt::h32d1f94a80615d18
[INFO] [stdout]                                at /rustc/a178d0322ce20e33eac124758e837cbd80a6f633/library/std/src/sys_common/backtrace.rs:46:22
[INFO] [stdout]    4:     0x55efe59203cc - core::fmt::write::h306731c068f7162c
[INFO] [stdout]                                at /rustc/a178d0322ce20e33eac124758e837cbd80a6f633/library/core/src/fmt/mod.rs:1110:17
[INFO] [stdout]    5:     0x55efe58f6765 - std::io::Write::write_fmt::h87f19b0a2cd190bc
[INFO] [stdout]                                at /rustc/a178d0322ce20e33eac124758e837cbd80a6f633/library/std/src/io/mod.rs:1588:15
[INFO] [stdout]    6:     0x55efe58fcabb - std::sys_common::backtrace::_print::h5abaa2601a852287
[INFO] [stdout]                                at /rustc/a178d0322ce20e33eac124758e837cbd80a6f633/library/std/src/sys_common/backtrace.rs:49:5
[INFO] [stdout]    7:     0x55efe58fcabb - std::sys_common::backtrace::print::h8d81445442bb638f
[INFO] [stdout]                                at /rustc/a178d0322ce20e33eac124758e837cbd80a6f633/library/std/src/sys_common/backtrace.rs:36:9
[INFO] [stdout]    8:     0x55efe58fcabb - std::panicking::default_hook::{{closure}}::hcfe804496a9fa747
[INFO] [stdout]                                at /rustc/a178d0322ce20e33eac124758e837cbd80a6f633/library/std/src/panicking.rs:208:50
[INFO] [stdout]    9:     0x55efe58fc5cc - std::panicking::default_hook::hbea8e3ccf2ba8901
[INFO] [stdout]                                at /rustc/a178d0322ce20e33eac124758e837cbd80a6f633/library/std/src/panicking.rs:222:9
[INFO] [stdout]   10:     0x55efe58fd184 - std::panicking::rust_panic_with_hook::h7ee9e1a2d0f8975a
[INFO] [stdout]                                at /rustc/a178d0322ce20e33eac124758e837cbd80a6f633/library/std/src/panicking.rs:622:17
[INFO] [stdout]   11:     0x55efe58fcc67 - std::panicking::begin_panic_handler::{{closure}}::h8ab3b4491718b2c7
[INFO] [stdout]                                at /rustc/a178d0322ce20e33eac124758e837cbd80a6f633/library/std/src/panicking.rs:519:13
[INFO] [stdout]   12:     0x55efe58fac4c - std::sys_common::backtrace::__rust_end_short_backtrace::hd489062ffa586a9f
[INFO] [stdout]                                at /rustc/a178d0322ce20e33eac124758e837cbd80a6f633/library/std/src/sys_common/backtrace.rs:141:18
[INFO] [stdout]   13:     0x55efe58fcbc9 - rust_begin_unwind
[INFO] [stdout]                                at /rustc/a178d0322ce20e33eac124758e837cbd80a6f633/library/std/src/panicking.rs:515:5
[INFO] [stdout]   14:     0x55efe52e0fab - std::panicking::begin_panic_fmt::h5479575e112541f8
[INFO] [stdout]                                at /rustc/a178d0322ce20e33eac124758e837cbd80a6f633/library/std/src/panicking.rs:457:5
[INFO] [stdout]   15:     0x55efe552c122 - trybuild::run::<impl trybuild::Runner>::run::hb98a379a6b071fec
[INFO] [stdout]                                at /opt/rustwide/cargo-home/registry/src/github.com-1ecc6299db9ec823/trybuild-1.0.43/src/run.rs:73:13
[INFO] [stdout]   16:     0x55efe5530d92 - <trybuild::TestCases as core::ops::drop::Drop>::drop::h8edf1a83f70370ba
[INFO] [stdout]                                at /opt/rustwide/cargo-home/registry/src/github.com-1ecc6299db9ec823/trybuild-1.0.43/src/lib.rs:306:13
[INFO] [stdout]   17:     0x55efe5413e07 - core::ptr::drop_in_place<trybuild::TestCases>::h4379c43ead69aa1c
[INFO] [stdout]                                at /rustc/a178d0322ce20e33eac124758e837cbd80a6f633/library/core/src/ptr/mod.rs:192:1
[INFO] [stdout]   18:     0x55efe543b185 - diem_crypto::unit_tests::cross_test::unsupported_sigs::ha1fedd5a37104cb0
[INFO] [stdout]                                at /opt/rustwide/workdir/src/unit_tests/cross_test.rs:130:1
[INFO] [stdout]   19:     0x55efe543b0da - diem_crypto::unit_tests::cross_test::unsupported_sigs::{{closure}}::hc1728258920a605b
[INFO] [stdout]                                at /opt/rustwide/workdir/src/unit_tests/cross_test.rs:124:1
[INFO] [stdout]   20:     0x55efe540f75e - core::ops::function::FnOnce::call_once::h9ea5dd295a92bf1f
[INFO] [stdout]                                at /rustc/a178d0322ce20e33eac124758e837cbd80a6f633/library/core/src/ops/function.rs:227:5
[INFO] [stdout]   21:     0x55efe57189b3 - core::ops::function::FnOnce::call_once::h152e7e439ff59e19
[INFO] [stdout]                                at /rustc/a178d0322ce20e33eac124758e837cbd80a6f633/library/core/src/ops/function.rs:227:5
[INFO] [stdout]   22:     0x55efe57189b3 - test::__rust_begin_short_backtrace::h0908f3b1fdbb72ab
[INFO] [stdout]                                at /rustc/a178d0322ce20e33eac124758e837cbd80a6f633/library/test/src/lib.rs:577:5
[INFO] [stdout]   23:     0x55efe5717470 - <alloc::boxed::Box<F,A> as core::ops::function::FnOnce<Args>>::call_once::hf6d2a51e5587546c
[INFO] [stdout]                                at /rustc/a178d0322ce20e33eac124758e837cbd80a6f633/library/alloc/src/boxed.rs:1575:9
[INFO] [stdout]   24:     0x55efe5717470 - <std::panic::AssertUnwindSafe<F> as core::ops::function::FnOnce<()>>::call_once::h8af660f3a89ef593
[INFO] [stdout]                                at /rustc/a178d0322ce20e33eac124758e837cbd80a6f633/library/std/src/panic.rs:347:9
[INFO] [stdout]   25:     0x55efe5717470 - std::panicking::try::do_call::hd36aef60f84b6d36
[INFO] [stdout]                                at /rustc/a178d0322ce20e33eac124758e837cbd80a6f633/library/std/src/panicking.rs:401:40
[INFO] [stdout]   26:     0x55efe5717470 - std::panicking::try::h9932b4480e69817c
[INFO] [stdout]                                at /rustc/a178d0322ce20e33eac124758e837cbd80a6f633/library/std/src/panicking.rs:365:19
[INFO] [stdout]   27:     0x55efe5717470 - std::panic::catch_unwind::h6aa177099cfff5f8
[INFO] [stdout]                                at /rustc/a178d0322ce20e33eac124758e837cbd80a6f633/library/std/src/panic.rs:434:14
[INFO] [stdout]   28:     0x55efe5717470 - test::run_test_in_process::h5884d6f2d99e20c3
[INFO] [stdout]                                at /rustc/a178d0322ce20e33eac124758e837cbd80a6f633/library/test/src/lib.rs:600:18
[INFO] [stdout]   29:     0x55efe5717470 - test::run_test::run_test_inner::{{closure}}::h6fdc58c6d5f5b6e3
[INFO] [stdout]                                at /rustc/a178d0322ce20e33eac124758e837cbd80a6f633/library/test/src/lib.rs:492:39
[INFO] [stdout]   30:     0x55efe56f0b22 - test::run_test::run_test_inner::{{closure}}::h408365d67a78ade8
[INFO] [stdout]                                at /rustc/a178d0322ce20e33eac124758e837cbd80a6f633/library/test/src/lib.rs:519:37
[INFO] [stdout]   31:     0x55efe56f0b22 - std::sys_common::backtrace::__rust_begin_short_backtrace::hb560b77c4f701523
[INFO] [stdout]                                at /rustc/a178d0322ce20e33eac124758e837cbd80a6f633/library/std/src/sys_common/backtrace.rs:125:18
[INFO] [stdout]   32:     0x55efe56f46d8 - std::thread::Builder::spawn_unchecked::{{closure}}::{{closure}}::hf2e7831dad93c597
[INFO] [stdout]                                at /rustc/a178d0322ce20e33eac124758e837cbd80a6f633/library/std/src/thread/mod.rs:481:17
[INFO] [stdout]   33:     0x55efe56f46d8 - <std::panic::AssertUnwindSafe<F> as core::ops::function::FnOnce<()>>::call_once::hd2e08783d8be4d02
[INFO] [stdout]                                at /rustc/a178d0322ce20e33eac124758e837cbd80a6f633/library/std/src/panic.rs:347:9
[INFO] [stdout]   34:     0x55efe56f46d8 - std::panicking::try::do_call::h062597b7acfd6b82
[INFO] [stdout]                                at /rustc/a178d0322ce20e33eac124758e837cbd80a6f633/library/std/src/panicking.rs:401:40
[INFO] [stdout]   35:     0x55efe56f46d8 - std::panicking::try::h0d7b79db04c14552
[INFO] [stdout]                                at /rustc/a178d0322ce20e33eac124758e837cbd80a6f633/library/std/src/panicking.rs:365:19
[INFO] [stdout]   36:     0x55efe56f46d8 - std::panic::catch_unwind::hb01a0b5e7c8cd43b
[INFO] [stdout]                                at /rustc/a178d0322ce20e33eac124758e837cbd80a6f633/library/std/src/panic.rs:434:14
[INFO] [stdout]   37:     0x55efe56f46d8 - std::thread::Builder::spawn_unchecked::{{closure}}::h5bde48cc887e0d1e
[INFO] [stdout]                                at /rustc/a178d0322ce20e33eac124758e837cbd80a6f633/library/std/src/thread/mod.rs:480:30
[INFO] [stdout]   38:     0x55efe56f46d8 - core::ops::function::FnOnce::call_once{{vtable.shim}}::h745ea30807a29e55
[INFO] [stdout]                                at /rustc/a178d0322ce20e33eac124758e837cbd80a6f633/library/core/src/ops/function.rs:227:5
[INFO] [stdout]   39:     0x55efe5903337 - <alloc::boxed::Box<F,A> as core::ops::function::FnOnce<Args>>::call_once::h7ece6cfefaff1005
[INFO] [stdout]                                at /rustc/a178d0322ce20e33eac124758e837cbd80a6f633/library/alloc/src/boxed.rs:1575:9
[INFO] [stdout]   40:     0x55efe5903337 - <alloc::boxed::Box<F,A> as core::ops::function::FnOnce<Args>>::call_once::hb8b48e55c21f193e
[INFO] [stdout]                                at /rustc/a178d0322ce20e33eac124758e837cbd80a6f633/library/alloc/src/boxed.rs:1575:9
[INFO] [stdout]   41:     0x55efe5903337 - std::sys::unix::thread::Thread::new::thread_start::h8c7c4450dba62914
[INFO] [stdout]                                at /rustc/a178d0322ce20e33eac124758e837cbd80a6f633/library/std/src/sys/unix/thread.rs:71:17
[INFO] [stdout]   42:     0x7f242a35a609 - start_thread
[INFO] [stdout]   43:     0x7f242a12c293 - clone
[INFO] [stdout]   44:                0x0 - <unknown>
[INFO] [stdout] 
[INFO] [stdout] ---- unit_tests::hkdf_test::unsupported_digest stdout ----
[INFO] [stdout] thread 'unit_tests::hkdf_test::unsupported_digest' panicked at '1 of 1 tests failed', /opt/rustwide/cargo-home/registry/src/github.com-1ecc6299db9ec823/trybuild-1.0.43/src/run.rs:73:13
[INFO] [stdout] stack backtrace:
[INFO] [stdout]    0:     0x55efe58fa750 - std::backtrace_rs::backtrace::libunwind::trace::h34055254b57d8e79
[INFO] [stdout]                                at /rustc/a178d0322ce20e33eac124758e837cbd80a6f633/library/std/src/../../backtrace/src/backtrace/libunwind.rs:90:5
[INFO] [stdout]    1:     0x55efe58fa750 - std::backtrace_rs::backtrace::trace_unsynchronized::h8f1e3fbd9afff6ec
[INFO] [stdout]                                at /rustc/a178d0322ce20e33eac124758e837cbd80a6f633/library/std/src/../../backtrace/src/backtrace/mod.rs:66:5
[INFO] [stdout]    2:     0x55efe58fa750 - std::sys_common::backtrace::_print_fmt::h3a99a796b770c360
[INFO] [stdout]                                at /rustc/a178d0322ce20e33eac124758e837cbd80a6f633/library/std/src/sys_common/backtrace.rs:67:5
[INFO] [stdout]    3:     0x55efe58fa750 - <std::sys_common::backtrace::_print::DisplayBacktrace as core::fmt::Display>::fmt::h32d1f94a80615d18
[INFO] [stdout]                                at /rustc/a178d0322ce20e33eac124758e837cbd80a6f633/library/std/src/sys_common/backtrace.rs:46:22
[INFO] [stdout]    4:     0x55efe59203cc - core::fmt::write::h306731c068f7162c
[INFO] [stdout]                                at /rustc/a178d0322ce20e33eac124758e837cbd80a6f633/library/core/src/fmt/mod.rs:1110:17
[INFO] [stdout]    5:     0x55efe58f6765 - std::io::Write::write_fmt::h87f19b0a2cd190bc
[INFO] [stdout]                                at /rustc/a178d0322ce20e33eac124758e837cbd80a6f633/library/std/src/io/mod.rs:1588:15
[INFO] [stdout]    6:     0x55efe58fcabb - std::sys_common::backtrace::_print::h5abaa2601a852287
[INFO] [stdout]                                at /rustc/a178d0322ce20e33eac124758e837cbd80a6f633/library/std/src/sys_common/backtrace.rs:49:5
[INFO] [stdout]    7:     0x55efe58fcabb - std::sys_common::backtrace::print::h8d81445442bb638f
[INFO] [stdout]                                at /rustc/a178d0322ce20e33eac124758e837cbd80a6f633/library/std/src/sys_common/backtrace.rs:36:9
[INFO] [stdout]    8:     0x55efe58fcabb - std::panicking::default_hook::{{closure}}::hcfe804496a9fa747
[INFO] [stdout]                                at /rustc/a178d0322ce20e33eac124758e837cbd80a6f633/library/std/src/panicking.rs:208:50
[INFO] [stdout]    9:     0x55efe58fc5cc - std::panicking::default_hook::hbea8e3ccf2ba8901
[INFO] [stdout]                                at /rustc/a178d0322ce20e33eac124758e837cbd80a6f633/library/std/src/panicking.rs:222:9
[INFO] [stdout]   10:     0x55efe58fd184 - std::panicking::rust_panic_with_hook::h7ee9e1a2d0f8975a
[INFO] [stdout]                                at /rustc/a178d0322ce20e33eac124758e837cbd80a6f633/library/std/src/panicking.rs:622:17
[INFO] [stdout]   11:     0x55efe58fcc67 - std::panicking::begin_panic_handler::{{closure}}::h8ab3b4491718b2c7
[INFO] [stdout]                                at /rustc/a178d0322ce20e33eac124758e837cbd80a6f633/library/std/src/panicking.rs:519:13
[INFO] [stdout]   12:     0x55efe58fac4c - std::sys_common::backtrace::__rust_end_short_backtrace::hd489062ffa586a9f
[INFO] [stdout]                                at /rustc/a178d0322ce20e33eac124758e837cbd80a6f633/library/std/src/sys_common/backtrace.rs:141:18
[INFO] [stdout]   13:     0x55efe58fcbc9 - rust_begin_unwind
[INFO] [stdout]                                at /rustc/a178d0322ce20e33eac124758e837cbd80a6f633/library/std/src/panicking.rs:515:5
[INFO] [stdout]   14:     0x55efe52e0fab - std::panicking::begin_panic_fmt::h5479575e112541f8
[INFO] [stdout]                                at /rustc/a178d0322ce20e33eac124758e837cbd80a6f633/library/std/src/panicking.rs:457:5
[INFO] [stdout]   15:     0x55efe552c122 - trybuild::run::<impl trybuild::Runner>::run::hb98a379a6b071fec
[INFO] [stdout]                                at /opt/rustwide/cargo-home/registry/src/github.com-1ecc6299db9ec823/trybuild-1.0.43/src/run.rs:73:13
[INFO] [stdout]   16:     0x55efe5530d92 - <trybuild::TestCases as core::ops::drop::Drop>::drop::h8edf1a83f70370ba
[INFO] [stdout]                                at /opt/rustwide/cargo-home/registry/src/github.com-1ecc6299db9ec823/trybuild-1.0.43/src/lib.rs:306:13
[INFO] [stdout]   17:     0x55efe5413e07 - core::ptr::drop_in_place<trybuild::TestCases>::h4379c43ead69aa1c
[INFO] [stdout]                                at /rustc/a178d0322ce20e33eac124758e837cbd80a6f633/library/core/src/ptr/mod.rs:192:1
[INFO] [stdout]   18:     0x55efe5421b21 - diem_crypto::unit_tests::hkdf_test::unsupported_digest::h92d54c880c4a55ad
[INFO] [stdout]                                at /opt/rustwide/workdir/src/unit_tests/hkdf_test.rs:159:1
[INFO] [stdout]   19:     0x55efe5421ada - diem_crypto::unit_tests::hkdf_test::unsupported_digest::{{closure}}::h39b8f331bf7187da
[INFO] [stdout]                                at /opt/rustwide/workdir/src/unit_tests/hkdf_test.rs:156:1
[INFO] [stdout]   20:     0x55efe541036e - core::ops::function::FnOnce::call_once::hd28d5633a44b1822
[INFO] [stdout]                                at /rustc/a178d0322ce20e33eac124758e837cbd80a6f633/library/core/src/ops/function.rs:227:5
[INFO] [stdout]   21:     0x55efe57189b3 - core::ops::function::FnOnce::call_once::h152e7e439ff59e19
[INFO] [stdout]                                at /rustc/a178d0322ce20e33eac124758e837cbd80a6f633/library/core/src/ops/function.rs:227:5
[INFO] [stdout]   22:     0x55efe57189b3 - test::__rust_begin_short_backtrace::h0908f3b1fdbb72ab
[INFO] [stdout]                                at /rustc/a178d0322ce20e33eac124758e837cbd80a6f633/library/test/src/lib.rs:577:5
[INFO] [stdout]   23:     0x55efe5717470 - <alloc::boxed::Box<F,A> as core::ops::function::FnOnce<Args>>::call_once::hf6d2a51e5587546c
[INFO] [stdout]                                at /rustc/a178d0322ce20e33eac124758e837cbd80a6f633/library/alloc/src/boxed.rs:1575:9
[INFO] [stdout]   24:     0x55efe5717470 - <std::panic::AssertUnwindSafe<F> as core::ops::function::FnOnce<()>>::call_once::h8af660f3a89ef593
[INFO] [stdout]                                at /rustc/a178d0322ce20e33eac124758e837cbd80a6f633/library/std/src/panic.rs:347:9
[INFO] [stdout]   25:     0x55efe5717470 - std::panicking::try::do_call::hd36aef60f84b6d36
[INFO] [stdout]                                at /rustc/a178d0322ce20e33eac124758e837cbd80a6f633/library/std/src/panicking.rs:401:40
[INFO] [stdout]   26:     0x55efe5717470 - std::panicking::try::h9932b4480e69817c
[INFO] [stdout]                                at /rustc/a178d0322ce20e33eac124758e837cbd80a6f633/library/std/src/panicking.rs:365:19
[INFO] [stdout]   27:     0x55efe5717470 - std::panic::catch_unwind::h6aa177099cfff5f8
[INFO] [stdout]                                at /rustc/a178d0322ce20e33eac124758e837cbd80a6f633/library/std/src/panic.rs:434:14
[INFO] [stdout]   28:     0x55efe5717470 - test::run_test_in_process::h5884d6f2d99e20c3
[INFO] [stdout]                                at /rustc/a178d0322ce20e33eac124758e837cbd80a6f633/library/test/src/lib.rs:600:18
[INFO] [stdout]   29:     0x55efe5717470 - test::run_test::run_test_inner::{{closure}}::h6fdc58c6d5f5b6e3
[INFO] [stdout]                                at /rustc/a178d0322ce20e33eac124758e837cbd80a6f633/library/test/src/lib.rs:492:39
[INFO] [stdout]   30:     0x55efe56f0b22 - test::run_test::run_test_inner::{{closure}}::h408365d67a78ade8
[INFO] [stdout]                                at /rustc/a178d0322ce20e33eac124758e837cbd80a6f633/library/test/src/lib.rs:519:37
[INFO] [stdout]   31:     0x55efe56f0b22 - std::sys_common::backtrace::__rust_begin_short_backtrace::hb560b77c4f701523
[INFO] [stdout]                                at /rustc/a178d0322ce20e33eac124758e837cbd80a6f633/library/std/src/sys_common/backtrace.rs:125:18
[INFO] [stdout]   32:     0x55efe56f46d8 - std::thread::Builder::spawn_unchecked::{{closure}}::{{closure}}::hf2e7831dad93c597
[INFO] [stdout]                                at /rustc/a178d0322ce20e33eac124758e837cbd80a6f633/library/std/src/thread/mod.rs:481:17
[INFO] [stdout]   33:     0x55efe56f46d8 - <std::panic::AssertUnwindSafe<F> as core::ops::function::FnOnce<()>>::call_once::hd2e08783d8be4d02
[INFO] [stdout]                                at /rustc/a178d0322ce20e33eac124758e837cbd80a6f633/library/std/src/panic.rs:347:9
[INFO] [stdout]   34:     0x55efe56f46d8 - std::panicking::try::do_call::h062597b7acfd6b82
[INFO] [stdout]                                at /rustc/a178d0322ce20e33eac124758e837cbd80a6f633/library/std/src/panicking.rs:401:40
[INFO] [stdout]   35:     0x55efe56f46d8 - std::panicking::try::h0d7b79db04c14552
[INFO] [stdout]                                at /rustc/a178d0322ce20e33eac124758e837cbd80a6f633/library/std/src/panicking.rs:365:19
[INFO] [stdout]   36:     0x55efe56f46d8 - std::panic::catch_unwind::hb01a0b5e7c8cd43b
[INFO] [stdout]                                at /rustc/a178d0322ce20e33eac124758e837cbd80a6f633/library/std/src/panic.rs:434:14
[INFO] [stdout]   37:     0x55efe56f46d8 - std::thread::Builder::spawn_unchecked::{{closure}}::h5bde48cc887e0d1e
[INFO] [stdout]                                at /rustc/a178d0322ce20e33eac124758e837cbd80a6f633/library/std/src/thread/mod.rs:480:30
[INFO] [stdout]   38:     0x55efe56f46d8 - core::ops::function::FnOnce::call_once{{vtable.shim}}::h745ea30807a29e55
[INFO] [stdout]                                at /rustc/a178d0322ce20e33eac124758e837cbd80a6f633/library/core/src/ops/function.rs:227:5
[INFO] [stdout]   39:     0x55efe5903337 - <alloc::boxed::Box<F,A> as core::ops::function::FnOnce<Args>>::call_once::h7ece6cfefaff1005
[INFO] [stdout]                                at /rustc/a178d0322ce20e33eac124758e837cbd80a6f633/library/alloc/src/boxed.rs:1575:9
[INFO] [stdout]   40:     0x55efe5903337 - <alloc::boxed::Box<F,A> as core::ops::function::FnOnce<Args>>::call_once::hb8b48e55c21f193e
[INFO] [stdout]                                at /rustc/a178d0322ce20e33eac124758e837cbd80a6f633/library/alloc/src/boxed.rs:1575:9
[INFO] [stdout]   41:     0x55efe5903337 - std::sys::unix::thread::Thread::new::thread_start::h8c7c4450dba62914
[INFO] [stdout]                                at /rustc/a178d0322ce20e33eac124758e837cbd80a6f633/library/std/src/sys/unix/thread.rs:71:17
[INFO] [stdout]   42:     0x7f242a35a609 - start_thread
[INFO] [stdout]   43:     0x7f242a12c293 - clone
[INFO] [stdout]   44:                0x0 - <unknown>
[INFO] [stdout] 
[INFO] [stdout] 
[INFO] [stdout] failures:
[INFO] [stdout]     unit_tests::cross_test::unsupported_sigs
[INFO] [stdout]     unit_tests::hkdf_test::unsupported_digest
[INFO] [stdout] 
[INFO] [stdout] test result: FAILED. 53 passed; 2 failed; 0 ignored; 0 measured; 0 filtered out; finished in 22.77s
[INFO] [stdout] 
[INFO] [stderr] error: test failed, to rerun pass '--lib'
[INFO] running `Command { std: "docker" "inspect" "7f8753b36d72bc85a9ccfd330620c98d8fa4f5e23955b2c33f01b9f40a65b607", kill_on_drop: false }`
[INFO] running `Command { std: "docker" "rm" "-f" "7f8753b36d72bc85a9ccfd330620c98d8fa4f5e23955b2c33f01b9f40a65b607", kill_on_drop: false }`
[INFO] [stdout] 7f8753b36d72bc85a9ccfd330620c98d8fa4f5e23955b2c33f01b9f40a65b607
