[INFO] fetching crate dicetest 0.2.1...
[INFO] testing dicetest-0.2.1 against 1.54.0 for beta-1.55-1
[INFO] extracting crate dicetest 0.2.1 into /workspace/builds/worker-6/source
[INFO] validating manifest of crates.io crate dicetest 0.2.1 on toolchain 1.54.0
[INFO] running `Command { std: "/workspace/cargo-home/bin/cargo" "+1.54.0" "metadata" "--manifest-path" "Cargo.toml" "--no-deps", kill_on_drop: false }`
[INFO] started tweaking crates.io crate dicetest 0.2.1
[INFO] finished tweaking crates.io crate dicetest 0.2.1
[INFO] tweaked toml for crates.io crate dicetest 0.2.1 written to /workspace/builds/worker-6/source/Cargo.toml
[INFO] running `Command { std: "/workspace/cargo-home/bin/cargo" "+1.54.0" "generate-lockfile" "--manifest-path" "Cargo.toml" "-Zno-index-update", kill_on_drop: false }`
[INFO] running `Command { std: "/workspace/cargo-home/bin/cargo" "+1.54.0" "fetch" "--manifest-path" "Cargo.toml", kill_on_drop: false }`
[INFO] [stderr]     Blocking waiting for file lock on package cache
[INFO] running `Command { std: "docker" "create" "-v" "/var/lib/crater-agent-workspace/builds/worker-6/target:/opt/rustwide/target:rw,Z" "-v" "/var/lib/crater-agent-workspace/builds/worker-6/source:/opt/rustwide/workdir:ro,Z" "-v" "/var/lib/crater-agent-workspace/cargo-home:/opt/rustwide/cargo-home:ro,Z" "-v" "/var/lib/crater-agent-workspace/rustup-home:/opt/rustwide/rustup-home:ro,Z" "-e" "SOURCE_DIR=/opt/rustwide/workdir" "-e" "CARGO_TARGET_DIR=/opt/rustwide/target" "-e" "CARGO_HOME=/opt/rustwide/cargo-home" "-e" "RUSTUP_HOME=/opt/rustwide/rustup-home" "-w" "/opt/rustwide/workdir" "-m" "1610612736" "--user" "0:0" "--network" "none" "ghcr.io/rust-lang/crates-build-env/linux@sha256:34b6a614d2c27851fe6cbf88fbd1137609cefab8b10d0615aaeb6fd47975d74e" "/opt/rustwide/cargo-home/bin/cargo" "+1.54.0" "metadata" "--no-deps" "--format-version=1", kill_on_drop: false }`
[INFO] [stdout] aae92c2cf9d7291c0e74625fb653704695d150cb06635fb735268702dfe9024c
[INFO] running `Command { std: "docker" "start" "-a" "aae92c2cf9d7291c0e74625fb653704695d150cb06635fb735268702dfe9024c", kill_on_drop: false }`
[INFO] running `Command { std: "docker" "inspect" "aae92c2cf9d7291c0e74625fb653704695d150cb06635fb735268702dfe9024c", kill_on_drop: false }`
[INFO] running `Command { std: "docker" "rm" "-f" "aae92c2cf9d7291c0e74625fb653704695d150cb06635fb735268702dfe9024c", kill_on_drop: false }`
[INFO] [stdout] aae92c2cf9d7291c0e74625fb653704695d150cb06635fb735268702dfe9024c
[INFO] running `Command { std: "docker" "create" "-v" "/var/lib/crater-agent-workspace/builds/worker-6/target:/opt/rustwide/target:rw,Z" "-v" "/var/lib/crater-agent-workspace/builds/worker-6/source:/opt/rustwide/workdir:ro,Z" "-v" "/var/lib/crater-agent-workspace/cargo-home:/opt/rustwide/cargo-home:ro,Z" "-v" "/var/lib/crater-agent-workspace/rustup-home:/opt/rustwide/rustup-home:ro,Z" "-e" "SOURCE_DIR=/opt/rustwide/workdir" "-e" "CARGO_TARGET_DIR=/opt/rustwide/target" "-e" "CARGO_INCREMENTAL=0" "-e" "RUST_BACKTRACE=full" "-e" "RUSTFLAGS=--cap-lints=warn" "-e" "CARGO_HOME=/opt/rustwide/cargo-home" "-e" "RUSTUP_HOME=/opt/rustwide/rustup-home" "-w" "/opt/rustwide/workdir" "-m" "1610612736" "--user" "0:0" "--network" "none" "ghcr.io/rust-lang/crates-build-env/linux@sha256:34b6a614d2c27851fe6cbf88fbd1137609cefab8b10d0615aaeb6fd47975d74e" "/opt/rustwide/cargo-home/bin/cargo" "+1.54.0" "build" "--frozen" "--message-format=json", kill_on_drop: false }`
[INFO] [stdout] cbb3e38fab934e8988e8b49085e688e5e260f2d383f5112abcca53045a28b6df
[INFO] running `Command { std: "docker" "start" "-a" "cbb3e38fab934e8988e8b49085e688e5e260f2d383f5112abcca53045a28b6df", kill_on_drop: false }`
[INFO] [stderr]    Compiling libc v0.2.98
[INFO] [stderr]    Compiling cfg-if v1.0.0
[INFO] [stderr]    Compiling getrandom v0.2.3
[INFO] [stderr]    Compiling dicetest v0.2.1 (/opt/rustwide/workdir)
[INFO] [stderr]     Finished dev [unoptimized + debuginfo] target(s) in 7.55s
[INFO] running `Command { std: "docker" "inspect" "cbb3e38fab934e8988e8b49085e688e5e260f2d383f5112abcca53045a28b6df", kill_on_drop: false }`
[INFO] running `Command { std: "docker" "rm" "-f" "cbb3e38fab934e8988e8b49085e688e5e260f2d383f5112abcca53045a28b6df", kill_on_drop: false }`
[INFO] [stdout] cbb3e38fab934e8988e8b49085e688e5e260f2d383f5112abcca53045a28b6df
[INFO] running `Command { std: "docker" "create" "-v" "/var/lib/crater-agent-workspace/builds/worker-6/target:/opt/rustwide/target:rw,Z" "-v" "/var/lib/crater-agent-workspace/builds/worker-6/source:/opt/rustwide/workdir:ro,Z" "-v" "/var/lib/crater-agent-workspace/cargo-home:/opt/rustwide/cargo-home:ro,Z" "-v" "/var/lib/crater-agent-workspace/rustup-home:/opt/rustwide/rustup-home:ro,Z" "-e" "SOURCE_DIR=/opt/rustwide/workdir" "-e" "CARGO_TARGET_DIR=/opt/rustwide/target" "-e" "CARGO_INCREMENTAL=0" "-e" "RUST_BACKTRACE=full" "-e" "RUSTFLAGS=--cap-lints=warn" "-e" "CARGO_HOME=/opt/rustwide/cargo-home" "-e" "RUSTUP_HOME=/opt/rustwide/rustup-home" "-w" "/opt/rustwide/workdir" "-m" "1610612736" "--user" "0:0" "--network" "none" "ghcr.io/rust-lang/crates-build-env/linux@sha256:34b6a614d2c27851fe6cbf88fbd1137609cefab8b10d0615aaeb6fd47975d74e" "/opt/rustwide/cargo-home/bin/cargo" "+1.54.0" "test" "--frozen" "--no-run" "--message-format=json", kill_on_drop: false }`
[INFO] [stdout] f96281c788c37575edc71129cba915161ed3c639ffd7c2684cdd00dd8e0c171c
[INFO] running `Command { std: "docker" "start" "-a" "f96281c788c37575edc71129cba915161ed3c639ffd7c2684cdd00dd8e0c171c", kill_on_drop: false }`
[INFO] [stderr]    Compiling dicetest v0.2.1 (/opt/rustwide/workdir)
[INFO] [stderr]     Finished test [unoptimized + debuginfo] target(s) in 15.22s
[INFO] running `Command { std: "docker" "inspect" "f96281c788c37575edc71129cba915161ed3c639ffd7c2684cdd00dd8e0c171c", kill_on_drop: false }`
[INFO] running `Command { std: "docker" "rm" "-f" "f96281c788c37575edc71129cba915161ed3c639ffd7c2684cdd00dd8e0c171c", kill_on_drop: false }`
[INFO] [stdout] f96281c788c37575edc71129cba915161ed3c639ffd7c2684cdd00dd8e0c171c
[INFO] running `Command { std: "docker" "create" "-v" "/var/lib/crater-agent-workspace/builds/worker-6/target:/opt/rustwide/target:rw,Z" "-v" "/var/lib/crater-agent-workspace/builds/worker-6/source:/opt/rustwide/workdir:ro,Z" "-v" "/var/lib/crater-agent-workspace/cargo-home:/opt/rustwide/cargo-home:ro,Z" "-v" "/var/lib/crater-agent-workspace/rustup-home:/opt/rustwide/rustup-home:ro,Z" "-e" "SOURCE_DIR=/opt/rustwide/workdir" "-e" "CARGO_TARGET_DIR=/opt/rustwide/target" "-e" "CARGO_INCREMENTAL=0" "-e" "RUST_BACKTRACE=full" "-e" "RUSTFLAGS=--cap-lints=warn" "-e" "CARGO_HOME=/opt/rustwide/cargo-home" "-e" "RUSTUP_HOME=/opt/rustwide/rustup-home" "-w" "/opt/rustwide/workdir" "-m" "1610612736" "--user" "0:0" "--network" "none" "ghcr.io/rust-lang/crates-build-env/linux@sha256:34b6a614d2c27851fe6cbf88fbd1137609cefab8b10d0615aaeb6fd47975d74e" "/opt/rustwide/cargo-home/bin/cargo" "+1.54.0" "test" "--frozen", kill_on_drop: false }`
[INFO] [stdout] 058f4cd27e55d6c73c3a32575dde69478b0460c22cec9d4d636f46327075c357
[INFO] running `Command { std: "docker" "start" "-a" "058f4cd27e55d6c73c3a32575dde69478b0460c22cec9d4d636f46327075c357", kill_on_drop: false }`
[INFO] [stdout] 
[INFO] [stderr]     Finished test [unoptimized + debuginfo] target(s) in 0.13s
[INFO] [stdout] running 206 tests
[INFO] [stderr]      Running unittests (/opt/rustwide/target/debug/deps/dicetest-8bd9edeca1b069b4)
[INFO] [stdout] test dice::bool::tests::weighted_bool_calc_stats ... ok
[INFO] [stdout] test dice::char::tests::char_ascii_digit_generates_only_valid_values ... ok
[INFO] [stdout] test dice::char::tests::char_ascii_alphabetic_uppercase_generates_only_valid_values ... ok
[INFO] [stdout] test dice::char::tests::char_ascii_alphabetic_generates_only_valid_values ... ok
[INFO] [stdout] test dice::char::tests::char_ascii_alphanumeric_generates_only_valid_values ... ok
[INFO] [stdout] test dice::float::tests::f64_is_in_range_inclusive ... ok
[INFO] [stdout] test dice::float::tests::f32_util_linear_ipol_float_center_examples ... ok
[INFO] [stdout] test dice::bool::tests::bool_calc_stats ... ok
[INFO] [stdout] test dice::float::tests::f64_util_linear_ipol_float_center_examples ... ok
[INFO] [stdout] test dice::integer::tests::i128_is_in_range_to ... ok
[INFO] [stdout] test dice::char::tests::char_ascii_alphabetic_lowercase_generates_only_valid_values ... ok
[INFO] [stdout] test dice::float::tests::open_unit_f64_rolls_values_in_expected_range ... ok
[INFO] [stdout] test dice::float::tests::unit_f64_rolls_values_in_expected_range ... ok
[INFO] [stdout] test dice::float::tests::f64_is_in_single_value_range ... ok
[INFO] [stdout] test dice::float::tests::f64_util_linear_ipol_float_with_factor_limits ... ok
[INFO] [stdout] test dice::float::tests::f32_is_in_range_inclusive ... ok
[INFO] [stdout] test dice::integer::tests::i128_is_in_range_to_inclusive ... ok
[INFO] [stdout] test dice::integer::tests::i128_is_in_range ... ok
[INFO] [stdout] test dice::integer::tests::i128_is_in_range_from ... ok
[INFO] [stdout] test dice::integer::tests::i128_is_in_range_inclusive ... ok
[INFO] [stdout] test dice::index_of::tests::index_of_generates_valid_index ... ok
[INFO] [stdout] test dice::float::tests::open_unit_f32_rolls_values_in_expected_range ... ok
[INFO] [stdout] test dice::char::tests::char_generates_only_valid_values ... ok
[INFO] [stdout] test dice::float::tests::f32_is_in_range_from ... ok
[INFO] [stdout] test dice::integer::tests::i16_is_in_range ... ok
[INFO] [stdout] test dice::float::tests::f32_util_linear_ipol_float_with_factor_limits ... ok
[INFO] [stdout] test dice::float::tests::f32_util_open_unit_float_examples ... ok
[INFO] [stdout] test dice::float::tests::f32_is_in_single_value_range ... ok
[INFO] [stdout] test dice::float::tests::f32_util_linear_ipol_float_with_same_min_and_max ... ok
[INFO] [stdout] test dice::char::tests::char_ascii_generates_only_valid_values ... ok
[INFO] [stdout] test dice::float::tests::f64_is_in_range_from ... ok
[INFO] [stdout] test dice::float::tests::f32_is_in_range_to_inclusive ... ok
[INFO] [stdout] test codice::tests::from_default_hasher_is_deterministic ... ok
[INFO] [stdout] test dice::float::tests::f64_is_in_range_to_inclusive ... ok
[INFO] [stdout] test dice::float::tests::f64_util_linear_ipol_float_with_same_min_and_max ... ok
[INFO] [stdout] test dice::integer::tests::i128_is_in_single_value_range ... ok
[INFO] [stdout] test dice::float::tests::f64_util_open_unit_float_examples ... ok
[INFO] [stdout] test dice::collection::tests::outer_collection_overall_size_is_bounded_by_limit ... ok
[INFO] [stdout] test dice::float::tests::open_unit_f32_calc_stats ... ok
[INFO] [stdout] test dice::float::tests::open_unit_f64_calc_stats ... ok
[INFO] [stdout] test dice::float::tests::unit_f32_calc_stats ... ok
[INFO] [stdout] test dice::float::tests::unit_f32_rolls_values_in_expected_range ... ok
[INFO] [stdout] test dice::float::tests::unit_f64_calc_stats ... ok
[INFO] [stdout] test dice::index_of::tests::index_of_calc_stats ... ok
[INFO] [stdout] test dice::integer::tests::i16_is_in_range_from ... ok
[INFO] [stdout] test dice::integer::tests::i16_is_in_range_to ... ok
[INFO] [stdout] test dice::integer::tests::i16_is_in_range_inclusive ... ok
[INFO] [stdout] test dice::integer::tests::i16_is_in_range_to_inclusive ... ok
[INFO] [stdout] test dice::integer::tests::i32_is_in_range_to_inclusive ... ok
[INFO] [stdout] test dice::integer::tests::i32_is_in_single_value_range ... ok
[INFO] [stdout] test dice::integer::tests::i64_is_in_range ... ok
[INFO] [stdout] test dice::integer::tests::i32_is_in_range ... ok
[INFO] [stdout] test dice::integer::tests::i32_is_in_range_from ... ok
[INFO] [stdout] test dice::integer::tests::i8_is_in_range ... ok
[INFO] [stdout] test dice::integer::tests::i64_is_in_range_to ... ok
[INFO] [stdout] test dice::integer::tests::i16_is_in_single_value_range ... ok
[INFO] [stdout] test dice::integer::tests::i64_is_in_range_from ... ok
[INFO] [stdout] test dice::integer::tests::i8_is_in_range_to ... ok
[INFO] [stdout] test dice::integer::tests::isize_is_in_range_inclusive ... ok
[INFO] [stdout] test dice::integer::tests::i32_is_in_range_to ... ok
[INFO] [stdout] test dice::integer::tests::i64_is_in_range_to_inclusive ... ok
[INFO] [stdout] test dice::integer::tests::i8_calc_stats ... ok
[INFO] [stdout] test dice::integer::tests::u128_is_in_range_inclusive ... ok
[INFO] [stdout] test dice::integer::tests::i32_is_in_range_inclusive ... ok
[INFO] [stdout] test dice::integer::tests::isize_is_in_single_value_range ... ok
[INFO] [stdout] test dice::integer::tests::u128_is_in_range_to ... ok
[INFO] [stdout] test dice::integer::tests::u128_is_in_range_to_inclusive ... ok
[INFO] [stdout] test dice::integer::tests::i64_is_in_range_inclusive ... ok
[INFO] [stdout] test dice::integer::tests::u128_is_in_range ... ok
[INFO] [stdout] test dice::integer::tests::i8_is_in_range_to_inclusive ... ok
[INFO] [stdout] test dice::integer::tests::u128_is_in_single_value_range ... ok
[INFO] [stdout] test dice::integer::tests::u16_is_in_range ... ok
[INFO] [stdout] test dice::integer::tests::i8_is_in_single_value_range ... ok
[INFO] [stdout] test dice::integer::tests::u16_is_in_range_to_inclusive ... ok
[INFO] [stdout] test dice::integer::tests::isize_is_in_range_to_inclusive ... ok
[INFO] [stdout] test dice::char::tests::char_ascii_printable_generates_only_valid_values ... ok
[INFO] [stdout] test dice::integer::tests::u16_is_in_range_from ... ok
[INFO] [stdout] test dice::integer::tests::u16_is_in_single_value_range ... ok
[INFO] [stdout] test dice::integer::tests::u32_is_in_range_from ... ok
[INFO] [stdout] test dice::integer::tests::u32_is_in_range ... ok
[INFO] [stdout] test dice::integer::tests::u32_is_in_range_inclusive ... ok
[INFO] [stdout] test dice::integer::tests::u32_is_in_range_to_inclusive ... ok
[INFO] [stdout] test dice::integer::tests::u32_is_in_single_value_range ... ok
[INFO] [stdout] test dice::integer::tests::u32_is_in_range_to ... ok
[INFO] [stdout] test dice::integer::tests::u16_is_in_range_to ... ok
[INFO] [stdout] test dice::integer::tests::u16_is_in_range_inclusive ... ok
[INFO] [stdout] test dice::integer::tests::u64_is_in_range ... ok
[INFO] [stdout] test dice::integer::tests::i8_is_in_range_inclusive ... ok
[INFO] [stdout] test dice::integer::tests::isize_is_in_range_to ... ok
[INFO] [stdout] test dice::integer::tests::isize_is_in_range ... ok
[INFO] [stdout] test dice::integer::tests::u128_is_in_range_from ... ok
[INFO] [stdout] test dice::integer::tests::i64_is_in_single_value_range ... ok
[INFO] [stdout] test dice::integer::tests::u64_is_in_range_to ... ok
[INFO] [stdout] test dice::integer::tests::u64_is_in_range_inclusive ... ok
[INFO] [stdout] test dice::integer::tests::i8_is_in_range_from ... ok
[INFO] [stdout] test dice::integer::tests::u64_is_in_range_to_inclusive ... ok
[INFO] [stdout] test dice::integer::tests::isize_is_in_range_from ... ok
[INFO] [stdout] test dice::integer::tests::u64_is_in_single_value_range ... ok
[INFO] [stdout] test dice::integer::tests::u64_is_in_range_from ... ok
[INFO] [stdout] test dice::integer::tests::u8_calc_stats ... ok
[INFO] [stdout] test dice::integer::tests::u8_is_in_range ... ok
[INFO] [stdout] test dice::integer::tests::usize_is_in_range_from ... ok
[INFO] [stdout] test dice::shuffled::tests::shuffled_vec_calc_stats ... ok
[INFO] [stdout] test dice::integer::tests::u8_is_in_range_to_inclusive ... ok
[INFO] [stdout] test dice::integer::tests::u8_is_in_range_from ... ok
[INFO] [stdout] test dice::integer::tests::uni_u8_calc_stats ... ok
[INFO] [stdout] test dice::integer::tests::uni_i8_calc_stats ... ok
[INFO] [stdout] test dice::integer::tests::usize_is_in_range_to ... ok
[INFO] [stdout] test dice::integer::tests::u8_is_in_range_inclusive ... ok
[INFO] [stdout] test dice::integer::tests::usize_is_in_range ... ok
[INFO] [stdout] test dice::integer::tests::u8_is_in_single_value_range ... ok
[INFO] [stdout] test dice::integer::tests::usize_is_in_range_to_inclusive ... ok
[INFO] [stdout] test dice::size::tests::size_is_in_range ... ok
[INFO] [stdout] test dice::integer::tests::usize_is_in_single_value_range ... ok
[INFO] [stdout] test dice::size::tests::size_is_in_range_from ... ok
[INFO] [stdout] test dice::size::tests::size_is_equal_to_target ... ok
[INFO] [stdout] test dice::integer::tests::u8_is_in_range_to ... ok
[INFO] [stdout] test dice::size::tests::size_is_in_range_inclusive ... ok
[INFO] [stdout] test dice::integer::tests::usize_is_in_range_inclusive ... ok
[INFO] [stdout] test dice::size::tests::size_is_in_range_to ... ok
[INFO] [stdout] test dice::terms_of::tests::terms_of_u64_calc_stats ... ok
[INFO] [stdout] test frontend::dicetest::tests::set_debug ... ok
[INFO] [stdout] test frontend::dicetest::tests::set_hints_enabled ... ok
[INFO] [stdout] test frontend::dicetest::tests::set_once ... ok
[INFO] [stdout] test frontend::dicetest::tests::set_once_limit ... ok
[INFO] [stdout] test frontend::dicetest::tests::set_limit_multiplier ... ok
[INFO] [stdout] test frontend::dicetest::tests::set_env_enabled ... ok
[INFO] [stdout] test frontend::dicetest::tests::set_end_limit ... ok
[INFO] [stdout] test dice::split::tests::split_vec_calc_stats ... ok
[INFO] [stdout] test frontend::formatter::tests::display_run_repeatedly_report_detects_empty_stats ... ok
[INFO] [stdout] test dice::vec::tests::vec_calc_stats ... ok
[INFO] [stdout] test frontend::formatter::tests::display_run_repeatedly_report_detects_empty_hints ... ok
[INFO] [stdout] test dice::terms_of::tests::terms_of_u8_returns_the_expected_sum_and_count ... ok
[INFO] [stdout] test frontend::dicetest::tests::set_passes ... ok
[INFO] [stdout] test frontend::dicetest::tests::set_stats_enabled ... ok
[INFO] [stdout] test frontend::formatter::tests::display_run_repeatedly_report_failed_example ... ok
[INFO] [stdout] test frontend::formatter::tests::display_run_repeatedly_report_detects_missing_hints ... ok
[INFO] [stdout] test dice::terms_of::tests::terms_of_u64_returns_the_expected_sum_and_count ... ok
[INFO] [stdout] test frontend::formatter::tests::display_run_once_report_failed_example ... ok
[INFO] [stdout] test frontend::formatter::tests::display_run_once_report_passed_with_seed_example ... ok
[INFO] [stdout] test frontend::formatter::tests::display_run_once_report_passed_with_stats_example ... ok
[INFO] [stdout] test frontend::formatter::tests::display_run_once_report_passed_wiht_hints_example ... ok
[INFO] [stdout] test dice::terms_of::tests::terms_of_u32_returns_the_expected_sum_and_count ... ok
[INFO] [stdout] test dice::terms_of::tests::terms_of_u16_returns_the_expected_sum_and_count ... ok
[INFO] [stdout] test dice::split::tests::split_vec_result_can_be_merged_to_orig_vec ... ok
[INFO] [stdout] test dice::terms_of::tests::terms_of_usize_returns_the_expected_sum_and_count ... ok
[INFO] [stdout] test frontend::dicetest::tests::set_stats_max_value_count ... ok
[INFO] [stdout] test frontend::dicetest::tests::set_stats_percent_precision ... ok
[INFO] [stdout] test frontend::dicetest::tests::set_start_limit ... ok
[INFO] [stdout] test frontend::formatter::tests::stats_section_example ... ok
[INFO] [stdout] test dice::terms_of::tests::terms_of_u128_returns_the_expected_sum_and_count ... ok
[INFO] [stdout] test dice::size::tests::size_is_in_range_to_inclusive ... ok
[INFO] [stdout] test frontend::dicetest::tests::set_passes_multiplier ... ok
[INFO] [stdout] test frontend::dicetest::tests::set_seed ... ok
[INFO] [stdout] test frontend::dicetest::tests::set_repeatedly ... ok
[INFO] [stdout] test frontend::formatter::tests::display_run_repeatedly_report_passed_example ... ok
[INFO] [stdout] test macros::tests::macro_stat_produces_valid_code ... ok
[INFO] [stdout] test macros::tests::macro_hint_debug_produces_valid_code ... ok
[INFO] [stdout] test macros::tests::macro_hint_section_produces_valid_code ... ok
[INFO] [stdout] test prng::tests::from_seed_must_not_have_cycle_length_zero ... ok
[INFO] [stdout] test runner::once::tests::has_stats_if_enabled_and_test_succeeds ... ok
[INFO] [stdout] test macros::tests::macro_hint_section_produces_correct_indent ... ok
[INFO] [stdout] test runner::repeatedly::tests::has_stats_if_enabled_test_succeeds ... ok
[INFO] [stdout] test prng::tests::reseed_changes_prng ... ok
[INFO] [stdout] test prng::tests::to_bytes_is_left_inverse ... ok
[INFO] [stdout] test macros::tests::macro_hint_produces_valid_code ... ok
[INFO] [stdout] test runner::limit_series::tests::examples ... ok
[INFO] [stdout] test macros::tests::macro_stat_debug_produces_valid_code ... ok
[INFO] [stdout] test runner::once::tests::no_hints_if_disabled_and_test_succeeds ... ok
[INFO] [stdout] test prng::tests::from_bytes_is_left_inverse ... ok
[INFO] [stdout] test runner::once::tests::no_error_if_test_succeeds ... ok
[INFO] [stdout] test runner::limit_series::tests::if_len_gt_1_then_start_is_first_limit ... ok
[INFO] [stdout] test runner::limit_series::tests::if_len_is_gt_2_then_end_is_last_limit ... ok
[INFO] [stdout] test runner::repeatedly::tests::no_counterproof_if_test_succeeds ... ok
[INFO] [stdout] test runner::limit_series::tests::iterator_produces_exact_len_limits ... ok
[INFO] [stdout] test runner::repeatedly::tests::full_passes_if_test_succeeds ... ok
[INFO] [stdout] test runner::once::tests::no_stats_if_disabled_and_test_succeeds ... ok
[INFO] [stdout] test runner::once::tests::has_hints_if_enabled_and_test_succeeds ... ok
[INFO] [stdout] test frontend::run_code::tests::display_is_right_inverse_for_parse ... ok
[INFO] [stdout] test runner::repeatedly::tests::no_stats_if_disabled_and_test_succeeds ... ok
[INFO] [stdout] test stats::tests::counter_inc_examples ... ok
[INFO] [stdout] test stats::tests::counter_merge_examples ... ok
[INFO] [stdout] test stats::tests::stats_take_takes_all_elements ... ok
[INFO] [stdout] test dice::shuffled::tests::shuffled_vec_contains_same_elems ... ok
[INFO] [stdout] test util::base64::tests::encode_produces_empty_string_if_bytes_is_empty ... ok
[INFO] [stdout] test util::conversion::tests::u64_to_bytes_is_left_inverse ... ok
[INFO] [stdout] test util::conversion::tests::bytes_to_u64_is_left_inverse ... ok
[INFO] [stdout] test util::events::tests::collect_and_modify ... ok
[INFO] [stdout] test util::events::tests::is_only_enabled_during_collection ... ok
[INFO] [stdout] test runner::once::tests::no_hints_if_disabled_and_test_fails ... ok
[INFO] [stdout] test util::base64::tests::decode_fails_if_string_has_invalid_length ... ok
[INFO] [stdout] test util::base64::tests::decode_fails_if_string_contains_invalid_char ... ok
[INFO] [stdout] test util::base64::tests::encode_produces_non_empty_string_if_bytes_is_non_empty ... ok
[INFO] [stdout] test util::base64::tests::decode_is_left_inverse ... ok
[INFO] [stdout] test runner::once::tests::no_stats_if_disabled_and_test_fails ... ok
[INFO] [stdout] test runner::repeatedly::tests::no_hints_if_disabled ... ok
[INFO] [stdout] test runner::once::tests::has_error_if_test_fails ... ok
[INFO] [stdout] test runner::once::tests::has_hints_if_enabled_and_test_fails ... ok
[INFO] [stdout] test runner::repeatedly::tests::no_stats_if_disabled_and_test_fails ... ok
[INFO] [stdout] test runner::repeatedly::tests::has_stats_if_enabled_and_test_fails ... ok
[INFO] [stdout] test runner::repeatedly::tests::zero_passes_if_test_fails ... ok
[INFO] [stdout] test runner::repeatedly::tests::has_hints_if_enabled_and_test_deteministic ... ok
[INFO] [stdout] test runner::repeatedly::tests::has_counterproof_if_test_fails ... ok
[INFO] [stdout] test runner::repeatedly::tests::no_hints_if_enabled_but_failure_not_reproduceable ... ok
[INFO] [stdout] test util::events::tests::logger_is_not_enabled_after_panic ... ok
[INFO] [stdout] test runner::once::tests::has_stats_if_enabled_and_test_fails ... ok
[INFO] [stdout] 
[INFO] [stdout] test result: ok. 206 passed; 0 failed; 0 ignored; 0 measured; 0 filtered out; finished in 0.23s
[INFO] [stdout] 
[INFO] [stderr]    Doc-tests dicetest
[INFO] [stdout] 
[INFO] [stdout] running 235 tests
[INFO] [stdout] test src/dice/b_tree_map.rs - dice::b_tree_map::outer_b_tree_map (line 84) ... FAILED
[INFO] [stdout] test src/dice/integer.rs - dice::integer::u128 (line 321) ... FAILED
[INFO] [stdout] test src/dice/b_tree_map.rs - dice::b_tree_map::b_tree_map (line 36) ... FAILED
[INFO] [stdout] test src/dice/array.rs - dice::array::array_6 (line 56) ... FAILED
[INFO] [stdout] test src/dice/float.rs - dice::float::f32 (line 352) ... FAILED
[INFO] [stdout] test src/dice/integer.rs - dice::integer::i64 (line 320) ... FAILED
[INFO] [stdout] test src/dice/b_tree_set.rs - dice::b_tree_set::outer_b_tree_set (line 81) ... FAILED
[INFO] [stdout] test src/dice/float.rs - dice::float::unit_f32 (line 346) ... FAILED
[INFO] [stdout] test src/dice/one_of.rs - dice::one_of::one_of_9 (line 377) ... FAILED
[INFO] [stderr] error: test failed, to rerun pass '--doc'
[INFO] [stderr] 
[INFO] [stderr] Caused by:
[INFO] [stderr]   process didn't exit successfully: `rustdoc --edition=2018 --crate-type lib --crate-name dicetest --test /opt/rustwide/workdir/src/lib.rs -L dependency=/opt/rustwide/target/debug/deps -L dependency=/opt/rustwide/target/debug/deps --extern dicetest=/opt/rustwide/target/debug/deps/libdicetest-dd1e2e14662572a3.rlib --extern getrandom=/opt/rustwide/target/debug/deps/libgetrandom-ddfbca135fdc7e6e.rlib -C embed-bitcode=no --cfg 'feature="default"' --cfg 'feature="hints"' --cfg 'feature="stats"' --error-format human` (signal: 9, SIGKILL: kill)
[INFO] running `Command { std: "docker" "inspect" "058f4cd27e55d6c73c3a32575dde69478b0460c22cec9d4d636f46327075c357", kill_on_drop: false }`
[INFO] running `Command { std: "docker" "rm" "-f" "058f4cd27e55d6c73c3a32575dde69478b0460c22cec9d4d636f46327075c357", kill_on_drop: false }`
[INFO] [stdout] 058f4cd27e55d6c73c3a32575dde69478b0460c22cec9d4d636f46327075c357
