[INFO] fetching crate dia-args 0.54.1...
[INFO] testing dia-args-0.54.1 against 1.54.0 for beta-1.55-1
[INFO] extracting crate dia-args 0.54.1 into /workspace/builds/worker-18/source
[INFO] validating manifest of crates.io crate dia-args 0.54.1 on toolchain 1.54.0
[INFO] running `Command { std: "/workspace/cargo-home/bin/cargo" "+1.54.0" "metadata" "--manifest-path" "Cargo.toml" "--no-deps", kill_on_drop: false }`
[INFO] started tweaking crates.io crate dia-args 0.54.1
[INFO] finished tweaking crates.io crate dia-args 0.54.1
[INFO] tweaked toml for crates.io crate dia-args 0.54.1 written to /workspace/builds/worker-18/source/Cargo.toml
[INFO] crate crates.io crate dia-args 0.54.1 already has a lockfile, it will not be regenerated
[INFO] running `Command { std: "/workspace/cargo-home/bin/cargo" "+1.54.0" "fetch" "--manifest-path" "Cargo.toml", kill_on_drop: false }`
[INFO] [stderr]     Blocking waiting for file lock on package cache
[INFO] running `Command { std: "docker" "create" "-v" "/var/lib/crater-agent-workspace/builds/worker-18/target:/opt/rustwide/target:rw,Z" "-v" "/var/lib/crater-agent-workspace/builds/worker-18/source:/opt/rustwide/workdir:ro,Z" "-v" "/var/lib/crater-agent-workspace/cargo-home:/opt/rustwide/cargo-home:ro,Z" "-v" "/var/lib/crater-agent-workspace/rustup-home:/opt/rustwide/rustup-home:ro,Z" "-e" "SOURCE_DIR=/opt/rustwide/workdir" "-e" "CARGO_TARGET_DIR=/opt/rustwide/target" "-e" "CARGO_HOME=/opt/rustwide/cargo-home" "-e" "RUSTUP_HOME=/opt/rustwide/rustup-home" "-w" "/opt/rustwide/workdir" "-m" "1610612736" "--user" "0:0" "--network" "none" "ghcr.io/rust-lang/crates-build-env/linux@sha256:34b6a614d2c27851fe6cbf88fbd1137609cefab8b10d0615aaeb6fd47975d74e" "/opt/rustwide/cargo-home/bin/cargo" "+1.54.0" "metadata" "--no-deps" "--format-version=1", kill_on_drop: false }`
[INFO] [stdout] 74906592ddba1715ae12991aa9259d86c15a99d03fe2e69b6eef0a01a65e2c4b
[INFO] running `Command { std: "docker" "start" "-a" "74906592ddba1715ae12991aa9259d86c15a99d03fe2e69b6eef0a01a65e2c4b", kill_on_drop: false }`
[INFO] running `Command { std: "docker" "inspect" "74906592ddba1715ae12991aa9259d86c15a99d03fe2e69b6eef0a01a65e2c4b", kill_on_drop: false }`
[INFO] running `Command { std: "docker" "rm" "-f" "74906592ddba1715ae12991aa9259d86c15a99d03fe2e69b6eef0a01a65e2c4b", kill_on_drop: false }`
[INFO] [stdout] 74906592ddba1715ae12991aa9259d86c15a99d03fe2e69b6eef0a01a65e2c4b
[INFO] running `Command { std: "docker" "create" "-v" "/var/lib/crater-agent-workspace/builds/worker-18/target:/opt/rustwide/target:rw,Z" "-v" "/var/lib/crater-agent-workspace/builds/worker-18/source:/opt/rustwide/workdir:ro,Z" "-v" "/var/lib/crater-agent-workspace/cargo-home:/opt/rustwide/cargo-home:ro,Z" "-v" "/var/lib/crater-agent-workspace/rustup-home:/opt/rustwide/rustup-home:ro,Z" "-e" "SOURCE_DIR=/opt/rustwide/workdir" "-e" "CARGO_TARGET_DIR=/opt/rustwide/target" "-e" "CARGO_INCREMENTAL=0" "-e" "RUST_BACKTRACE=full" "-e" "RUSTFLAGS=--cap-lints=warn" "-e" "CARGO_HOME=/opt/rustwide/cargo-home" "-e" "RUSTUP_HOME=/opt/rustwide/rustup-home" "-w" "/opt/rustwide/workdir" "-m" "1610612736" "--user" "0:0" "--network" "none" "ghcr.io/rust-lang/crates-build-env/linux@sha256:34b6a614d2c27851fe6cbf88fbd1137609cefab8b10d0615aaeb6fd47975d74e" "/opt/rustwide/cargo-home/bin/cargo" "+1.54.0" "build" "--frozen" "--message-format=json", kill_on_drop: false }`
[INFO] [stdout] 2b8fb81c84d5621c1331c6e95851de66272c021d69312b3ea14d16f18f323d53
[INFO] running `Command { std: "docker" "start" "-a" "2b8fb81c84d5621c1331c6e95851de66272c021d69312b3ea14d16f18f323d53", kill_on_drop: false }`
[INFO] [stderr]    Compiling dia-args v0.54.1 (/opt/rustwide/workdir)
[INFO] [stderr]     Finished dev [unoptimized + debuginfo] target(s) in 0.94s
[INFO] running `Command { std: "docker" "inspect" "2b8fb81c84d5621c1331c6e95851de66272c021d69312b3ea14d16f18f323d53", kill_on_drop: false }`
[INFO] running `Command { std: "docker" "rm" "-f" "2b8fb81c84d5621c1331c6e95851de66272c021d69312b3ea14d16f18f323d53", kill_on_drop: false }`
[INFO] [stdout] 2b8fb81c84d5621c1331c6e95851de66272c021d69312b3ea14d16f18f323d53
[INFO] running `Command { std: "docker" "create" "-v" "/var/lib/crater-agent-workspace/builds/worker-18/target:/opt/rustwide/target:rw,Z" "-v" "/var/lib/crater-agent-workspace/builds/worker-18/source:/opt/rustwide/workdir:ro,Z" "-v" "/var/lib/crater-agent-workspace/cargo-home:/opt/rustwide/cargo-home:ro,Z" "-v" "/var/lib/crater-agent-workspace/rustup-home:/opt/rustwide/rustup-home:ro,Z" "-e" "SOURCE_DIR=/opt/rustwide/workdir" "-e" "CARGO_TARGET_DIR=/opt/rustwide/target" "-e" "CARGO_INCREMENTAL=0" "-e" "RUST_BACKTRACE=full" "-e" "RUSTFLAGS=--cap-lints=warn" "-e" "CARGO_HOME=/opt/rustwide/cargo-home" "-e" "RUSTUP_HOME=/opt/rustwide/rustup-home" "-w" "/opt/rustwide/workdir" "-m" "1610612736" "--user" "0:0" "--network" "none" "ghcr.io/rust-lang/crates-build-env/linux@sha256:34b6a614d2c27851fe6cbf88fbd1137609cefab8b10d0615aaeb6fd47975d74e" "/opt/rustwide/cargo-home/bin/cargo" "+1.54.0" "test" "--frozen" "--no-run" "--message-format=json", kill_on_drop: false }`
[INFO] [stdout] 13c603c3f8758085726377182541147461c5991d05954f2f2bbab21e6e2832e8
[INFO] running `Command { std: "docker" "start" "-a" "13c603c3f8758085726377182541147461c5991d05954f2f2bbab21e6e2832e8", kill_on_drop: false }`
[INFO] [stderr]    Compiling dia-args v0.54.1 (/opt/rustwide/workdir)
[INFO] [stderr]     Finished test [unoptimized + debuginfo] target(s) in 1.60s
[INFO] running `Command { std: "docker" "inspect" "13c603c3f8758085726377182541147461c5991d05954f2f2bbab21e6e2832e8", kill_on_drop: false }`
[INFO] running `Command { std: "docker" "rm" "-f" "13c603c3f8758085726377182541147461c5991d05954f2f2bbab21e6e2832e8", kill_on_drop: false }`
[INFO] [stdout] 13c603c3f8758085726377182541147461c5991d05954f2f2bbab21e6e2832e8
[INFO] running `Command { std: "docker" "create" "-v" "/var/lib/crater-agent-workspace/builds/worker-18/target:/opt/rustwide/target:rw,Z" "-v" "/var/lib/crater-agent-workspace/builds/worker-18/source:/opt/rustwide/workdir:ro,Z" "-v" "/var/lib/crater-agent-workspace/cargo-home:/opt/rustwide/cargo-home:ro,Z" "-v" "/var/lib/crater-agent-workspace/rustup-home:/opt/rustwide/rustup-home:ro,Z" "-e" "SOURCE_DIR=/opt/rustwide/workdir" "-e" "CARGO_TARGET_DIR=/opt/rustwide/target" "-e" "CARGO_INCREMENTAL=0" "-e" "RUST_BACKTRACE=full" "-e" "RUSTFLAGS=--cap-lints=warn" "-e" "CARGO_HOME=/opt/rustwide/cargo-home" "-e" "RUSTUP_HOME=/opt/rustwide/rustup-home" "-w" "/opt/rustwide/workdir" "-m" "1610612736" "--user" "0:0" "--network" "none" "ghcr.io/rust-lang/crates-build-env/linux@sha256:34b6a614d2c27851fe6cbf88fbd1137609cefab8b10d0615aaeb6fd47975d74e" "/opt/rustwide/cargo-home/bin/cargo" "+1.54.0" "test" "--frozen", kill_on_drop: false }`
[INFO] [stdout] 6e7092091688ba997c3c7e11d09aba22ee76ccad54f2087b537a537e3fb5aa09
[INFO] running `Command { std: "docker" "start" "-a" "6e7092091688ba997c3c7e11d09aba22ee76ccad54f2087b537a537e3fb5aa09", kill_on_drop: false }`
[INFO] [stderr]     Finished test [unoptimized + debuginfo] target(s) in 0.01s
[INFO] [stderr]      Running unittests (/opt/rustwide/target/debug/deps/dia_args-fe8f35e72b87766b)
[INFO] [stdout] 
[INFO] [stdout] running 5 tests
[INFO] [stdout] test ask::test_answers ... ok
[INFO] [stdout] test test_crate_version ... ok
[INFO] [stdout] Some Program
[INFO] [stdout] 
[INFO] [stdout]     This program does something.
[INFO] [stdout] 
[INFO] [stdout]     Argument file format:
[INFO] [stdout] 
[INFO] [stdout]     - Empty lines or lines starting with `#` will be ignored.
[INFO] [stdout]     - Each command, argument, or option must be placed on a separate line.
[INFO] [stdout]     - Option key and value are separated by either: equal symbol `=` (can have leading/trailing white spaces), or at least one
[INFO] [stdout]       white space. Key and value will be trimmed.
[INFO] [stdout] 
[INFO] [stdout] OPTIONS
[INFO] [stdout] 
[INFO] [stdout]     No Options
[INFO] [stdout] 
[INFO] [stdout] COMMANDS
[INFO] [stdout] 
[INFO] [stdout]     No Commands
[INFO] [stdout] test paths::test_take_path ... ok
[INFO] [stdout] test tests ... ok
[INFO] [stderr]      Running tests/args.rs (/opt/rustwide/target/debug/deps/args-27697a28e28652d9)
[INFO] [stdout] test args::test_dia_args_file_format ... ok
[INFO] [stdout] 
[INFO] [stdout] test result: ok. 5 passed; 0 failed; 0 ignored; 0 measured; 0 filtered out; finished in 0.00s
[INFO] [stdout] 
[INFO] [stdout] 
[INFO] [stdout] running 6 tests
[INFO] [stdout] test args ... ok
[INFO] [stdout] test default_boolean_options ... ok
[INFO] [stdout] test sub_cmds ... ok
[INFO] [stdout] test merges ... ok
[INFO] [stdout] test parse_streams ... ok
[INFO] [stdout] test parse_file ... ok
[INFO] [stdout] 
[INFO] [stdout] test result: ok. 6 passed; 0 failed; 0 ignored; 0 measured; 0 filtered out; finished in 0.01s
[INFO] [stdout] 
[INFO] [stderr]      Running tests/docs.rs (/opt/rustwide/target/debug/deps/docs-e86ed13197dc1f97)
[INFO] [stdout] 
[INFO] [stdout] running 1 test
[INFO] [stdout] Dia-Hammer
[INFO] [stdout] 
[INFO] [stdout]     Project: https://bitbucket.org/haibison/hammer
[INFO] [stdout]     License: Nice License
[INFO] [stdout]     This project follows Semantic Versioning 2.0.0
[INFO] [stdout] 
[INFO] [stdout]     Features:
[INFO] [stdout] 
[INFO] [stdout]     - Calculating hashes of data via Keccak algorithms. Supported algorithms are: please see 'help' command for details.
[INFO] [stdout]     - Meow.
[INFO] [stdout]     - Woof.
[INFO] [stdout] 
[INFO] [stdout]     Argument file format:
[INFO] [stdout] 
[INFO] [stdout]     - Empty lines or lines starting with `#` will be ignored.
[INFO] [stdout]     - Each command, argument, or option must be placed on a separate line.
[INFO] [stdout]     - Option key and value are separated by either: equal symbol `=` (can have leading/trailing white spaces), or at least one
[INFO] [stdout]       white space. Key and value will be trimmed.
[INFO] [stdout] 
[INFO] [stdout] OPTIONS
[INFO] [stdout] 
[INFO] [stdout]     ["-t", "--trim"]
[INFO] [stdout]         Required: true
[INFO] [stdout]         Default: false
[INFO] [stdout] 
[INFO] [stdout]         - If set to 'true', trim input string before hashing it.
[INFO] [stdout]         - This option is only available for calculating hash of an input string. It is NOT available for calculating hashes from
[INFO] [stdout]           stdin or files. It's also NOT available if input file is too large. Note that this is a test documentation. So take it
[INFO] [stderr]      Running tests/paths.rs (/opt/rustwide/target/debug/deps/paths-3ab4f03cbbdbdd34)
[INFO] [stdout]           easy :-)
[INFO] [stdout] 
[INFO] [stdout]     ["--format"]
[INFO] [stdout]         Required: false
[INFO] [stdout]         Values: hex, hex-array
[INFO] [stdout]         Default: hex
[INFO] [stdout] 
[INFO] [stdout]         Format for output hashes.
[INFO] [stdout] 
[INFO] [stdout] COMMANDS
[INFO] [stdout] 
[INFO] [stdout]     help
[INFO] [stdout] 
[INFO] [stdout]         Prints help and exits.
[INFO] [stdout] 
[INFO] [stdout]     hash
[INFO] [stdout] 
[INFO] [stdout]         Hash an input string or stdin or input file(s).
[INFO] [stdout] 
[INFO] [stdout]         Supported algorithms: Keccak-224, Keccak-256, Keccak-384, Keccak-512, SHA3-224, SHA3-256, SHA3-384, SHA3-512, Shake-128,
[INFO] [stdout]         Shake-256.
[INFO] [stdout] 
[INFO] [stdout]         OPTIONS
[INFO] [stdout] 
[INFO] [stdout]             ["-t", "--trim"]
[INFO] [stdout]                 Required: true
[INFO] [stdout]                 Default: false
[INFO] [stdout] 
[INFO] [stdout]                 - If set to 'true', trim input string before hashing it.
[INFO] [stdout]                 - This option is only available for calculating hash of an input string. It is NOT available for calculating
[INFO] [stdout]                   hashes from stdin or files. It's also NOT available if input file is too large. Note that this is a test
[INFO] [stdout]                   documentation. So take it easy :-)
[INFO] [stdout] 
[INFO] [stdout]             ["--format"]
[INFO] [stdout]                 Required: false
[INFO] [stdout]                 Values: hex, hex-array
[INFO] [stdout]                 Default: hex
[INFO] [stdout] 
[INFO] [stdout]                 Format for output hashes.
[INFO] [stdout] 
[INFO] [stdout] PROJECT
[INFO] [stdout] 
[INFO] [stdout]     - Home: https://bitbucket.org/haibison/dia-args
[INFO] [stdout]     - License: Nice License
[INFO] [stdout] 
[INFO] [stdout]     Nice License 1.0.0
[INFO] [stdout] 
[INFO] [stdout]     Permission to use, copy, modify, and/or distribute this software for any purpose with or
[INFO] [stdout]     without fee is hereby granted.
[INFO] [stdout] 
[INFO] [stdout]     This software and this license are NOT allowed to be used by any person who writes
[INFO] [stdout]     programming source code but:
[INFO] [stdout] 
[INFO] [stdout]     - Does not write documentation of their source code's public Application Programming
[INFO] [stdout]     Interface (API).
[INFO] [stdout]     - Negligently writes documentation of their source code's public API in order to bypass
[INFO] [stdout]     this restriction.
[INFO] [stdout] 
[INFO] [stdout]     THE SOFTWARE IS PROVIDED "AS IS" AND THE AUTHOR DISCLAIMS ALL WARRANTIES WITH REGARD TO
[INFO] [stdout]     THIS SOFTWARE INCLUDING ALL IMPLIED WARRANTIES OF MERCHANTABILITY AND FITNESS. IN NO EVENT
[INFO] [stdout]     SHALL THE AUTHOR BE LIABLE FOR ANY SPECIAL, DIRECT, INDIRECT, OR CONSEQUENTIAL DAMAGES OR
[INFO] [stdout]     ANY DAMAGES WHATSOEVER RESULTING FROM LOSS OF USE, DATA OR PROFITS, WHETHER IN AN ACTION
[INFO] [stdout]     OF CONTRACT, NEGLIGENCE OR OTHER TORTIOUS ACTION, ARISING OUT OF OR IN CONNECTION WITH
[INFO] [stdout]     THE USE OR PERFORMANCE OF THIS SOFTWARE.
[INFO] [stdout] test docs ... ok
[INFO] [stdout] 
[INFO] [stdout] test result: ok. 1 passed; 0 failed; 0 ignored; 0 measured; 0 filtered out; finished in 0.00s
[INFO] [stdout] 
[INFO] [stdout] 
[INFO] [stdout] running 2 tests
[INFO] [stdout] test paths ... ok
[INFO] [stdout] test file_permissions ... FAILED
[INFO] [stdout] 
[INFO] [stdout] failures:
[INFO] [stdout] 
[INFO] [stdout] ---- file_permissions stdout ----
[INFO] [stdout] Error: Os { code: 30, kind: Other, message: "Read-only file system" }
[INFO] [stdout] thread 'file_permissions' panicked at 'assertion failed: `(left == right)`
[INFO] [stdout]   left: `1`,
[INFO] [stdout]  right: `0`: the test returned a termination value with a non-zero status code (1) which indicates a failure', /rustc/a178d0322ce20e33eac124758e837cbd80a6f633/library/test/src/lib.rs:193:5
[INFO] [stdout] stack backtrace:
[INFO] [stdout]    0:     0x55f389f5e610 - std::backtrace_rs::backtrace::libunwind::trace::h34055254b57d8e79
[INFO] [stdout]                                at /rustc/a178d0322ce20e33eac124758e837cbd80a6f633/library/std/src/../../backtrace/src/backtrace/libunwind.rs:90:5
[INFO] [stdout]    1:     0x55f389f5e610 - std::backtrace_rs::backtrace::trace_unsynchronized::h8f1e3fbd9afff6ec
[INFO] [stdout]                                at /rustc/a178d0322ce20e33eac124758e837cbd80a6f633/library/std/src/../../backtrace/src/backtrace/mod.rs:66:5
[INFO] [stdout]    2:     0x55f389f5e610 - std::sys_common::backtrace::_print_fmt::h3a99a796b770c360
[INFO] [stdout]                                at /rustc/a178d0322ce20e33eac124758e837cbd80a6f633/library/std/src/sys_common/backtrace.rs:67:5
[INFO] [stdout]    3:     0x55f389f5e610 - <std::sys_common::backtrace::_print::DisplayBacktrace as core::fmt::Display>::fmt::h32d1f94a80615d18
[INFO] [stdout]                                at /rustc/a178d0322ce20e33eac124758e837cbd80a6f633/library/std/src/sys_common/backtrace.rs:46:22
[INFO] [stdout]    4:     0x55f389f811cc - core::fmt::write::h306731c068f7162c
[INFO] [stdout]                                at /rustc/a178d0322ce20e33eac124758e837cbd80a6f633/library/core/src/fmt/mod.rs:1110:17
[INFO] [stdout]    5:     0x55f389f5b285 - std::io::Write::write_fmt::h87f19b0a2cd190bc
[INFO] [stdout]                                at /rustc/a178d0322ce20e33eac124758e837cbd80a6f633/library/std/src/io/mod.rs:1588:15
[INFO] [stdout]    6:     0x55f389f6077b - std::sys_common::backtrace::_print::h5abaa2601a852287
[INFO] [stdout]                                at /rustc/a178d0322ce20e33eac124758e837cbd80a6f633/library/std/src/sys_common/backtrace.rs:49:5
[INFO] [stdout]    7:     0x55f389f6077b - std::sys_common::backtrace::print::h8d81445442bb638f
[INFO] [stdout]                                at /rustc/a178d0322ce20e33eac124758e837cbd80a6f633/library/std/src/sys_common/backtrace.rs:36:9
[INFO] [stdout]    8:     0x55f389f6077b - std::panicking::default_hook::{{closure}}::hcfe804496a9fa747
[INFO] [stdout]                                at /rustc/a178d0322ce20e33eac124758e837cbd80a6f633/library/std/src/panicking.rs:208:50
[INFO] [stdout]    9:     0x55f389f6028c - std::panicking::default_hook::hbea8e3ccf2ba8901
[INFO] [stdout]                                at /rustc/a178d0322ce20e33eac124758e837cbd80a6f633/library/std/src/panicking.rs:222:9
[INFO] [stdout]   10:     0x55f389f60e44 - std::panicking::rust_panic_with_hook::h7ee9e1a2d0f8975a
[INFO] [stdout]                                at /rustc/a178d0322ce20e33eac124758e837cbd80a6f633/library/std/src/panicking.rs:622:17
[INFO] [stdout]   11:     0x55f389f60927 - std::panicking::begin_panic_handler::{{closure}}::h8ab3b4491718b2c7
[INFO] [stdout]                                at /rustc/a178d0322ce20e33eac124758e837cbd80a6f633/library/std/src/panicking.rs:519:13
[INFO] [stdout]   12:     0x55f389f5eb0c - std::sys_common::backtrace::__rust_end_short_backtrace::hd489062ffa586a9f
[INFO] [stdout]                                at /rustc/a178d0322ce20e33eac124758e837cbd80a6f633/library/std/src/sys_common/backtrace.rs:141:18
[INFO] [stdout]   13:     0x55f389f60889 - rust_begin_unwind
[INFO] [stdout]                                at /rustc/a178d0322ce20e33eac124758e837cbd80a6f633/library/std/src/panicking.rs:515:5
[INFO] [stdout]   14:     0x55f389f03641 - core::panicking::panic_fmt::hca6330e3e14086b4
[INFO] [stdout]                                at /rustc/a178d0322ce20e33eac124758e837cbd80a6f633/library/core/src/panicking.rs:92:14
[INFO] [stdout]   15:     0x55f389f7fbce - core::panicking::assert_failed_inner::h33b45280069a80ed
[INFO] [stdout]   16:     0x55f389f056ea - core::panicking::assert_failed::hc07dcc7a4838e4b0
[INFO] [stdout]                                at /rustc/a178d0322ce20e33eac124758e837cbd80a6f633/library/core/src/panicking.rs:117:5
[INFO] [stdout]   17:     0x55f389f0824e - test::assert_test_result::h95efdfd824f3b450
[INFO] [stdout]                                at /rustc/a178d0322ce20e33eac124758e837cbd80a6f633/library/test/src/lib.rs:193:5
[INFO] [stdout]   18:     0x55f389f07719 - paths::file_permissions::{{closure}}::h946152ac14f999bb
[INFO] [stdout]                                at /opt/rustwide/workdir/tests/paths.rs:35:1
[INFO] [stdout]   19:     0x55f389f0883e - core::ops::function::FnOnce::call_once::he89f9a4bdfbe7df7
[INFO] [stdout]                                at /rustc/a178d0322ce20e33eac124758e837cbd80a6f633/library/core/src/ops/function.rs:227:5
[INFO] [stdout]   20:     0x55f389f30c03 - core::ops::function::FnOnce::call_once::h152e7e439ff59e19
[INFO] [stdout]                                at /rustc/a178d0322ce20e33eac124758e837cbd80a6f633/library/core/src/ops/function.rs:227:5
[INFO] [stdout]   21:     0x55f389f30c03 - test::__rust_begin_short_backtrace::h0908f3b1fdbb72ab
[INFO] [stdout]                                at /rustc/a178d0322ce20e33eac124758e837cbd80a6f633/library/test/src/lib.rs:577:5
[INFO] [stdout]   22:     0x55f389f2f6c0 - <alloc::boxed::Box<F,A> as core::ops::function::FnOnce<Args>>::call_once::hf6d2a51e5587546c
[INFO] [stdout]                                at /rustc/a178d0322ce20e33eac124758e837cbd80a6f633/library/alloc/src/boxed.rs:1575:9
[INFO] [stdout]   23:     0x55f389f2f6c0 - <std::panic::AssertUnwindSafe<F> as core::ops::function::FnOnce<()>>::call_once::h8af660f3a89ef593
[INFO] [stdout]                                at /rustc/a178d0322ce20e33eac124758e837cbd80a6f633/library/std/src/panic.rs:347:9
[INFO] [stdout]   24:     0x55f389f2f6c0 - std::panicking::try::do_call::hd36aef60f84b6d36
[INFO] [stdout]                                at /rustc/a178d0322ce20e33eac124758e837cbd80a6f633/library/std/src/panicking.rs:401:40
[INFO] [stdout]   25:     0x55f389f2f6c0 - std::panicking::try::h9932b4480e69817c
[INFO] [stdout]                                at /rustc/a178d0322ce20e33eac124758e837cbd80a6f633/library/std/src/panicking.rs:365:19
[INFO] [stdout]   26:     0x55f389f2f6c0 - std::panic::catch_unwind::h6aa177099cfff5f8
[INFO] [stdout]                                at /rustc/a178d0322ce20e33eac124758e837cbd80a6f633/library/std/src/panic.rs:434:14
[INFO] [stdout]   27:     0x55f389f2f6c0 - test::run_test_in_process::h5884d6f2d99e20c3
[INFO] [stdout]                                at /rustc/a178d0322ce20e33eac124758e837cbd80a6f633/library/test/src/lib.rs:600:18
[INFO] [stdout]   28:     0x55f389f2f6c0 - test::run_test::run_test_inner::{{closure}}::h6fdc58c6d5f5b6e3
[INFO] [stdout]                                at /rustc/a178d0322ce20e33eac124758e837cbd80a6f633/library/test/src/lib.rs:492:39
[INFO] [stdout]   29:     0x55f389f08d72 - test::run_test::run_test_inner::{{closure}}::h408365d67a78ade8
[INFO] [stdout]                                at /rustc/a178d0322ce20e33eac124758e837cbd80a6f633/library/test/src/lib.rs:519:37
[INFO] [stdout]   30:     0x55f389f08d72 - std::sys_common::backtrace::__rust_begin_short_backtrace::hb560b77c4f701523
[INFO] [stdout]                                at /rustc/a178d0322ce20e33eac124758e837cbd80a6f633/library/std/src/sys_common/backtrace.rs:125:18
[INFO] [stdout]   31:     0x55f389f0c928 - std::thread::Builder::spawn_unchecked::{{closure}}::{{closure}}::hf2e7831dad93c597
[INFO] [stdout]                                at /rustc/a178d0322ce20e33eac124758e837cbd80a6f633/library/std/src/thread/mod.rs:481:17
[INFO] [stdout]   32:     0x55f389f0c928 - <std::panic::AssertUnwindSafe<F> as core::ops::function::FnOnce<()>>::call_once::hd2e08783d8be4d02
[INFO] [stdout]                                at /rustc/a178d0322ce20e33eac124758e837cbd80a6f633/library/std/src/panic.rs:347:9
[INFO] [stdout]   33:     0x55f389f0c928 - std::panicking::try::do_call::h062597b7acfd6b82
[INFO] [stdout]                                at /rustc/a178d0322ce20e33eac124758e837cbd80a6f633/library/std/src/panicking.rs:401:40
[INFO] [stdout]   34:     0x55f389f0c928 - std::panicking::try::h0d7b79db04c14552
[INFO] [stdout]                                at /rustc/a178d0322ce20e33eac124758e837cbd80a6f633/library/std/src/panicking.rs:365:19
[INFO] [stdout]   35:     0x55f389f0c928 - std::panic::catch_unwind::hb01a0b5e7c8cd43b
[INFO] [stdout]                                at /rustc/a178d0322ce20e33eac124758e837cbd80a6f633/library/std/src/panic.rs:434:14
[INFO] [stdout]   36:     0x55f389f0c928 - std::thread::Builder::spawn_unchecked::{{closure}}::h5bde48cc887e0d1e
[INFO] [stdout]                                at /rustc/a178d0322ce20e33eac124758e837cbd80a6f633/library/std/src/thread/mod.rs:480:30
[INFO] [stdout]   37:     0x55f389f0c928 - core::ops::function::FnOnce::call_once{{vtable.shim}}::h745ea30807a29e55
[INFO] [stdout]                                at /rustc/a178d0322ce20e33eac124758e837cbd80a6f633/library/core/src/ops/function.rs:227:5
[INFO] [stdout]   38:     0x55f389f65cc7 - <alloc::boxed::Box<F,A> as core::ops::function::FnOnce<Args>>::call_once::h7ece6cfefaff1005
[INFO] [stdout]                                at /rustc/a178d0322ce20e33eac124758e837cbd80a6f633/library/alloc/src/boxed.rs:1575:9
[INFO] [stdout]   39:     0x55f389f65cc7 - <alloc::boxed::Box<F,A> as core::ops::function::FnOnce<Args>>::call_once::hb8b48e55c21f193e
[INFO] [stdout]                                at /rustc/a178d0322ce20e33eac124758e837cbd80a6f633/library/alloc/src/boxed.rs:1575:9
[INFO] [stdout]   40:     0x55f389f65cc7 - std::sys::unix::thread::Thread::new::thread_start::h8c7c4450dba62914
[INFO] [stdout]                                at /rustc/a178d0322ce20e33eac124758e837cbd80a6f633/library/std/src/sys/unix/thread.rs:71:17
[INFO] [stdout]   41:     0x7f808c4df609 - start_thread
[INFO] [stdout]   42:     0x7f808c2b1293 - clone
[INFO] [stdout]   43:                0x0 - <unknown>
[INFO] [stdout] 
[INFO] [stdout] 
[INFO] [stdout] failures:
[INFO] [stdout]     file_permissions
[INFO] [stdout] 
[INFO] [stdout] test result: FAILED. 1 passed; 1 failed; 0 ignored; 0 measured; 0 filtered out; finished in 0.01s
[INFO] [stdout] 
[INFO] [stderr] error: test failed, to rerun pass '--test paths'
[INFO] running `Command { std: "docker" "inspect" "6e7092091688ba997c3c7e11d09aba22ee76ccad54f2087b537a537e3fb5aa09", kill_on_drop: false }`
[INFO] running `Command { std: "docker" "rm" "-f" "6e7092091688ba997c3c7e11d09aba22ee76ccad54f2087b537a537e3fb5aa09", kill_on_drop: false }`
[INFO] [stdout] 6e7092091688ba997c3c7e11d09aba22ee76ccad54f2087b537a537e3fb5aa09
