[INFO] fetching crate dht-hal-drv 0.2.1...
[INFO] testing dht-hal-drv-0.2.1 against beta-2021-08-01 for beta-1.55-1
[INFO] extracting crate dht-hal-drv 0.2.1 into /workspace/builds/worker-104/source
[INFO] validating manifest of crates.io crate dht-hal-drv 0.2.1 on toolchain beta-2021-08-01
[INFO] running `Command { std: "/workspace/cargo-home/bin/cargo" "+beta-2021-08-01" "metadata" "--manifest-path" "Cargo.toml" "--no-deps", kill_on_drop: false }`
[INFO] started tweaking crates.io crate dht-hal-drv 0.2.1
[INFO] finished tweaking crates.io crate dht-hal-drv 0.2.1
[INFO] tweaked toml for crates.io crate dht-hal-drv 0.2.1 written to /workspace/builds/worker-104/source/Cargo.toml
[INFO] running `Command { std: "/workspace/cargo-home/bin/cargo" "+beta-2021-08-01" "generate-lockfile" "--manifest-path" "Cargo.toml" "-Zno-index-update", kill_on_drop: false }`
[INFO] running `Command { std: "/workspace/cargo-home/bin/cargo" "+beta-2021-08-01" "fetch" "--manifest-path" "Cargo.toml", kill_on_drop: false }`
[INFO] running `Command { std: "docker" "create" "-v" "/var/lib/crater-agent-workspace/builds/worker-104/target:/opt/rustwide/target:rw,Z" "-v" "/var/lib/crater-agent-workspace/builds/worker-104/source:/opt/rustwide/workdir:ro,Z" "-v" "/var/lib/crater-agent-workspace/cargo-home:/opt/rustwide/cargo-home:ro,Z" "-v" "/var/lib/crater-agent-workspace/rustup-home:/opt/rustwide/rustup-home:ro,Z" "-e" "SOURCE_DIR=/opt/rustwide/workdir" "-e" "CARGO_TARGET_DIR=/opt/rustwide/target" "-e" "CARGO_HOME=/opt/rustwide/cargo-home" "-e" "RUSTUP_HOME=/opt/rustwide/rustup-home" "-w" "/opt/rustwide/workdir" "-m" "1610612736" "--user" "0:0" "--network" "none" "ghcr.io/rust-lang/crates-build-env/linux@sha256:34b6a614d2c27851fe6cbf88fbd1137609cefab8b10d0615aaeb6fd47975d74e" "/opt/rustwide/cargo-home/bin/cargo" "+beta-2021-08-01" "metadata" "--no-deps" "--format-version=1", kill_on_drop: false }`
[INFO] [stdout] a58c47ffd37ac298e805f63b35f15800f240cda197c40bd31eb505d1b04b3bbc
[INFO] running `Command { std: "docker" "start" "-a" "a58c47ffd37ac298e805f63b35f15800f240cda197c40bd31eb505d1b04b3bbc", kill_on_drop: false }`
[INFO] running `Command { std: "docker" "inspect" "a58c47ffd37ac298e805f63b35f15800f240cda197c40bd31eb505d1b04b3bbc", kill_on_drop: false }`
[INFO] running `Command { std: "docker" "rm" "-f" "a58c47ffd37ac298e805f63b35f15800f240cda197c40bd31eb505d1b04b3bbc", kill_on_drop: false }`
[INFO] [stdout] a58c47ffd37ac298e805f63b35f15800f240cda197c40bd31eb505d1b04b3bbc
[INFO] running `Command { std: "docker" "create" "-v" "/var/lib/crater-agent-workspace/builds/worker-104/target:/opt/rustwide/target:rw,Z" "-v" "/var/lib/crater-agent-workspace/builds/worker-104/source:/opt/rustwide/workdir:ro,Z" "-v" "/var/lib/crater-agent-workspace/cargo-home:/opt/rustwide/cargo-home:ro,Z" "-v" "/var/lib/crater-agent-workspace/rustup-home:/opt/rustwide/rustup-home:ro,Z" "-e" "SOURCE_DIR=/opt/rustwide/workdir" "-e" "CARGO_TARGET_DIR=/opt/rustwide/target" "-e" "CARGO_INCREMENTAL=0" "-e" "RUST_BACKTRACE=full" "-e" "RUSTFLAGS=--cap-lints=warn" "-e" "CARGO_HOME=/opt/rustwide/cargo-home" "-e" "RUSTUP_HOME=/opt/rustwide/rustup-home" "-w" "/opt/rustwide/workdir" "-m" "1610612736" "--user" "0:0" "--network" "none" "ghcr.io/rust-lang/crates-build-env/linux@sha256:34b6a614d2c27851fe6cbf88fbd1137609cefab8b10d0615aaeb6fd47975d74e" "/opt/rustwide/cargo-home/bin/cargo" "+beta-2021-08-01" "build" "--frozen" "--message-format=json", kill_on_drop: false }`
[INFO] [stdout] 44a46f3214e0d3031fcef2c5efad46b3bb9c3fda9923baf9ac9ae537ad3e734e
[INFO] running `Command { std: "docker" "start" "-a" "44a46f3214e0d3031fcef2c5efad46b3bb9c3fda9923baf9ac9ae537ad3e734e", kill_on_drop: false }`
[INFO] [stderr]    Compiling nb v1.0.0
[INFO] [stderr]    Compiling void v1.0.2
[INFO] [stderr]    Compiling nb v0.1.3
[INFO] [stderr]    Compiling embedded-hal v0.2.6
[INFO] [stderr]    Compiling dht-hal-drv v0.2.1 (/opt/rustwide/workdir)
[INFO] [stdout] warning: type parameter `IO_PIN` should have an upper camel case name
[INFO] [stdout]    --> src/lib.rs:173:17
[INFO] [stdout]     |
[INFO] [stdout] 173 | pub fn dht_read<IO_PIN>(
[INFO] [stdout]     |                 ^^^^^^ help: convert the identifier to upper camel case: `IoPin`
[INFO] [stdout]     |
[INFO] [stdout]     = note: `#[warn(non_camel_case_types)]` on by default
[INFO] [stdout] 
[INFO] [stdout] 
[INFO] [stdout] warning[E0170]: pattern binding `DHT11` is named the same as one of the variants of the type `DhtType`
[INFO] [stdout]    --> src/lib.rs:125:13
[INFO] [stdout]     |
[INFO] [stdout] 125 |             DHT11 => self.value[2] as f32,
[INFO] [stdout]     |             ^^^^^ help: to match on the variant, qualify the path: `DhtType::DHT11`
[INFO] [stdout]     |
[INFO] [stdout]     = note: `#[warn(bindings_with_variant_name)]` on by default
[INFO] [stdout] 
[INFO] [stdout] 
[INFO] [stdout] warning: unreachable pattern
[INFO] [stdout]    --> src/lib.rs:126:13
[INFO] [stdout]     |
[INFO] [stdout] 125 |             DHT11 => self.value[2] as f32,
[INFO] [stdout]     |             ----- matches any value
[INFO] [stdout] 126 |             _ => {
[INFO] [stdout]     |             ^ unreachable pattern
[INFO] [stdout]     |
[INFO] [stdout]     = note: `#[warn(unreachable_patterns)]` on by default
[INFO] [stdout] 
[INFO] [stdout] 
[INFO] [stdout] warning[E0170]: pattern binding `DHT11` is named the same as one of the variants of the type `DhtType`
[INFO] [stdout]    --> src/lib.rs:146:13
[INFO] [stdout]     |
[INFO] [stdout] 146 |             DHT11 => self.value[0] as f32,
[INFO] [stdout]     |             ^^^^^ help: to match on the variant, qualify the path: `DhtType::DHT11`
[INFO] [stdout] 
[INFO] [stdout] 
[INFO] [stdout] warning: unreachable pattern
[INFO] [stdout]    --> src/lib.rs:147:13
[INFO] [stdout]     |
[INFO] [stdout] 146 |             DHT11 => self.value[0] as f32,
[INFO] [stdout]     |             ----- matches any value
[INFO] [stdout] 147 |             _ => {
[INFO] [stdout]     |             ^ unreachable pattern
[INFO] [stdout] 
[INFO] [stdout] 
[INFO] [stdout] warning: unused variable: `DHT11`
[INFO] [stdout]    --> src/lib.rs:125:13
[INFO] [stdout]     |
[INFO] [stdout] 125 |             DHT11 => self.value[2] as f32,
[INFO] [stdout]     |             ^^^^^ help: if this is intentional, prefix it with an underscore: `_DHT11`
[INFO] [stdout]     |
[INFO] [stdout]     = note: `#[warn(unused_variables)]` on by default
[INFO] [stdout] 
[INFO] [stdout] 
[INFO] [stdout] warning: unused variable: `DHT11`
[INFO] [stdout]    --> src/lib.rs:146:13
[INFO] [stdout]     |
[INFO] [stdout] 146 |             DHT11 => self.value[0] as f32,
[INFO] [stdout]     |             ^^^^^ help: if this is intentional, prefix it with an underscore: `_DHT11`
[INFO] [stdout] 
[INFO] [stdout] 
[INFO] [stdout] warning: variable `DHT11` should have a snake case name
[INFO] [stdout]    --> src/lib.rs:125:13
[INFO] [stdout]     |
[INFO] [stdout] 125 |             DHT11 => self.value[2] as f32,
[INFO] [stdout]     |             ^^^^^ help: convert the identifier to snake case: `dht11`
[INFO] [stdout]     |
[INFO] [stdout]     = note: `#[warn(non_snake_case)]` on by default
[INFO] [stdout] 
[INFO] [stdout] 
[INFO] [stdout] warning: variable `DHT11` should have a snake case name
[INFO] [stdout]    --> src/lib.rs:146:13
[INFO] [stdout]     |
[INFO] [stdout] 146 |             DHT11 => self.value[0] as f32,
[INFO] [stdout]     |             ^^^^^ help: convert the identifier to snake case: `dht11`
[INFO] [stdout] 
[INFO] [stdout] 
[INFO] [stdout] warning: 9 warnings emitted
[INFO] [stdout] 
[INFO] [stdout] 
[INFO] [stdout] For more information about this error, try `rustc --explain E0170`.
[INFO] [stdout] 
[INFO] [stderr]     Finished dev [unoptimized + debuginfo] target(s) in 0.90s
[INFO] running `Command { std: "docker" "inspect" "44a46f3214e0d3031fcef2c5efad46b3bb9c3fda9923baf9ac9ae537ad3e734e", kill_on_drop: false }`
[INFO] running `Command { std: "docker" "rm" "-f" "44a46f3214e0d3031fcef2c5efad46b3bb9c3fda9923baf9ac9ae537ad3e734e", kill_on_drop: false }`
[INFO] [stdout] 44a46f3214e0d3031fcef2c5efad46b3bb9c3fda9923baf9ac9ae537ad3e734e
[INFO] running `Command { std: "docker" "create" "-v" "/var/lib/crater-agent-workspace/builds/worker-104/target:/opt/rustwide/target:rw,Z" "-v" "/var/lib/crater-agent-workspace/builds/worker-104/source:/opt/rustwide/workdir:ro,Z" "-v" "/var/lib/crater-agent-workspace/cargo-home:/opt/rustwide/cargo-home:ro,Z" "-v" "/var/lib/crater-agent-workspace/rustup-home:/opt/rustwide/rustup-home:ro,Z" "-e" "SOURCE_DIR=/opt/rustwide/workdir" "-e" "CARGO_TARGET_DIR=/opt/rustwide/target" "-e" "CARGO_INCREMENTAL=0" "-e" "RUST_BACKTRACE=full" "-e" "RUSTFLAGS=--cap-lints=warn" "-e" "CARGO_HOME=/opt/rustwide/cargo-home" "-e" "RUSTUP_HOME=/opt/rustwide/rustup-home" "-w" "/opt/rustwide/workdir" "-m" "1610612736" "--user" "0:0" "--network" "none" "ghcr.io/rust-lang/crates-build-env/linux@sha256:34b6a614d2c27851fe6cbf88fbd1137609cefab8b10d0615aaeb6fd47975d74e" "/opt/rustwide/cargo-home/bin/cargo" "+beta-2021-08-01" "test" "--frozen" "--no-run" "--message-format=json", kill_on_drop: false }`
[INFO] [stdout] 58c30dc294fb286509ebb5567a924209d3196b3fac9e43705744c32779a71df7
[INFO] running `Command { std: "docker" "start" "-a" "58c30dc294fb286509ebb5567a924209d3196b3fac9e43705744c32779a71df7", kill_on_drop: false }`
[INFO] [stdout] warning: type parameter `IO_PIN` should have an upper camel case name
[INFO] [stdout]    --> src/lib.rs:173:17
[INFO] [stdout]     |
[INFO] [stdout] 173 | pub fn dht_read<IO_PIN>(
[INFO] [stdout]     |                 ^^^^^^ help: convert the identifier to upper camel case: `IoPin`
[INFO] [stdout]     |
[INFO] [stdout]     = note: `#[warn(non_camel_case_types)]` on by default
[INFO] [stdout] 
[INFO] [stdout] 
[INFO] [stdout] warning[E0170]: pattern binding `DHT11` is named the same as one of the variants of the type `DhtType`
[INFO] [stdout]    --> src/lib.rs:125:13
[INFO] [stdout]     |
[INFO] [stdout] 125 |             DHT11 => self.value[2] as f32,
[INFO] [stdout]     |             ^^^^^ help: to match on the variant, qualify the path: `DhtType::DHT11`
[INFO] [stdout]     |
[INFO] [stdout]     = note: `#[warn(bindings_with_variant_name)]` on by default
[INFO] [stdout] 
[INFO] [stdout] 
[INFO] [stdout] warning: unreachable pattern
[INFO] [stdout]    --> src/lib.rs:126:13
[INFO] [stdout]     |
[INFO] [stdout] 125 |             DHT11 => self.value[2] as f32,
[INFO] [stdout]     |             ----- matches any value
[INFO] [stdout] 126 |             _ => {
[INFO] [stdout]     |             ^ unreachable pattern
[INFO] [stdout]     |
[INFO] [stdout]     = note: `#[warn(unreachable_patterns)]` on by default
[INFO] [stdout] 
[INFO] [stdout] 
[INFO] [stdout] warning[E0170]: pattern binding `DHT11` is named the same as one of the variants of the type `DhtType`
[INFO] [stdout]    --> src/lib.rs:146:13
[INFO] [stdout]     |
[INFO] [stdout] 146 |             DHT11 => self.value[0] as f32,
[INFO] [stdout]     |             ^^^^^ help: to match on the variant, qualify the path: `DhtType::DHT11`
[INFO] [stdout] 
[INFO] [stdout] 
[INFO] [stdout] warning: unreachable pattern
[INFO] [stdout]    --> src/lib.rs:147:13
[INFO] [stdout]     |
[INFO] [stdout] 146 |             DHT11 => self.value[0] as f32,
[INFO] [stdout]     |             ----- matches any value
[INFO] [stdout] 147 |             _ => {
[INFO] [stdout]     |             ^ unreachable pattern
[INFO] [stdout] 
[INFO] [stdout] 
[INFO] [stderr]    Compiling dht-hal-drv v0.2.1 (/opt/rustwide/workdir)
[INFO] [stdout] warning: unused variable: `DHT11`
[INFO] [stdout]    --> src/lib.rs:125:13
[INFO] [stdout]     |
[INFO] [stdout] 125 |             DHT11 => self.value[2] as f32,
[INFO] [stdout]     |             ^^^^^ help: if this is intentional, prefix it with an underscore: `_DHT11`
[INFO] [stdout]     |
[INFO] [stdout]     = note: `#[warn(unused_variables)]` on by default
[INFO] [stdout] 
[INFO] [stdout] 
[INFO] [stdout] warning: unused variable: `DHT11`
[INFO] [stdout]    --> src/lib.rs:146:13
[INFO] [stdout]     |
[INFO] [stdout] 146 |             DHT11 => self.value[0] as f32,
[INFO] [stdout]     |             ^^^^^ help: if this is intentional, prefix it with an underscore: `_DHT11`
[INFO] [stdout] 
[INFO] [stdout] 
[INFO] [stdout] warning: variable `DHT11` should have a snake case name
[INFO] [stdout]    --> src/lib.rs:125:13
[INFO] [stdout]     |
[INFO] [stdout] 125 |             DHT11 => self.value[2] as f32,
[INFO] [stdout]     |             ^^^^^ help: convert the identifier to snake case: `dht11`
[INFO] [stdout]     |
[INFO] [stdout]     = note: `#[warn(non_snake_case)]` on by default
[INFO] [stdout] 
[INFO] [stdout] 
[INFO] [stdout] warning: variable `DHT11` should have a snake case name
[INFO] [stdout]    --> src/lib.rs:146:13
[INFO] [stdout]     |
[INFO] [stdout] 146 |             DHT11 => self.value[0] as f32,
[INFO] [stdout]     |             ^^^^^ help: convert the identifier to snake case: `dht11`
[INFO] [stdout] 
[INFO] [stdout] 
[INFO] [stdout] warning: 9 warnings emitted
[INFO] [stdout] 
[INFO] [stdout] 
[INFO] [stdout] For more information about this error, try `rustc --explain E0170`.
[INFO] [stdout] 
[INFO] [stdout] warning: type parameter `IO_PIN` should have an upper camel case name
[INFO] [stdout]    --> src/lib.rs:173:17
[INFO] [stdout]     |
[INFO] [stdout] 173 | pub fn dht_read<IO_PIN>(
[INFO] [stdout]     |                 ^^^^^^ help: convert the identifier to upper camel case: `IoPin`
[INFO] [stdout]     |
[INFO] [stdout]     = note: `#[warn(non_camel_case_types)]` on by default
[INFO] [stdout] 
[INFO] [stdout] 
[INFO] [stdout] warning[E0170]: pattern binding `DHT11` is named the same as one of the variants of the type `DhtType`
[INFO] [stdout]    --> src/lib.rs:125:13
[INFO] [stdout]     |
[INFO] [stdout] 125 |             DHT11 => self.value[2] as f32,
[INFO] [stdout]     |             ^^^^^ help: to match on the variant, qualify the path: `DhtType::DHT11`
[INFO] [stdout]     |
[INFO] [stdout]     = note: `#[warn(bindings_with_variant_name)]` on by default
[INFO] [stdout] 
[INFO] [stdout] 
[INFO] [stdout] warning: unreachable pattern
[INFO] [stdout]    --> src/lib.rs:126:13
[INFO] [stdout]     |
[INFO] [stdout] 125 |             DHT11 => self.value[2] as f32,
[INFO] [stdout]     |             ----- matches any value
[INFO] [stdout] 126 |             _ => {
[INFO] [stdout]     |             ^ unreachable pattern
[INFO] [stdout]     |
[INFO] [stdout]     = note: `#[warn(unreachable_patterns)]` on by default
[INFO] [stdout] 
[INFO] [stdout] 
[INFO] [stdout] warning[E0170]: pattern binding `DHT11` is named the same as one of the variants of the type `DhtType`
[INFO] [stdout]    --> src/lib.rs:146:13
[INFO] [stdout]     |
[INFO] [stdout] 146 |             DHT11 => self.value[0] as f32,
[INFO] [stdout]     |             ^^^^^ help: to match on the variant, qualify the path: `DhtType::DHT11`
[INFO] [stdout] 
[INFO] [stdout] 
[INFO] [stdout] warning: unreachable pattern
[INFO] [stdout]    --> src/lib.rs:147:13
[INFO] [stdout]     |
[INFO] [stdout] 146 |             DHT11 => self.value[0] as f32,
[INFO] [stdout]     |             ----- matches any value
[INFO] [stdout] 147 |             _ => {
[INFO] [stdout]     |             ^ unreachable pattern
[INFO] [stdout] 
[INFO] [stdout] 
[INFO] [stdout] warning: unused variable: `DHT11`
[INFO] [stdout]    --> src/lib.rs:125:13
[INFO] [stdout]     |
[INFO] [stdout] 125 |             DHT11 => self.value[2] as f32,
[INFO] [stdout]     |             ^^^^^ help: if this is intentional, prefix it with an underscore: `_DHT11`
[INFO] [stdout]     |
[INFO] [stdout]     = note: `#[warn(unused_variables)]` on by default
[INFO] [stdout] 
[INFO] [stdout] 
[INFO] [stdout] warning: unused variable: `DHT11`
[INFO] [stdout]    --> src/lib.rs:146:13
[INFO] [stdout]     |
[INFO] [stdout] 146 |             DHT11 => self.value[0] as f32,
[INFO] [stdout]     |             ^^^^^ help: if this is intentional, prefix it with an underscore: `_DHT11`
[INFO] [stdout] 
[INFO] [stdout] 
[INFO] [stdout] warning: variable `DHT11` should have a snake case name
[INFO] [stdout]    --> src/lib.rs:125:13
[INFO] [stdout]     |
[INFO] [stdout] 125 |             DHT11 => self.value[2] as f32,
[INFO] [stdout]     |             ^^^^^ help: convert the identifier to snake case: `dht11`
[INFO] [stdout]     |
[INFO] [stdout]     = note: `#[warn(non_snake_case)]` on by default
[INFO] [stdout] 
[INFO] [stdout] 
[INFO] [stdout] warning: variable `DHT11` should have a snake case name
[INFO] [stdout]    --> src/lib.rs:146:13
[INFO] [stdout]     |
[INFO] [stdout] 146 |             DHT11 => self.value[0] as f32,
[INFO] [stdout]     |             ^^^^^ help: convert the identifier to snake case: `dht11`
[INFO] [stdout] 
[INFO] [stdout] 
[INFO] [stdout] warning: 9 warnings emitted
[INFO] [stdout] 
[INFO] [stdout] 
[INFO] [stdout] For more information about this error, try `rustc --explain E0170`.
[INFO] [stdout] 
[INFO] [stderr]     Finished test [unoptimized + debuginfo] target(s) in 0.63s
[INFO] running `Command { std: "docker" "inspect" "58c30dc294fb286509ebb5567a924209d3196b3fac9e43705744c32779a71df7", kill_on_drop: false }`
[INFO] running `Command { std: "docker" "rm" "-f" "58c30dc294fb286509ebb5567a924209d3196b3fac9e43705744c32779a71df7", kill_on_drop: false }`
[INFO] [stdout] 58c30dc294fb286509ebb5567a924209d3196b3fac9e43705744c32779a71df7
[INFO] running `Command { std: "docker" "create" "-v" "/var/lib/crater-agent-workspace/builds/worker-104/target:/opt/rustwide/target:rw,Z" "-v" "/var/lib/crater-agent-workspace/builds/worker-104/source:/opt/rustwide/workdir:ro,Z" "-v" "/var/lib/crater-agent-workspace/cargo-home:/opt/rustwide/cargo-home:ro,Z" "-v" "/var/lib/crater-agent-workspace/rustup-home:/opt/rustwide/rustup-home:ro,Z" "-e" "SOURCE_DIR=/opt/rustwide/workdir" "-e" "CARGO_TARGET_DIR=/opt/rustwide/target" "-e" "CARGO_INCREMENTAL=0" "-e" "RUST_BACKTRACE=full" "-e" "RUSTFLAGS=--cap-lints=warn" "-e" "CARGO_HOME=/opt/rustwide/cargo-home" "-e" "RUSTUP_HOME=/opt/rustwide/rustup-home" "-w" "/opt/rustwide/workdir" "-m" "1610612736" "--user" "0:0" "--network" "none" "ghcr.io/rust-lang/crates-build-env/linux@sha256:34b6a614d2c27851fe6cbf88fbd1137609cefab8b10d0615aaeb6fd47975d74e" "/opt/rustwide/cargo-home/bin/cargo" "+beta-2021-08-01" "test" "--frozen", kill_on_drop: false }`
[INFO] [stdout] b60b1ccfcab3e97f28d525d804857e859b40e5a467fe26c4092693ae6dfb7e5b
[INFO] running `Command { std: "docker" "start" "-a" "b60b1ccfcab3e97f28d525d804857e859b40e5a467fe26c4092693ae6dfb7e5b", kill_on_drop: false }`
[INFO] [stderr] warning: type parameter `IO_PIN` should have an upper camel case name
[INFO] [stderr]    --> src/lib.rs:173:17
[INFO] [stderr]     |
[INFO] [stderr] 173 | pub fn dht_read<IO_PIN>(
[INFO] [stderr]     |                 ^^^^^^ help: convert the identifier to upper camel case: `IoPin`
[INFO] [stderr]     |
[INFO] [stderr]     = note: `#[warn(non_camel_case_types)]` on by default
[INFO] [stderr] 
[INFO] [stderr] warning[E0170]: pattern binding `DHT11` is named the same as one of the variants of the type `DhtType`
[INFO] [stderr]    --> src/lib.rs:125:13
[INFO] [stderr]     |
[INFO] [stderr] 125 |             DHT11 => self.value[2] as f32,
[INFO] [stderr]     |             ^^^^^ help: to match on the variant, qualify the path: `DhtType::DHT11`
[INFO] [stderr]     |
[INFO] [stderr]     = note: `#[warn(bindings_with_variant_name)]` on by default
[INFO] [stderr] 
[INFO] [stderr] warning: unreachable pattern
[INFO] [stderr]    --> src/lib.rs:126:13
[INFO] [stderr]     |
[INFO] [stderr] 125 |             DHT11 => self.value[2] as f32,
[INFO] [stderr]     |             ----- matches any value
[INFO] [stderr] 126 |             _ => {
[INFO] [stderr]     |             ^ unreachable pattern
[INFO] [stderr]     |
[INFO] [stderr]     = note: `#[warn(unreachable_patterns)]` on by default
[INFO] [stderr] 
[INFO] [stderr] warning[E0170]: pattern binding `DHT11` is named the same as one of the variants of the type `DhtType`
[INFO] [stderr]    --> src/lib.rs:146:13
[INFO] [stderr]     |
[INFO] [stderr] 146 |             DHT11 => self.value[0] as f32,
[INFO] [stderr]     |             ^^^^^ help: to match on the variant, qualify the path: `DhtType::DHT11`
[INFO] [stderr] 
[INFO] [stderr] warning: unreachable pattern
[INFO] [stderr]    --> src/lib.rs:147:13
[INFO] [stderr]     |
[INFO] [stderr] 146 |             DHT11 => self.value[0] as f32,
[INFO] [stderr]     |             ----- matches any value
[INFO] [stderr] 147 |             _ => {
[INFO] [stderr]     |             ^ unreachable pattern
[INFO] [stderr] 
[INFO] [stderr] warning: unused variable: `DHT11`
[INFO] [stderr]    --> src/lib.rs:125:13
[INFO] [stderr]     |
[INFO] [stderr] 125 |             DHT11 => self.value[2] as f32,
[INFO] [stderr]     |             ^^^^^ help: if this is intentional, prefix it with an underscore: `_DHT11`
[INFO] [stderr]     |
[INFO] [stderr]     = note: `#[warn(unused_variables)]` on by default
[INFO] [stderr] 
[INFO] [stderr] warning: unused variable: `DHT11`
[INFO] [stderr]    --> src/lib.rs:146:13
[INFO] [stderr]     |
[INFO] [stderr] 146 |             DHT11 => self.value[0] as f32,
[INFO] [stderr]     |             ^^^^^ help: if this is intentional, prefix it with an underscore: `_DHT11`
[INFO] [stderr] 
[INFO] [stderr] warning: variable `DHT11` should have a snake case name
[INFO] [stderr]    --> src/lib.rs:125:13
[INFO] [stderr]     |
[INFO] [stderr] 125 |             DHT11 => self.value[2] as f32,
[INFO] [stderr]     |             ^^^^^ help: convert the identifier to snake case: `dht11`
[INFO] [stderr]     |
[INFO] [stderr]     = note: `#[warn(non_snake_case)]` on by default
[INFO] [stderr] 
[INFO] [stderr] warning: variable `DHT11` should have a snake case name
[INFO] [stderr]    --> src/lib.rs:146:13
[INFO] [stderr]     |
[INFO] [stderr] 146 |             DHT11 => self.value[0] as f32,
[INFO] [stderr]     |             ^^^^^ help: convert the identifier to snake case: `dht11`
[INFO] [stderr] 
[INFO] [stderr] For more information about this error, try `rustc --explain E0170`.
[INFO] [stderr] warning: `dht-hal-drv` (lib) generated 9 warnings
[INFO] [stderr] warning: `dht-hal-drv` (lib test) generated 9 warnings (9 duplicates)
[INFO] [stderr]     Finished test [unoptimized + debuginfo] target(s) in 0.07s
[INFO] [stderr]      Running unittests (/opt/rustwide/target/debug/deps/dht_hal_drv-1f2f909594e6b2b3)
[INFO] [stdout] 
[INFO] [stdout] running 0 tests
[INFO] [stdout] 
[INFO] [stdout] test result: ok. 0 passed; 0 failed; 0 ignored; 0 measured; 0 filtered out; finished in 0.00s
[INFO] [stdout] 
[INFO] [stderr]    Doc-tests dht-hal-drv
[INFO] [stderr] warning: type parameter `IO_PIN` should have an upper camel case name
[INFO] [stderr]    --> /opt/rustwide/workdir/src/lib.rs:173:17
[INFO] [stderr]     |
[INFO] [stderr] 173 | pub fn dht_read<IO_PIN>(
[INFO] [stderr]     |                 ^^^^^^ help: convert the identifier to upper camel case: `IoPin`
[INFO] [stderr]     |
[INFO] [stderr]     = note: `#[warn(non_camel_case_types)]` on by default
[INFO] [stderr] 
[INFO] [stderr] warning: 1 warning emitted
[INFO] [stderr] 
[INFO] [stdout] 
[INFO] [stdout] running 2 tests
[INFO] [stdout] test src/lib.rs - (line 26) ... FAILED
[INFO] [stdout] test src/lib.rs - (line 42) ... FAILED
[INFO] [stdout] 
[INFO] [stdout] failures:
[INFO] [stdout] 
[INFO] [stdout] ---- src/lib.rs - (line 26) stdout ----
[INFO] [stdout] error[E0433]: failed to resolve: use of undeclared type `DhtType`
[INFO] [stdout]  --> src/lib.rs:33:23
[INFO] [stdout]   |
[INFO] [stdout] 9 | let result = dht_read(DhtType::DHT11, &mut open_drain_pin, &mut delay_us);
[INFO] [stdout]   |                       ^^^^^^^ use of undeclared type `DhtType`
[INFO] [stdout] 
[INFO] [stdout] error[E0425]: cannot find function `dht_read` in this scope
[INFO] [stdout]  --> src/lib.rs:33:14
[INFO] [stdout]   |
[INFO] [stdout] 9 | let result = dht_read(DhtType::DHT11, &mut open_drain_pin, &mut delay_us);
[INFO] [stdout]   |              ^^^^^^^^ not found in this scope
[INFO] [stdout]   |
[INFO] [stdout] help: consider importing this function
[INFO] [stdout]   |
[INFO] [stdout] 2 | use dht_hal_drv::dht_read;
[INFO] [stdout]   |
[INFO] [stdout] 
[INFO] [stdout] error[E0282]: type annotations needed
[INFO] [stdout]  --> src/lib.rs:30:24
[INFO] [stdout]   |
[INFO] [stdout] 3 | let delay; // Something that implements DelayUs trait
[INFO] [stdout]   |     ----- consider giving `delay` a type
[INFO] [stdout] ...
[INFO] [stdout] 6 | let mut delay_us = |d| delay.delay_us(d);
[INFO] [stdout]   |                        ^^^^^ cannot infer type
[INFO] [stdout]   |
[INFO] [stdout]   = note: type must be known at this point
[INFO] [stdout] 
[INFO] [stdout] error: aborting due to 3 previous errors
[INFO] [stdout] 
[INFO] [stdout] Some errors have detailed explanations: E0282, E0425, E0433.
[INFO] [stdout] For more information about an error, try `rustc --explain E0282`.
[INFO] [stdout] Couldn't compile the test.
[INFO] [stdout] ---- src/lib.rs - (line 42) stdout ----
[INFO] [stdout] error[E0425]: cannot find value `cr` in this scope
[INFO] [stdout]   --> src/lib.rs:66:46
[INFO] [stdout]    |
[INFO] [stdout] 27 | let mut pin_in = pin_out.into_floating_input(cr);
[INFO] [stdout]    |                                              ^^ not found in this scope
[INFO] [stdout] 
[INFO] [stdout] error[E0282]: type annotations needed
[INFO] [stdout]   --> src/lib.rs:52:24
[INFO] [stdout]    |
[INFO] [stdout] 8  | let delay; // Something that implements DelayUs trait
[INFO] [stdout]    |     ----- consider giving `delay` a type
[INFO] [stdout] ...
[INFO] [stdout] 13 | let mut delay_us = |d| delay.delay_us(d);
[INFO] [stdout]    |                        ^^^^^ cannot infer type
[INFO] [stdout]    |
[INFO] [stdout]    = note: type must be known at this point
[INFO] [stdout] 
[INFO] [stdout] error[E0599]: no method named `into_floating_input` found for trait object `dyn embedded_hal::digital::v2::OutputPin<Error = _>` in the current scope
[INFO] [stdout]   --> src/lib.rs:66:26
[INFO] [stdout]    |
[INFO] [stdout] 27 | let mut pin_in = pin_out.into_floating_input(cr);
[INFO] [stdout]    |                          ^^^^^^^^^^^^^^^^^^^ method not found in `dyn embedded_hal::digital::v2::OutputPin<Error = _>`
[INFO] [stdout] 
[INFO] [stdout] error: aborting due to 3 previous errors
[INFO] [stdout] 
[INFO] [stdout] Some errors have detailed explanations: E0282, E0425, E0599.
[INFO] [stdout] For more information about an error, try `rustc --explain E0282`.
[INFO] [stdout] Couldn't compile the test.
[INFO] [stdout] 
[INFO] [stdout] failures:
[INFO] [stdout]     src/lib.rs - (line 26)
[INFO] [stdout]     src/lib.rs - (line 42)
[INFO] [stdout] 
[INFO] [stdout] test result: FAILED. 0 passed; 2 failed; 0 ignored; 0 measured; 0 filtered out; finished in 0.12s
[INFO] [stdout] 
[INFO] [stderr] error: test failed, to rerun pass '--doc'
[INFO] running `Command { std: "docker" "inspect" "b60b1ccfcab3e97f28d525d804857e859b40e5a467fe26c4092693ae6dfb7e5b", kill_on_drop: false }`
[INFO] running `Command { std: "docker" "rm" "-f" "b60b1ccfcab3e97f28d525d804857e859b40e5a467fe26c4092693ae6dfb7e5b", kill_on_drop: false }`
[INFO] [stdout] b60b1ccfcab3e97f28d525d804857e859b40e5a467fe26c4092693ae6dfb7e5b
