[INFO] fetching crate devpng 0.1.2...
[INFO] testing devpng-0.1.2 against 1.54.0 for beta-1.55-1
[INFO] extracting crate devpng 0.1.2 into /workspace/builds/worker-45/source
[INFO] validating manifest of crates.io crate devpng 0.1.2 on toolchain 1.54.0
[INFO] running `Command { std: "/workspace/cargo-home/bin/cargo" "+1.54.0" "metadata" "--manifest-path" "Cargo.toml" "--no-deps", kill_on_drop: false }`
[INFO] started tweaking crates.io crate devpng 0.1.2
[INFO] finished tweaking crates.io crate devpng 0.1.2
[INFO] tweaked toml for crates.io crate devpng 0.1.2 written to /workspace/builds/worker-45/source/Cargo.toml
[INFO] running `Command { std: "/workspace/cargo-home/bin/cargo" "+1.54.0" "generate-lockfile" "--manifest-path" "Cargo.toml" "-Zno-index-update", kill_on_drop: false }`
[INFO] [stderr]     Blocking waiting for file lock on package cache
[INFO] running `Command { std: "/workspace/cargo-home/bin/cargo" "+1.54.0" "fetch" "--manifest-path" "Cargo.toml", kill_on_drop: false }`
[INFO] [stderr]     Blocking waiting for file lock on package cache
[INFO] [stderr]     Blocking waiting for file lock on package cache
[INFO] [stderr]  Downloading crates ...
[INFO] [stderr]   Downloaded devker v0.1.6
[INFO] running `Command { std: "docker" "create" "-v" "/var/lib/crater-agent-workspace/builds/worker-45/target:/opt/rustwide/target:rw,Z" "-v" "/var/lib/crater-agent-workspace/builds/worker-45/source:/opt/rustwide/workdir:ro,Z" "-v" "/var/lib/crater-agent-workspace/cargo-home:/opt/rustwide/cargo-home:ro,Z" "-v" "/var/lib/crater-agent-workspace/rustup-home:/opt/rustwide/rustup-home:ro,Z" "-e" "SOURCE_DIR=/opt/rustwide/workdir" "-e" "CARGO_TARGET_DIR=/opt/rustwide/target" "-e" "CARGO_HOME=/opt/rustwide/cargo-home" "-e" "RUSTUP_HOME=/opt/rustwide/rustup-home" "-w" "/opt/rustwide/workdir" "-m" "1610612736" "--user" "0:0" "--network" "none" "ghcr.io/rust-lang/crates-build-env/linux@sha256:34b6a614d2c27851fe6cbf88fbd1137609cefab8b10d0615aaeb6fd47975d74e" "/opt/rustwide/cargo-home/bin/cargo" "+1.54.0" "metadata" "--no-deps" "--format-version=1", kill_on_drop: false }`
[INFO] [stdout] 39d726572efaba612dfb2b37619a9fcd7dd01aae575588afe396391236bb151b
[INFO] running `Command { std: "docker" "start" "-a" "39d726572efaba612dfb2b37619a9fcd7dd01aae575588afe396391236bb151b", kill_on_drop: false }`
[INFO] running `Command { std: "docker" "inspect" "39d726572efaba612dfb2b37619a9fcd7dd01aae575588afe396391236bb151b", kill_on_drop: false }`
[INFO] running `Command { std: "docker" "rm" "-f" "39d726572efaba612dfb2b37619a9fcd7dd01aae575588afe396391236bb151b", kill_on_drop: false }`
[INFO] [stdout] 39d726572efaba612dfb2b37619a9fcd7dd01aae575588afe396391236bb151b
[INFO] running `Command { std: "docker" "create" "-v" "/var/lib/crater-agent-workspace/builds/worker-45/target:/opt/rustwide/target:rw,Z" "-v" "/var/lib/crater-agent-workspace/builds/worker-45/source:/opt/rustwide/workdir:ro,Z" "-v" "/var/lib/crater-agent-workspace/cargo-home:/opt/rustwide/cargo-home:ro,Z" "-v" "/var/lib/crater-agent-workspace/rustup-home:/opt/rustwide/rustup-home:ro,Z" "-e" "SOURCE_DIR=/opt/rustwide/workdir" "-e" "CARGO_TARGET_DIR=/opt/rustwide/target" "-e" "CARGO_INCREMENTAL=0" "-e" "RUST_BACKTRACE=full" "-e" "RUSTFLAGS=--cap-lints=warn" "-e" "CARGO_HOME=/opt/rustwide/cargo-home" "-e" "RUSTUP_HOME=/opt/rustwide/rustup-home" "-w" "/opt/rustwide/workdir" "-m" "1610612736" "--user" "0:0" "--network" "none" "ghcr.io/rust-lang/crates-build-env/linux@sha256:34b6a614d2c27851fe6cbf88fbd1137609cefab8b10d0615aaeb6fd47975d74e" "/opt/rustwide/cargo-home/bin/cargo" "+1.54.0" "build" "--frozen" "--message-format=json", kill_on_drop: false }`
[INFO] [stdout] 6f59723e8e848cc935108775df7dbe29684b4b2afceecb9828d5ec6367e5b700
[INFO] running `Command { std: "docker" "start" "-a" "6f59723e8e848cc935108775df7dbe29684b4b2afceecb9828d5ec6367e5b700", kill_on_drop: false }`
[INFO] [stderr]    Compiling devker v0.1.6
[INFO] [stderr]    Compiling devpng v0.1.2 (/opt/rustwide/workdir)
[INFO] [stderr]     Finished dev [unoptimized + debuginfo] target(s) in 2.00s
[INFO] running `Command { std: "docker" "inspect" "6f59723e8e848cc935108775df7dbe29684b4b2afceecb9828d5ec6367e5b700", kill_on_drop: false }`
[INFO] running `Command { std: "docker" "rm" "-f" "6f59723e8e848cc935108775df7dbe29684b4b2afceecb9828d5ec6367e5b700", kill_on_drop: false }`
[INFO] [stdout] 6f59723e8e848cc935108775df7dbe29684b4b2afceecb9828d5ec6367e5b700
[INFO] running `Command { std: "docker" "create" "-v" "/var/lib/crater-agent-workspace/builds/worker-45/target:/opt/rustwide/target:rw,Z" "-v" "/var/lib/crater-agent-workspace/builds/worker-45/source:/opt/rustwide/workdir:ro,Z" "-v" "/var/lib/crater-agent-workspace/cargo-home:/opt/rustwide/cargo-home:ro,Z" "-v" "/var/lib/crater-agent-workspace/rustup-home:/opt/rustwide/rustup-home:ro,Z" "-e" "SOURCE_DIR=/opt/rustwide/workdir" "-e" "CARGO_TARGET_DIR=/opt/rustwide/target" "-e" "CARGO_INCREMENTAL=0" "-e" "RUST_BACKTRACE=full" "-e" "RUSTFLAGS=--cap-lints=warn" "-e" "CARGO_HOME=/opt/rustwide/cargo-home" "-e" "RUSTUP_HOME=/opt/rustwide/rustup-home" "-w" "/opt/rustwide/workdir" "-m" "1610612736" "--user" "0:0" "--network" "none" "ghcr.io/rust-lang/crates-build-env/linux@sha256:34b6a614d2c27851fe6cbf88fbd1137609cefab8b10d0615aaeb6fd47975d74e" "/opt/rustwide/cargo-home/bin/cargo" "+1.54.0" "test" "--frozen" "--no-run" "--message-format=json", kill_on_drop: false }`
[INFO] [stdout] 520f462b92dc4ce444b0d7ed6627df73512b45dbbc1559a503e2540891dd7716
[INFO] running `Command { std: "docker" "start" "-a" "520f462b92dc4ce444b0d7ed6627df73512b45dbbc1559a503e2540891dd7716", kill_on_drop: false }`
[INFO] [stderr]    Compiling devpng v0.1.2 (/opt/rustwide/workdir)
[INFO] [stderr]     Finished test [unoptimized + debuginfo] target(s) in 1.49s
[INFO] running `Command { std: "docker" "inspect" "520f462b92dc4ce444b0d7ed6627df73512b45dbbc1559a503e2540891dd7716", kill_on_drop: false }`
[INFO] running `Command { std: "docker" "rm" "-f" "520f462b92dc4ce444b0d7ed6627df73512b45dbbc1559a503e2540891dd7716", kill_on_drop: false }`
[INFO] [stdout] 520f462b92dc4ce444b0d7ed6627df73512b45dbbc1559a503e2540891dd7716
[INFO] running `Command { std: "docker" "create" "-v" "/var/lib/crater-agent-workspace/builds/worker-45/target:/opt/rustwide/target:rw,Z" "-v" "/var/lib/crater-agent-workspace/builds/worker-45/source:/opt/rustwide/workdir:ro,Z" "-v" "/var/lib/crater-agent-workspace/cargo-home:/opt/rustwide/cargo-home:ro,Z" "-v" "/var/lib/crater-agent-workspace/rustup-home:/opt/rustwide/rustup-home:ro,Z" "-e" "SOURCE_DIR=/opt/rustwide/workdir" "-e" "CARGO_TARGET_DIR=/opt/rustwide/target" "-e" "CARGO_INCREMENTAL=0" "-e" "RUST_BACKTRACE=full" "-e" "RUSTFLAGS=--cap-lints=warn" "-e" "CARGO_HOME=/opt/rustwide/cargo-home" "-e" "RUSTUP_HOME=/opt/rustwide/rustup-home" "-w" "/opt/rustwide/workdir" "-m" "1610612736" "--user" "0:0" "--network" "none" "ghcr.io/rust-lang/crates-build-env/linux@sha256:34b6a614d2c27851fe6cbf88fbd1137609cefab8b10d0615aaeb6fd47975d74e" "/opt/rustwide/cargo-home/bin/cargo" "+1.54.0" "test" "--frozen", kill_on_drop: false }`
[INFO] [stdout] 66d326a8b667a658f81080d5f19321ce17b8c6419d5d5d9111beb8e78b2f74f6
[INFO] running `Command { std: "docker" "start" "-a" "66d326a8b667a658f81080d5f19321ce17b8c6419d5d5d9111beb8e78b2f74f6", kill_on_drop: false }`
[INFO] [stderr]     Finished test [unoptimized + debuginfo] target(s) in 0.01s
[INFO] [stderr]      Running unittests (/opt/rustwide/target/debug/deps/devpng-124f5924bf6c4ce8)
[INFO] [stdout] 
[INFO] [stdout] running 0 tests
[INFO] [stdout] 
[INFO] [stdout] test result: ok. 0 passed; 0 failed; 0 ignored; 0 measured; 0 filtered out; finished in 0.00s
[INFO] [stdout] 
[INFO] [stderr]    Doc-tests devpng
[INFO] [stdout] 
[INFO] [stdout] running 3 tests
[INFO] [stdout] test src/lib.rs - (line 4) ... FAILED
[INFO] [stdout] test src/lib.rs - (line 57) ... FAILED
[INFO] [stdout] test src/lib.rs - (line 28) ... FAILED
[INFO] [stdout] 
[INFO] [stdout] failures:
[INFO] [stdout] 
[INFO] [stdout] ---- src/lib.rs - (line 4) stdout ----
[INFO] [stdout] error[E0596]: cannot borrow `img` as mutable, as it is not declared as mutable
[INFO] [stdout]   --> src/lib.rs:17:14
[INFO] [stdout]    |
[INFO] [stdout] 12 |     let img = png.image();
[INFO] [stdout]    |         --- help: consider changing this to be mutable: `mut img`
[INFO] [stdout] ...
[INFO] [stdout] 15 |     for x in img.iter_mut() {
[INFO] [stdout]    |              ^^^ cannot borrow as mutable
[INFO] [stdout] 
[INFO] [stdout] error: aborting due to previous error
[INFO] [stdout] 
[INFO] [stdout] For more information about this error, try `rustc --explain E0596`.
[INFO] [stdout] Couldn't compile the test.
[INFO] [stdout] ---- src/lib.rs - (line 57) stdout ----
[INFO] [stdout] error[E0596]: cannot borrow `img` as mutable, as it is not declared as mutable
[INFO] [stdout]   --> src/lib.rs:71:14
[INFO] [stdout]    |
[INFO] [stdout] 13 |     let img = cache.image();
[INFO] [stdout]    |         --- help: consider changing this to be mutable: `mut img`
[INFO] [stdout] ...
[INFO] [stdout] 16 |     for x in img.iter_mut() {
[INFO] [stdout]    |              ^^^ cannot borrow as mutable
[INFO] [stdout] 
[INFO] [stdout] error: aborting due to previous error
[INFO] [stdout] 
[INFO] [stdout] For more information about this error, try `rustc --explain E0596`.
[INFO] [stdout] Couldn't compile the test.
[INFO] [stdout] ---- src/lib.rs - (line 28) stdout ----
[INFO] [stdout] Test executable failed (exit code 1).
[INFO] [stdout] 
[INFO] [stdout] stderr:
[INFO] [stdout] Error: "Read-only file system (os error 30)"
[INFO] [stdout] 
[INFO] [stdout] 
[INFO] [stdout] 
[INFO] [stdout] failures:
[INFO] [stdout]     src/lib.rs - (line 28)
[INFO] [stdout]     src/lib.rs - (line 4)
[INFO] [stdout]     src/lib.rs - (line 57)
[INFO] [stdout] 
[INFO] [stdout] test result: FAILED. 0 passed; 3 failed; 0 ignored; 0 measured; 0 filtered out; finished in 0.57s
[INFO] [stdout] 
[INFO] [stderr] error: test failed, to rerun pass '--doc'
[INFO] running `Command { std: "docker" "inspect" "66d326a8b667a658f81080d5f19321ce17b8c6419d5d5d9111beb8e78b2f74f6", kill_on_drop: false }`
[INFO] running `Command { std: "docker" "rm" "-f" "66d326a8b667a658f81080d5f19321ce17b8c6419d5d5d9111beb8e78b2f74f6", kill_on_drop: false }`
[INFO] [stdout] 66d326a8b667a658f81080d5f19321ce17b8c6419d5d5d9111beb8e78b2f74f6
