[INFO] fetching crate deviz 0.1.3...
[INFO] testing deviz-0.1.3 against 1.54.0 for beta-1.55-1
[INFO] extracting crate deviz 0.1.3 into /workspace/builds/worker-91/source
[INFO] validating manifest of crates.io crate deviz 0.1.3 on toolchain 1.54.0
[INFO] running `Command { std: "/workspace/cargo-home/bin/cargo" "+1.54.0" "metadata" "--manifest-path" "Cargo.toml" "--no-deps", kill_on_drop: false }`
[INFO] started tweaking crates.io crate deviz 0.1.3
[INFO] finished tweaking crates.io crate deviz 0.1.3
[INFO] tweaked toml for crates.io crate deviz 0.1.3 written to /workspace/builds/worker-91/source/Cargo.toml
[INFO] running `Command { std: "/workspace/cargo-home/bin/cargo" "+1.54.0" "generate-lockfile" "--manifest-path" "Cargo.toml" "-Zno-index-update", kill_on_drop: false }`
[INFO] running `Command { std: "/workspace/cargo-home/bin/cargo" "+1.54.0" "fetch" "--manifest-path" "Cargo.toml", kill_on_drop: false }`
[INFO] running `Command { std: "docker" "create" "-v" "/var/lib/crater-agent-workspace/builds/worker-91/target:/opt/rustwide/target:rw,Z" "-v" "/var/lib/crater-agent-workspace/builds/worker-91/source:/opt/rustwide/workdir:ro,Z" "-v" "/var/lib/crater-agent-workspace/cargo-home:/opt/rustwide/cargo-home:ro,Z" "-v" "/var/lib/crater-agent-workspace/rustup-home:/opt/rustwide/rustup-home:ro,Z" "-e" "SOURCE_DIR=/opt/rustwide/workdir" "-e" "CARGO_TARGET_DIR=/opt/rustwide/target" "-e" "CARGO_HOME=/opt/rustwide/cargo-home" "-e" "RUSTUP_HOME=/opt/rustwide/rustup-home" "-w" "/opt/rustwide/workdir" "-m" "1610612736" "--user" "0:0" "--network" "none" "ghcr.io/rust-lang/crates-build-env/linux@sha256:34b6a614d2c27851fe6cbf88fbd1137609cefab8b10d0615aaeb6fd47975d74e" "/opt/rustwide/cargo-home/bin/cargo" "+1.54.0" "metadata" "--no-deps" "--format-version=1", kill_on_drop: false }`
[INFO] [stdout] 538468d15fba9a72de747965c7c653aed81a38d33b0951f8b01759db94d28e88
[INFO] running `Command { std: "docker" "start" "-a" "538468d15fba9a72de747965c7c653aed81a38d33b0951f8b01759db94d28e88", kill_on_drop: false }`
[INFO] running `Command { std: "docker" "inspect" "538468d15fba9a72de747965c7c653aed81a38d33b0951f8b01759db94d28e88", kill_on_drop: false }`
[INFO] running `Command { std: "docker" "rm" "-f" "538468d15fba9a72de747965c7c653aed81a38d33b0951f8b01759db94d28e88", kill_on_drop: false }`
[INFO] [stdout] 538468d15fba9a72de747965c7c653aed81a38d33b0951f8b01759db94d28e88
[INFO] running `Command { std: "docker" "create" "-v" "/var/lib/crater-agent-workspace/builds/worker-91/target:/opt/rustwide/target:rw,Z" "-v" "/var/lib/crater-agent-workspace/builds/worker-91/source:/opt/rustwide/workdir:ro,Z" "-v" "/var/lib/crater-agent-workspace/cargo-home:/opt/rustwide/cargo-home:ro,Z" "-v" "/var/lib/crater-agent-workspace/rustup-home:/opt/rustwide/rustup-home:ro,Z" "-e" "SOURCE_DIR=/opt/rustwide/workdir" "-e" "CARGO_TARGET_DIR=/opt/rustwide/target" "-e" "CARGO_INCREMENTAL=0" "-e" "RUST_BACKTRACE=full" "-e" "RUSTFLAGS=--cap-lints=warn" "-e" "CARGO_HOME=/opt/rustwide/cargo-home" "-e" "RUSTUP_HOME=/opt/rustwide/rustup-home" "-w" "/opt/rustwide/workdir" "-m" "1610612736" "--user" "0:0" "--network" "none" "ghcr.io/rust-lang/crates-build-env/linux@sha256:34b6a614d2c27851fe6cbf88fbd1137609cefab8b10d0615aaeb6fd47975d74e" "/opt/rustwide/cargo-home/bin/cargo" "+1.54.0" "build" "--frozen" "--message-format=json", kill_on_drop: false }`
[INFO] [stdout] 6877a08874e6eeb2986a4321e68f2379d7a2f22d52a5033e726b467afd20ff10
[INFO] running `Command { std: "docker" "start" "-a" "6877a08874e6eeb2986a4321e68f2379d7a2f22d52a5033e726b467afd20ff10", kill_on_drop: false }`
[INFO] [stderr]    Compiling json v0.12.4
[INFO] [stderr]    Compiling deviz v0.1.3 (/opt/rustwide/workdir)
[INFO] [stderr]     Finished dev [unoptimized + debuginfo] target(s) in 1.72s
[INFO] running `Command { std: "docker" "inspect" "6877a08874e6eeb2986a4321e68f2379d7a2f22d52a5033e726b467afd20ff10", kill_on_drop: false }`
[INFO] running `Command { std: "docker" "rm" "-f" "6877a08874e6eeb2986a4321e68f2379d7a2f22d52a5033e726b467afd20ff10", kill_on_drop: false }`
[INFO] [stdout] 6877a08874e6eeb2986a4321e68f2379d7a2f22d52a5033e726b467afd20ff10
[INFO] running `Command { std: "docker" "create" "-v" "/var/lib/crater-agent-workspace/builds/worker-91/target:/opt/rustwide/target:rw,Z" "-v" "/var/lib/crater-agent-workspace/builds/worker-91/source:/opt/rustwide/workdir:ro,Z" "-v" "/var/lib/crater-agent-workspace/cargo-home:/opt/rustwide/cargo-home:ro,Z" "-v" "/var/lib/crater-agent-workspace/rustup-home:/opt/rustwide/rustup-home:ro,Z" "-e" "SOURCE_DIR=/opt/rustwide/workdir" "-e" "CARGO_TARGET_DIR=/opt/rustwide/target" "-e" "CARGO_INCREMENTAL=0" "-e" "RUST_BACKTRACE=full" "-e" "RUSTFLAGS=--cap-lints=warn" "-e" "CARGO_HOME=/opt/rustwide/cargo-home" "-e" "RUSTUP_HOME=/opt/rustwide/rustup-home" "-w" "/opt/rustwide/workdir" "-m" "1610612736" "--user" "0:0" "--network" "none" "ghcr.io/rust-lang/crates-build-env/linux@sha256:34b6a614d2c27851fe6cbf88fbd1137609cefab8b10d0615aaeb6fd47975d74e" "/opt/rustwide/cargo-home/bin/cargo" "+1.54.0" "test" "--frozen" "--no-run" "--message-format=json", kill_on_drop: false }`
[INFO] [stdout] 3cfbf8a29ad93dc0426b559a8e107c99aff95d200f8b29dc68691e7100cff7b5
[INFO] running `Command { std: "docker" "start" "-a" "3cfbf8a29ad93dc0426b559a8e107c99aff95d200f8b29dc68691e7100cff7b5", kill_on_drop: false }`
[INFO] [stderr]    Compiling deviz v0.1.3 (/opt/rustwide/workdir)
[INFO] [stderr]     Finished test [unoptimized + debuginfo] target(s) in 0.57s
[INFO] running `Command { std: "docker" "inspect" "3cfbf8a29ad93dc0426b559a8e107c99aff95d200f8b29dc68691e7100cff7b5", kill_on_drop: false }`
[INFO] running `Command { std: "docker" "rm" "-f" "3cfbf8a29ad93dc0426b559a8e107c99aff95d200f8b29dc68691e7100cff7b5", kill_on_drop: false }`
[INFO] [stdout] 3cfbf8a29ad93dc0426b559a8e107c99aff95d200f8b29dc68691e7100cff7b5
[INFO] running `Command { std: "docker" "create" "-v" "/var/lib/crater-agent-workspace/builds/worker-91/target:/opt/rustwide/target:rw,Z" "-v" "/var/lib/crater-agent-workspace/builds/worker-91/source:/opt/rustwide/workdir:ro,Z" "-v" "/var/lib/crater-agent-workspace/cargo-home:/opt/rustwide/cargo-home:ro,Z" "-v" "/var/lib/crater-agent-workspace/rustup-home:/opt/rustwide/rustup-home:ro,Z" "-e" "SOURCE_DIR=/opt/rustwide/workdir" "-e" "CARGO_TARGET_DIR=/opt/rustwide/target" "-e" "CARGO_INCREMENTAL=0" "-e" "RUST_BACKTRACE=full" "-e" "RUSTFLAGS=--cap-lints=warn" "-e" "CARGO_HOME=/opt/rustwide/cargo-home" "-e" "RUSTUP_HOME=/opt/rustwide/rustup-home" "-w" "/opt/rustwide/workdir" "-m" "1610612736" "--user" "0:0" "--network" "none" "ghcr.io/rust-lang/crates-build-env/linux@sha256:34b6a614d2c27851fe6cbf88fbd1137609cefab8b10d0615aaeb6fd47975d74e" "/opt/rustwide/cargo-home/bin/cargo" "+1.54.0" "test" "--frozen", kill_on_drop: false }`
[INFO] [stdout] 3f3c21de86380984c3ede82cae5eba94843431772a83b0f3cd23a28328a1f208
[INFO] running `Command { std: "docker" "start" "-a" "3f3c21de86380984c3ede82cae5eba94843431772a83b0f3cd23a28328a1f208", kill_on_drop: false }`
[INFO] [stderr]     Finished test [unoptimized + debuginfo] target(s) in 0.01s
[INFO] [stderr]      Running unittests (/opt/rustwide/target/debug/deps/deviz-e83a76c1b1d9ef4f)
[INFO] [stdout] 
[INFO] [stdout] running 0 tests
[INFO] [stdout] 
[INFO] [stdout] test result: ok. 0 passed; 0 failed; 0 ignored; 0 measured; 0 filtered out; finished in 0.00s
[INFO] [stdout] 
[INFO] [stderr]    Doc-tests deviz
[INFO] [stdout] 
[INFO] [stdout] running 4 tests
[INFO] [stdout] test src/lib.rs - Text (line 77) ... FAILED
[INFO] [stdout] test src/lib.rs - Tree (line 175) ... ok
[INFO] [stdout] test src/lib.rs - Graph (line 306) ... ok
[INFO] [stdout] test src/lib.rs - (line 19) ... ok
[INFO] [stdout] 
[INFO] [stdout] failures:
[INFO] [stdout] 
[INFO] [stdout] ---- src/lib.rs - Text (line 77) stdout ----
[INFO] [stdout] error[E0061]: this function takes 2 arguments but 1 argument was supplied
[INFO] [stdout]   --> src/lib.rs:78:16
[INFO] [stdout]    |
[INFO] [stdout] 4  | let mut text = deviz::text("3 * 4");
[INFO] [stdout]    |                ^^^^^^^^^^^ ------- supplied 1 argument
[INFO] [stdout]    |                |
[INFO] [stdout]    |                expected 2 arguments
[INFO] [stdout]    |
[INFO] [stdout] note: function defined here
[INFO] [stdout]   --> /opt/rustwide/workdir/src/lib.rs:69:8
[INFO] [stdout]    |
[INFO] [stdout] 69 | pub fn text(pane_name: impl Into<String>, text: impl Into<String>) -> Text {
[INFO] [stdout]    |        ^^^^
[INFO] [stdout] 
[INFO] [stdout] error: aborting due to previous error
[INFO] [stdout] 
[INFO] [stdout] For more information about this error, try `rustc --explain E0061`.
[INFO] [stdout] Couldn't compile the test.
[INFO] [stdout] 
[INFO] [stdout] failures:
[INFO] [stdout]     src/lib.rs - Text (line 77)
[INFO] [stdout] 
[INFO] [stdout] test result: FAILED. 3 passed; 1 failed; 0 ignored; 0 measured; 0 filtered out; finished in 0.51s
[INFO] [stdout] 
[INFO] [stderr] error: test failed, to rerun pass '--doc'
[INFO] running `Command { std: "docker" "inspect" "3f3c21de86380984c3ede82cae5eba94843431772a83b0f3cd23a28328a1f208", kill_on_drop: false }`
[INFO] running `Command { std: "docker" "rm" "-f" "3f3c21de86380984c3ede82cae5eba94843431772a83b0f3cd23a28328a1f208", kill_on_drop: false }`
[INFO] [stdout] 3f3c21de86380984c3ede82cae5eba94843431772a83b0f3cd23a28328a1f208
