[INFO] fetching crate destiny 0.2.1...
[INFO] testing destiny-0.2.1 against beta-2021-08-01 for beta-1.55-1
[INFO] extracting crate destiny 0.2.1 into /workspace/builds/worker-46/source
[INFO] validating manifest of crates.io crate destiny 0.2.1 on toolchain beta-2021-08-01
[INFO] running `Command { std: "/workspace/cargo-home/bin/cargo" "+beta-2021-08-01" "metadata" "--manifest-path" "Cargo.toml" "--no-deps", kill_on_drop: false }`
[INFO] started tweaking crates.io crate destiny 0.2.1
[INFO] finished tweaking crates.io crate destiny 0.2.1
[INFO] tweaked toml for crates.io crate destiny 0.2.1 written to /workspace/builds/worker-46/source/Cargo.toml
[INFO] running `Command { std: "/workspace/cargo-home/bin/cargo" "+beta-2021-08-01" "generate-lockfile" "--manifest-path" "Cargo.toml" "-Zno-index-update", kill_on_drop: false }`
[INFO] running `Command { std: "/workspace/cargo-home/bin/cargo" "+beta-2021-08-01" "fetch" "--manifest-path" "Cargo.toml", kill_on_drop: false }`
[INFO] [stderr]     Blocking waiting for file lock on package cache
[INFO] [stderr]     Blocking waiting for file lock on package cache
[INFO] [stderr]  Downloading crates ...
[INFO] [stderr]   Downloaded meval v0.2.0
[INFO] running `Command { std: "docker" "create" "-v" "/var/lib/crater-agent-workspace/builds/worker-46/target:/opt/rustwide/target:rw,Z" "-v" "/var/lib/crater-agent-workspace/builds/worker-46/source:/opt/rustwide/workdir:ro,Z" "-v" "/var/lib/crater-agent-workspace/cargo-home:/opt/rustwide/cargo-home:ro,Z" "-v" "/var/lib/crater-agent-workspace/rustup-home:/opt/rustwide/rustup-home:ro,Z" "-e" "SOURCE_DIR=/opt/rustwide/workdir" "-e" "CARGO_TARGET_DIR=/opt/rustwide/target" "-e" "CARGO_HOME=/opt/rustwide/cargo-home" "-e" "RUSTUP_HOME=/opt/rustwide/rustup-home" "-w" "/opt/rustwide/workdir" "-m" "1610612736" "--user" "0:0" "--network" "none" "ghcr.io/rust-lang/crates-build-env/linux@sha256:34b6a614d2c27851fe6cbf88fbd1137609cefab8b10d0615aaeb6fd47975d74e" "/opt/rustwide/cargo-home/bin/cargo" "+beta-2021-08-01" "metadata" "--no-deps" "--format-version=1", kill_on_drop: false }`
[INFO] [stdout] 81256a42c07d0bf3102b8b6ed23a4e32b35e51bd569e7917e603e1aebdc33a64
[INFO] running `Command { std: "docker" "start" "-a" "81256a42c07d0bf3102b8b6ed23a4e32b35e51bd569e7917e603e1aebdc33a64", kill_on_drop: false }`
[INFO] running `Command { std: "docker" "inspect" "81256a42c07d0bf3102b8b6ed23a4e32b35e51bd569e7917e603e1aebdc33a64", kill_on_drop: false }`
[INFO] running `Command { std: "docker" "rm" "-f" "81256a42c07d0bf3102b8b6ed23a4e32b35e51bd569e7917e603e1aebdc33a64", kill_on_drop: false }`
[INFO] [stdout] 81256a42c07d0bf3102b8b6ed23a4e32b35e51bd569e7917e603e1aebdc33a64
[INFO] running `Command { std: "docker" "create" "-v" "/var/lib/crater-agent-workspace/builds/worker-46/target:/opt/rustwide/target:rw,Z" "-v" "/var/lib/crater-agent-workspace/builds/worker-46/source:/opt/rustwide/workdir:ro,Z" "-v" "/var/lib/crater-agent-workspace/cargo-home:/opt/rustwide/cargo-home:ro,Z" "-v" "/var/lib/crater-agent-workspace/rustup-home:/opt/rustwide/rustup-home:ro,Z" "-e" "SOURCE_DIR=/opt/rustwide/workdir" "-e" "CARGO_TARGET_DIR=/opt/rustwide/target" "-e" "CARGO_INCREMENTAL=0" "-e" "RUST_BACKTRACE=full" "-e" "RUSTFLAGS=--cap-lints=warn" "-e" "CARGO_HOME=/opt/rustwide/cargo-home" "-e" "RUSTUP_HOME=/opt/rustwide/rustup-home" "-w" "/opt/rustwide/workdir" "-m" "1610612736" "--user" "0:0" "--network" "none" "ghcr.io/rust-lang/crates-build-env/linux@sha256:34b6a614d2c27851fe6cbf88fbd1137609cefab8b10d0615aaeb6fd47975d74e" "/opt/rustwide/cargo-home/bin/cargo" "+beta-2021-08-01" "build" "--frozen" "--message-format=json", kill_on_drop: false }`
[INFO] [stdout] 0299a97e90963512760cb7aa3d675713c03e6f5b93935940d56762a50465f745
[INFO] running `Command { std: "docker" "start" "-a" "0299a97e90963512760cb7aa3d675713c03e6f5b93935940d56762a50465f745", kill_on_drop: false }`
[INFO] [stderr]    Compiling libc v0.2.98
[INFO] [stderr]    Compiling autocfg v1.0.1
[INFO] [stderr]    Compiling lazy_static v1.4.0
[INFO] [stderr]    Compiling memchr v2.4.0
[INFO] [stderr]    Compiling crossbeam-utils v0.8.5
[INFO] [stderr]    Compiling crossbeam-epoch v0.9.5
[INFO] [stderr]    Compiling serde v1.0.127
[INFO] [stderr]    Compiling rayon-core v1.9.1
[INFO] [stderr]    Compiling ryu v1.0.5
[INFO] [stderr]    Compiling scopeguard v1.1.0
[INFO] [stderr]    Compiling regex-automata v0.1.10
[INFO] [stderr]    Compiling itoa v0.4.7
[INFO] [stderr]    Compiling byteorder v1.4.3
[INFO] [stderr]    Compiling either v1.6.1
[INFO] [stderr]    Compiling encode_unicode v0.3.6
[INFO] [stderr]    Compiling nom v1.2.4
[INFO] [stderr]    Compiling fnv v1.0.7
[INFO] [stderr]    Compiling regex-syntax v0.6.25
[INFO] [stderr]    Compiling unicode-width v0.1.8
[INFO] [stderr]    Compiling itertools v0.8.2
[INFO] [stderr]    Compiling memoffset v0.6.4
[INFO] [stderr]    Compiling rayon v1.5.1
[INFO] [stderr]    Compiling meval v0.2.0
[INFO] [stderr]    Compiling crossbeam-channel v0.5.1
[INFO] [stderr]    Compiling csv-core v0.1.10
[INFO] [stderr]    Compiling aho-corasick v0.7.18
[INFO] [stderr]    Compiling getrandom v0.1.16
[INFO] [stderr]    Compiling dirs v1.0.5
[INFO] [stderr]    Compiling num_cpus v1.13.0
[INFO] [stderr]    Compiling atty v0.2.14
[INFO] [stderr]    Compiling term v0.5.2
[INFO] [stderr]    Compiling rand_core v0.5.1
[INFO] [stderr]    Compiling crossbeam-deque v0.8.1
[INFO] [stderr]    Compiling rand_chacha v0.2.2
[INFO] [stderr]    Compiling rand v0.7.3
[INFO] [stderr]    Compiling regex v1.5.4
[INFO] [stderr]    Compiling bstr v0.2.16
[INFO] [stderr]    Compiling csv v1.1.6
[INFO] [stderr]    Compiling prettytable-rs v0.8.0
[INFO] [stderr]    Compiling destiny v0.2.1 (/opt/rustwide/workdir)
[INFO] [stdout] warning: unused borrow that must be used
[INFO] [stdout]    --> src/lib.rs:221:9
[INFO] [stdout]     |
[INFO] [stdout] 221 |         &self.table().printstd();
[INFO] [stdout]     |         ^^^^^^^^^^^^^^^^^^^^^^^^
[INFO] [stdout]     |
[INFO] [stdout]     = note: `#[warn(unused_must_use)]` on by default
[INFO] [stdout] 
[INFO] [stdout] 
[INFO] [stdout] warning: 1 warning emitted
[INFO] [stdout] 
[INFO] [stdout] 
[INFO] [stderr]     Finished dev [unoptimized + debuginfo] target(s) in 11.51s
[INFO] running `Command { std: "docker" "inspect" "0299a97e90963512760cb7aa3d675713c03e6f5b93935940d56762a50465f745", kill_on_drop: false }`
[INFO] running `Command { std: "docker" "rm" "-f" "0299a97e90963512760cb7aa3d675713c03e6f5b93935940d56762a50465f745", kill_on_drop: false }`
[INFO] [stdout] 0299a97e90963512760cb7aa3d675713c03e6f5b93935940d56762a50465f745
[INFO] running `Command { std: "docker" "create" "-v" "/var/lib/crater-agent-workspace/builds/worker-46/target:/opt/rustwide/target:rw,Z" "-v" "/var/lib/crater-agent-workspace/builds/worker-46/source:/opt/rustwide/workdir:ro,Z" "-v" "/var/lib/crater-agent-workspace/cargo-home:/opt/rustwide/cargo-home:ro,Z" "-v" "/var/lib/crater-agent-workspace/rustup-home:/opt/rustwide/rustup-home:ro,Z" "-e" "SOURCE_DIR=/opt/rustwide/workdir" "-e" "CARGO_TARGET_DIR=/opt/rustwide/target" "-e" "CARGO_INCREMENTAL=0" "-e" "RUST_BACKTRACE=full" "-e" "RUSTFLAGS=--cap-lints=warn" "-e" "CARGO_HOME=/opt/rustwide/cargo-home" "-e" "RUSTUP_HOME=/opt/rustwide/rustup-home" "-w" "/opt/rustwide/workdir" "-m" "1610612736" "--user" "0:0" "--network" "none" "ghcr.io/rust-lang/crates-build-env/linux@sha256:34b6a614d2c27851fe6cbf88fbd1137609cefab8b10d0615aaeb6fd47975d74e" "/opt/rustwide/cargo-home/bin/cargo" "+beta-2021-08-01" "test" "--frozen" "--no-run" "--message-format=json", kill_on_drop: false }`
[INFO] [stdout] 1ac3ad50545d2a4f854b501eaea61fa3fbb8218211d01c557ba310ddbff1e30b
[INFO] running `Command { std: "docker" "start" "-a" "1ac3ad50545d2a4f854b501eaea61fa3fbb8218211d01c557ba310ddbff1e30b", kill_on_drop: false }`
[INFO] [stderr]    Compiling destiny v0.2.1 (/opt/rustwide/workdir)
[INFO] [stdout] warning: unused borrow that must be used
[INFO] [stdout]    --> src/lib.rs:221:9
[INFO] [stdout]     |
[INFO] [stdout] 221 |         &self.table().printstd();
[INFO] [stdout]     |         ^^^^^^^^^^^^^^^^^^^^^^^^
[INFO] [stdout]     |
[INFO] [stdout]     = note: `#[warn(unused_must_use)]` on by default
[INFO] [stdout] 
[INFO] [stdout] 
[INFO] [stdout] warning: 1 warning emitted
[INFO] [stdout] 
[INFO] [stdout] 
[INFO] [stdout] warning: unused borrow that must be used
[INFO] [stdout]    --> src/lib.rs:221:9
[INFO] [stdout]     |
[INFO] [stdout] 221 |         &self.table().printstd();
[INFO] [stdout]     |         ^^^^^^^^^^^^^^^^^^^^^^^^
[INFO] [stdout]     |
[INFO] [stdout]     = note: `#[warn(unused_must_use)]` on by default
[INFO] [stdout] 
[INFO] [stdout] 
[INFO] [stdout] warning: 1 warning emitted
[INFO] [stdout] 
[INFO] [stdout] 
[INFO] [stderr]     Finished test [unoptimized + debuginfo] target(s) in 3.88s
[INFO] running `Command { std: "docker" "inspect" "1ac3ad50545d2a4f854b501eaea61fa3fbb8218211d01c557ba310ddbff1e30b", kill_on_drop: false }`
[INFO] running `Command { std: "docker" "rm" "-f" "1ac3ad50545d2a4f854b501eaea61fa3fbb8218211d01c557ba310ddbff1e30b", kill_on_drop: false }`
[INFO] [stdout] 1ac3ad50545d2a4f854b501eaea61fa3fbb8218211d01c557ba310ddbff1e30b
[INFO] running `Command { std: "docker" "create" "-v" "/var/lib/crater-agent-workspace/builds/worker-46/target:/opt/rustwide/target:rw,Z" "-v" "/var/lib/crater-agent-workspace/builds/worker-46/source:/opt/rustwide/workdir:ro,Z" "-v" "/var/lib/crater-agent-workspace/cargo-home:/opt/rustwide/cargo-home:ro,Z" "-v" "/var/lib/crater-agent-workspace/rustup-home:/opt/rustwide/rustup-home:ro,Z" "-e" "SOURCE_DIR=/opt/rustwide/workdir" "-e" "CARGO_TARGET_DIR=/opt/rustwide/target" "-e" "CARGO_INCREMENTAL=0" "-e" "RUST_BACKTRACE=full" "-e" "RUSTFLAGS=--cap-lints=warn" "-e" "CARGO_HOME=/opt/rustwide/cargo-home" "-e" "RUSTUP_HOME=/opt/rustwide/rustup-home" "-w" "/opt/rustwide/workdir" "-m" "1610612736" "--user" "0:0" "--network" "none" "ghcr.io/rust-lang/crates-build-env/linux@sha256:34b6a614d2c27851fe6cbf88fbd1137609cefab8b10d0615aaeb6fd47975d74e" "/opt/rustwide/cargo-home/bin/cargo" "+beta-2021-08-01" "test" "--frozen", kill_on_drop: false }`
[INFO] [stdout] cedcf67c4f44927f34b1de7c5f509d6a1fe9aa6967411df6feb6951f8bf6da62
[INFO] running `Command { std: "docker" "start" "-a" "cedcf67c4f44927f34b1de7c5f509d6a1fe9aa6967411df6feb6951f8bf6da62", kill_on_drop: false }`
[INFO] [stderr] warning: unused borrow that must be used
[INFO] [stderr]    --> src/lib.rs:221:9
[INFO] [stderr]     |
[INFO] [stderr] 221 |         &self.table().printstd();
[INFO] [stderr]     |         ^^^^^^^^^^^^^^^^^^^^^^^^
[INFO] [stderr]     |
[INFO] [stderr]     = note: `#[warn(unused_must_use)]` on by default
[INFO] [stderr] 
[INFO] [stderr] warning: `destiny` (lib) generated 1 warning
[INFO] [stderr] warning: `destiny` (lib test) generated 1 warning (1 duplicate)
[INFO] [stderr]     Finished test [unoptimized + debuginfo] target(s) in 0.04s
[INFO] [stderr]      Running unittests (/opt/rustwide/target/debug/deps/destiny-c496d29ef9083e34)
[INFO] [stdout] 
[INFO] [stdout] running 14 tests
[INFO] [stdout] test tests::test_complexity_1 ... ok
[INFO] [stdout] test tests::test_complexity_2 ... ok
[INFO] [stdout] test tests::test_complexity_3 ... ok
[INFO] [stdout] test tests::test_more_whitespace ... ok
[INFO] [stdout] test tests::test_math_3 ... ok
[INFO] [stdout] test tests::test_math_1 ... ok
[INFO] [stdout] test tests::test_math_2 ... ok
[INFO] [stdout] test tests::test_math ... ok
[INFO] [stdout] test tests::test_complexity_4 ... ok
[INFO] [stdout] test tests::test_less_whitespace ... ok
[INFO] [stdout] test tests::test_math_4 ... ok
[INFO] [stdout] test tests::test_parse_dice_string ... ok
[INFO] [stdout] test tests::test_distribution_1 ... ok
[INFO] [stdout] test tests::test_distribution_2 ... ok
[INFO] [stdout] 
[INFO] [stdout] test result: ok. 14 passed; 0 failed; 0 ignored; 0 measured; 0 filtered out; finished in 0.21s
[INFO] [stdout] 
[INFO] [stderr]    Doc-tests destiny
[INFO] [stdout] 
[INFO] [stdout] running 11 tests
[INFO] [stdout] test src/lib.rs - parse_dice_string (line 104) ... FAILED
[INFO] [stdout] test src/lib.rs - possible_rolls (line 280) ... FAILED
[INFO] [stdout] test src/lib.rs - roll_complexity (line 233) ... ok
[INFO] [stdout] test src/lib.rs - (line 5) ... ok
[INFO] [stdout] test src/lib.rs - parse_dice_string (line 111) ... ok
[INFO] [stdout] test src/lib.rs - parse_dice_string (line 97) ... ok
[INFO] [stdout] test src/lib.rs - DiceDistribution (line 150) ... ok
[INFO] [stdout] test src/lib.rs - possible_rolls (line 272) ... ok
[INFO] [stdout] test src/lib.rs - roll_distribution (line 313) ... ok
[INFO] [stdout] test src/lib.rs - possible_rolls (line 288) ... ok
[INFO] [stdout] test src/lib.rs - (line 16) ... ok
[INFO] [stdout] 
[INFO] [stdout] failures:
[INFO] [stdout] 
[INFO] [stdout] ---- src/lib.rs - parse_dice_string (line 104) stdout ----
[INFO] [stdout] error: linking with `cc` failed: exit status: 1
[INFO] [stdout]   |
[INFO] [stdout]   = note: "cc" "-m64" "/tmp/rustdoctestqNOLpL/rust_out.rust_out.1376475e-cgu.0.rcgu.o" "/tmp/rustdoctestqNOLpL/rust_out.3oi7hjnjienb8flc.rcgu.o" "-Wl,--as-needed" "-L" "/opt/rustwide/target/debug/deps" "-L" "/opt/rustwide/target/debug/deps" "-L" "/opt/rustwide/rustup-home/toolchains/beta-2021-08-01-x86_64-unknown-linux-gnu/lib/rustlib/x86_64-unknown-linux-gnu/lib" "-Wl,-Bstatic" "/opt/rustwide/target/debug/deps/libdestiny-9a5df6d163840944.rlib" "/opt/rustwide/target/debug/deps/librand-e085ba6f6ef0faff.rlib" "/opt/rustwide/target/debug/deps/librand_chacha-ea45559e7e4fd4d0.rlib" "/opt/rustwide/target/debug/deps/libppv_lite86-8619f3436cd33015.rlib" "/opt/rustwide/target/debug/deps/librand_core-e24bed7053b0c534.rlib" "/opt/rustwide/target/debug/deps/libgetrandom-7fe28e5e757e88bf.rlib" "/opt/rustwide/target/debug/deps/libitertools-4806aa4d2d2c31bc.rlib" "/opt/rustwide/target/debug/deps/librayon-6e60e86c1ae888e0.rlib" "/opt/rustwide/target/debug/deps/librayon_core-b511b8173b20f493.rlib" "/opt/rustwide/target/debug/deps/libnum_cpus-c71919f527130ee7.rlib" "/opt/rustwide/target/debug/deps/libcrossbeam_deque-f2b23af11cc4f04c.rlib" "/opt/rustwide/target/debug/deps/libcrossbeam_epoch-360f83b335670031.rlib" "/opt/rustwide/target/debug/deps/libmemoffset-3e61ca8e83be7f2b.rlib" "/opt/rustwide/target/debug/deps/libscopeguard-77ffbe2fe379a2bf.rlib" "/opt/rustwide/target/debug/deps/libcrossbeam_channel-91f991540701651d.rlib" "/opt/rustwide/target/debug/deps/libcrossbeam_utils-3e099b1fb8f128e1.rlib" "/opt/rustwide/target/debug/deps/libcfg_if-0d27f345b2a6a3cd.rlib" "/opt/rustwide/target/debug/deps/libeither-867d2789c96c5e02.rlib" "/opt/rustwide/target/debug/deps/libprettytable-d11988d3d2b81a0f.rlib" "/opt/rustwide/target/debug/deps/libcsv-72f87bef2867235a.rlib" "/opt/rustwide/target/debug/deps/libryu-58d6bdbbdb00e196.rlib" "/opt/rustwide/target/debug/deps/libitoa-f0883342bffd153c.rlib" "/opt/rustwide/target/debug/deps/libcsv_core-74665dcaa254ec92.rlib" "/opt/rustwide/target/debug/deps/libbstr-46a525773bbe47b1.rlib" "/opt/rustwide/target/debug/deps/libregex_automata-6938c5cf0487016d.rlib" "/opt/rustwide/target/debug/deps/libserde-7fdb8f204cf34bbe.rlib" "/opt/rustwide/target/debug/deps/libencode_unicode-eb15572953a9c06d.rlib" "/opt/rustwide/target/debug/deps/liblazy_static-e92083d5a39a8b50.rlib" "/opt/rustwide/target/debug/deps/libatty-1a6babd8c9b547fa.rlib" "/opt/rustwide/target/debug/deps/libterm-940627090d3bbfc2.rlib" "/opt/rustwide/target/debug/deps/libdirs-734a418019a5438d.rlib" "/opt/rustwide/target/debug/deps/liblibc-bd0a7f2f55865ae0.rlib" "/opt/rustwide/target/debug/deps/libbyteorder-f30fa083324a1476.rlib" "/opt/rustwide/target/debug/deps/libunicode_width-31fed32a2fe36ec3.rlib" "/opt/rustwide/target/debug/deps/libregex-a3872ea1c1199fca.rlib" "/opt/rustwide/target/debug/deps/libaho_corasick-e187271509b4f902.rlib" "/opt/rustwide/target/debug/deps/libmemchr-fdb14ed691dc70dd.rlib" "/opt/rustwide/target/debug/deps/libregex_syntax-b1f5a8f2fb571c3f.rlib" "/opt/rustwide/target/debug/deps/libmeval-f72134ecc1e44015.rlib" "/opt/rustwide/target/debug/deps/libfnv-059813dc4f8dd4c8.rlib" "/opt/rustwide/target/debug/deps/libnom-05a8d26238094301.rlib" "-Wl,--start-group" "/opt/rustwide/rustup-home/toolchains/beta-2021-08-01-x86_64-unknown-linux-gnu/lib/rustlib/x86_64-unknown-linux-gnu/lib/libstd-197d933f09d9a590.rlib" "/opt/rustwide/rustup-home/toolchains/beta-2021-08-01-x86_64-unknown-linux-gnu/lib/rustlib/x86_64-unknown-linux-gnu/lib/libpanic_unwind-46a006cddfd334f0.rlib" "/opt/rustwide/rustup-home/toolchains/beta-2021-08-01-x86_64-unknown-linux-gnu/lib/rustlib/x86_64-unknown-linux-gnu/lib/libminiz_oxide-5b9870310e470b38.rlib" "/opt/rustwide/rustup-home/toolchains/beta-2021-08-01-x86_64-unknown-linux-gnu/lib/rustlib/x86_64-unknown-linux-gnu/lib/libadler-260022ba8f1ab4ee.rlib" "/opt/rustwide/rustup-home/toolchains/beta-2021-08-01-x86_64-unknown-linux-gnu/lib/rustlib/x86_64-unknown-linux-gnu/lib/libobject-71377435a799394f.rlib" "/opt/rustwide/rustup-home/toolchains/beta-2021-08-01-x86_64-unknown-linux-gnu/lib/rustlib/x86_64-unknown-linux-gnu/lib/libaddr2line-658ee5924fde57cd.rlib" "/opt/rustwide/rustup-home/toolchains/beta-2021-08-01-x86_64-unknown-linux-gnu/lib/rustlib/x86_64-unknown-linux-gnu/lib/libgimli-9e8627da6bd1b94a.rlib" "/opt/rustwide/rustup-home/toolchains/beta-2021-08-01-x86_64-unknown-linux-gnu/lib/rustlib/x86_64-unknown-linux-gnu/lib/libstd_detect-19fdaac49f59be84.rlib" "/opt/rustwide/rustup-home/toolchains/beta-2021-08-01-x86_64-unknown-linux-gnu/lib/rustlib/x86_64-unknown-linux-gnu/lib/librustc_demangle-cb00e2691ea45905.rlib" "/opt/rustwide/rustup-home/toolchains/beta-2021-08-01-x86_64-unknown-linux-gnu/lib/rustlib/x86_64-unknown-linux-gnu/lib/libhashbrown-50f6726defae5ae1.rlib" "/opt/rustwide/rustup-home/toolchains/beta-2021-08-01-x86_64-unknown-linux-gnu/lib/rustlib/x86_64-unknown-linux-gnu/lib/librustc_std_workspace_alloc-2afc16311deea26e.rlib" "/opt/rustwide/rustup-home/toolchains/beta-2021-08-01-x86_64-unknown-linux-gnu/lib/rustlib/x86_64-unknown-linux-gnu/lib/libunwind-bb5cb0fe086ee8cf.rlib" "/opt/rustwide/rustup-home/toolchains/beta-2021-08-01-x86_64-unknown-linux-gnu/lib/rustlib/x86_64-unknown-linux-gnu/lib/libcfg_if-896053247b5dfd0b.rlib" "/opt/rustwide/rustup-home/toolchains/beta-2021-08-01-x86_64-unknown-linux-gnu/lib/rustlib/x86_64-unknown-linux-gnu/lib/liblibc-735e1f2ac3cf23be.rlib" "/opt/rustwide/rustup-home/toolchains/beta-2021-08-01-x86_64-unknown-linux-gnu/lib/rustlib/x86_64-unknown-linux-gnu/lib/liballoc-9dfb6622644c732c.rlib" "/opt/rustwide/rustup-home/toolchains/beta-2021-08-01-x86_64-unknown-linux-gnu/lib/rustlib/x86_64-unknown-linux-gnu/lib/librustc_std_workspace_core-beea7d9617fe25c5.rlib" "/opt/rustwide/rustup-home/toolchains/beta-2021-08-01-x86_64-unknown-linux-gnu/lib/rustlib/x86_64-unknown-linux-gnu/lib/libcore-8ef7dd43fc671f88.rlib" "-Wl,--end-group" "/opt/rustwide/rustup-home/toolchains/beta-2021-08-01-x86_64-unknown-linux-gnu/lib/rustlib/x86_64-unknown-linux-gnu/lib/libcompiler_builtins-a9a3b2ad67977f47.rlib" "-Wl,-Bdynamic" "-lgcc_s" "-lutil" "-lrt" "-lpthread" "-lm" "-ldl" "-lc" "-Wl,--eh-frame-hdr" "-Wl,-znoexecstack" "-L" "/opt/rustwide/rustup-home/toolchains/beta-2021-08-01-x86_64-unknown-linux-gnu/lib/rustlib/x86_64-unknown-linux-gnu/lib" "-o" "/tmp/rustdoctestqNOLpL/rust_out" "-Wl,--gc-sections" "-pie" "-Wl,-zrelro" "-Wl,-znow" "-nodefaultlibs"
[INFO] [stdout]   = note: collect2: fatal error: ld terminated with signal 9 [Killed]
[INFO] [stdout]           compilation terminated.
[INFO] [stdout]           
[INFO] [stdout] 
[INFO] [stdout] error: aborting due to previous error
[INFO] [stdout] 
[INFO] [stdout] Couldn't compile the test.
[INFO] [stdout] ---- src/lib.rs - possible_rolls (line 280) stdout ----
[INFO] [stdout] error: linking with `cc` failed: exit status: 1
[INFO] [stdout]   |
[INFO] [stdout]   = note: "cc" "-m64" "/tmp/rustdoctestF1uejR/rust_out.rust_out.1376475e-cgu.0.rcgu.o" "/tmp/rustdoctestF1uejR/rust_out.3oi7hjnjienb8flc.rcgu.o" "-Wl,--as-needed" "-L" "/opt/rustwide/target/debug/deps" "-L" "/opt/rustwide/target/debug/deps" "-L" "/opt/rustwide/rustup-home/toolchains/beta-2021-08-01-x86_64-unknown-linux-gnu/lib/rustlib/x86_64-unknown-linux-gnu/lib" "-Wl,-Bstatic" "/opt/rustwide/target/debug/deps/libdestiny-9a5df6d163840944.rlib" "/opt/rustwide/target/debug/deps/librand-e085ba6f6ef0faff.rlib" "/opt/rustwide/target/debug/deps/librand_chacha-ea45559e7e4fd4d0.rlib" "/opt/rustwide/target/debug/deps/libppv_lite86-8619f3436cd33015.rlib" "/opt/rustwide/target/debug/deps/librand_core-e24bed7053b0c534.rlib" "/opt/rustwide/target/debug/deps/libgetrandom-7fe28e5e757e88bf.rlib" "/opt/rustwide/target/debug/deps/libitertools-4806aa4d2d2c31bc.rlib" "/opt/rustwide/target/debug/deps/librayon-6e60e86c1ae888e0.rlib" "/opt/rustwide/target/debug/deps/librayon_core-b511b8173b20f493.rlib" "/opt/rustwide/target/debug/deps/libnum_cpus-c71919f527130ee7.rlib" "/opt/rustwide/target/debug/deps/libcrossbeam_deque-f2b23af11cc4f04c.rlib" "/opt/rustwide/target/debug/deps/libcrossbeam_epoch-360f83b335670031.rlib" "/opt/rustwide/target/debug/deps/libmemoffset-3e61ca8e83be7f2b.rlib" "/opt/rustwide/target/debug/deps/libscopeguard-77ffbe2fe379a2bf.rlib" "/opt/rustwide/target/debug/deps/libcrossbeam_channel-91f991540701651d.rlib" "/opt/rustwide/target/debug/deps/libcrossbeam_utils-3e099b1fb8f128e1.rlib" "/opt/rustwide/target/debug/deps/libcfg_if-0d27f345b2a6a3cd.rlib" "/opt/rustwide/target/debug/deps/libeither-867d2789c96c5e02.rlib" "/opt/rustwide/target/debug/deps/libprettytable-d11988d3d2b81a0f.rlib" "/opt/rustwide/target/debug/deps/libcsv-72f87bef2867235a.rlib" "/opt/rustwide/target/debug/deps/libryu-58d6bdbbdb00e196.rlib" "/opt/rustwide/target/debug/deps/libitoa-f0883342bffd153c.rlib" "/opt/rustwide/target/debug/deps/libcsv_core-74665dcaa254ec92.rlib" "/opt/rustwide/target/debug/deps/libbstr-46a525773bbe47b1.rlib" "/opt/rustwide/target/debug/deps/libregex_automata-6938c5cf0487016d.rlib" "/opt/rustwide/target/debug/deps/libserde-7fdb8f204cf34bbe.rlib" "/opt/rustwide/target/debug/deps/libencode_unicode-eb15572953a9c06d.rlib" "/opt/rustwide/target/debug/deps/liblazy_static-e92083d5a39a8b50.rlib" "/opt/rustwide/target/debug/deps/libatty-1a6babd8c9b547fa.rlib" "/opt/rustwide/target/debug/deps/libterm-940627090d3bbfc2.rlib" "/opt/rustwide/target/debug/deps/libdirs-734a418019a5438d.rlib" "/opt/rustwide/target/debug/deps/liblibc-bd0a7f2f55865ae0.rlib" "/opt/rustwide/target/debug/deps/libbyteorder-f30fa083324a1476.rlib" "/opt/rustwide/target/debug/deps/libunicode_width-31fed32a2fe36ec3.rlib" "/opt/rustwide/target/debug/deps/libregex-a3872ea1c1199fca.rlib" "/opt/rustwide/target/debug/deps/libaho_corasick-e187271509b4f902.rlib" "/opt/rustwide/target/debug/deps/libmemchr-fdb14ed691dc70dd.rlib" "/opt/rustwide/target/debug/deps/libregex_syntax-b1f5a8f2fb571c3f.rlib" "/opt/rustwide/target/debug/deps/libmeval-f72134ecc1e44015.rlib" "/opt/rustwide/target/debug/deps/libfnv-059813dc4f8dd4c8.rlib" "/opt/rustwide/target/debug/deps/libnom-05a8d26238094301.rlib" "-Wl,--start-group" "/opt/rustwide/rustup-home/toolchains/beta-2021-08-01-x86_64-unknown-linux-gnu/lib/rustlib/x86_64-unknown-linux-gnu/lib/libstd-197d933f09d9a590.rlib" "/opt/rustwide/rustup-home/toolchains/beta-2021-08-01-x86_64-unknown-linux-gnu/lib/rustlib/x86_64-unknown-linux-gnu/lib/libpanic_unwind-46a006cddfd334f0.rlib" "/opt/rustwide/rustup-home/toolchains/beta-2021-08-01-x86_64-unknown-linux-gnu/lib/rustlib/x86_64-unknown-linux-gnu/lib/libminiz_oxide-5b9870310e470b38.rlib" "/opt/rustwide/rustup-home/toolchains/beta-2021-08-01-x86_64-unknown-linux-gnu/lib/rustlib/x86_64-unknown-linux-gnu/lib/libadler-260022ba8f1ab4ee.rlib" "/opt/rustwide/rustup-home/toolchains/beta-2021-08-01-x86_64-unknown-linux-gnu/lib/rustlib/x86_64-unknown-linux-gnu/lib/libobject-71377435a799394f.rlib" "/opt/rustwide/rustup-home/toolchains/beta-2021-08-01-x86_64-unknown-linux-gnu/lib/rustlib/x86_64-unknown-linux-gnu/lib/libaddr2line-658ee5924fde57cd.rlib" "/opt/rustwide/rustup-home/toolchains/beta-2021-08-01-x86_64-unknown-linux-gnu/lib/rustlib/x86_64-unknown-linux-gnu/lib/libgimli-9e8627da6bd1b94a.rlib" "/opt/rustwide/rustup-home/toolchains/beta-2021-08-01-x86_64-unknown-linux-gnu/lib/rustlib/x86_64-unknown-linux-gnu/lib/libstd_detect-19fdaac49f59be84.rlib" "/opt/rustwide/rustup-home/toolchains/beta-2021-08-01-x86_64-unknown-linux-gnu/lib/rustlib/x86_64-unknown-linux-gnu/lib/librustc_demangle-cb00e2691ea45905.rlib" "/opt/rustwide/rustup-home/toolchains/beta-2021-08-01-x86_64-unknown-linux-gnu/lib/rustlib/x86_64-unknown-linux-gnu/lib/libhashbrown-50f6726defae5ae1.rlib" "/opt/rustwide/rustup-home/toolchains/beta-2021-08-01-x86_64-unknown-linux-gnu/lib/rustlib/x86_64-unknown-linux-gnu/lib/librustc_std_workspace_alloc-2afc16311deea26e.rlib" "/opt/rustwide/rustup-home/toolchains/beta-2021-08-01-x86_64-unknown-linux-gnu/lib/rustlib/x86_64-unknown-linux-gnu/lib/libunwind-bb5cb0fe086ee8cf.rlib" "/opt/rustwide/rustup-home/toolchains/beta-2021-08-01-x86_64-unknown-linux-gnu/lib/rustlib/x86_64-unknown-linux-gnu/lib/libcfg_if-896053247b5dfd0b.rlib" "/opt/rustwide/rustup-home/toolchains/beta-2021-08-01-x86_64-unknown-linux-gnu/lib/rustlib/x86_64-unknown-linux-gnu/lib/liblibc-735e1f2ac3cf23be.rlib" "/opt/rustwide/rustup-home/toolchains/beta-2021-08-01-x86_64-unknown-linux-gnu/lib/rustlib/x86_64-unknown-linux-gnu/lib/liballoc-9dfb6622644c732c.rlib" "/opt/rustwide/rustup-home/toolchains/beta-2021-08-01-x86_64-unknown-linux-gnu/lib/rustlib/x86_64-unknown-linux-gnu/lib/librustc_std_workspace_core-beea7d9617fe25c5.rlib" "/opt/rustwide/rustup-home/toolchains/beta-2021-08-01-x86_64-unknown-linux-gnu/lib/rustlib/x86_64-unknown-linux-gnu/lib/libcore-8ef7dd43fc671f88.rlib" "-Wl,--end-group" "/opt/rustwide/rustup-home/toolchains/beta-2021-08-01-x86_64-unknown-linux-gnu/lib/rustlib/x86_64-unknown-linux-gnu/lib/libcompiler_builtins-a9a3b2ad67977f47.rlib" "-Wl,-Bdynamic" "-lgcc_s" "-lutil" "-lrt" "-lpthread" "-lm" "-ldl" "-lc" "-Wl,--eh-frame-hdr" "-Wl,-znoexecstack" "-L" "/opt/rustwide/rustup-home/toolchains/beta-2021-08-01-x86_64-unknown-linux-gnu/lib/rustlib/x86_64-unknown-linux-gnu/lib" "-o" "/tmp/rustdoctestF1uejR/rust_out" "-Wl,--gc-sections" "-pie" "-Wl,-zrelro" "-Wl,-znow" "-nodefaultlibs"
[INFO] [stdout]   = note: collect2: fatal error: ld terminated with signal 9 [Killed]
[INFO] [stdout]           compilation terminated.
[INFO] [stdout]           
[INFO] [stdout] 
[INFO] [stdout] error: aborting due to previous error
[INFO] [stdout] 
[INFO] [stdout] Couldn't compile the test.
[INFO] [stdout] 
[INFO] [stdout] failures:
[INFO] [stdout]     src/lib.rs - parse_dice_string (line 104)
[INFO] [stdout]     src/lib.rs - possible_rolls (line 280)
[INFO] [stdout] 
[INFO] [stdout] test result: FAILED. 9 passed; 2 failed; 0 ignored; 0 measured; 0 filtered out; finished in 3.10s
[INFO] [stdout] 
[INFO] [stderr] error: test failed, to rerun pass '--doc'
[INFO] running `Command { std: "docker" "inspect" "cedcf67c4f44927f34b1de7c5f509d6a1fe9aa6967411df6feb6951f8bf6da62", kill_on_drop: false }`
[INFO] running `Command { std: "docker" "rm" "-f" "cedcf67c4f44927f34b1de7c5f509d6a1fe9aa6967411df6feb6951f8bf6da62", kill_on_drop: false }`
[INFO] [stdout] cedcf67c4f44927f34b1de7c5f509d6a1fe9aa6967411df6feb6951f8bf6da62
