[INFO] fetching crate derive_is_enum_variant 0.1.1...
[INFO] testing derive_is_enum_variant-0.1.1 against 1.54.0 for beta-1.55-1
[INFO] extracting crate derive_is_enum_variant 0.1.1 into /workspace/builds/worker-28/source
[INFO] validating manifest of crates.io crate derive_is_enum_variant 0.1.1 on toolchain 1.54.0
[INFO] running `Command { std: "/workspace/cargo-home/bin/cargo" "+1.54.0" "metadata" "--manifest-path" "Cargo.toml" "--no-deps", kill_on_drop: false }`
[INFO] started tweaking crates.io crate derive_is_enum_variant 0.1.1
[INFO] finished tweaking crates.io crate derive_is_enum_variant 0.1.1
[INFO] tweaked toml for crates.io crate derive_is_enum_variant 0.1.1 written to /workspace/builds/worker-28/source/Cargo.toml
[INFO] running `Command { std: "/workspace/cargo-home/bin/cargo" "+1.54.0" "generate-lockfile" "--manifest-path" "Cargo.toml" "-Zno-index-update", kill_on_drop: false }`
[INFO] [stderr]     Blocking waiting for file lock on package cache
[INFO] running `Command { std: "/workspace/cargo-home/bin/cargo" "+1.54.0" "fetch" "--manifest-path" "Cargo.toml", kill_on_drop: false }`
[INFO] [stderr]     Blocking waiting for file lock on package cache
[INFO] [stderr]     Blocking waiting for file lock on package cache
[INFO] running `Command { std: "docker" "create" "-v" "/var/lib/crater-agent-workspace/builds/worker-28/target:/opt/rustwide/target:rw,Z" "-v" "/var/lib/crater-agent-workspace/builds/worker-28/source:/opt/rustwide/workdir:ro,Z" "-v" "/var/lib/crater-agent-workspace/cargo-home:/opt/rustwide/cargo-home:ro,Z" "-v" "/var/lib/crater-agent-workspace/rustup-home:/opt/rustwide/rustup-home:ro,Z" "-e" "SOURCE_DIR=/opt/rustwide/workdir" "-e" "CARGO_TARGET_DIR=/opt/rustwide/target" "-e" "CARGO_HOME=/opt/rustwide/cargo-home" "-e" "RUSTUP_HOME=/opt/rustwide/rustup-home" "-w" "/opt/rustwide/workdir" "-m" "1610612736" "--user" "0:0" "--network" "none" "ghcr.io/rust-lang/crates-build-env/linux@sha256:34b6a614d2c27851fe6cbf88fbd1137609cefab8b10d0615aaeb6fd47975d74e" "/opt/rustwide/cargo-home/bin/cargo" "+1.54.0" "metadata" "--no-deps" "--format-version=1", kill_on_drop: false }`
[INFO] [stdout] 75813a4ead4b4c83b94b4dd320b66164a2ed85c01e86a9133991919390d75509
[INFO] running `Command { std: "docker" "start" "-a" "75813a4ead4b4c83b94b4dd320b66164a2ed85c01e86a9133991919390d75509", kill_on_drop: false }`
[INFO] running `Command { std: "docker" "inspect" "75813a4ead4b4c83b94b4dd320b66164a2ed85c01e86a9133991919390d75509", kill_on_drop: false }`
[INFO] running `Command { std: "docker" "rm" "-f" "75813a4ead4b4c83b94b4dd320b66164a2ed85c01e86a9133991919390d75509", kill_on_drop: false }`
[INFO] [stdout] 75813a4ead4b4c83b94b4dd320b66164a2ed85c01e86a9133991919390d75509
[INFO] running `Command { std: "docker" "create" "-v" "/var/lib/crater-agent-workspace/builds/worker-28/target:/opt/rustwide/target:rw,Z" "-v" "/var/lib/crater-agent-workspace/builds/worker-28/source:/opt/rustwide/workdir:ro,Z" "-v" "/var/lib/crater-agent-workspace/cargo-home:/opt/rustwide/cargo-home:ro,Z" "-v" "/var/lib/crater-agent-workspace/rustup-home:/opt/rustwide/rustup-home:ro,Z" "-e" "SOURCE_DIR=/opt/rustwide/workdir" "-e" "CARGO_TARGET_DIR=/opt/rustwide/target" "-e" "CARGO_INCREMENTAL=0" "-e" "RUST_BACKTRACE=full" "-e" "RUSTFLAGS=--cap-lints=warn" "-e" "CARGO_HOME=/opt/rustwide/cargo-home" "-e" "RUSTUP_HOME=/opt/rustwide/rustup-home" "-w" "/opt/rustwide/workdir" "-m" "1610612736" "--user" "0:0" "--network" "none" "ghcr.io/rust-lang/crates-build-env/linux@sha256:34b6a614d2c27851fe6cbf88fbd1137609cefab8b10d0615aaeb6fd47975d74e" "/opt/rustwide/cargo-home/bin/cargo" "+1.54.0" "build" "--frozen" "--message-format=json", kill_on_drop: false }`
[INFO] [stdout] fedacad35a56ae84f59915c341a8b5f91fb0534ae3b6f8120a07bdfb6e7541d9
[INFO] running `Command { std: "docker" "start" "-a" "fedacad35a56ae84f59915c341a8b5f91fb0534ae3b6f8120a07bdfb6e7541d9", kill_on_drop: false }`
[INFO] [stderr]     Blocking waiting for file lock on package cache
[INFO] [stderr]     Blocking waiting for file lock on package cache
[INFO] [stderr]    Compiling unicode-xid v0.0.4
[INFO] [stderr]    Compiling quote v0.3.15
[INFO] [stderr]    Compiling unicode-segmentation v1.8.0
[INFO] [stderr]    Compiling synom v0.11.3
[INFO] [stderr]    Compiling syn v0.11.11
[INFO] [stderr]    Compiling heck v0.3.3
[INFO] [stderr]    Compiling derive_is_enum_variant v0.1.1 (/opt/rustwide/workdir)
[INFO] [stdout] warning: `...` range patterns are deprecated
[INFO] [stdout]    --> src/lib.rs:143:30
[INFO] [stdout]     |
[INFO] [stdout] 143 |                     '_' | 'a'...'z' | 'A'...'Z' | '0'...'9' => true,
[INFO] [stdout]     |                              ^^^ help: use `..=` for an inclusive range
[INFO] [stdout]     |
[INFO] [stdout]     = note: `#[warn(ellipsis_inclusive_range_patterns)]` on by default
[INFO] [stdout]     = warning: this was previously accepted by the compiler but is being phased out; it will become a hard error in the 2021 edition!
[INFO] [stdout]     = note: for more information, see issue #80165 <https://github.com/rust-lang/rust/issues/80165>
[INFO] [stdout] 
[INFO] [stdout] 
[INFO] [stdout] warning: `...` range patterns are deprecated
[INFO] [stdout]    --> src/lib.rs:143:42
[INFO] [stdout]     |
[INFO] [stdout] 143 |                     '_' | 'a'...'z' | 'A'...'Z' | '0'...'9' => true,
[INFO] [stdout]     |                                          ^^^ help: use `..=` for an inclusive range
[INFO] [stdout]     |
[INFO] [stdout]     = warning: this was previously accepted by the compiler but is being phased out; it will become a hard error in the 2021 edition!
[INFO] [stdout]     = note: for more information, see issue #80165 <https://github.com/rust-lang/rust/issues/80165>
[INFO] [stdout] 
[INFO] [stdout] 
[INFO] [stdout] warning: `...` range patterns are deprecated
[INFO] [stdout]    --> src/lib.rs:143:54
[INFO] [stdout]     |
[INFO] [stdout] 143 |                     '_' | 'a'...'z' | 'A'...'Z' | '0'...'9' => true,
[INFO] [stdout]     |                                                      ^^^ help: use `..=` for an inclusive range
[INFO] [stdout]     |
[INFO] [stdout]     = warning: this was previously accepted by the compiler but is being phased out; it will become a hard error in the 2021 edition!
[INFO] [stdout]     = note: for more information, see issue #80165 <https://github.com/rust-lang/rust/issues/80165>
[INFO] [stdout] 
[INFO] [stdout] 
[INFO] [stdout] warning: 3 warnings emitted
[INFO] [stdout] 
[INFO] [stdout] 
[INFO] [stderr]     Finished dev [unoptimized + debuginfo] target(s) in 3.67s
[INFO] running `Command { std: "docker" "inspect" "fedacad35a56ae84f59915c341a8b5f91fb0534ae3b6f8120a07bdfb6e7541d9", kill_on_drop: false }`
[INFO] running `Command { std: "docker" "rm" "-f" "fedacad35a56ae84f59915c341a8b5f91fb0534ae3b6f8120a07bdfb6e7541d9", kill_on_drop: false }`
[INFO] [stdout] fedacad35a56ae84f59915c341a8b5f91fb0534ae3b6f8120a07bdfb6e7541d9
[INFO] running `Command { std: "docker" "create" "-v" "/var/lib/crater-agent-workspace/builds/worker-28/target:/opt/rustwide/target:rw,Z" "-v" "/var/lib/crater-agent-workspace/builds/worker-28/source:/opt/rustwide/workdir:ro,Z" "-v" "/var/lib/crater-agent-workspace/cargo-home:/opt/rustwide/cargo-home:ro,Z" "-v" "/var/lib/crater-agent-workspace/rustup-home:/opt/rustwide/rustup-home:ro,Z" "-e" "SOURCE_DIR=/opt/rustwide/workdir" "-e" "CARGO_TARGET_DIR=/opt/rustwide/target" "-e" "CARGO_INCREMENTAL=0" "-e" "RUST_BACKTRACE=full" "-e" "RUSTFLAGS=--cap-lints=warn" "-e" "CARGO_HOME=/opt/rustwide/cargo-home" "-e" "RUSTUP_HOME=/opt/rustwide/rustup-home" "-w" "/opt/rustwide/workdir" "-m" "1610612736" "--user" "0:0" "--network" "none" "ghcr.io/rust-lang/crates-build-env/linux@sha256:34b6a614d2c27851fe6cbf88fbd1137609cefab8b10d0615aaeb6fd47975d74e" "/opt/rustwide/cargo-home/bin/cargo" "+1.54.0" "test" "--frozen" "--no-run" "--message-format=json", kill_on_drop: false }`
[INFO] [stdout] c6f921c9a75dc0fb0d0b78634a182c01727f74a79718dcaf672419a1e5eefd46
[INFO] running `Command { std: "docker" "start" "-a" "c6f921c9a75dc0fb0d0b78634a182c01727f74a79718dcaf672419a1e5eefd46", kill_on_drop: false }`
[INFO] [stderr]    Compiling diff v0.1.12
[INFO] [stdout] warning: `...` range patterns are deprecated
[INFO] [stdout]    --> src/lib.rs:143:30
[INFO] [stdout]     |
[INFO] [stdout] 143 |                     '_' | 'a'...'z' | 'A'...'Z' | '0'...'9' => true,
[INFO] [stdout]     |                              ^^^ help: use `..=` for an inclusive range
[INFO] [stdout]     |
[INFO] [stdout]     = note: `#[warn(ellipsis_inclusive_range_patterns)]` on by default
[INFO] [stdout]     = warning: this was previously accepted by the compiler but is being phased out; it will become a hard error in the 2021 edition!
[INFO] [stdout]     = note: for more information, see issue #80165 <https://github.com/rust-lang/rust/issues/80165>
[INFO] [stdout] 
[INFO] [stdout] 
[INFO] [stdout] warning: `...` range patterns are deprecated
[INFO] [stdout]    --> src/lib.rs:143:42
[INFO] [stdout]     |
[INFO] [stdout] 143 |                     '_' | 'a'...'z' | 'A'...'Z' | '0'...'9' => true,
[INFO] [stdout]     |                                          ^^^ help: use `..=` for an inclusive range
[INFO] [stdout]     |
[INFO] [stdout]     = warning: this was previously accepted by the compiler but is being phased out; it will become a hard error in the 2021 edition!
[INFO] [stdout]     = note: for more information, see issue #80165 <https://github.com/rust-lang/rust/issues/80165>
[INFO] [stdout] 
[INFO] [stdout] 
[INFO] [stdout] warning: `...` range patterns are deprecated
[INFO] [stdout]    --> src/lib.rs:143:54
[INFO] [stdout]     |
[INFO] [stdout] 143 |                     '_' | 'a'...'z' | 'A'...'Z' | '0'...'9' => true,
[INFO] [stdout]     |                                                      ^^^ help: use `..=` for an inclusive range
[INFO] [stdout]     |
[INFO] [stdout]     = warning: this was previously accepted by the compiler but is being phased out; it will become a hard error in the 2021 edition!
[INFO] [stdout]     = note: for more information, see issue #80165 <https://github.com/rust-lang/rust/issues/80165>
[INFO] [stdout] 
[INFO] [stdout] 
[INFO] [stdout] warning: 3 warnings emitted
[INFO] [stdout] 
[INFO] [stdout] 
[INFO] [stderr]    Compiling derive_is_enum_variant v0.1.1 (/opt/rustwide/workdir)
[INFO] [stdout] warning: `...` range patterns are deprecated
[INFO] [stdout]    --> src/lib.rs:143:30
[INFO] [stdout]     |
[INFO] [stdout] 143 |                     '_' | 'a'...'z' | 'A'...'Z' | '0'...'9' => true,
[INFO] [stdout]     |                              ^^^ help: use `..=` for an inclusive range
[INFO] [stdout]     |
[INFO] [stdout]     = note: `#[warn(ellipsis_inclusive_range_patterns)]` on by default
[INFO] [stdout]     = warning: this was previously accepted by the compiler but is being phased out; it will become a hard error in the 2021 edition!
[INFO] [stdout]     = note: for more information, see issue #80165 <https://github.com/rust-lang/rust/issues/80165>
[INFO] [stdout] 
[INFO] [stdout] 
[INFO] [stdout] warning: `...` range patterns are deprecated
[INFO] [stdout]    --> src/lib.rs:143:42
[INFO] [stdout]     |
[INFO] [stdout] 143 |                     '_' | 'a'...'z' | 'A'...'Z' | '0'...'9' => true,
[INFO] [stdout]     |                                          ^^^ help: use `..=` for an inclusive range
[INFO] [stdout]     |
[INFO] [stdout]     = warning: this was previously accepted by the compiler but is being phased out; it will become a hard error in the 2021 edition!
[INFO] [stdout]     = note: for more information, see issue #80165 <https://github.com/rust-lang/rust/issues/80165>
[INFO] [stdout] 
[INFO] [stdout] 
[INFO] [stdout] warning: `...` range patterns are deprecated
[INFO] [stdout]    --> src/lib.rs:143:54
[INFO] [stdout]     |
[INFO] [stdout] 143 |                     '_' | 'a'...'z' | 'A'...'Z' | '0'...'9' => true,
[INFO] [stdout]     |                                                      ^^^ help: use `..=` for an inclusive range
[INFO] [stdout]     |
[INFO] [stdout]     = warning: this was previously accepted by the compiler but is being phased out; it will become a hard error in the 2021 edition!
[INFO] [stdout]     = note: for more information, see issue #80165 <https://github.com/rust-lang/rust/issues/80165>
[INFO] [stdout] 
[INFO] [stdout] 
[INFO] [stdout] warning: 3 warnings emitted
[INFO] [stdout] 
[INFO] [stdout] 
[INFO] [stderr]     Finished test [unoptimized + debuginfo] target(s) in 1.19s
[INFO] running `Command { std: "docker" "inspect" "c6f921c9a75dc0fb0d0b78634a182c01727f74a79718dcaf672419a1e5eefd46", kill_on_drop: false }`
[INFO] running `Command { std: "docker" "rm" "-f" "c6f921c9a75dc0fb0d0b78634a182c01727f74a79718dcaf672419a1e5eefd46", kill_on_drop: false }`
[INFO] [stdout] c6f921c9a75dc0fb0d0b78634a182c01727f74a79718dcaf672419a1e5eefd46
[INFO] running `Command { std: "docker" "create" "-v" "/var/lib/crater-agent-workspace/builds/worker-28/target:/opt/rustwide/target:rw,Z" "-v" "/var/lib/crater-agent-workspace/builds/worker-28/source:/opt/rustwide/workdir:ro,Z" "-v" "/var/lib/crater-agent-workspace/cargo-home:/opt/rustwide/cargo-home:ro,Z" "-v" "/var/lib/crater-agent-workspace/rustup-home:/opt/rustwide/rustup-home:ro,Z" "-e" "SOURCE_DIR=/opt/rustwide/workdir" "-e" "CARGO_TARGET_DIR=/opt/rustwide/target" "-e" "CARGO_INCREMENTAL=0" "-e" "RUST_BACKTRACE=full" "-e" "RUSTFLAGS=--cap-lints=warn" "-e" "CARGO_HOME=/opt/rustwide/cargo-home" "-e" "RUSTUP_HOME=/opt/rustwide/rustup-home" "-w" "/opt/rustwide/workdir" "-m" "1610612736" "--user" "0:0" "--network" "none" "ghcr.io/rust-lang/crates-build-env/linux@sha256:34b6a614d2c27851fe6cbf88fbd1137609cefab8b10d0615aaeb6fd47975d74e" "/opt/rustwide/cargo-home/bin/cargo" "+1.54.0" "test" "--frozen", kill_on_drop: false }`
[INFO] [stdout] 8a946dec56e1bd38600844c90605ab32950877f6885caf5057af3591cd55030b
[INFO] running `Command { std: "docker" "start" "-a" "8a946dec56e1bd38600844c90605ab32950877f6885caf5057af3591cd55030b", kill_on_drop: false }`
[INFO] [stderr] warning: `...` range patterns are deprecated
[INFO] [stderr]    --> src/lib.rs:143:30
[INFO] [stderr]     |
[INFO] [stderr] 143 |                     '_' | 'a'...'z' | 'A'...'Z' | '0'...'9' => true,
[INFO] [stderr]     |                              ^^^ help: use `..=` for an inclusive range
[INFO] [stderr]     |
[INFO] [stderr]     = note: `#[warn(ellipsis_inclusive_range_patterns)]` on by default
[INFO] [stderr]     = warning: this was previously accepted by the compiler but is being phased out; it will become a hard error in the 2021 edition!
[INFO] [stderr]     = note: for more information, see issue #80165 <https://github.com/rust-lang/rust/issues/80165>
[INFO] [stderr] 
[INFO] [stderr] warning: `...` range patterns are deprecated
[INFO] [stderr]    --> src/lib.rs:143:42
[INFO] [stderr]     |
[INFO] [stderr] 143 |                     '_' | 'a'...'z' | 'A'...'Z' | '0'...'9' => true,
[INFO] [stderr]     |                                          ^^^ help: use `..=` for an inclusive range
[INFO] [stderr]     |
[INFO] [stderr]     = warning: this was previously accepted by the compiler but is being phased out; it will become a hard error in the 2021 edition!
[INFO] [stderr]     = note: for more information, see issue #80165 <https://github.com/rust-lang/rust/issues/80165>
[INFO] [stderr] 
[INFO] [stderr] warning: `...` range patterns are deprecated
[INFO] [stderr]    --> src/lib.rs:143:54
[INFO] [stderr]     |
[INFO] [stderr] 143 |                     '_' | 'a'...'z' | 'A'...'Z' | '0'...'9' => true,
[INFO] [stderr]     |                                                      ^^^ help: use `..=` for an inclusive range
[INFO] [stderr]     |
[INFO] [stderr]     = warning: this was previously accepted by the compiler but is being phased out; it will become a hard error in the 2021 edition!
[INFO] [stderr]     = note: for more information, see issue #80165 <https://github.com/rust-lang/rust/issues/80165>
[INFO] [stderr] 
[INFO] [stderr] warning: 3 warnings emitted
[INFO] [stderr] 
[INFO] [stderr] warning: `...` range patterns are deprecated
[INFO] [stderr]    --> src/lib.rs:143:30
[INFO] [stderr]     |
[INFO] [stderr] 143 |                     '_' | 'a'...'z' | 'A'...'Z' | '0'...'9' => true,
[INFO] [stderr]     |                              ^^^ help: use `..=` for an inclusive range
[INFO] [stderr]     |
[INFO] [stderr]     = note: `#[warn(ellipsis_inclusive_range_patterns)]` on by default
[INFO] [stderr]     = warning: this was previously accepted by the compiler but is being phased out; it will become a hard error in the 2021 edition!
[INFO] [stderr]     = note: for more information, see issue #80165 <https://github.com/rust-lang/rust/issues/80165>
[INFO] [stderr] 
[INFO] [stderr] warning: `...` range patterns are deprecated
[INFO] [stderr]    --> src/lib.rs:143:42
[INFO] [stderr]     |
[INFO] [stderr] 143 |                     '_' | 'a'...'z' | 'A'...'Z' | '0'...'9' => true,
[INFO] [stderr]     |                                          ^^^ help: use `..=` for an inclusive range
[INFO] [stderr]     |
[INFO] [stderr]     = warning: this was previously accepted by the compiler but is being phased out; it will become a hard error in the 2021 edition!
[INFO] [stderr]     = note: for more information, see issue #80165 <https://github.com/rust-lang/rust/issues/80165>
[INFO] [stderr] 
[INFO] [stderr] warning: `...` range patterns are deprecated
[INFO] [stderr]    --> src/lib.rs:143:54
[INFO] [stderr]     |
[INFO] [stderr] 143 |                     '_' | 'a'...'z' | 'A'...'Z' | '0'...'9' => true,
[INFO] [stderr]     |                                                      ^^^ help: use `..=` for an inclusive range
[INFO] [stderr]     |
[INFO] [stderr]     = warning: this was previously accepted by the compiler but is being phased out; it will become a hard error in the 2021 edition!
[INFO] [stderr]     = note: for more information, see issue #80165 <https://github.com/rust-lang/rust/issues/80165>
[INFO] [stderr] 
[INFO] [stderr] warning: 3 warnings emitted
[INFO] [stderr] 
[INFO] [stderr]     Finished test [unoptimized + debuginfo] target(s) in 0.03s
[INFO] [stderr]      Running unittests (/opt/rustwide/target/debug/deps/derive_is_enum_variant-d256b3cc03aeea63)
[INFO] [stdout] 
[INFO] [stdout] running 0 tests
[INFO] [stdout] 
[INFO] [stdout] test result: ok. 0 passed; 0 failed; 0 ignored; 0 measured; 0 filtered out; finished in 0.00s
[INFO] [stdout] 
[INFO] [stderr]      Running tests/tests.rs (/opt/rustwide/target/debug/deps/tests-92aa5fa05ec32c35)
[INFO] [stdout] 
[INFO] [stdout] running 6 tests
[INFO] [stdout] test basic_enum_predicates ... ok
[INFO] [stdout] test custom_predicate_names ... ok
[INFO] [stdout] test funky_variant_names ... ok
[INFO] [stdout] test skip_variants ... ok
[INFO] [stdout] test variant_kinds ... ok
[INFO] [stdout] test cargo_readme_up_to_date ... FAILED
[INFO] [stdout] 
[INFO] [stdout] failures:
[INFO] [stdout] 
[INFO] [stdout] ---- cargo_readme_up_to_date stdout ----
[INFO] [stdout] 
[INFO] [stdout] +++ expected README.md
[INFO] [stdout] --- actual README.md
[INFO] [stdout] -# derive_is_enum_variant
[INFO] [stdout] -
[INFO] [stdout] -## `derive_is_enum_variant`
[INFO] [stdout] -
[INFO] [stdout] -[![](https://docs.rs/derive_is_enum_variant/badge.svg)](https://docs.rs/derive_is_enum_variant/) [![](http://meritbadge.herokuapp.com/derive_is_enum_variant) ![](https://img.shields.io/crates/d/derive_is_enum_variant.png)](https://crates.io/crates/derive_is_enum_variant) [![Build Status](https://travis-ci.org/fitzgen/derive_is_enum_variant.png?branch=master)](https://travis-ci.org/fitzgen/derive_is_enum_variant)
[INFO] [stdout] -
[INFO] [stdout] -Stop writing `pub is_whatever(&self) -> bool` for your `enum`s by hand -- it's a
[INFO] [stdout] -pain! Just `#[derive(is_enum_variant)]` instead!
[INFO] [stdout] -
[INFO] [stdout] -### Usage
[INFO] [stdout] -
[INFO] [stdout] -Add `derive_is_enum_variant` to your crate's `Cargo.toml`:
[INFO] [stdout] -
[INFO] [stdout] -```toml
[INFO] [stdout] -[dependencies]
[INFO] [stdout] -derive_is_enum_variant = "<insert-latest-version-here>"
[INFO] [stdout] -```
[INFO] [stdout] -
[INFO] [stdout] -And then add `#[derive(is_enum_variant)]` to your `enum` definitions:
[INFO] [stdout] -
[INFO] [stdout] -```rust
[INFO] [stdout] -#[macro_use]
[INFO] [stdout] -extern crate derive_is_enum_variant;
[INFO] [stdout] -
[INFO] [stdout] -#[derive(is_enum_variant)]
[INFO] [stdout] -pub enum Pet {
[INFO] [stdout] -    Doggo,
[INFO] [stdout] -    Kitteh,
[INFO] [stdout] -}
[INFO] [stdout] -
[INFO] [stdout] -fn main() {
[INFO] [stdout] -    let pet = Pet::Doggo;
[INFO] [stdout] -
[INFO] [stdout] -    assert!(pet.is_doggo());
[INFO] [stdout] -    assert!(!pet.is_kitteh());
[INFO] [stdout] -}
[INFO] [stdout] -```
[INFO] [stdout] -
[INFO] [stdout] -#### Customizing Predicate Names
[INFO] [stdout] -
[INFO] [stdout] -By default, the predicates are named `is_snake_case_of_variant_name`. You can
[INFO] [stdout] -use any name you want instead with `#[is_enum_variant(name = "..")]`:
[INFO] [stdout] -
[INFO] [stdout] -```rust
[INFO] [stdout] -
[INFO] [stdout] -#[derive(is_enum_variant)]
[INFO] [stdout] -pub enum Pet {
[INFO] [stdout] -    #[is_enum_variant(name = "is_real_good_boy")]
[INFO] [stdout] -    Doggo,
[INFO] [stdout] -    Kitteh,
[INFO] [stdout] -}
[INFO] [stdout] -
[INFO] [stdout] -let pet = Pet::Doggo;
[INFO] [stdout] -assert!(pet.is_real_good_boy());
[INFO] [stdout] -```
[INFO] [stdout] -
[INFO] [stdout] -#### Skipping Predicates for Certain Variants
[INFO] [stdout] -
[INFO] [stdout] -If you don't want to generate a predicate for a certain variant, you can use
[INFO] [stdout] -`#[is_enum_variant(skip)]`:
[INFO] [stdout] -
[INFO] [stdout] -```rust
[INFO] [stdout] -
[INFO] [stdout] -#[derive(is_enum_variant)]
[INFO] [stdout] -pub enum Errors {
[INFO] [stdout] -    Io(::std::io::Error),
[INFO] [stdout] -
[INFO] [stdout] -    #[doc(hidden)]
[INFO] [stdout] -    #[is_enum_variant(skip)]
[INFO] [stdout] -    __NonExhaustive,
[INFO] [stdout] -}
[INFO] [stdout] -
[INFO] [stdout] -```
[INFO] [stdout] -
[INFO] [stdout] -### License
[INFO] [stdout] -
[INFO] [stdout] -Licensed under either of
[INFO] [stdout] -
[INFO] [stdout] -  * Apache License, Version 2.0 ([`LICENSE-APACHE`](./LICENSE-APACHE) or http://www.apache.org/licenses/LICENSE-2.0)
[INFO] [stdout] -  * MIT license ([`LICENSE-MIT`](./LICENSE-MIT) or http://opensource.org/licenses/MIT)
[INFO] [stdout] -
[INFO] [stdout] -at your option.
[INFO] [stdout] -
[INFO] [stdout] -### Contribution
[INFO] [stdout] -
[INFO] [stdout] -See [CONTRIBUTING.md](./CONTRIBUTING.md) for hacking!
[INFO] [stdout] -
[INFO] [stdout] -Unless you explicitly state otherwise, any contribution intentionally submitted
[INFO] [stdout] -for inclusion in the work by you, as defined in the Apache-2.0 license, shall be
[INFO] [stdout] -dual licensed as above, without any additional terms or conditions.
[INFO] [stdout] -
[INFO] [stdout] -
[INFO] [stdout] -License: Apache-2.0/MIT
[INFO] [stdout] -
[INFO] [stdout] thread 'cargo_readme_up_to_date' panicked at 'Run `cargo readme > README.md` to update README.md', tests/tests.rs:50:9
[INFO] [stdout] stack backtrace:
[INFO] [stdout]    0:     0x55c257d1fd50 - std::backtrace_rs::backtrace::libunwind::trace::h34055254b57d8e79
[INFO] [stdout]                                at /rustc/a178d0322ce20e33eac124758e837cbd80a6f633/library/std/src/../../backtrace/src/backtrace/libunwind.rs:90:5
[INFO] [stdout]    1:     0x55c257d1fd50 - std::backtrace_rs::backtrace::trace_unsynchronized::h8f1e3fbd9afff6ec
[INFO] [stdout]                                at /rustc/a178d0322ce20e33eac124758e837cbd80a6f633/library/std/src/../../backtrace/src/backtrace/mod.rs:66:5
[INFO] [stdout]    2:     0x55c257d1fd50 - std::sys_common::backtrace::_print_fmt::h3a99a796b770c360
[INFO] [stdout]                                at /rustc/a178d0322ce20e33eac124758e837cbd80a6f633/library/std/src/sys_common/backtrace.rs:67:5
[INFO] [stdout]    3:     0x55c257d1fd50 - <std::sys_common::backtrace::_print::DisplayBacktrace as core::fmt::Display>::fmt::h32d1f94a80615d18
[INFO] [stdout]                                at /rustc/a178d0322ce20e33eac124758e837cbd80a6f633/library/std/src/sys_common/backtrace.rs:46:22
[INFO] [stdout]    4:     0x55c257d426ac - core::fmt::write::h306731c068f7162c
[INFO] [stdout]                                at /rustc/a178d0322ce20e33eac124758e837cbd80a6f633/library/core/src/fmt/mod.rs:1110:17
[INFO] [stdout]    5:     0x55c257d1cc75 - std::io::Write::write_fmt::h87f19b0a2cd190bc
[INFO] [stdout]                                at /rustc/a178d0322ce20e33eac124758e837cbd80a6f633/library/std/src/io/mod.rs:1588:15
[INFO] [stdout]    6:     0x55c257d21ebb - std::sys_common::backtrace::_print::h5abaa2601a852287
[INFO] [stdout]                                at /rustc/a178d0322ce20e33eac124758e837cbd80a6f633/library/std/src/sys_common/backtrace.rs:49:5
[INFO] [stdout]    7:     0x55c257d21ebb - std::sys_common::backtrace::print::h8d81445442bb638f
[INFO] [stdout]                                at /rustc/a178d0322ce20e33eac124758e837cbd80a6f633/library/std/src/sys_common/backtrace.rs:36:9
[INFO] [stdout]    8:     0x55c257d21ebb - std::panicking::default_hook::{{closure}}::hcfe804496a9fa747
[INFO] [stdout]                                at /rustc/a178d0322ce20e33eac124758e837cbd80a6f633/library/std/src/panicking.rs:208:50
[INFO] [stdout]    9:     0x55c257d219cc - std::panicking::default_hook::hbea8e3ccf2ba8901
[INFO] [stdout]                                at /rustc/a178d0322ce20e33eac124758e837cbd80a6f633/library/std/src/panicking.rs:222:9
[INFO] [stdout]   10:     0x55c257d22584 - std::panicking::rust_panic_with_hook::h7ee9e1a2d0f8975a
[INFO] [stdout]                                at /rustc/a178d0322ce20e33eac124758e837cbd80a6f633/library/std/src/panicking.rs:622:17
[INFO] [stdout]   11:     0x55c257cb5bef - std::panicking::begin_panic::{{closure}}::h26fc2557fe72d370
[INFO] [stdout]                                at /rustc/a178d0322ce20e33eac124758e837cbd80a6f633/library/std/src/panicking.rs:542:9
[INFO] [stdout]   12:     0x55c257cb8a38 - std::sys_common::backtrace::__rust_end_short_backtrace::h692ef57f17feb5da
[INFO] [stdout]                                at /rustc/a178d0322ce20e33eac124758e837cbd80a6f633/library/std/src/sys_common/backtrace.rs:141:18
[INFO] [stdout]   13:     0x55c257cb5b35 - std::panicking::begin_panic::h584b29b26b713fba
[INFO] [stdout]                                at /rustc/a178d0322ce20e33eac124758e837cbd80a6f633/library/std/src/panicking.rs:541:12
[INFO] [stdout]   14:     0x55c257cbb65e - tests::cargo_readme_up_to_date::hd7c5f9837782b6a2
[INFO] [stdout]                                at /opt/rustwide/workdir/tests/tests.rs:50:9
[INFO] [stdout]   15:     0x55c257cbad5a - tests::cargo_readme_up_to_date::{{closure}}::h1a262a58b318a548
[INFO] [stdout]                                at /opt/rustwide/workdir/tests/tests.rs:17:1
[INFO] [stdout]   16:     0x55c257cb8dae - core::ops::function::FnOnce::call_once::h9a84645356aea376
[INFO] [stdout]                                at /rustc/a178d0322ce20e33eac124758e837cbd80a6f633/library/core/src/ops/function.rs:227:5
[INFO] [stdout]   17:     0x55c257ce4623 - core::ops::function::FnOnce::call_once::h152e7e439ff59e19
[INFO] [stdout]                                at /rustc/a178d0322ce20e33eac124758e837cbd80a6f633/library/core/src/ops/function.rs:227:5
[INFO] [stdout]   18:     0x55c257ce4623 - test::__rust_begin_short_backtrace::h0908f3b1fdbb72ab
[INFO] [stdout]                                at /rustc/a178d0322ce20e33eac124758e837cbd80a6f633/library/test/src/lib.rs:577:5
[INFO] [stdout]   19:     0x55c257ce30e0 - <alloc::boxed::Box<F,A> as core::ops::function::FnOnce<Args>>::call_once::hf6d2a51e5587546c
[INFO] [stdout]                                at /rustc/a178d0322ce20e33eac124758e837cbd80a6f633/library/alloc/src/boxed.rs:1575:9
[INFO] [stdout]   20:     0x55c257ce30e0 - <std::panic::AssertUnwindSafe<F> as core::ops::function::FnOnce<()>>::call_once::h8af660f3a89ef593
[INFO] [stdout]                                at /rustc/a178d0322ce20e33eac124758e837cbd80a6f633/library/std/src/panic.rs:347:9
[INFO] [stdout]   21:     0x55c257ce30e0 - std::panicking::try::do_call::hd36aef60f84b6d36
[INFO] [stdout]                                at /rustc/a178d0322ce20e33eac124758e837cbd80a6f633/library/std/src/panicking.rs:401:40
[INFO] [stdout]   22:     0x55c257ce30e0 - std::panicking::try::h9932b4480e69817c
[INFO] [stdout]                                at /rustc/a178d0322ce20e33eac124758e837cbd80a6f633/library/std/src/panicking.rs:365:19
[INFO] [stdout]   23:     0x55c257ce30e0 - std::panic::catch_unwind::h6aa177099cfff5f8
[INFO] [stdout]                                at /rustc/a178d0322ce20e33eac124758e837cbd80a6f633/library/std/src/panic.rs:434:14
[INFO] [stdout]   24:     0x55c257ce30e0 - test::run_test_in_process::h5884d6f2d99e20c3
[INFO] [stdout]                                at /rustc/a178d0322ce20e33eac124758e837cbd80a6f633/library/test/src/lib.rs:600:18
[INFO] [stdout]   25:     0x55c257ce30e0 - test::run_test::run_test_inner::{{closure}}::h6fdc58c6d5f5b6e3
[INFO] [stdout]                                at /rustc/a178d0322ce20e33eac124758e837cbd80a6f633/library/test/src/lib.rs:492:39
[INFO] [stdout]   26:     0x55c257cbc792 - test::run_test::run_test_inner::{{closure}}::h408365d67a78ade8
[INFO] [stdout]                                at /rustc/a178d0322ce20e33eac124758e837cbd80a6f633/library/test/src/lib.rs:519:37
[INFO] [stdout]   27:     0x55c257cbc792 - std::sys_common::backtrace::__rust_begin_short_backtrace::hb560b77c4f701523
[INFO] [stdout]                                at /rustc/a178d0322ce20e33eac124758e837cbd80a6f633/library/std/src/sys_common/backtrace.rs:125:18
[INFO] [stdout]   28:     0x55c257cc0348 - std::thread::Builder::spawn_unchecked::{{closure}}::{{closure}}::hf2e7831dad93c597
[INFO] [stdout]                                at /rustc/a178d0322ce20e33eac124758e837cbd80a6f633/library/std/src/thread/mod.rs:481:17
[INFO] [stdout]   29:     0x55c257cc0348 - <std::panic::AssertUnwindSafe<F> as core::ops::function::FnOnce<()>>::call_once::hd2e08783d8be4d02
[INFO] [stdout]                                at /rustc/a178d0322ce20e33eac124758e837cbd80a6f633/library/std/src/panic.rs:347:9
[INFO] [stdout]   30:     0x55c257cc0348 - std::panicking::try::do_call::h062597b7acfd6b82
[INFO] [stdout]                                at /rustc/a178d0322ce20e33eac124758e837cbd80a6f633/library/std/src/panicking.rs:401:40
[INFO] [stdout]   31:     0x55c257cc0348 - std::panicking::try::h0d7b79db04c14552
[INFO] [stdout]                                at /rustc/a178d0322ce20e33eac124758e837cbd80a6f633/library/std/src/panicking.rs:365:19
[INFO] [stdout]   32:     0x55c257cc0348 - std::panic::catch_unwind::hb01a0b5e7c8cd43b
[INFO] [stdout]                                at /rustc/a178d0322ce20e33eac124758e837cbd80a6f633/library/std/src/panic.rs:434:14
[INFO] [stdout]   33:     0x55c257cc0348 - std::thread::Builder::spawn_unchecked::{{closure}}::h5bde48cc887e0d1e
[INFO] [stdout]                                at /rustc/a178d0322ce20e33eac124758e837cbd80a6f633/library/std/src/thread/mod.rs:480:30
[INFO] [stdout]   34:     0x55c257cc0348 - core::ops::function::FnOnce::call_once{{vtable.shim}}::h745ea30807a29e55
[INFO] [stdout]                                at /rustc/a178d0322ce20e33eac124758e837cbd80a6f633/library/core/src/ops/function.rs:227:5
[INFO] [stdout]   35:     0x55c257d27197 - <alloc::boxed::Box<F,A> as core::ops::function::FnOnce<Args>>::call_once::h7ece6cfefaff1005
[INFO] [stdout]                                at /rustc/a178d0322ce20e33eac124758e837cbd80a6f633/library/alloc/src/boxed.rs:1575:9
[INFO] [stdout]   36:     0x55c257d27197 - <alloc::boxed::Box<F,A> as core::ops::function::FnOnce<Args>>::call_once::hb8b48e55c21f193e
[INFO] [stdout]                                at /rustc/a178d0322ce20e33eac124758e837cbd80a6f633/library/alloc/src/boxed.rs:1575:9
[INFO] [stdout]   37:     0x55c257d27197 - std::sys::unix::thread::Thread::new::thread_start::h8c7c4450dba62914
[INFO] [stdout]                                at /rustc/a178d0322ce20e33eac124758e837cbd80a6f633/library/std/src/sys/unix/thread.rs:71:17
[INFO] [stdout]   38:     0x7f74eca1d609 - start_thread
[INFO] [stdout]   39:     0x7f74ec7ef293 - clone
[INFO] [stdout]   40:                0x0 - <unknown>
[INFO] [stdout] 
[INFO] [stdout] 
[INFO] [stdout] failures:
[INFO] [stdout]     cargo_readme_up_to_date
[INFO] [stdout] 
[INFO] [stdout] test result: FAILED. 5 passed; 1 failed; 0 ignored; 0 measured; 0 filtered out; finished in 0.14s
[INFO] [stdout] 
[INFO] [stderr] error: test failed, to rerun pass '--test tests'
[INFO] running `Command { std: "docker" "inspect" "8a946dec56e1bd38600844c90605ab32950877f6885caf5057af3591cd55030b", kill_on_drop: false }`
[INFO] running `Command { std: "docker" "rm" "-f" "8a946dec56e1bd38600844c90605ab32950877f6885caf5057af3591cd55030b", kill_on_drop: false }`
[INFO] [stdout] 8a946dec56e1bd38600844c90605ab32950877f6885caf5057af3591cd55030b
