[INFO] fetching crate der-parser 5.1.2...
[INFO] testing der-parser-5.1.2 against beta-2021-08-01 for beta-1.55-1
[INFO] extracting crate der-parser 5.1.2 into /workspace/builds/worker-30/source
[INFO] validating manifest of crates.io crate der-parser 5.1.2 on toolchain beta-2021-08-01
[INFO] running `Command { std: "/workspace/cargo-home/bin/cargo" "+beta-2021-08-01" "metadata" "--manifest-path" "Cargo.toml" "--no-deps", kill_on_drop: false }`
[INFO] started tweaking crates.io crate der-parser 5.1.2
[INFO] finished tweaking crates.io crate der-parser 5.1.2
[INFO] tweaked toml for crates.io crate der-parser 5.1.2 written to /workspace/builds/worker-30/source/Cargo.toml
[INFO] crate crates.io crate der-parser 5.1.2 already has a lockfile, it will not be regenerated
[INFO] running `Command { std: "/workspace/cargo-home/bin/cargo" "+beta-2021-08-01" "fetch" "--manifest-path" "Cargo.toml", kill_on_drop: false }`
[INFO] [stderr]     Blocking waiting for file lock on package cache
[INFO] [stderr]  Downloading crates ...
[INFO] [stderr]   Downloaded der-oid-macro v0.4.0
[INFO] [stderr]   Downloaded cookie-factory v0.3.2
[INFO] [stderr]   Downloaded rusticata-macros v3.1.0
[INFO] running `Command { std: "docker" "create" "-v" "/var/lib/crater-agent-workspace/builds/worker-30/target:/opt/rustwide/target:rw,Z" "-v" "/var/lib/crater-agent-workspace/builds/worker-30/source:/opt/rustwide/workdir:ro,Z" "-v" "/var/lib/crater-agent-workspace/cargo-home:/opt/rustwide/cargo-home:ro,Z" "-v" "/var/lib/crater-agent-workspace/rustup-home:/opt/rustwide/rustup-home:ro,Z" "-e" "SOURCE_DIR=/opt/rustwide/workdir" "-e" "CARGO_TARGET_DIR=/opt/rustwide/target" "-e" "CARGO_HOME=/opt/rustwide/cargo-home" "-e" "RUSTUP_HOME=/opt/rustwide/rustup-home" "-w" "/opt/rustwide/workdir" "-m" "1610612736" "--user" "0:0" "--network" "none" "ghcr.io/rust-lang/crates-build-env/linux@sha256:34b6a614d2c27851fe6cbf88fbd1137609cefab8b10d0615aaeb6fd47975d74e" "/opt/rustwide/cargo-home/bin/cargo" "+beta-2021-08-01" "metadata" "--no-deps" "--format-version=1", kill_on_drop: false }`
[INFO] [stdout] c0ee75178bbb90f1331821e2ae17dd642621c26415814524de013555e7909f4d
[INFO] running `Command { std: "docker" "start" "-a" "c0ee75178bbb90f1331821e2ae17dd642621c26415814524de013555e7909f4d", kill_on_drop: false }`
[INFO] running `Command { std: "docker" "inspect" "c0ee75178bbb90f1331821e2ae17dd642621c26415814524de013555e7909f4d", kill_on_drop: false }`
[INFO] running `Command { std: "docker" "rm" "-f" "c0ee75178bbb90f1331821e2ae17dd642621c26415814524de013555e7909f4d", kill_on_drop: false }`
[INFO] [stdout] c0ee75178bbb90f1331821e2ae17dd642621c26415814524de013555e7909f4d
[INFO] running `Command { std: "docker" "create" "-v" "/var/lib/crater-agent-workspace/builds/worker-30/target:/opt/rustwide/target:rw,Z" "-v" "/var/lib/crater-agent-workspace/builds/worker-30/source:/opt/rustwide/workdir:ro,Z" "-v" "/var/lib/crater-agent-workspace/cargo-home:/opt/rustwide/cargo-home:ro,Z" "-v" "/var/lib/crater-agent-workspace/rustup-home:/opt/rustwide/rustup-home:ro,Z" "-e" "SOURCE_DIR=/opt/rustwide/workdir" "-e" "CARGO_TARGET_DIR=/opt/rustwide/target" "-e" "CARGO_INCREMENTAL=0" "-e" "RUST_BACKTRACE=full" "-e" "RUSTFLAGS=--cap-lints=warn" "-e" "CARGO_HOME=/opt/rustwide/cargo-home" "-e" "RUSTUP_HOME=/opt/rustwide/rustup-home" "-w" "/opt/rustwide/workdir" "-m" "1610612736" "--user" "0:0" "--network" "none" "ghcr.io/rust-lang/crates-build-env/linux@sha256:34b6a614d2c27851fe6cbf88fbd1137609cefab8b10d0615aaeb6fd47975d74e" "/opt/rustwide/cargo-home/bin/cargo" "+beta-2021-08-01" "build" "--frozen" "--message-format=json", kill_on_drop: false }`
[INFO] [stdout] 014c69a4a7a4dc544cb00876daae72cc9a8c7869b7fa58e261e57ab4bc225509
[INFO] running `Command { std: "docker" "start" "-a" "014c69a4a7a4dc544cb00876daae72cc9a8c7869b7fa58e261e57ab4bc225509", kill_on_drop: false }`
[INFO] [stderr]    Compiling radium v0.5.3
[INFO] [stderr]    Compiling version_check v0.9.3
[INFO] [stderr]    Compiling memchr v2.3.4
[INFO] [stderr]    Compiling lexical-core v0.7.6
[INFO] [stderr]    Compiling wyz v0.2.0
[INFO] [stderr]    Compiling tap v1.0.1
[INFO] [stderr]    Compiling arrayvec v0.5.2
[INFO] [stderr]    Compiling funty v1.1.0
[INFO] [stderr]    Compiling syn v1.0.74
[INFO] [stderr]    Compiling num-traits v0.2.14
[INFO] [stderr]    Compiling num-integer v0.1.44
[INFO] [stderr]    Compiling num-bigint v0.4.0
[INFO] [stderr]    Compiling nom v6.2.1
[INFO] [stderr]    Compiling bitvec v0.19.5
[INFO] [stderr]    Compiling rusticata-macros v3.1.0
[INFO] [stderr]    Compiling der-oid-macro v0.4.0
[INFO] [stderr]    Compiling der-parser v5.1.2 (/opt/rustwide/workdir)
[INFO] [stderr]     Finished dev [unoptimized + debuginfo] target(s) in 8.98s
[INFO] running `Command { std: "docker" "inspect" "014c69a4a7a4dc544cb00876daae72cc9a8c7869b7fa58e261e57ab4bc225509", kill_on_drop: false }`
[INFO] running `Command { std: "docker" "rm" "-f" "014c69a4a7a4dc544cb00876daae72cc9a8c7869b7fa58e261e57ab4bc225509", kill_on_drop: false }`
[INFO] [stdout] 014c69a4a7a4dc544cb00876daae72cc9a8c7869b7fa58e261e57ab4bc225509
[INFO] running `Command { std: "docker" "create" "-v" "/var/lib/crater-agent-workspace/builds/worker-30/target:/opt/rustwide/target:rw,Z" "-v" "/var/lib/crater-agent-workspace/builds/worker-30/source:/opt/rustwide/workdir:ro,Z" "-v" "/var/lib/crater-agent-workspace/cargo-home:/opt/rustwide/cargo-home:ro,Z" "-v" "/var/lib/crater-agent-workspace/rustup-home:/opt/rustwide/rustup-home:ro,Z" "-e" "SOURCE_DIR=/opt/rustwide/workdir" "-e" "CARGO_TARGET_DIR=/opt/rustwide/target" "-e" "CARGO_INCREMENTAL=0" "-e" "RUST_BACKTRACE=full" "-e" "RUSTFLAGS=--cap-lints=warn" "-e" "CARGO_HOME=/opt/rustwide/cargo-home" "-e" "RUSTUP_HOME=/opt/rustwide/rustup-home" "-w" "/opt/rustwide/workdir" "-m" "1610612736" "--user" "0:0" "--network" "none" "ghcr.io/rust-lang/crates-build-env/linux@sha256:34b6a614d2c27851fe6cbf88fbd1137609cefab8b10d0615aaeb6fd47975d74e" "/opt/rustwide/cargo-home/bin/cargo" "+beta-2021-08-01" "test" "--frozen" "--no-run" "--message-format=json", kill_on_drop: false }`
[INFO] [stdout] 8ba6d55d1142a40245b7d26f554fcb2ef676e3c1b7bdb0d44aa9c4699f5b6248
[INFO] running `Command { std: "docker" "start" "-a" "8ba6d55d1142a40245b7d26f554fcb2ef676e3c1b7bdb0d44aa9c4699f5b6248", kill_on_drop: false }`
[INFO] [stderr]    Compiling ansi_term v0.12.1
[INFO] [stderr]    Compiling diff v0.1.12
[INFO] [stderr]    Compiling hex-literal v0.3.3
[INFO] [stderr]    Compiling test-case v1.2.0
[INFO] [stderr]    Compiling pretty_assertions v0.7.2
[INFO] [stderr]    Compiling der-parser v5.1.2 (/opt/rustwide/workdir)
[INFO] [stderr]     Finished test [unoptimized + debuginfo] target(s) in 9.71s
[INFO] running `Command { std: "docker" "inspect" "8ba6d55d1142a40245b7d26f554fcb2ef676e3c1b7bdb0d44aa9c4699f5b6248", kill_on_drop: false }`
[INFO] running `Command { std: "docker" "rm" "-f" "8ba6d55d1142a40245b7d26f554fcb2ef676e3c1b7bdb0d44aa9c4699f5b6248", kill_on_drop: false }`
[INFO] [stdout] 8ba6d55d1142a40245b7d26f554fcb2ef676e3c1b7bdb0d44aa9c4699f5b6248
[INFO] running `Command { std: "docker" "create" "-v" "/var/lib/crater-agent-workspace/builds/worker-30/target:/opt/rustwide/target:rw,Z" "-v" "/var/lib/crater-agent-workspace/builds/worker-30/source:/opt/rustwide/workdir:ro,Z" "-v" "/var/lib/crater-agent-workspace/cargo-home:/opt/rustwide/cargo-home:ro,Z" "-v" "/var/lib/crater-agent-workspace/rustup-home:/opt/rustwide/rustup-home:ro,Z" "-e" "SOURCE_DIR=/opt/rustwide/workdir" "-e" "CARGO_TARGET_DIR=/opt/rustwide/target" "-e" "CARGO_INCREMENTAL=0" "-e" "RUST_BACKTRACE=full" "-e" "RUSTFLAGS=--cap-lints=warn" "-e" "CARGO_HOME=/opt/rustwide/cargo-home" "-e" "RUSTUP_HOME=/opt/rustwide/rustup-home" "-w" "/opt/rustwide/workdir" "-m" "1610612736" "--user" "0:0" "--network" "none" "ghcr.io/rust-lang/crates-build-env/linux@sha256:34b6a614d2c27851fe6cbf88fbd1137609cefab8b10d0615aaeb6fd47975d74e" "/opt/rustwide/cargo-home/bin/cargo" "+beta-2021-08-01" "test" "--frozen", kill_on_drop: false }`
[INFO] [stdout] 84a8de58aac9fde946de59083f16f2480c05a1f0718bdfeaa49c892ada13a849
[INFO] running `Command { std: "docker" "start" "-a" "84a8de58aac9fde946de59083f16f2480c05a1f0718bdfeaa49c892ada13a849", kill_on_drop: false }`
[INFO] [stderr]     Finished test [unoptimized + debuginfo] target(s) in 0.03s
[INFO] [stderr]      Running unittests (/opt/rustwide/target/debug/deps/der_parser-75197086aa4bec7d)
[INFO] [stdout] 
[INFO] [stdout] running 20 tests
[INFO] [stdout] test ber::ber::tests::test_ber_as_u64_bitstring ... ok
[INFO] [stdout] test ber::ber::tests::test_der_as_u64 ... ok
[INFO] [stdout] test ber::ber::tests::test_der_bistringobject_asref ... ok
[INFO] [stdout] test ber::ber::tests::test_der_bitslice ... ok
[INFO] [stdout] test ber::ber::tests::test_der_bitstringobject ... ok
[INFO] [stdout] test ber::ber::tests::test_der_from_oid ... ok
[INFO] [stdout] test ber::ber::tests::test_der_seq_iter ... ok
[INFO] [stdout] test ber::parser::test_bitstring_to_u64 ... ok
[INFO] [stdout] test ber::parser::test_ia5string ... ok
[INFO] [stdout] test ber::parser::test_numericstring ... ok
[INFO] [stdout] test ber::parser::test_printablestring ... ok
[INFO] [stdout] test ber::parser::test_utf8string ... ok
[INFO] [stdout] test ber::parser::text_visiblestring ... ok
[INFO] [stdout] test ber::print::tests::test_pretty_print ... ok
[INFO] [stdout] test error::tests::test_unwrap_bererror ... ok
[INFO] [stdout] test oid::tests::test_iter_len ... ok
[INFO] [stdout] test oid::tests::test_itu_t_rec_oid ... ok
[INFO] [stdout] test oid::tests::test_oid_fmt ... ok
[INFO] [stdout] test oid::tests::test_oid_from_str ... ok
[INFO] [stdout] test oid::tests::test_zero_oid ... ok
[INFO] [stdout] 
[INFO] [stdout] test result: ok. 20 passed; 0 failed; 0 ignored; 0 measured; 0 filtered out; finished in 0.00s
[INFO] [stdout] 
[INFO] [stderr]      Running tests/ber_parser.rs (/opt/rustwide/target/debug/deps/ber_parser-0a6bdac3ed8c865c)
[INFO] [stdout] 
[INFO] [stdout] running 81 tests
[INFO] [stdout] test tc_ber_bool::invalid_length ... ok
[INFO] [stdout] test tc_ber_bool::incomplete ... ok
[INFO] [stdout] test tc_ber_i64::i64_1 ... ok
[INFO] [stdout] test tc_ber_bool::val_false ... ok
[INFO] [stdout] test tc_ber_bool::val_true ... ok
[INFO] [stdout] test tc_ber_i64::i64_neg1 ... ok
[INFO] [stdout] test tc_ber_bool::true_not_ff ... ok
[INFO] [stdout] test tc_ber_i64::i64_neg128 ... ok
[INFO] [stdout] test tc_ber_i64::i64_neg129 ... ok
[INFO] [stdout] test tc_ber_i64::invalid_tag ... ok
[INFO] [stdout] test tc_ber_ia5_string::ia5_numeric ... ok
[INFO] [stdout] test tc_ber_ia5_string::ia5_string ... ok
[INFO] [stdout] test tc_ber_ia5_string::ia5_string_with_backspace ... ok
[INFO] [stdout] test tc_ber_ia5_string::ia5_string_with_plus ... ok
[INFO] [stdout] test tc_ber_ia5_string::ia5_string_with_spaces ... ok
[INFO] [stdout] test tc_ber_ia5_string::invalid_chars ... ok
[INFO] [stdout] test tc_ber_ia5_string::utf8 ... ok
[INFO] [stdout] test tc_ber_numeric_string::invalid_chars ... ok
[INFO] [stdout] test tc_ber_numeric_string::invalid_chars2 ... ok
[INFO] [stdout] test tc_ber_numeric_string::numeric_string ... ok
[INFO] [stdout] test tc_ber_printable_string::invalid_chars ... ok
[INFO] [stdout] test tc_ber_printable_string::printable_numeric ... ok
[INFO] [stdout] test tc_ber_printable_string::printable_string ... ok
[INFO] [stdout] test tc_ber_printable_string::printable_string_with_backspace ... ok
[INFO] [stdout] test tc_ber_printable_string::printable_string_with_plus ... ok
[INFO] [stdout] test tc_ber_printable_string::printable_string_with_spaces ... ok
[INFO] [stdout] test tc_ber_slice::constructed_slice ... ok
[INFO] [stdout] test tc_ber_slice::invalid_tag ... ok
[INFO] [stdout] test tc_ber_slice::slice_1 ... ok
[INFO] [stdout] test tc_ber_slice::slice_2 ... ok
[INFO] [stdout] test tc_ber_slice::slice_3 ... ok
[INFO] [stdout] test tc_ber_u32::invalid_tag ... ok
[INFO] [stdout] test tc_ber_u32::u32_0x123 ... ok
[INFO] [stdout] test tc_ber_u32::u32_1 ... ok
[INFO] [stdout] test tc_ber_u32::u32_255 ... ok
[INFO] [stdout] test tc_ber_u32::u32_long2_ok ... ok
[INFO] [stdout] test tc_ber_u32::u32_long_leading_zeros_ok ... ok
[INFO] [stderr]      Running tests/constructed.rs (/opt/rustwide/target/debug/deps/constructed-66ffd4884e403a71)
[INFO] [stdout] test tc_ber_u32::u32_long_ok ... ok
[INFO] [stdout] test tc_ber_u32::u32_too_large ... ok
[INFO] [stdout] test tc_ber_u32::u32_too_large_2 ... ok
[INFO] [stdout] test tc_ber_u64::invalid_tag ... ok
[INFO] [stdout] test tc_ber_u64::u64_0x123 ... ok
[INFO] [stdout] test tc_ber_u64::u64_1 ... ok
[INFO] [stdout] test tc_ber_u64::u64_255 ... ok
[INFO] [stdout] test tc_ber_u64::u64_long2_ok ... ok
[INFO] [stdout] test tc_ber_u64::u64_long_ok ... ok
[INFO] [stdout] test tc_ber_u64::u64_too_large ... ok
[INFO] [stdout] test tc_ber_utf8_string::invalid_chars ... ok
[INFO] [stdout] test tc_ber_utf8_string::invalid_utf8 ... ok
[INFO] [stdout] test tc_ber_utf8_string::utf8 ... ok
[INFO] [stdout] test tc_ber_utf8_string::utf8_numeric ... ok
[INFO] [stdout] test tc_ber_utf8_string::utf8_string ... ok
[INFO] [stdout] test tc_ber_utf8_string::utf8_string_with_backspace ... ok
[INFO] [stdout] test tc_ber_utf8_string::utf8_string_with_plus ... ok
[INFO] [stdout] test tc_ber_utf8_string::utf8_string_with_spaces ... ok
[INFO] [stdout] test tc_ber_visible_string::invalid_chars ... ok
[INFO] [stdout] test tc_ber_visible_string::printable_string_with_backspace ... ok
[INFO] [stdout] test tc_ber_visible_string::printable_string_with_plus ... ok
[INFO] [stdout] test tc_ber_visible_string::visible_numeric ... ok
[INFO] [stdout] test tc_ber_visible_string::visible_string ... ok
[INFO] [stdout] test tc_ber_visible_string::visible_string_with_spaces ... ok
[INFO] [stdout] test test_ber_bitstring_constructed ... ok
[INFO] [stdout] test test_ber_bitstring_primitive ... ok
[INFO] [stdout] test test_ber_bmpstring ... ok
[INFO] [stdout] test test_ber_customtags ... ok
[INFO] [stdout] test test_ber_bool ... ok
[INFO] [stdout] test test_ber_enum ... ok
[INFO] [stdout] test test_ber_int ... ok
[INFO] [stdout] test test_ber_indefinite_recursion ... ok
[INFO] [stdout] test test_ber_indefinite ... ok
[INFO] [stdout] test test_ber_null ... ok
[INFO] [stdout] test test_ber_octetstring_primitive ... ok
[INFO] [stdout] test test_ber_oid ... ok
[INFO] [stdout] test test_ber_relativeoid ... ok
[INFO] [stdout] test test_ber_set_of ... ok
[INFO] [stdout] test test_parse_ber_content ... ok
[INFO] [stdout] test test_ber_utf8string ... ok
[INFO] [stdout] test test_ber_set_of_v ... ok
[INFO] [stdout] test test_seq_indefinite_length ... ok
[INFO] [stdout] test test_set_indefinite_length ... ok
[INFO] [stdout] test test_parse_ber_content2 ... ok
[INFO] [stdout] 
[INFO] [stdout] test result: ok. 81 passed; 0 failed; 0 ignored; 0 measured; 0 filtered out; finished in 0.05s
[INFO] [stdout] 
[INFO] [stdout] 
[INFO] [stdout] running 36 tests
[INFO] [stdout] test ber_constructed_string ... ignored
[INFO] [stdout] test struct01 ... ok
[INFO] [stdout] test empty_seq ... ok
[INFO] [stdout] test application ... ok
[INFO] [stdout] test struct02 ... ok
[INFO] [stdout] test struct_verify_tag ... ok
[INFO] [stdout] test struct_with_garbage ... ok
[INFO] [stdout] test tagged_explicit ... ok
[INFO] [stdout] test tc_ber_seq_defined::indefinite_seq ... ok
[INFO] [stdout] test tagged_implicit ... ok
[INFO] [stdout] test tc_ber_seq_defined::invalid_tag ... ok
[INFO] [stdout] test tc_ber_seq_of::empty_seq ... ok
[INFO] [stdout] test tc_ber_seq_of::indefinite_seq_ok ... ok
[INFO] [stdout] test tc_ber_seq_of::indefinite_incomplete ... ok
[INFO] [stdout] test tc_ber_seq_of::incomplete ... ok
[INFO] [stdout] test tc_ber_seq_defined::incomplete ... ok
[INFO] [stdout] test tc_ber_seq_of::invalid_tag ... ok
[INFO] [stdout] test tc_ber_set_defined::incomplete ... ok
[INFO] [stdout] test tc_ber_seq_of::seq_ok ... ok
[INFO] [stdout] test tc_ber_set_defined::invalid_tag ... ok
[INFO] [stdout] test tc_ber_set_defined::set_ok ... ok
[INFO] [stdout] test tc_ber_seq_defined::seq_ok ... ok
[INFO] [stdout] test tc_ber_set_defined::indefinite_set ... ok
[INFO] [stdout] test tc_ber_set_of::empty_set ... ok
[INFO] [stdout] test tc_ber_set_of::incomplete ... ok
[INFO] [stdout] test tc_ber_set_of::indefinite_incomplete ... ok
[INFO] [stdout] test tc_ber_set_of::indefinite_set_ok ... ok
[INFO] [stdout] test tc_ber_set_of::set_ok ... ok
[INFO] [stdout] test tc_ber_tagged_explicit_g::construct_expected ... ok
[INFO] [stdout] test tc_ber_tagged_explicit_g::indefinite_tag_ok ... ok
[INFO] [stdout] test tc_ber_tagged_explicit_g::invalid_class ... ok
[INFO] [stdout] test tc_ber_tagged_explicit_g::invalid_tag ... ok
[INFO] [stdout] test tc_ber_tagged_explicit_g::tag_ok ... ok
[INFO] [stdout] test tc_ber_tagged_implicit_g::invalid_tag ... ok
[INFO] [stdout] test tc_ber_tagged_implicit_g::tag_ok ... ok
[INFO] [stdout] test tc_ber_set_of::invalid_tag ... ok
[INFO] [stdout] 
[INFO] [stdout] test result: ok. 35 passed; 0 failed; 1 ignored; 0 measured; 0 filtered out; finished in 0.01s
[INFO] [stdout] 
[INFO] [stderr]      Running tests/custom_error.rs (/opt/rustwide/target/debug/deps/custom_error-1a36dac1072e8560)
[INFO] [stdout] 
[INFO] [stdout] running 1 test
[INFO] [stderr]      Running tests/der_constructed.rs (/opt/rustwide/target/debug/deps/der_constructed-43cf6ef6b6138ab7)
[INFO] [stdout] test parse_sequence_of_v_custom_errors ... ok
[INFO] [stdout] 
[INFO] [stdout] test result: ok. 1 passed; 0 failed; 0 ignored; 0 measured; 0 filtered out; finished in 0.00s
[INFO] [stdout] 
[INFO] [stdout] 
[INFO] [stdout] running 25 tests
[INFO] [stderr]      Running tests/der_parser.rs (/opt/rustwide/target/debug/deps/der_parser-5e1d9d2a151ae284)
[INFO] [stdout] test tc_der_seq_defined::invalid_tag ... ok
[INFO] [stdout] test tc_der_seq_defined::seq_ok ... ok
[INFO] [stdout] test tc_der_seq_of::empty_seq ... ok
[INFO] [stdout] test tc_der_seq_of::indefinite_seq_ok ... ok
[INFO] [stdout] test tc_der_seq_of::invalid_tag ... ok
[INFO] [stdout] test tc_der_set_defined::incomplete ... ok
[INFO] [stdout] test tc_der_set_defined::indefinite_set_ok ... ok
[INFO] [stdout] test tc_der_set_defined::invalid_tag ... ok
[INFO] [stdout] test tc_der_set_defined::set_ok ... ok
[INFO] [stdout] test tc_der_set_of::empty_set ... ok
[INFO] [stdout] test tc_der_set_of::indefinite_set_ok ... ok
[INFO] [stdout] test tc_der_seq_defined::indefinite_seq_ok ... ok
[INFO] [stdout] test tc_der_seq_defined::incomplete ... ok
[INFO] [stdout] test tc_der_set_of::incomplete ... ok
[INFO] [stdout] test tc_der_seq_of::incomplete ... ok
[INFO] [stdout] test tc_der_tagged_explicit_g::construct_expected ... ok
[INFO] [stdout] test tc_der_set_of::set_ok ... ok
[INFO] [stdout] test tc_der_tagged_explicit_g::indefinite_tag_ok ... ok
[INFO] [stdout] test tc_der_tagged_explicit_g::invalid_class ... ok
[INFO] [stdout] test tc_der_tagged_explicit_g::invalid_tag ... ok
[INFO] [stdout] test tc_der_tagged_explicit_g::tag_ok ... ok
[INFO] [stdout] test tc_der_tagged_implicit_g::invalid_tag ... ok
[INFO] [stdout] test tc_der_tagged_implicit_g::tag_ok ... ok
[INFO] [stdout] test tc_der_seq_of::seq_ok ... ok
[INFO] [stdout] test tc_der_set_of::invalid_tag ... ok
[INFO] [stdout] 
[INFO] [stdout] test result: ok. 25 passed; 0 failed; 0 ignored; 0 measured; 0 filtered out; finished in 0.01s
[INFO] [stdout] 
[INFO] [stdout] 
[INFO] [stdout] running 57 tests
[INFO] [stdout] test tc_der_i32::i32_1 ... ok
[INFO] [stdout] test tc_der_i32::i32_neg1 ... ok
[INFO] [stdout] test tc_der_slice::constructed_slice ... ok
[INFO] [stdout] test tc_der_slice::invalid_tag ... ok
[INFO] [stdout] test tc_der_slice::slice_1 ... ok
[INFO] [stdout] test tc_der_slice::slice_2 ... ok
[INFO] [stdout] test tc_der_slice::slice_3 ... ok
[INFO] [stdout] test tc_der_u32::negative_integer ... ok
[INFO] [stdout] test tc_der_u32::u32_1 ... ok
[INFO] [stdout] test tc_der_u32::u32_0x123 ... ok
[INFO] [stdout] test tc_der_u32::u32_long2_neg ... ok
[INFO] [stdout] test tc_der_u32::u32_255 ... ok
[INFO] [stdout] test tc_der_u32::invalid_tag ... ok
[INFO] [stdout] test tc_der_i32::i32_neg129 ... ok
[INFO] [stdout] test tc_der_i32::i32_neg128 ... ok
[INFO] [stdout] test tc_der_i32::i32_255 ... ok
[INFO] [stdout] test tc_der_u32::u32_long_leading_zeros ... ok
[INFO] [stdout] test tc_der_u32::u32_too_large ... ok
[INFO] [stdout] test tc_der_u32::u32_long_ok ... ok
[INFO] [stdout] test tc_der_u64::invalid_tag ... ok
[INFO] [stdout] test tc_der_u64::u64_0x123 ... ok
[INFO] [stdout] test tc_der_u64::u64_1 ... ok
[INFO] [stdout] test tc_der_u64::u64_255 ... ok
[INFO] [stdout] test tc_der_u64::u64_long2_ok ... ok
[INFO] [stdout] test tc_der_u64::u64_long_ok ... ok
[INFO] [stdout] test tc_der_u64::u64_too_large ... ok
[INFO] [stdout] test test_der_bitstring_constructed ... ok
[INFO] [stdout] test test_der_bitstring_primitive ... ok
[INFO] [stdout] test test_der_bool ... ok
[INFO] [stdout] test test_der_defined_seq_macros ... ok
[INFO] [stdout] test test_der_contextspecific ... ok
[INFO] [stdout] test test_der_defined_set_macros ... ok
[INFO] [stdout] test test_der_explicit ... ok
[INFO] [stdout] test test_der_implicit_long_tag ... ok
[INFO] [stdout] test test_der_octetstring_primitive ... ok
[INFO] [stdout] test tc_der_u32::u32_too_large_2 ... ok
[INFO] [stdout] test test_der_enum ... ok
[INFO] [stdout] test test_der_relativeoid ... ok
[INFO] [stdout] test test_der_generalizedtime ... ok
[INFO] [stdout] test test_der_int ... ok
[INFO] [stdout] test test_der_null ... ok
[INFO] [stdout] test test_der_oid ... ok
[INFO] [stdout] test test_der_implicit ... ok
[INFO] [stdout] test test_der_optional ... ok
[INFO] [stdout] test test_der_generalstring ... ok
[INFO] [stdout] test test_der_indefinite_length ... ok
[INFO] [stdout] test test_der_seq_of ... ok
[INFO] [stdout] test test_der_set ... ok
[INFO] [stdout] test test_der_set_defined ... ok
[INFO] [stdout] test test_der_seq ... ok
[INFO] [stderr]      Running tests/fuzz01.rs (/opt/rustwide/target/debug/deps/fuzz01-4a9af08c9b6b03fa)
[INFO] [stdout] test test_der_utctime ... ok
[INFO] [stderr]      Running tests/fuzz02.rs (/opt/rustwide/target/debug/deps/fuzz02-d9cdb0678e08c6bb)
[INFO] [stdout] test test_der_seq_of_incomplete ... ok
[INFO] [stdout] test test_der_seq_dn_defined ... ok
[INFO] [stdout] test test_der_seq_defined ... ok
[INFO] [stdout] test test_der_seq_dn ... ok
[INFO] [stdout] test test_der_utf8string ... ok
[INFO] [stdout] test test_der_set_of ... ok
[INFO] [stdout] 
[INFO] [stdout] test result: ok. 57 passed; 0 failed; 0 ignored; 0 measured; 0 filtered out; finished in 0.04s
[INFO] [stdout] 
[INFO] [stdout] 
[INFO] [stdout] running 1 test
[INFO] [stdout] test test01 ... ok
[INFO] [stdout] 
[INFO] [stdout] test result: ok. 1 passed; 0 failed; 0 ignored; 0 measured; 0 filtered out; finished in 0.00s
[INFO] [stdout] 
[INFO] [stdout] 
[INFO] [stdout] running 3 tests
[INFO] [stderr]      Running tests/macros.rs (/opt/rustwide/target/debug/deps/macros-dab34ed0517712a9)
[INFO] [stdout] test test04 ... ok
[INFO] [stdout] test test03 ... ok
[INFO] [stdout] test test02 ... ok
[INFO] [stdout] 
[INFO] [stdout] test result: ok. 3 passed; 0 failed; 0 ignored; 0 measured; 0 filtered out; finished in 0.01s
[INFO] [stdout] 
[INFO] [stdout] 
[INFO] [stderr]      Running tests/oid.rs (/opt/rustwide/target/debug/deps/oid-857d886da5fc9050)
[INFO] [stdout] running 2 tests
[INFO] [stdout] test oid_macro ... ok
[INFO] [stdout] test oid_macro_edge_cases ... ok
[INFO] [stdout] 
[INFO] [stdout] test result: ok. 2 passed; 0 failed; 0 ignored; 0 measured; 0 filtered out; finished in 0.01s
[INFO] [stdout] 
[INFO] [stderr]      Running tests/primitive.rs (/opt/rustwide/target/debug/deps/primitive-36dc15d0c929804d)
[INFO] [stdout] 
[INFO] [stdout] running 1 test
[INFO] [stdout] test test_compare_oid ... ok
[INFO] [stdout] 
[INFO] [stdout] test result: ok. 1 passed; 0 failed; 0 ignored; 0 measured; 0 filtered out; finished in 0.00s
[INFO] [stdout] 
[INFO] [stdout] 
[INFO] [stdout] running 13 tests
[INFO] [stdout] test test_flat_take ... ok
[INFO] [stdout] test test_pretty_print ... ok
[INFO] [stdout] test test_unknown_tag ... ok
[INFO] [stdout] test test_unknown_longer_tag ... ok
[INFO] [stdout] test test_unknown_context_specific ... ok
[INFO] [stdout] test test_incomplete_tag ... ok
[INFO] [stdout] test test_oid_iter_length_check ... ok
[INFO] [stdout] test test_incomplete_length ... ok
[INFO] [stdout] test test_rel_oid ... ok
[INFO] [stderr]    Doc-tests der-parser
[INFO] [stdout] test test_overflow_tag ... ok
[INFO] [stdout] test test_oid ... ok
[INFO] [stdout] test test_invalid_length ... ok
[INFO] [stdout] test test_unknown_long_tag ... ok
[INFO] [stdout] 
[INFO] [stdout] test result: ok. 13 passed; 0 failed; 0 ignored; 0 measured; 0 filtered out; finished in 0.01s
[INFO] [stdout] 
[INFO] [stderr] warning: lint `broken_intra_doc_links` has been renamed to `rustdoc::broken_intra_doc_links`
[INFO] [stderr]    --> /opt/rustwide/workdir/src/lib.rs:234:9
[INFO] [stderr]     |
[INFO] [stderr] 234 | #![deny(broken_intra_doc_links)]
[INFO] [stderr]     |         ^^^^^^^^^^^^^^^^^^^^^^ help: use the new name: `rustdoc::broken_intra_doc_links`
[INFO] [stderr]     |
[INFO] [stderr]     = note: `#[warn(renamed_and_removed_lints)]` on by default
[INFO] [stderr] 
[INFO] [stderr] warning: 1 warning emitted
[INFO] [stderr] 
[INFO] [stdout] 
[INFO] [stdout] running 80 tests
[INFO] [stdout] test src/ber/parser.rs - ber::parser::parse_ber_with_tag (line 758) ... FAILED
[INFO] [stdout] test src/ber/parser.rs - ber::parser::parse_ber_implicit (line 1031) ... FAILED
[INFO] [stdout] test src/der/parser.rs - der::parser::parse_der_with_tag (line 72) ... FAILED
[INFO] [stdout] test src/der/multi.rs - der::multi::parse_der_sequence_defined_g (line 183) ... FAILED
[INFO] [stdout] test src/der/multi.rs - der::multi::parse_der_set_of (line 240) ... FAILED
[INFO] [stdout] test src/lib.rs - (line 65) ... FAILED
[INFO] [stdout] test src/der/multi.rs - der::multi::parse_der_set_defined_g (line 408) ... FAILED
[INFO] [stdout] test src/der/multi.rs - der::multi::parse_der_sequence_defined (line 97) ... FAILED
[INFO] [stdout] test src/der/parser.rs - der::parser::parse_der (line 18) ... FAILED
[INFO] [stdout] test src/der/multi.rs - der::multi::parse_der_container (line 477) ... FAILED
[INFO] [stdout] test src/der/multi.rs - der::multi::parse_der_sequence_defined (line 124) ... FAILED
[INFO] [stdout] test src/ber/parser.rs - ber::parser::parse_ber_integer (line 810) ... FAILED
[INFO] [stdout] test src/ber/parser.rs - ber::parser::parse_ber_content2 (line 734) ... FAILED
[INFO] [stdout] test src/oid.rs - oid (line 20) ... FAILED
[INFO] [stdout] test src/ber/tagged.rs - ber::tagged::parse_ber_tagged_explicit (line 16) ... FAILED
[INFO] [stdout] test src/lib.rs - (line 171) ... FAILED
[INFO] [stdout] test src/ber/tagged.rs - ber::tagged::parse_ber_tagged_implicit_g (line 193) ... FAILED
[INFO] [stdout] test src/der/parser.rs - der::parser::parse_der_implicit (line 353) ... FAILED
[INFO] [stdout] test src/macros.rs - parse_der_optional (line 306) ... FAILED
[INFO] [stdout] test src/der/tagged.rs - der::tagged::parse_der_tagged_explicit (line 17) ... FAILED
[INFO] [stdout] test src/macros.rs - parse_der_struct (line 401) ... FAILED
[INFO] [stdout] test src/ber/tagged.rs - ber::tagged::parse_ber_tagged_implicit (line 146) ... FAILED
[INFO] [stdout] test src/macros.rs - parse_der_sequence_of (line 237) ... FAILED
[INFO] [stdout] test src/macros.rs - parse_der_tagged (line 516) ... FAILED
[INFO] [stdout] test src/der/tagged.rs - der::tagged::parse_der_tagged_implicit (line 147) ... FAILED
[INFO] [stdout] test src/macros.rs - parse_der_sequence_defined (line 155) ... FAILED
[INFO] [stdout] test src/der/multi.rs - der::multi::parse_der_sequence_of (line 14) ... FAILED
[INFO] [stdout] test src/ber/tagged.rs - ber::tagged::parse_ber_tagged_implicit (line 121) ... FAILED
[INFO] [stdout] test src/macros.rs - parse_der_tagged (line 545) ... FAILED
[INFO] [stdout] test src/der/multi.rs - der::multi::parse_der_set_of_v (line 274) ... FAILED
[INFO] [stdout] test src/der/multi.rs - der::multi::parse_der_sequence_of_v (line 48) ... FAILED
[INFO] [stdout] test src/macros.rs - parse_der_set_of (line 271) ... FAILED
[INFO] [stdout] test src/der/multi.rs - der::multi::parse_der_set_defined (line 321) ... FAILED
[INFO] [stdout] test src/macros.rs - parse_der_struct (line 440) ... FAILED
[INFO] [stdout] test src/der/multi.rs - der::multi::parse_der_set_defined (line 348) ... FAILED
[INFO] [stdout] test src/der/tagged.rs - der::tagged::parse_der_tagged_implicit (line 122) ... FAILED
[INFO] [stdout] test src/macros.rs - parse_der_set_defined (line 196) ... FAILED
[INFO] [stdout] test src/der/mod.rs - der (line 40) ... FAILED
[INFO] [stdout] test src/der/parser.rs - der::parser::parse_der_integer (line 123) ... FAILED
[INFO] [stdout] test src/der/tagged.rs - der::tagged::parse_der_tagged_explicit_g (line 60) ... FAILED
[INFO] [stderr] error: test failed, to rerun pass '--doc'
[INFO] [stderr] 
[INFO] [stderr] Caused by:
[INFO] [stderr]   process didn't exit successfully: `rustdoc --edition=2018 --crate-type lib --crate-name der_parser --test /opt/rustwide/workdir/src/lib.rs -L dependency=/opt/rustwide/target/debug/deps -L dependency=/opt/rustwide/target/debug/deps --extern der_oid_macro=/opt/rustwide/target/debug/deps/libder_oid_macro-ae4a92f34e037c40.so --extern der_parser=/opt/rustwide/target/debug/deps/libder_parser-557aa6ff18e533e0.rlib --extern hex_literal=/opt/rustwide/target/debug/deps/libhex_literal-4fc40c49d04f3bfc.so --extern nom=/opt/rustwide/target/debug/deps/libnom-530eaab961b6443f.rlib --extern num_traits=/opt/rustwide/target/debug/deps/libnum_traits-a7dd8f4b743ea2a4.rlib --extern pretty_assertions=/opt/rustwide/target/debug/deps/libpretty_assertions-f53accb9c9f8d1b4.rlib --extern rusticata_macros=/opt/rustwide/target/debug/deps/librusticata_macros-201556a462bf2963.rlib --extern test_case=/opt/rustwide/target/debug/deps/libtest_case-5ba51bb9cf7dffd3.so -C embed-bitcode=no --cfg 'feature="default"' --error-format human` (signal: 9, SIGKILL: kill)
[INFO] running `Command { std: "docker" "inspect" "84a8de58aac9fde946de59083f16f2480c05a1f0718bdfeaa49c892ada13a849", kill_on_drop: false }`
[INFO] running `Command { std: "docker" "rm" "-f" "84a8de58aac9fde946de59083f16f2480c05a1f0718bdfeaa49c892ada13a849", kill_on_drop: false }`
[INFO] [stdout] 84a8de58aac9fde946de59083f16f2480c05a1f0718bdfeaa49c892ada13a849
