[INFO] fetching crate deqp-runner 0.8.2...
[INFO] testing deqp-runner-0.8.2 against beta-2021-08-01 for beta-1.55-1
[INFO] extracting crate deqp-runner 0.8.2 into /workspace/builds/worker-98/source
[INFO] validating manifest of crates.io crate deqp-runner 0.8.2 on toolchain beta-2021-08-01
[INFO] running `Command { std: "/workspace/cargo-home/bin/cargo" "+beta-2021-08-01" "metadata" "--manifest-path" "Cargo.toml" "--no-deps", kill_on_drop: false }`
[INFO] started tweaking crates.io crate deqp-runner 0.8.2
[INFO] finished tweaking crates.io crate deqp-runner 0.8.2
[INFO] tweaked toml for crates.io crate deqp-runner 0.8.2 written to /workspace/builds/worker-98/source/Cargo.toml
[INFO] crate crates.io crate deqp-runner 0.8.2 already has a lockfile, it will not be regenerated
[INFO] running `Command { std: "/workspace/cargo-home/bin/cargo" "+beta-2021-08-01" "fetch" "--manifest-path" "Cargo.toml", kill_on_drop: false }`
[INFO] [stderr]     Blocking waiting for file lock on package cache
[INFO] [stderr]  Downloading crates ...
[INFO] [stderr]   Downloaded junit-report v0.4.0
[INFO] [stderr]   Downloaded stderrlog v0.5.1
[INFO] [stderr]   Downloaded xmlparser v0.13.3
[INFO] [stderr]   Downloaded roxmltree v0.13.1
[INFO] [stderr]   Downloaded timeout-readwrite v0.3.1
[INFO] running `Command { std: "docker" "create" "-v" "/var/lib/crater-agent-workspace/builds/worker-98/target:/opt/rustwide/target:rw,Z" "-v" "/var/lib/crater-agent-workspace/builds/worker-98/source:/opt/rustwide/workdir:ro,Z" "-v" "/var/lib/crater-agent-workspace/cargo-home:/opt/rustwide/cargo-home:ro,Z" "-v" "/var/lib/crater-agent-workspace/rustup-home:/opt/rustwide/rustup-home:ro,Z" "-e" "SOURCE_DIR=/opt/rustwide/workdir" "-e" "CARGO_TARGET_DIR=/opt/rustwide/target" "-e" "CARGO_HOME=/opt/rustwide/cargo-home" "-e" "RUSTUP_HOME=/opt/rustwide/rustup-home" "-w" "/opt/rustwide/workdir" "-m" "1610612736" "--user" "0:0" "--network" "none" "ghcr.io/rust-lang/crates-build-env/linux@sha256:34b6a614d2c27851fe6cbf88fbd1137609cefab8b10d0615aaeb6fd47975d74e" "/opt/rustwide/cargo-home/bin/cargo" "+beta-2021-08-01" "metadata" "--no-deps" "--format-version=1", kill_on_drop: false }`
[INFO] [stdout] cdbcb7ef424aa5df9cfd93459aa62cbca7757f74755cb00a1ac69c709f199e96
[INFO] running `Command { std: "docker" "start" "-a" "cdbcb7ef424aa5df9cfd93459aa62cbca7757f74755cb00a1ac69c709f199e96", kill_on_drop: false }`
[INFO] running `Command { std: "docker" "inspect" "cdbcb7ef424aa5df9cfd93459aa62cbca7757f74755cb00a1ac69c709f199e96", kill_on_drop: false }`
[INFO] running `Command { std: "docker" "rm" "-f" "cdbcb7ef424aa5df9cfd93459aa62cbca7757f74755cb00a1ac69c709f199e96", kill_on_drop: false }`
[INFO] [stdout] cdbcb7ef424aa5df9cfd93459aa62cbca7757f74755cb00a1ac69c709f199e96
[INFO] running `Command { std: "docker" "create" "-v" "/var/lib/crater-agent-workspace/builds/worker-98/target:/opt/rustwide/target:rw,Z" "-v" "/var/lib/crater-agent-workspace/builds/worker-98/source:/opt/rustwide/workdir:ro,Z" "-v" "/var/lib/crater-agent-workspace/cargo-home:/opt/rustwide/cargo-home:ro,Z" "-v" "/var/lib/crater-agent-workspace/rustup-home:/opt/rustwide/rustup-home:ro,Z" "-e" "SOURCE_DIR=/opt/rustwide/workdir" "-e" "CARGO_TARGET_DIR=/opt/rustwide/target" "-e" "CARGO_INCREMENTAL=0" "-e" "RUST_BACKTRACE=full" "-e" "RUSTFLAGS=--cap-lints=warn" "-e" "CARGO_HOME=/opt/rustwide/cargo-home" "-e" "RUSTUP_HOME=/opt/rustwide/rustup-home" "-w" "/opt/rustwide/workdir" "-m" "1610612736" "--user" "0:0" "--network" "none" "ghcr.io/rust-lang/crates-build-env/linux@sha256:34b6a614d2c27851fe6cbf88fbd1137609cefab8b10d0615aaeb6fd47975d74e" "/opt/rustwide/cargo-home/bin/cargo" "+beta-2021-08-01" "build" "--frozen" "--message-format=json", kill_on_drop: false }`
[INFO] [stdout] d559fff53e5b034d9b0c332b831e0c610afc30ff09f6b72858d2c58ad8af201e
[INFO] running `Command { std: "docker" "start" "-a" "d559fff53e5b034d9b0c332b831e0c610afc30ff09f6b72858d2c58ad8af201e", kill_on_drop: false }`
[INFO] [stderr]     Blocking waiting for file lock on package cache
[INFO] [stderr]     Blocking waiting for file lock on package cache
[INFO] [stderr]     Blocking waiting for file lock on package cache
[INFO] [stderr]    Compiling autocfg v1.0.1
[INFO] [stderr]    Compiling libc v0.2.96
[INFO] [stderr]    Compiling proc-macro2 v1.0.27
[INFO] [stderr]    Compiling cfg-if v1.0.0
[INFO] [stderr]    Compiling unicode-xid v0.2.2
[INFO] [stderr]    Compiling syn v1.0.72
[INFO] [stderr]    Compiling lazy_static v1.4.0
[INFO] [stderr]    Compiling version_check v0.9.3
[INFO] [stderr]    Compiling crossbeam-utils v0.8.5
[INFO] [stderr]    Compiling bitflags v1.2.1
[INFO] [stderr]    Compiling crossbeam-epoch v0.9.5
[INFO] [stderr]    Compiling getrandom v0.1.16
[INFO] [stderr]    Compiling rayon-core v1.9.1
[INFO] [stderr]    Compiling scopeguard v1.1.0
[INFO] [stderr]    Compiling serde_derive v1.0.126
[INFO] [stderr]    Compiling memchr v2.4.0
[INFO] [stderr]    Compiling unicode-segmentation v1.7.1
[INFO] [stderr]    Compiling nix v0.17.0
[INFO] [stderr]    Compiling serde v1.0.126
[INFO] [stderr]    Compiling unicode-width v0.1.8
[INFO] [stderr]    Compiling log v0.4.14
[INFO] [stderr]    Compiling crc32fast v1.2.1
[INFO] [stderr]    Compiling ppv-lite86 v0.2.10
[INFO] [stderr]    Compiling void v1.0.2
[INFO] [stderr]    Compiling anyhow v1.0.40
[INFO] [stderr]    Compiling adler v1.0.2
[INFO] [stderr]    Compiling cfg-if v0.1.10
[INFO] [stderr]    Compiling vec_map v0.8.2
[INFO] [stderr]    Compiling ansi_term v0.11.0
[INFO] [stderr]    Compiling strsim v0.8.0
[INFO] [stderr]    Compiling xml-rs v0.8.3
[INFO] [stderr]    Compiling xmlparser v0.13.3
[INFO] [stderr]    Compiling either v1.6.1
[INFO] [stderr]    Compiling regex-syntax v0.6.25
[INFO] [stderr]    Compiling termcolor v1.1.2
[INFO] [stderr]    Compiling thread_local v1.0.1
[INFO] [stderr]    Compiling textwrap v0.11.0
[INFO] [stderr]    Compiling num-traits v0.2.14
[INFO] [stderr]    Compiling memoffset v0.6.4
[INFO] [stderr]    Compiling num-integer v0.1.44
[INFO] [stderr]    Compiling miniz_oxide v0.4.4
[INFO] [stderr]    Compiling rayon v1.5.1
[INFO] [stderr]    Compiling proc-macro-error-attr v1.0.4
[INFO] [stderr]    Compiling proc-macro-error v1.0.4
[INFO] [stderr]    Compiling roxmltree v0.13.1
[INFO] [stderr]    Compiling heck v0.3.3
[INFO] [stderr]    Compiling crossbeam-channel v0.5.1
[INFO] [stderr]    Compiling aho-corasick v0.7.18
[INFO] [stderr]    Compiling quote v1.0.9
[INFO] [stderr]    Compiling crossbeam-deque v0.8.0
[INFO] [stderr]    Compiling regex v1.5.4
[INFO] [stderr]    Compiling atty v0.2.14
[INFO] [stderr]    Compiling time v0.1.43
[INFO] [stderr]    Compiling num_cpus v1.13.0
[INFO] [stderr]    Compiling flate2 v1.0.20
[INFO] [stderr]    Compiling thread-id v3.3.0
[INFO] [stderr]    Compiling clap v2.33.3
[INFO] [stderr]    Compiling chrono v0.4.19
[INFO] [stderr]    Compiling rand_core v0.5.1
[INFO] [stderr]    Compiling rand_chacha v0.2.2
[INFO] [stderr]    Compiling rand v0.7.3
[INFO] [stderr]    Compiling stderrlog v0.5.1
[INFO] [stderr]    Compiling timeout-readwrite v0.3.1
[INFO] [stderr]    Compiling thiserror-impl v1.0.25
[INFO] [stderr]    Compiling structopt-derive v0.4.14
[INFO] [stderr]    Compiling derive-getters v0.1.1
[INFO] [stderr]    Compiling thiserror v1.0.25
[INFO] [stderr]    Compiling junit-report v0.4.0
[INFO] [stderr]    Compiling structopt v0.3.21
[INFO] [stderr]    Compiling toml v0.5.8
[INFO] [stderr]    Compiling deqp-runner v0.8.2 (/opt/rustwide/workdir)
[INFO] [stderr]     Finished dev [unoptimized + debuginfo] target(s) in 42.33s
[INFO] running `Command { std: "docker" "inspect" "d559fff53e5b034d9b0c332b831e0c610afc30ff09f6b72858d2c58ad8af201e", kill_on_drop: false }`
[INFO] running `Command { std: "docker" "rm" "-f" "d559fff53e5b034d9b0c332b831e0c610afc30ff09f6b72858d2c58ad8af201e", kill_on_drop: false }`
[INFO] [stdout] d559fff53e5b034d9b0c332b831e0c610afc30ff09f6b72858d2c58ad8af201e
[INFO] running `Command { std: "docker" "create" "-v" "/var/lib/crater-agent-workspace/builds/worker-98/target:/opt/rustwide/target:rw,Z" "-v" "/var/lib/crater-agent-workspace/builds/worker-98/source:/opt/rustwide/workdir:ro,Z" "-v" "/var/lib/crater-agent-workspace/cargo-home:/opt/rustwide/cargo-home:ro,Z" "-v" "/var/lib/crater-agent-workspace/rustup-home:/opt/rustwide/rustup-home:ro,Z" "-e" "SOURCE_DIR=/opt/rustwide/workdir" "-e" "CARGO_TARGET_DIR=/opt/rustwide/target" "-e" "CARGO_INCREMENTAL=0" "-e" "RUST_BACKTRACE=full" "-e" "RUSTFLAGS=--cap-lints=warn" "-e" "CARGO_HOME=/opt/rustwide/cargo-home" "-e" "RUSTUP_HOME=/opt/rustwide/rustup-home" "-w" "/opt/rustwide/workdir" "-m" "1610612736" "--user" "0:0" "--network" "none" "ghcr.io/rust-lang/crates-build-env/linux@sha256:34b6a614d2c27851fe6cbf88fbd1137609cefab8b10d0615aaeb6fd47975d74e" "/opt/rustwide/cargo-home/bin/cargo" "+beta-2021-08-01" "test" "--frozen" "--no-run" "--message-format=json", kill_on_drop: false }`
[INFO] [stdout] 4cc636d979f6bcf464f14d4d60e550195c2724686c7af4149c65e3e184d1ef60
[INFO] running `Command { std: "docker" "start" "-a" "4cc636d979f6bcf464f14d4d60e550195c2724686c7af4149c65e3e184d1ef60", kill_on_drop: false }`
[INFO] [stderr]     Blocking waiting for file lock on package cache
[INFO] [stderr]     Blocking waiting for file lock on package cache
[INFO] [stderr]    Compiling ucd-trie v0.1.3
[INFO] [stderr]    Compiling ryu v1.0.5
[INFO] [stderr]    Compiling itoa v0.4.7
[INFO] [stderr]    Compiling serde_json v1.0.64
[INFO] [stderr]    Compiling regex-automata v0.1.10
[INFO] [stderr]    Compiling plotters-backend v0.3.0
[INFO] [stderr]    Compiling same-file v1.0.6
[INFO] [stderr]    Compiling half v1.7.1
[INFO] [stderr]    Compiling oorandom v11.1.3
[INFO] [stderr]    Compiling remove_dir_all v0.5.3
[INFO] [stderr]    Compiling itertools v0.9.0
[INFO] [stderr]    Compiling itertools v0.10.1
[INFO] [stderr]    Compiling getrandom v0.2.3
[INFO] [stderr]    Compiling csv-core v0.1.10
[INFO] [stderr]    Compiling walkdir v2.3.2
[INFO] [stderr]    Compiling pest v2.1.3
[INFO] [stderr]    Compiling rand_core v0.6.2
[INFO] [stderr]    Compiling serde_cbor v0.11.1
[INFO] [stderr]    Compiling plotters-svg v0.3.0
[INFO] [stderr]    Compiling bstr v0.2.16
[INFO] [stderr]    Compiling plotters v0.3.1
[INFO] [stderr]    Compiling rand_chacha v0.3.0
[INFO] [stderr]    Compiling rand v0.8.3
[INFO] [stderr]    Compiling csv v1.1.6
[INFO] [stderr]    Compiling tempfile v3.2.0
[INFO] [stderr]    Compiling semver-parser v0.10.2
[INFO] [stderr]    Compiling tinytemplate v1.2.1
[INFO] [stderr]    Compiling semver v0.11.0
[INFO] [stderr]    Compiling rustc_version v0.3.3
[INFO] [stderr]    Compiling cast v0.2.6
[INFO] [stderr]    Compiling criterion-plot v0.4.3
[INFO] [stderr]    Compiling criterion v0.3.4
[INFO] [stderr]    Compiling deqp-runner v0.8.2 (/opt/rustwide/workdir)
[INFO] [stderr]     Finished test [unoptimized + debuginfo] target(s) in 24.33s
[INFO] running `Command { std: "docker" "inspect" "4cc636d979f6bcf464f14d4d60e550195c2724686c7af4149c65e3e184d1ef60", kill_on_drop: false }`
[INFO] running `Command { std: "docker" "rm" "-f" "4cc636d979f6bcf464f14d4d60e550195c2724686c7af4149c65e3e184d1ef60", kill_on_drop: false }`
[INFO] [stdout] 4cc636d979f6bcf464f14d4d60e550195c2724686c7af4149c65e3e184d1ef60
[INFO] running `Command { std: "docker" "create" "-v" "/var/lib/crater-agent-workspace/builds/worker-98/target:/opt/rustwide/target:rw,Z" "-v" "/var/lib/crater-agent-workspace/builds/worker-98/source:/opt/rustwide/workdir:ro,Z" "-v" "/var/lib/crater-agent-workspace/cargo-home:/opt/rustwide/cargo-home:ro,Z" "-v" "/var/lib/crater-agent-workspace/rustup-home:/opt/rustwide/rustup-home:ro,Z" "-e" "SOURCE_DIR=/opt/rustwide/workdir" "-e" "CARGO_TARGET_DIR=/opt/rustwide/target" "-e" "CARGO_INCREMENTAL=0" "-e" "RUST_BACKTRACE=full" "-e" "RUSTFLAGS=--cap-lints=warn" "-e" "CARGO_HOME=/opt/rustwide/cargo-home" "-e" "RUSTUP_HOME=/opt/rustwide/rustup-home" "-w" "/opt/rustwide/workdir" "-m" "1610612736" "--user" "0:0" "--network" "none" "ghcr.io/rust-lang/crates-build-env/linux@sha256:34b6a614d2c27851fe6cbf88fbd1137609cefab8b10d0615aaeb6fd47975d74e" "/opt/rustwide/cargo-home/bin/cargo" "+beta-2021-08-01" "test" "--frozen", kill_on_drop: false }`
[INFO] [stdout] 42218605bccf21893a5cf3b5e7e97d081f0e2e2762b9c3457c202dd3ea194360
[INFO] running `Command { std: "docker" "start" "-a" "42218605bccf21893a5cf3b5e7e97d081f0e2e2762b9c3457c202dd3ea194360", kill_on_drop: false }`
[INFO] [stderr]     Finished test [unoptimized + debuginfo] target(s) in 0.37s
[INFO] [stderr]      Running unittests (/opt/rustwide/target/debug/deps/deqp_runner-500227865f7b6194)
[INFO] [stdout] 
[INFO] [stdout] running 26 tests
[INFO] [stdout] test parse_piglit::tests::parse_command_with_brackets ... ok
[INFO] [stdout] test parse_piglit::tests::parse_asmparsertest ... ok
[INFO] [stdout] test parse_piglit::tests::parse_glx_test ... ok
[INFO] [stdout] test parse_piglit::tests::parse_glslparsertest ... ok
[INFO] [stdout] test parse_piglit::tests::parse_command_and_args ... ok
[INFO] [stdout] test parse_deqp::tests::parse_parens_in_detail ... ok
[INFO] [stdout] test parse_deqp::tests::parse_failure ... ok
[INFO] [stdout] test parse_deqp::tests::parse_statuses ... ok
[INFO] [stdout] test parse_deqp::tests::parse_all_missing ... ok
[INFO] [stdout] test parse_deqp::tests::parse_crash ... ok
[INFO] [stdout] test parse_piglit::tests::parse_crash ... ok
[INFO] [stdout] test parse_deqp::tests::parse_timeout ... ok
[INFO] [stdout] test parse_piglit::tests::parse_statuses ... ok
[INFO] [stdout] test parse_piglit::tests::parse_shader_runner_subtests ... ok
[INFO] [stdout] test parse_piglit::tests::parse_subtests ... ok
[INFO] [stdout] test parse_deqp::tests::parse_turnip_stdout_mixup ... ok
[INFO] [stdout] test runner_results::tests::hms_display ... ok
[INFO] [stdout] test tests::filter_qpa_no_results ... ok
[INFO] [stdout] test runner_results::tests::status_map ... ok
[INFO] [stdout] test tests::results_is_success ... ok
[INFO] [stdout] test runner_results::tests::csv_parse ... ok
[INFO] [stdout] test runner_results::tests::csv_parse_dup ... ok
[INFO] [stdout] test runner_results::tests::csv_test_missing_status ... ok
[INFO] [stdout] test tests::filter_qpa_success ... ok
[INFO] [stderr]      Running unittests (/opt/rustwide/target/debug/deps/deqp_runner-e9cc8a8c46bd031c)
[INFO] [stdout] test parse_piglit::tests::parse_timeout_result ... ok
[INFO] [stdout] test parse_piglit::tests::parse_timeout_no_result ... ok
[INFO] [stdout] 
[INFO] [stdout] test result: ok. 26 passed; 0 failed; 0 ignored; 0 measured; 0 filtered out; finished in 0.51s
[INFO] [stdout] 
[INFO] [stderr]      Running unittests (/opt/rustwide/target/debug/deps/piglit_runner-2bdc72e9925fd1d4)
[INFO] [stdout] 
[INFO] [stdout] running 0 tests
[INFO] [stdout] 
[INFO] [stdout] test result: ok. 0 passed; 0 failed; 0 ignored; 0 measured; 0 filtered out; finished in 0.00s
[INFO] [stdout] 
[INFO] [stdout] 
[INFO] [stdout] running 0 tests
[INFO] [stdout] 
[INFO] [stdout] test result: ok. 0 passed; 0 failed; 0 ignored; 0 measured; 0 filtered out; finished in 0.00s
[INFO] [stdout] 
[INFO] [stderr]      Running tests/integration/main.rs (/opt/rustwide/target/debug/deps/integration-8d1b770c47bb8608)
[INFO] [stdout] 
[INFO] [stdout] running 29 tests
[INFO] [stdout] test piglit_runner::bad_includes ... ok
[INFO] [stdout] test deqp_runner::missing_skips ... ok
[INFO] [stdout] test deqp_runner::missing_flakes ... ok
[INFO] [stdout] test deqp_runner::bad_includes ... ok
[INFO] [stdout] test piglit_runner::missing_flakes ... ok
[INFO] [stdout] test deqp_runner::includes ... ok
[INFO] [stdout] test piglit_runner::includes ... ok
[INFO] [stdout] test deqp_runner::suite_fail ... ok
[INFO] [stdout] test deqp_runner::suite_pass ... ok
[INFO] [stdout] test deqp_runner::suite_dupe_test ... ok
[INFO] [stdout] test piglit_runner::subtest_statuses ... ok
[INFO] [stdout] test deqp_runner::suite_prefix_skips ... ok
[INFO] [stdout] test piglit_runner::subtest_dupe ... ok
[INFO] [stdout] test piglit_runner::missing_skips ... ok
[INFO] [stdout] test deqp_runner::many_passes_and_a_fail ... ok
[INFO] [stdout] test deqp_runner::missing ... ok
[INFO] [stdout] test deqp_runner::suite_prefix_test ... ok
[INFO] [stdout] test piglit_runner::subtest_commas ... ok
[INFO] [stdout] test deqp_runner::crash ... ok
[INFO] [stdout] test deqp_runner::skip_crash ... ok
[INFO] [stdout] test deqp_runner::baseline ... ok
[INFO] [stdout] test deqp_runner::results_serialization ... ok
[INFO] [stdout] test deqp_runner::many_passes ... ok
[INFO] [stdout] test piglit_runner::subtest_baseline ... ok
[INFO] [stdout] test piglit_runner::late_crash ... FAILED
[INFO] [stdout] test deqp_runner::timeout ... ok
[INFO] [stdout] test piglit_runner::timeout ... ok
[INFO] [stdout] test piglit_runner::many_passes ... ok
[INFO] [stdout] test deqp_runner::flake_handling ... ok
[INFO] [stdout] 
[INFO] [stdout] failures:
[INFO] [stdout] 
[INFO] [stdout] ---- piglit_runner::late_crash stdout ----
[INFO] [stdout] thread 'piglit_runner::late_crash' panicked at 'assertion failed: result.stdout.contains(\"Crash: 1\")', tests/integration/piglit_runner.rs:159:5
[INFO] [stdout] stack backtrace:
[INFO] [stdout]    0:     0x563dacbf3ab0 - std::backtrace_rs::backtrace::libunwind::trace::hff4d1766e93f64f1
[INFO] [stdout]                                at /rustc/53fd98ca776cb875bc9e5514f56b52eb74f9e7a9/library/std/src/../../backtrace/src/backtrace/libunwind.rs:90:5
[INFO] [stdout]    1:     0x563dacbf3ab0 - std::backtrace_rs::backtrace::trace_unsynchronized::h56bbc8eb78770bcb
[INFO] [stdout]                                at /rustc/53fd98ca776cb875bc9e5514f56b52eb74f9e7a9/library/std/src/../../backtrace/src/backtrace/mod.rs:66:5
[INFO] [stdout]    2:     0x563dacbf3ab0 - std::sys_common::backtrace::_print_fmt::h5c8e75464faca780
[INFO] [stdout]                                at /rustc/53fd98ca776cb875bc9e5514f56b52eb74f9e7a9/library/std/src/sys_common/backtrace.rs:67:5
[INFO] [stdout]    3:     0x563dacbf3ab0 - <std::sys_common::backtrace::_print::DisplayBacktrace as core::fmt::Display>::fmt::h48b88277def8b362
[INFO] [stdout]                                at /rustc/53fd98ca776cb875bc9e5514f56b52eb74f9e7a9/library/std/src/sys_common/backtrace.rs:46:22
[INFO] [stdout]    4:     0x563dacc17ddc - core::fmt::write::h3381b3176fe2b3d3
[INFO] [stdout]                                at /rustc/53fd98ca776cb875bc9e5514f56b52eb74f9e7a9/library/core/src/fmt/mod.rs:1115:17
[INFO] [stdout]    5:     0x563dacbf06d5 - std::io::Write::write_fmt::h5f34a676f60246b5
[INFO] [stdout]                                at /rustc/53fd98ca776cb875bc9e5514f56b52eb74f9e7a9/library/std/src/io/mod.rs:1665:15
[INFO] [stdout]    6:     0x563dacbf60bb - std::sys_common::backtrace::_print::ha537687d6c17dd0d
[INFO] [stdout]                                at /rustc/53fd98ca776cb875bc9e5514f56b52eb74f9e7a9/library/std/src/sys_common/backtrace.rs:49:5
[INFO] [stdout]    7:     0x563dacbf60bb - std::sys_common::backtrace::print::h61376ae57d131d72
[INFO] [stdout]                                at /rustc/53fd98ca776cb875bc9e5514f56b52eb74f9e7a9/library/std/src/sys_common/backtrace.rs:36:9
[INFO] [stdout]    8:     0x563dacbf60bb - std::panicking::default_hook::{{closure}}::h0f7208c0b9644a54
[INFO] [stdout]                                at /rustc/53fd98ca776cb875bc9e5514f56b52eb74f9e7a9/library/std/src/panicking.rs:208:50
[INFO] [stdout]    9:     0x563dacbf5bcc - std::panicking::default_hook::hdac7fc06578c14ce
[INFO] [stdout]                                at /rustc/53fd98ca776cb875bc9e5514f56b52eb74f9e7a9/library/std/src/panicking.rs:222:9
[INFO] [stdout]   10:     0x563dacbf6784 - std::panicking::rust_panic_with_hook::h72b21c283da3d1ef
[INFO] [stdout]                                at /rustc/53fd98ca776cb875bc9e5514f56b52eb74f9e7a9/library/std/src/panicking.rs:622:17
[INFO] [stdout]   11:     0x563dacbf6237 - std::panicking::begin_panic_handler::{{closure}}::he5778f1729cff84a
[INFO] [stdout]                                at /rustc/53fd98ca776cb875bc9e5514f56b52eb74f9e7a9/library/std/src/panicking.rs:517:13
[INFO] [stdout]   12:     0x563dacbf3f8c - std::sys_common::backtrace::__rust_end_short_backtrace::h2d11ca8b453b4b1d
[INFO] [stdout]                                at /rustc/53fd98ca776cb875bc9e5514f56b52eb74f9e7a9/library/std/src/sys_common/backtrace.rs:141:18
[INFO] [stdout]   13:     0x563dacbf61c9 - rust_begin_unwind
[INFO] [stdout]                                at /rustc/53fd98ca776cb875bc9e5514f56b52eb74f9e7a9/library/std/src/panicking.rs:515:5
[INFO] [stdout]   14:     0x563dac94c8e1 - core::panicking::panic_fmt::hf9de31d4acbce4db
[INFO] [stdout]                                at /rustc/53fd98ca776cb875bc9e5514f56b52eb74f9e7a9/library/core/src/panicking.rs:92:14
[INFO] [stdout]   15:     0x563dac94c82d - core::panicking::panic::h8a6bc58a21c6c095
[INFO] [stdout]                                at /rustc/53fd98ca776cb875bc9e5514f56b52eb74f9e7a9/library/core/src/panicking.rs:50:5
[INFO] [stdout]   16:     0x563dac96e847 - integration::piglit_runner::late_crash::haa64b0dab4bcb575
[INFO] [stdout]                                at /opt/rustwide/workdir/tests/integration/piglit_runner.rs:159:5
[INFO] [stdout]   17:     0x563dac96e4da - integration::piglit_runner::late_crash::{{closure}}::hdf4684ed8a227c2a
[INFO] [stdout]                                at /opt/rustwide/workdir/tests/integration/piglit_runner.rs:155:1
[INFO] [stdout]   18:     0x563dac962d3e - core::ops::function::FnOnce::call_once::h747cc19bd6cb6863
[INFO] [stdout]                                at /rustc/53fd98ca776cb875bc9e5514f56b52eb74f9e7a9/library/core/src/ops/function.rs:227:5
[INFO] [stdout]   19:     0x563dac9f49c3 - core::ops::function::FnOnce::call_once::hbb52c4519d3137b0
[INFO] [stdout]                                at /rustc/53fd98ca776cb875bc9e5514f56b52eb74f9e7a9/library/core/src/ops/function.rs:227:5
[INFO] [stdout]   20:     0x563dac9f49c3 - test::__rust_begin_short_backtrace::h86fe3a2a5a5121af
[INFO] [stdout]                                at /rustc/53fd98ca776cb875bc9e5514f56b52eb74f9e7a9/library/test/src/lib.rs:578:5
[INFO] [stdout]   21:     0x563dac9f3478 - <alloc::boxed::Box<F,A> as core::ops::function::FnOnce<Args>>::call_once::hfd956bc3d57399be
[INFO] [stdout]                                at /rustc/53fd98ca776cb875bc9e5514f56b52eb74f9e7a9/library/alloc/src/boxed.rs:1572:9
[INFO] [stdout]   22:     0x563dac9f3478 - <std::panic::AssertUnwindSafe<F> as core::ops::function::FnOnce<()>>::call_once::h40dc93e0ddb5938a
[INFO] [stdout]                                at /rustc/53fd98ca776cb875bc9e5514f56b52eb74f9e7a9/library/std/src/panic.rs:347:9
[INFO] [stdout]   23:     0x563dac9f3478 - std::panicking::try::do_call::h90d07750cb47c562
[INFO] [stdout]                                at /rustc/53fd98ca776cb875bc9e5514f56b52eb74f9e7a9/library/std/src/panicking.rs:401:40
[INFO] [stdout]   24:     0x563dac9f3478 - std::panicking::try::h063c84733ad2a629
[INFO] [stdout]                                at /rustc/53fd98ca776cb875bc9e5514f56b52eb74f9e7a9/library/std/src/panicking.rs:365:19
[INFO] [stdout]   25:     0x563dac9f3478 - std::panic::catch_unwind::h0c464836a84e7c08
[INFO] [stdout]                                at /rustc/53fd98ca776cb875bc9e5514f56b52eb74f9e7a9/library/std/src/panic.rs:434:14
[INFO] [stdout]   26:     0x563dac9f3478 - test::run_test_in_process::h5cb06ef620b157fc
[INFO] [stdout]                                at /rustc/53fd98ca776cb875bc9e5514f56b52eb74f9e7a9/library/test/src/lib.rs:601:18
[INFO] [stdout]   27:     0x563dac9f3478 - test::run_test::run_test_inner::{{closure}}::h76f677f4b93f9828
[INFO] [stdout]                                at /rustc/53fd98ca776cb875bc9e5514f56b52eb74f9e7a9/library/test/src/lib.rs:493:39
[INFO] [stdout]   28:     0x563dac9c1c0d - test::run_test::run_test_inner::{{closure}}::h366d01fe04f4d67a
[INFO] [stdout]                                at /rustc/53fd98ca776cb875bc9e5514f56b52eb74f9e7a9/library/test/src/lib.rs:520:37
[INFO] [stdout]   29:     0x563dac9c1c0d - std::sys_common::backtrace::__rust_begin_short_backtrace::h7dfa0de4eb395af2
[INFO] [stdout]                                at /rustc/53fd98ca776cb875bc9e5514f56b52eb74f9e7a9/library/std/src/sys_common/backtrace.rs:125:18
[INFO] [stdout]   30:     0x563dac9c63d8 - std::thread::Builder::spawn_unchecked::{{closure}}::{{closure}}::hf0a74bb58798037f
[INFO] [stdout]                                at /rustc/53fd98ca776cb875bc9e5514f56b52eb74f9e7a9/library/std/src/thread/mod.rs:476:17
[INFO] [stdout]   31:     0x563dac9c63d8 - <std::panic::AssertUnwindSafe<F> as core::ops::function::FnOnce<()>>::call_once::hb024e854818586ac
[INFO] [stdout]                                at /rustc/53fd98ca776cb875bc9e5514f56b52eb74f9e7a9/library/std/src/panic.rs:347:9
[INFO] [stdout]   32:     0x563dac9c63d8 - std::panicking::try::do_call::hb2dd9f1d0d48e41d
[INFO] [stdout]                                at /rustc/53fd98ca776cb875bc9e5514f56b52eb74f9e7a9/library/std/src/panicking.rs:401:40
[INFO] [stdout]   33:     0x563dac9c63d8 - std::panicking::try::h4717ae7bac8b2bf3
[INFO] [stdout]                                at /rustc/53fd98ca776cb875bc9e5514f56b52eb74f9e7a9/library/std/src/panicking.rs:365:19
[INFO] [stdout]   34:     0x563dac9c63d8 - std::panic::catch_unwind::h0dc8a061326ce8d8
[INFO] [stdout]                                at /rustc/53fd98ca776cb875bc9e5514f56b52eb74f9e7a9/library/std/src/panic.rs:434:14
[INFO] [stdout]   35:     0x563dac9c63d8 - std::thread::Builder::spawn_unchecked::{{closure}}::haa369e2d6fd00aa1
[INFO] [stdout]                                at /rustc/53fd98ca776cb875bc9e5514f56b52eb74f9e7a9/library/std/src/thread/mod.rs:475:30
[INFO] [stdout]   36:     0x563dac9c63d8 - core::ops::function::FnOnce::call_once{{vtable.shim}}::h36dcf3de8b056f17
[INFO] [stdout]                                at /rustc/53fd98ca776cb875bc9e5514f56b52eb74f9e7a9/library/core/src/ops/function.rs:227:5
[INFO] [stdout]   37:     0x563dacbfbfa7 - <alloc::boxed::Box<F,A> as core::ops::function::FnOnce<Args>>::call_once::h65c29e4642be2358
[INFO] [stdout]                                at /rustc/53fd98ca776cb875bc9e5514f56b52eb74f9e7a9/library/alloc/src/boxed.rs:1572:9
[INFO] [stdout]   38:     0x563dacbfbfa7 - <alloc::boxed::Box<F,A> as core::ops::function::FnOnce<Args>>::call_once::hd0f8f7fbbd9fffbf
[INFO] [stdout]                                at /rustc/53fd98ca776cb875bc9e5514f56b52eb74f9e7a9/library/alloc/src/boxed.rs:1572:9
[INFO] [stdout]   39:     0x563dacbfbfa7 - std::sys::unix::thread::Thread::new::thread_start::h2fd22fee3ca77b65
[INFO] [stdout]                                at /rustc/53fd98ca776cb875bc9e5514f56b52eb74f9e7a9/library/std/src/sys/unix/thread.rs:74:17
[INFO] [stdout]   40:     0x7ff99d724609 - start_thread
[INFO] [stdout]   41:     0x7ff99d4f6293 - clone
[INFO] [stdout]   42:                0x0 - <unknown>
[INFO] [stdout] 
[INFO] [stdout] 
[INFO] [stdout] failures:
[INFO] [stdout]     piglit_runner::late_crash
[INFO] [stdout] 
[INFO] [stdout] test result: FAILED. 28 passed; 1 failed; 0 ignored; 0 measured; 0 filtered out; finished in 8.25s
[INFO] [stdout] 
[INFO] [stderr] error: test failed, to rerun pass '--test integration'
[INFO] running `Command { std: "docker" "inspect" "42218605bccf21893a5cf3b5e7e97d081f0e2e2762b9c3457c202dd3ea194360", kill_on_drop: false }`
[INFO] running `Command { std: "docker" "rm" "-f" "42218605bccf21893a5cf3b5e7e97d081f0e2e2762b9c3457c202dd3ea194360", kill_on_drop: false }`
[INFO] [stdout] 42218605bccf21893a5cf3b5e7e97d081f0e2e2762b9c3457c202dd3ea194360
