[INFO] fetching crate deezer 0.1.0...
[INFO] testing deezer-0.1.0 against 1.54.0 for beta-1.55-1
[INFO] extracting crate deezer 0.1.0 into /workspace/builds/worker-33/source
[INFO] validating manifest of crates.io crate deezer 0.1.0 on toolchain 1.54.0
[INFO] running `Command { std: "/workspace/cargo-home/bin/cargo" "+1.54.0" "metadata" "--manifest-path" "Cargo.toml" "--no-deps", kill_on_drop: false }`
[INFO] started tweaking crates.io crate deezer 0.1.0
[INFO] finished tweaking crates.io crate deezer 0.1.0
[INFO] tweaked toml for crates.io crate deezer 0.1.0 written to /workspace/builds/worker-33/source/Cargo.toml
[INFO] running `Command { std: "/workspace/cargo-home/bin/cargo" "+1.54.0" "generate-lockfile" "--manifest-path" "Cargo.toml" "-Zno-index-update", kill_on_drop: false }`
[INFO] [stderr]     Blocking waiting for file lock on package cache
[INFO] running `Command { std: "/workspace/cargo-home/bin/cargo" "+1.54.0" "fetch" "--manifest-path" "Cargo.toml", kill_on_drop: false }`
[INFO] [stderr]     Blocking waiting for file lock on package cache
[INFO] [stderr]     Blocking waiting for file lock on package cache
[INFO] running `Command { std: "docker" "create" "-v" "/var/lib/crater-agent-workspace/builds/worker-33/target:/opt/rustwide/target:rw,Z" "-v" "/var/lib/crater-agent-workspace/builds/worker-33/source:/opt/rustwide/workdir:ro,Z" "-v" "/var/lib/crater-agent-workspace/cargo-home:/opt/rustwide/cargo-home:ro,Z" "-v" "/var/lib/crater-agent-workspace/rustup-home:/opt/rustwide/rustup-home:ro,Z" "-e" "SOURCE_DIR=/opt/rustwide/workdir" "-e" "CARGO_TARGET_DIR=/opt/rustwide/target" "-e" "CARGO_HOME=/opt/rustwide/cargo-home" "-e" "RUSTUP_HOME=/opt/rustwide/rustup-home" "-w" "/opt/rustwide/workdir" "-m" "1610612736" "--user" "0:0" "--network" "none" "ghcr.io/rust-lang/crates-build-env/linux@sha256:34b6a614d2c27851fe6cbf88fbd1137609cefab8b10d0615aaeb6fd47975d74e" "/opt/rustwide/cargo-home/bin/cargo" "+1.54.0" "metadata" "--no-deps" "--format-version=1", kill_on_drop: false }`
[INFO] [stdout] f42c2c0ad6ceb37ead9a5562609dc9e9d9aeee7ca7fda352d3373957d07068ad
[INFO] running `Command { std: "docker" "start" "-a" "f42c2c0ad6ceb37ead9a5562609dc9e9d9aeee7ca7fda352d3373957d07068ad", kill_on_drop: false }`
[INFO] running `Command { std: "docker" "inspect" "f42c2c0ad6ceb37ead9a5562609dc9e9d9aeee7ca7fda352d3373957d07068ad", kill_on_drop: false }`
[INFO] running `Command { std: "docker" "rm" "-f" "f42c2c0ad6ceb37ead9a5562609dc9e9d9aeee7ca7fda352d3373957d07068ad", kill_on_drop: false }`
[INFO] [stdout] f42c2c0ad6ceb37ead9a5562609dc9e9d9aeee7ca7fda352d3373957d07068ad
[INFO] running `Command { std: "docker" "create" "-v" "/var/lib/crater-agent-workspace/builds/worker-33/target:/opt/rustwide/target:rw,Z" "-v" "/var/lib/crater-agent-workspace/builds/worker-33/source:/opt/rustwide/workdir:ro,Z" "-v" "/var/lib/crater-agent-workspace/cargo-home:/opt/rustwide/cargo-home:ro,Z" "-v" "/var/lib/crater-agent-workspace/rustup-home:/opt/rustwide/rustup-home:ro,Z" "-e" "SOURCE_DIR=/opt/rustwide/workdir" "-e" "CARGO_TARGET_DIR=/opt/rustwide/target" "-e" "CARGO_INCREMENTAL=0" "-e" "RUST_BACKTRACE=full" "-e" "RUSTFLAGS=--cap-lints=warn" "-e" "CARGO_HOME=/opt/rustwide/cargo-home" "-e" "RUSTUP_HOME=/opt/rustwide/rustup-home" "-w" "/opt/rustwide/workdir" "-m" "1610612736" "--user" "0:0" "--network" "none" "ghcr.io/rust-lang/crates-build-env/linux@sha256:34b6a614d2c27851fe6cbf88fbd1137609cefab8b10d0615aaeb6fd47975d74e" "/opt/rustwide/cargo-home/bin/cargo" "+1.54.0" "build" "--frozen" "--message-format=json", kill_on_drop: false }`
[INFO] [stdout] 086b6dc323788548b29c5fffb7df99aab5fbc87773081160eb4641ad48bf816f
[INFO] running `Command { std: "docker" "start" "-a" "086b6dc323788548b29c5fffb7df99aab5fbc87773081160eb4641ad48bf816f", kill_on_drop: false }`
[INFO] [stderr]     Blocking waiting for file lock on package cache
[INFO] [stderr]     Blocking waiting for file lock on package cache
[INFO] [stderr]     Blocking waiting for file lock on package cache
[INFO] [stderr]    Compiling syn v1.0.74
[INFO] [stderr]    Compiling libc v0.2.98
[INFO] [stderr]    Compiling futures-core v0.3.16
[INFO] [stderr]    Compiling pkg-config v0.3.19
[INFO] [stderr]    Compiling cfg-if v0.1.10
[INFO] [stderr]    Compiling bytes v0.5.6
[INFO] [stderr]    Compiling slab v0.4.4
[INFO] [stderr]    Compiling futures-task v0.3.16
[INFO] [stderr]    Compiling pin-project-lite v0.1.12
[INFO] [stderr]    Compiling foreign-types-shared v0.1.1
[INFO] [stderr]    Compiling bytes v1.0.1
[INFO] [stderr]    Compiling openssl v0.10.35
[INFO] [stderr]    Compiling native-tls v0.2.7
[INFO] [stderr]    Compiling futures-channel v0.3.16
[INFO] [stderr]    Compiling futures-sink v0.3.16
[INFO] [stderr]    Compiling once_cell v1.8.0
[INFO] [stderr]    Compiling httparse v1.4.1
[INFO] [stderr]    Compiling try-lock v0.2.3
[INFO] [stderr]    Compiling openssl-probe v0.1.4
[INFO] [stderr]    Compiling tower-service v0.3.1
[INFO] [stderr]    Compiling httpdate v0.3.2
[INFO] [stderr]    Compiling async-trait v0.1.51
[INFO] [stderr]    Compiling mime v0.3.16
[INFO] [stderr]    Compiling ipnet v2.3.1
[INFO] [stderr]    Compiling unicase v2.6.0
[INFO] [stderr]    Compiling futures-util v0.3.16
[INFO] [stderr]    Compiling tracing-core v0.1.18
[INFO] [stderr]    Compiling url v2.2.2
[INFO] [stderr]    Compiling foreign-types v0.3.2
[INFO] [stderr]    Compiling want v0.3.0
[INFO] [stderr]    Compiling tracing v0.1.26
[INFO] [stderr]    Compiling http v0.2.4
[INFO] [stderr]    Compiling openssl-sys v0.9.65
[INFO] [stderr]    Compiling mime_guess v2.0.3
[INFO] [stderr]    Compiling iovec v0.1.4
[INFO] [stderr]    Compiling net2 v0.2.37
[INFO] [stderr]    Compiling socket2 v0.3.19
[INFO] [stderr]    Compiling mio v0.6.23
[INFO] [stderr]    Compiling http-body v0.3.1
[INFO] [stderr]    Compiling tokio-macros v0.2.6
[INFO] [stderr]    Compiling pin-project-internal v1.0.8
[INFO] [stderr]    Compiling serde_derive v1.0.127
[INFO] [stderr]    Compiling thiserror-impl v1.0.26
[INFO] [stderr]    Compiling tokio v0.2.25
[INFO] [stderr]    Compiling thiserror v1.0.26
[INFO] [stderr]    Compiling pin-project v1.0.8
[INFO] [stderr]    Compiling tracing-futures v0.2.5
[INFO] [stderr]    Compiling tokio-util v0.3.1
[INFO] [stderr]    Compiling tokio-tls v0.3.1
[INFO] [stderr]    Compiling h2 v0.2.7
[INFO] [stderr]    Compiling serde v1.0.127
[INFO] [stderr]    Compiling hyper v0.13.10
[INFO] [stderr]    Compiling serde_urlencoded v0.7.0
[INFO] [stderr]    Compiling serde_json v1.0.66
[INFO] [stderr]    Compiling hyper-tls v0.4.3
[INFO] [stderr]    Compiling reqwest v0.10.10
[INFO] [stderr]    Compiling deezer v0.1.0 (/opt/rustwide/workdir)
[INFO] [stderr]     Finished dev [unoptimized + debuginfo] target(s) in 33.40s
[INFO] running `Command { std: "docker" "inspect" "086b6dc323788548b29c5fffb7df99aab5fbc87773081160eb4641ad48bf816f", kill_on_drop: false }`
[INFO] running `Command { std: "docker" "rm" "-f" "086b6dc323788548b29c5fffb7df99aab5fbc87773081160eb4641ad48bf816f", kill_on_drop: false }`
[INFO] [stdout] 086b6dc323788548b29c5fffb7df99aab5fbc87773081160eb4641ad48bf816f
[INFO] running `Command { std: "docker" "create" "-v" "/var/lib/crater-agent-workspace/builds/worker-33/target:/opt/rustwide/target:rw,Z" "-v" "/var/lib/crater-agent-workspace/builds/worker-33/source:/opt/rustwide/workdir:ro,Z" "-v" "/var/lib/crater-agent-workspace/cargo-home:/opt/rustwide/cargo-home:ro,Z" "-v" "/var/lib/crater-agent-workspace/rustup-home:/opt/rustwide/rustup-home:ro,Z" "-e" "SOURCE_DIR=/opt/rustwide/workdir" "-e" "CARGO_TARGET_DIR=/opt/rustwide/target" "-e" "CARGO_INCREMENTAL=0" "-e" "RUST_BACKTRACE=full" "-e" "RUSTFLAGS=--cap-lints=warn" "-e" "CARGO_HOME=/opt/rustwide/cargo-home" "-e" "RUSTUP_HOME=/opt/rustwide/rustup-home" "-w" "/opt/rustwide/workdir" "-m" "1610612736" "--user" "0:0" "--network" "none" "ghcr.io/rust-lang/crates-build-env/linux@sha256:34b6a614d2c27851fe6cbf88fbd1137609cefab8b10d0615aaeb6fd47975d74e" "/opt/rustwide/cargo-home/bin/cargo" "+1.54.0" "test" "--frozen" "--no-run" "--message-format=json", kill_on_drop: false }`
[INFO] [stdout] 8876c5bf90b769b36c979bb31723440f2fca74082ae3ab1a7770ad2a46958f44
[INFO] running `Command { std: "docker" "start" "-a" "8876c5bf90b769b36c979bb31723440f2fca74082ae3ab1a7770ad2a46958f44", kill_on_drop: false }`
[INFO] [stderr]    Compiling deezer v0.1.0 (/opt/rustwide/workdir)
[INFO] [stderr]     Finished test [unoptimized + debuginfo] target(s) in 3.59s
[INFO] running `Command { std: "docker" "inspect" "8876c5bf90b769b36c979bb31723440f2fca74082ae3ab1a7770ad2a46958f44", kill_on_drop: false }`
[INFO] running `Command { std: "docker" "rm" "-f" "8876c5bf90b769b36c979bb31723440f2fca74082ae3ab1a7770ad2a46958f44", kill_on_drop: false }`
[INFO] [stdout] 8876c5bf90b769b36c979bb31723440f2fca74082ae3ab1a7770ad2a46958f44
[INFO] running `Command { std: "docker" "create" "-v" "/var/lib/crater-agent-workspace/builds/worker-33/target:/opt/rustwide/target:rw,Z" "-v" "/var/lib/crater-agent-workspace/builds/worker-33/source:/opt/rustwide/workdir:ro,Z" "-v" "/var/lib/crater-agent-workspace/cargo-home:/opt/rustwide/cargo-home:ro,Z" "-v" "/var/lib/crater-agent-workspace/rustup-home:/opt/rustwide/rustup-home:ro,Z" "-e" "SOURCE_DIR=/opt/rustwide/workdir" "-e" "CARGO_TARGET_DIR=/opt/rustwide/target" "-e" "CARGO_INCREMENTAL=0" "-e" "RUST_BACKTRACE=full" "-e" "RUSTFLAGS=--cap-lints=warn" "-e" "CARGO_HOME=/opt/rustwide/cargo-home" "-e" "RUSTUP_HOME=/opt/rustwide/rustup-home" "-w" "/opt/rustwide/workdir" "-m" "1610612736" "--user" "0:0" "--network" "none" "ghcr.io/rust-lang/crates-build-env/linux@sha256:34b6a614d2c27851fe6cbf88fbd1137609cefab8b10d0615aaeb6fd47975d74e" "/opt/rustwide/cargo-home/bin/cargo" "+1.54.0" "test" "--frozen", kill_on_drop: false }`
[INFO] [stdout] 418a8bc449d9a612b328b308c4d365e01ee5ab9b1eb1751fde47aab5ae536c56
[INFO] running `Command { std: "docker" "start" "-a" "418a8bc449d9a612b328b308c4d365e01ee5ab9b1eb1751fde47aab5ae536c56", kill_on_drop: false }`
[INFO] [stderr]     Finished test [unoptimized + debuginfo] target(s) in 0.09s
[INFO] [stderr]      Running unittests (/opt/rustwide/target/debug/deps/deezer-c073fe7bb1fa9c77)
[INFO] [stdout] 
[INFO] [stderr]    Doc-tests deezer
[INFO] [stdout] running 0 tests
[INFO] [stdout] 
[INFO] [stdout] test result: ok. 0 passed; 0 failed; 0 ignored; 0 measured; 0 filtered out; finished in 0.00s
[INFO] [stdout] 
[INFO] [stdout] 
[INFO] [stdout] running 27 tests
[INFO] [stdout] test src/models/chart.rs - models::chart::Chart (line 10) ... FAILED
[INFO] [stdout] test src/models/album.rs - models::album::Album (line 29) ... FAILED
[INFO] [stdout] test src/models/track.rs - models::track::Track (line 14) ... FAILED
[INFO] [stdout] test src/models/album.rs - models::album::Album (line 14) ... FAILED
[INFO] [stdout] test src/models/track.rs - models::track::Track (line 27) ... FAILED
[INFO] [stdout] test src/models/playlist.rs - models::playlist::Playlist (line 26) ... FAILED
[INFO] [stdout] test src/models/playlist.rs - models::playlist::Playlist (line 13) ... FAILED
[INFO] [stdout] test src/models/radio.rs - models::radio::Radio (line 40) ... FAILED
[INFO] [stdout] test src/models/genre.rs - models::genre::Genre (line 54) ... FAILED
[INFO] [stdout] test src/models/user.rs - models::user::User (line 12) ... FAILED
[INFO] [stdout] test src/models/editorial.rs - models::editorial::Editorial (line 40) ... FAILED
[INFO] [stdout] test src/models/genre.rs - models::genre::Genre (line 41) ... FAILED
[INFO] [stdout] test src/models/editorial.rs - models::editorial::Editorial (line 53) ... FAILED
[INFO] [stdout] test src/models/comment.rs - models::comment::Comment (line 13) ... FAILED
[INFO] [stdout] test src/models/infos.rs - models::infos::Infos (line 9) ... FAILED
[INFO] [stdout] test src/models/radio.rs - models::radio::Radio (line 53) ... FAILED
[INFO] [stdout] test src/models/user.rs - models::user::User (line 25) ... FAILED
[INFO] [stdout] test src/models/artist.rs - models::artist::Artist (line 13) ... FAILED
[INFO] [stdout] test src/models/editorial.rs - models::editorial::Editorial (line 25) ... FAILED
[INFO] [stdout] test src/models/radio.rs - models::radio::Radio (line 12) ... FAILED
[INFO] [stdout] test src/models/comment.rs - models::comment::Comment (line 26) ... FAILED
[INFO] [stdout] test src/models/artist.rs - models::artist::Artist (line 28) ... FAILED
[INFO] [stdout] test src/models/editorial.rs - models::editorial::Editorial (line 12) ... FAILED
[INFO] [stdout] test src/models/genre.rs - models::genre::Genre (line 13) ... FAILED
[INFO] [stdout] test src/models/options.rs - models::options::Options (line 9) ... FAILED
[INFO] [stdout] test src/models/radio.rs - models::radio::Radio (line 25) ... FAILED
[INFO] [stdout] test src/models/genre.rs - models::genre::Genre (line 26) ... FAILED
[INFO] [stdout] 
[INFO] [stdout] failures:
[INFO] [stdout] 
[INFO] [stdout] ---- src/models/chart.rs - models::chart::Chart (line 10) stdout ----
[INFO] [stdout] Couldn't compile the test.
[INFO] [stdout] ---- src/models/album.rs - models::album::Album (line 29) stdout ----
[INFO] [stdout] Couldn't compile the test.
[INFO] [stdout] ---- src/models/track.rs - models::track::Track (line 14) stdout ----
[INFO] [stdout] Couldn't compile the test.
[INFO] [stdout] ---- src/models/album.rs - models::album::Album (line 14) stdout ----
[INFO] [stdout] Couldn't compile the test.
[INFO] [stdout] ---- src/models/track.rs - models::track::Track (line 27) stdout ----
[INFO] [stdout] Couldn't compile the test.
[INFO] [stdout] ---- src/models/playlist.rs - models::playlist::Playlist (line 26) stdout ----
[INFO] [stdout] Couldn't compile the test.
[INFO] [stdout] ---- src/models/playlist.rs - models::playlist::Playlist (line 13) stdout ----
[INFO] [stdout] Couldn't compile the test.
[INFO] [stdout] ---- src/models/radio.rs - models::radio::Radio (line 40) stdout ----
[INFO] [stdout] Couldn't compile the test.
[INFO] [stdout] ---- src/models/genre.rs - models::genre::Genre (line 54) stdout ----
[INFO] [stdout] Couldn't compile the test.
[INFO] [stdout] ---- src/models/user.rs - models::user::User (line 12) stdout ----
[INFO] [stdout] Couldn't compile the test.
[INFO] [stdout] ---- src/models/editorial.rs - models::editorial::Editorial (line 40) stdout ----
[INFO] [stdout] Couldn't compile the test.
[INFO] [stdout] ---- src/models/genre.rs - models::genre::Genre (line 41) stdout ----
[INFO] [stdout] Couldn't compile the test.
[INFO] [stdout] ---- src/models/editorial.rs - models::editorial::Editorial (line 53) stdout ----
[INFO] [stdout] Couldn't compile the test.
[INFO] [stdout] ---- src/models/comment.rs - models::comment::Comment (line 13) stdout ----
[INFO] [stdout] Couldn't compile the test.
[INFO] [stdout] ---- src/models/infos.rs - models::infos::Infos (line 9) stdout ----
[INFO] [stdout] Couldn't compile the test.
[INFO] [stdout] ---- src/models/radio.rs - models::radio::Radio (line 53) stdout ----
[INFO] [stdout] Couldn't compile the test.
[INFO] [stdout] ---- src/models/user.rs - models::user::User (line 25) stdout ----
[INFO] [stdout] Couldn't compile the test.
[INFO] [stdout] ---- src/models/artist.rs - models::artist::Artist (line 13) stdout ----
[INFO] [stdout] Couldn't compile the test.
[INFO] [stdout] ---- src/models/editorial.rs - models::editorial::Editorial (line 25) stdout ----
[INFO] [stdout] Couldn't compile the test.
[INFO] [stdout] ---- src/models/radio.rs - models::radio::Radio (line 12) stdout ----
[INFO] [stdout] Couldn't compile the test.
[INFO] [stdout] ---- src/models/comment.rs - models::comment::Comment (line 26) stdout ----
[INFO] [stdout] Couldn't compile the test.
[INFO] [stdout] ---- src/models/artist.rs - models::artist::Artist (line 28) stdout ----
[INFO] [stdout] Couldn't compile the test.
[INFO] [stdout] ---- src/models/editorial.rs - models::editorial::Editorial (line 12) stdout ----
[INFO] [stdout] Couldn't compile the test.
[INFO] [stdout] ---- src/models/genre.rs - models::genre::Genre (line 13) stdout ----
[INFO] [stdout] Couldn't compile the test.
[INFO] [stdout] ---- src/models/options.rs - models::options::Options (line 9) stdout ----
[INFO] [stdout] Couldn't compile the test.
[INFO] [stdout] ---- src/models/radio.rs - models::radio::Radio (line 25) stdout ----
[INFO] [stdout] Couldn't compile the test.
[INFO] [stdout] ---- src/models/genre.rs - models::genre::Genre (line 26) stdout ----
[INFO] [stdout] Couldn't compile the test.
[INFO] [stdout] 
[INFO] [stdout] failures:
[INFO] [stdout]     src/models/album.rs - models::album::Album (line 14)
[INFO] [stdout]     src/models/album.rs - models::album::Album (line 29)
[INFO] [stdout]     src/models/artist.rs - models::artist::Artist (line 13)
[INFO] [stdout]     src/models/artist.rs - models::artist::Artist (line 28)
[INFO] [stdout]     src/models/chart.rs - models::chart::Chart (line 10)
[INFO] [stdout]     src/models/comment.rs - models::comment::Comment (line 13)
[INFO] [stdout]     src/models/comment.rs - models::comment::Comment (line 26)
[INFO] [stdout]     src/models/editorial.rs - models::editorial::Editorial (line 12)
[INFO] [stdout]     src/models/editorial.rs - models::editorial::Editorial (line 25)
[INFO] [stdout]     src/models/editorial.rs - models::editorial::Editorial (line 40)
[INFO] [stdout]     src/models/editorial.rs - models::editorial::Editorial (line 53)
[INFO] [stdout]     src/models/genre.rs - models::genre::Genre (line 13)
[INFO] [stdout]     src/models/genre.rs - models::genre::Genre (line 26)
[INFO] [stdout]     src/models/genre.rs - models::genre::Genre (line 41)
[INFO] [stdout]     src/models/genre.rs - models::genre::Genre (line 54)
[INFO] [stdout]     src/models/infos.rs - models::infos::Infos (line 9)
[INFO] [stdout]     src/models/options.rs - models::options::Options (line 9)
[INFO] [stdout]     src/models/playlist.rs - models::playlist::Playlist (line 13)
[INFO] [stdout]     src/models/playlist.rs - models::playlist::Playlist (line 26)
[INFO] [stdout]     src/models/radio.rs - models::radio::Radio (line 12)
[INFO] [stdout]     src/models/radio.rs - models::radio::Radio (line 25)
[INFO] [stdout]     src/models/radio.rs - models::radio::Radio (line 40)
[INFO] [stdout]     src/models/radio.rs - models::radio::Radio (line 53)
[INFO] [stdout]     src/models/track.rs - models::track::Track (line 14)
[INFO] [stdout]     src/models/track.rs - models::track::Track (line 27)
[INFO] [stdout]     src/models/user.rs - models::user::User (line 12)
[INFO] [stdout]     src/models/user.rs - models::user::User (line 25)
[INFO] [stdout] 
[INFO] [stdout] test result: FAILED. 0 passed; 27 failed; 0 ignored; 0 measured; 0 filtered out; finished in 1.87s
[INFO] [stdout] 
[INFO] [stderr] error: test failed, to rerun pass '--doc'
[INFO] running `Command { std: "docker" "inspect" "418a8bc449d9a612b328b308c4d365e01ee5ab9b1eb1751fde47aab5ae536c56", kill_on_drop: false }`
[INFO] running `Command { std: "docker" "rm" "-f" "418a8bc449d9a612b328b308c4d365e01ee5ab9b1eb1751fde47aab5ae536c56", kill_on_drop: false }`
[INFO] [stdout] 418a8bc449d9a612b328b308c4d365e01ee5ab9b1eb1751fde47aab5ae536c56
