[INFO] fetching crate debil-mysql 0.5.2...
[INFO] testing debil-mysql-0.5.2 against beta-2021-08-01 for beta-1.55-1
[INFO] extracting crate debil-mysql 0.5.2 into /workspace/builds/worker-34/source
[INFO] validating manifest of crates.io crate debil-mysql 0.5.2 on toolchain beta-2021-08-01
[INFO] running `Command { std: "/workspace/cargo-home/bin/cargo" "+beta-2021-08-01" "metadata" "--manifest-path" "Cargo.toml" "--no-deps", kill_on_drop: false }`
[INFO] started tweaking crates.io crate debil-mysql 0.5.2
[INFO] finished tweaking crates.io crate debil-mysql 0.5.2
[INFO] tweaked toml for crates.io crate debil-mysql 0.5.2 written to /workspace/builds/worker-34/source/Cargo.toml
[INFO] running `Command { std: "/workspace/cargo-home/bin/cargo" "+beta-2021-08-01" "generate-lockfile" "--manifest-path" "Cargo.toml" "-Zno-index-update", kill_on_drop: false }`
[INFO] [stderr]     Blocking waiting for file lock on package cache
[INFO] running `Command { std: "/workspace/cargo-home/bin/cargo" "+beta-2021-08-01" "fetch" "--manifest-path" "Cargo.toml", kill_on_drop: false }`
[INFO] [stderr]     Blocking waiting for file lock on package cache
[INFO] [stderr]     Blocking waiting for file lock on package cache
[INFO] [stderr]  Downloading crates ...
[INFO] [stderr]   Downloaded bigdecimal v0.2.0
[INFO] [stderr]   Downloaded mysql_common v0.26.0
[INFO] [stderr]   Downloaded debil v0.4.2
[INFO] [stderr]   Downloaded mysql_async v0.26.1
[INFO] running `Command { std: "docker" "create" "-v" "/var/lib/crater-agent-workspace/builds/worker-34/target:/opt/rustwide/target:rw,Z" "-v" "/var/lib/crater-agent-workspace/builds/worker-34/source:/opt/rustwide/workdir:ro,Z" "-v" "/var/lib/crater-agent-workspace/cargo-home:/opt/rustwide/cargo-home:ro,Z" "-v" "/var/lib/crater-agent-workspace/rustup-home:/opt/rustwide/rustup-home:ro,Z" "-e" "SOURCE_DIR=/opt/rustwide/workdir" "-e" "CARGO_TARGET_DIR=/opt/rustwide/target" "-e" "CARGO_HOME=/opt/rustwide/cargo-home" "-e" "RUSTUP_HOME=/opt/rustwide/rustup-home" "-w" "/opt/rustwide/workdir" "-m" "1610612736" "--user" "0:0" "--network" "none" "ghcr.io/rust-lang/crates-build-env/linux@sha256:34b6a614d2c27851fe6cbf88fbd1137609cefab8b10d0615aaeb6fd47975d74e" "/opt/rustwide/cargo-home/bin/cargo" "+beta-2021-08-01" "metadata" "--no-deps" "--format-version=1", kill_on_drop: false }`
[INFO] [stdout] fb510e388f3b71e0d820b9d2fa3503788af5c581e99fbea3347179d0392196a5
[INFO] running `Command { std: "docker" "start" "-a" "fb510e388f3b71e0d820b9d2fa3503788af5c581e99fbea3347179d0392196a5", kill_on_drop: false }`
[INFO] running `Command { std: "docker" "inspect" "fb510e388f3b71e0d820b9d2fa3503788af5c581e99fbea3347179d0392196a5", kill_on_drop: false }`
[INFO] running `Command { std: "docker" "rm" "-f" "fb510e388f3b71e0d820b9d2fa3503788af5c581e99fbea3347179d0392196a5", kill_on_drop: false }`
[INFO] [stdout] fb510e388f3b71e0d820b9d2fa3503788af5c581e99fbea3347179d0392196a5
[INFO] running `Command { std: "docker" "create" "-v" "/var/lib/crater-agent-workspace/builds/worker-34/target:/opt/rustwide/target:rw,Z" "-v" "/var/lib/crater-agent-workspace/builds/worker-34/source:/opt/rustwide/workdir:ro,Z" "-v" "/var/lib/crater-agent-workspace/cargo-home:/opt/rustwide/cargo-home:ro,Z" "-v" "/var/lib/crater-agent-workspace/rustup-home:/opt/rustwide/rustup-home:ro,Z" "-e" "SOURCE_DIR=/opt/rustwide/workdir" "-e" "CARGO_TARGET_DIR=/opt/rustwide/target" "-e" "CARGO_INCREMENTAL=0" "-e" "RUST_BACKTRACE=full" "-e" "RUSTFLAGS=--cap-lints=warn" "-e" "CARGO_HOME=/opt/rustwide/cargo-home" "-e" "RUSTUP_HOME=/opt/rustwide/rustup-home" "-w" "/opt/rustwide/workdir" "-m" "1610612736" "--user" "0:0" "--network" "none" "ghcr.io/rust-lang/crates-build-env/linux@sha256:34b6a614d2c27851fe6cbf88fbd1137609cefab8b10d0615aaeb6fd47975d74e" "/opt/rustwide/cargo-home/bin/cargo" "+beta-2021-08-01" "build" "--frozen" "--message-format=json", kill_on_drop: false }`
[INFO] [stdout] ee48d7d0383740ba1a1f27cb17f31bb2b7788cc2b0ee2c043a58b648701e267a
[INFO] running `Command { std: "docker" "start" "-a" "ee48d7d0383740ba1a1f27cb17f31bb2b7788cc2b0ee2c043a58b648701e267a", kill_on_drop: false }`
[INFO] [stderr]    Compiling syn v1.0.74
[INFO] [stderr]    Compiling proc-macro-hack v0.5.19
[INFO] [stderr]    Compiling serde v1.0.127
[INFO] [stderr]    Compiling log v0.4.14
[INFO] [stderr]    Compiling futures-core v0.3.16
[INFO] [stderr]    Compiling once_cell v1.8.0
[INFO] [stderr]    Compiling pin-project-lite v0.2.7
[INFO] [stderr]    Compiling futures-channel v0.3.16
[INFO] [stderr]    Compiling futures-sink v0.3.16
[INFO] [stderr]    Compiling futures-task v0.3.16
[INFO] [stderr]    Compiling proc-macro-nested v0.1.7
[INFO] [stderr]    Compiling lexical-core v0.7.6
[INFO] [stderr]    Compiling openssl v0.10.35
[INFO] [stderr]    Compiling bytes v1.0.1
[INFO] [stderr]    Compiling const_fn v0.4.8
[INFO] [stderr]    Compiling static_assertions v1.1.0
[INFO] [stderr]    Compiling arrayvec v0.5.2
[INFO] [stderr]    Compiling foreign-types-shared v0.1.1
[INFO] [stderr]    Compiling crc32fast v1.2.1
[INFO] [stderr]    Compiling futures-io v0.3.16
[INFO] [stderr]    Compiling pin-utils v0.1.0
[INFO] [stderr]    Compiling native-tls v0.2.7
[INFO] [stderr]    Compiling base64 v0.13.0
[INFO] [stderr]    Compiling async-trait v0.1.51
[INFO] [stderr]    Compiling failure_derive v0.1.8
[INFO] [stderr]    Compiling openssl-probe v0.1.4
[INFO] [stderr]    Compiling sha1 v0.6.0
[INFO] [stderr]    Compiling num-traits v0.2.14
[INFO] [stderr]    Compiling num-integer v0.1.44
[INFO] [stderr]    Compiling futures-macro v0.3.16
[INFO] [stderr]    Compiling tokio v1.9.0
[INFO] [stderr]    Compiling num-bigint v0.3.2
[INFO] [stderr]    Compiling futures-util v0.3.16
[INFO] [stderr]    Compiling miniz_oxide v0.4.4
[INFO] [stderr]    Compiling openssl-sys v0.9.65
[INFO] [stderr]    Compiling bitflags v1.2.1
[INFO] [stderr]    Compiling standback v0.2.17
[INFO] [stderr]    Compiling generic-array v0.14.4
[INFO] [stderr]    Compiling libz-sys v1.1.3
[INFO] [stderr]    Compiling ahash v0.7.4
[INFO] [stderr]    Compiling time v0.2.27
[INFO] [stderr]    Compiling backtrace v0.3.61
[INFO] [stderr]    Compiling addr2line v0.16.0
[INFO] [stderr]    Compiling form_urlencoded v1.0.1
[INFO] [stderr]    Compiling getrandom v0.2.3
[INFO] [stderr]    Compiling time v0.1.43
[INFO] [stderr]    Compiling idna v0.2.3
[INFO] [stderr]    Compiling object v0.26.0
[INFO] [stderr]    Compiling rand_core v0.6.3
[INFO] [stderr]    Compiling uuid v0.8.2
[INFO] [stderr]    Compiling foreign-types v0.3.2
[INFO] [stderr]    Compiling rand_chacha v0.3.1
[INFO] [stderr]    Compiling pem v0.8.3
[INFO] [stderr]    Compiling mio v0.7.13
[INFO] [stderr]    Compiling url v2.2.2
[INFO] [stderr]    Compiling rand v0.8.4
[INFO] [stderr]    Compiling hashbrown v0.11.2
[INFO] [stderr]    Compiling flate2 v1.0.20
[INFO] [stderr]    Compiling lru v0.6.6
[INFO] [stderr]    Compiling twox-hash v1.6.1
[INFO] [stderr]    Compiling block-buffer v0.9.0
[INFO] [stderr]    Compiling digest v0.9.0
[INFO] [stderr]    Compiling sha2 v0.9.5
[INFO] [stderr]    Compiling lexical v5.2.2
[INFO] [stderr]    Compiling serde_json v1.0.66
[INFO] [stderr]    Compiling rust_decimal v1.15.0
[INFO] [stderr]    Compiling chrono v0.4.19
[INFO] [stderr]    Compiling bigdecimal v0.2.0
[INFO] [stderr]    Compiling synstructure v0.12.5
[INFO] [stderr]    Compiling tokio-macros v1.3.0
[INFO] [stderr]    Compiling time-macros-impl v0.1.2
[INFO] [stderr]    Compiling thiserror-impl v1.0.26
[INFO] [stderr]    Compiling pin-project-internal v1.0.8
[INFO] [stderr]    Compiling debil-derive v0.2.1
[INFO] [stderr]    Compiling time-macros v0.1.1
[INFO] [stderr]    Compiling failure v0.1.8
[INFO] [stderr]    Compiling thiserror v1.0.26
[INFO] [stderr]    Compiling debil v0.4.2
[INFO] [stderr]    Compiling pin-project v1.0.8
[INFO] [stderr]    Compiling mysql_common v0.26.0
[INFO] [stderr]    Compiling futures-executor v0.3.16
[INFO] [stderr]    Compiling tokio-native-tls v0.3.0
[INFO] [stderr]    Compiling tokio-util v0.6.7
[INFO] [stderr]    Compiling futures v0.3.16
[INFO] [stderr]    Compiling mysql_async v0.26.1
[INFO] [stderr]    Compiling debil-mysql v0.5.2 (/opt/rustwide/workdir)
[INFO] [stdout] warning: unused variable: `size`
[INFO] [stdout]  --> src/types.rs:8:42
[INFO] [stdout]   |
[INFO] [stdout] 8 |     fn column_type(_: PhantomData<bool>, size: i32) -> String {
[INFO] [stdout]   |                                          ^^^^ help: if this is intentional, prefix it with an underscore: `_size`
[INFO] [stdout]   |
[INFO] [stdout]   = note: `#[warn(unused_variables)]` on by default
[INFO] [stdout] 
[INFO] [stdout] 
[INFO] [stdout] warning: unused variable: `size`
[INFO] [stdout]   --> src/types.rs:54:41
[INFO] [stdout]    |
[INFO] [stdout] 54 |     fn column_type(_: PhantomData<u32>, size: i32) -> String {
[INFO] [stdout]    |                                         ^^^^ help: if this is intentional, prefix it with an underscore: `_size`
[INFO] [stdout] 
[INFO] [stdout] 
[INFO] [stdout] warning: unused variable: `size`
[INFO] [stdout]   --> src/types.rs:82:41
[INFO] [stdout]    |
[INFO] [stdout] 82 |     fn column_type(_: PhantomData<u64>, size: i32) -> String {
[INFO] [stdout]    |                                         ^^^^ help: if this is intentional, prefix it with an underscore: `_size`
[INFO] [stdout] 
[INFO] [stdout] 
[INFO] [stdout] warning: 3 warnings emitted
[INFO] [stdout] 
[INFO] [stdout] 
[INFO] [stderr]     Finished dev [unoptimized + debuginfo] target(s) in 27.31s
[INFO] running `Command { std: "docker" "inspect" "ee48d7d0383740ba1a1f27cb17f31bb2b7788cc2b0ee2c043a58b648701e267a", kill_on_drop: false }`
[INFO] running `Command { std: "docker" "rm" "-f" "ee48d7d0383740ba1a1f27cb17f31bb2b7788cc2b0ee2c043a58b648701e267a", kill_on_drop: false }`
[INFO] [stdout] ee48d7d0383740ba1a1f27cb17f31bb2b7788cc2b0ee2c043a58b648701e267a
[INFO] running `Command { std: "docker" "create" "-v" "/var/lib/crater-agent-workspace/builds/worker-34/target:/opt/rustwide/target:rw,Z" "-v" "/var/lib/crater-agent-workspace/builds/worker-34/source:/opt/rustwide/workdir:ro,Z" "-v" "/var/lib/crater-agent-workspace/cargo-home:/opt/rustwide/cargo-home:ro,Z" "-v" "/var/lib/crater-agent-workspace/rustup-home:/opt/rustwide/rustup-home:ro,Z" "-e" "SOURCE_DIR=/opt/rustwide/workdir" "-e" "CARGO_TARGET_DIR=/opt/rustwide/target" "-e" "CARGO_INCREMENTAL=0" "-e" "RUST_BACKTRACE=full" "-e" "RUSTFLAGS=--cap-lints=warn" "-e" "CARGO_HOME=/opt/rustwide/cargo-home" "-e" "RUSTUP_HOME=/opt/rustwide/rustup-home" "-w" "/opt/rustwide/workdir" "-m" "1610612736" "--user" "0:0" "--network" "none" "ghcr.io/rust-lang/crates-build-env/linux@sha256:34b6a614d2c27851fe6cbf88fbd1137609cefab8b10d0615aaeb6fd47975d74e" "/opt/rustwide/cargo-home/bin/cargo" "+beta-2021-08-01" "test" "--frozen" "--no-run" "--message-format=json", kill_on_drop: false }`
[INFO] [stdout] 099e935823be6681574979e2420461a2ad3a7d1fe5b14b0dc7b616d006113f6a
[INFO] running `Command { std: "docker" "start" "-a" "099e935823be6681574979e2420461a2ad3a7d1fe5b14b0dc7b616d006113f6a", kill_on_drop: false }`
[INFO] [stderr]     Blocking waiting for file lock on package cache
[INFO] [stdout] warning: unused variable: `size`
[INFO] [stdout]  --> src/types.rs:8:42
[INFO] [stdout]   |
[INFO] [stdout] 8 |     fn column_type(_: PhantomData<bool>, size: i32) -> String {
[INFO] [stdout]   |                                          ^^^^ help: if this is intentional, prefix it with an underscore: `_size`
[INFO] [stdout]   |
[INFO] [stdout]   = note: `#[warn(unused_variables)]` on by default
[INFO] [stdout] 
[INFO] [stdout] 
[INFO] [stderr]    Compiling debil-mysql v0.5.2 (/opt/rustwide/workdir)
[INFO] [stdout] warning: unused variable: `size`
[INFO] [stdout]   --> src/types.rs:54:41
[INFO] [stdout]    |
[INFO] [stdout] 54 |     fn column_type(_: PhantomData<u32>, size: i32) -> String {
[INFO] [stdout]    |                                         ^^^^ help: if this is intentional, prefix it with an underscore: `_size`
[INFO] [stdout] 
[INFO] [stdout] 
[INFO] [stdout] warning: unused variable: `size`
[INFO] [stdout]   --> src/types.rs:82:41
[INFO] [stdout]    |
[INFO] [stdout] 82 |     fn column_type(_: PhantomData<u64>, size: i32) -> String {
[INFO] [stdout]    |                                         ^^^^ help: if this is intentional, prefix it with an underscore: `_size`
[INFO] [stdout] 
[INFO] [stdout] 
[INFO] [stdout] warning: 3 warnings emitted
[INFO] [stdout] 
[INFO] [stdout] 
[INFO] [stdout] warning: unused variable: `size`
[INFO] [stdout]  --> src/types.rs:8:42
[INFO] [stdout]   |
[INFO] [stdout] 8 |     fn column_type(_: PhantomData<bool>, size: i32) -> String {
[INFO] [stdout]   |                                          ^^^^ help: if this is intentional, prefix it with an underscore: `_size`
[INFO] [stdout]   |
[INFO] [stdout]   = note: `#[warn(unused_variables)]` on by default
[INFO] [stdout] 
[INFO] [stdout] 
[INFO] [stdout] warning: unused variable: `size`
[INFO] [stdout]   --> src/types.rs:54:41
[INFO] [stdout]    |
[INFO] [stdout] 54 |     fn column_type(_: PhantomData<u32>, size: i32) -> String {
[INFO] [stdout]    |                                         ^^^^ help: if this is intentional, prefix it with an underscore: `_size`
[INFO] [stdout] 
[INFO] [stdout] 
[INFO] [stdout] warning: unused variable: `size`
[INFO] [stdout]   --> src/types.rs:82:41
[INFO] [stdout]    |
[INFO] [stdout] 82 |     fn column_type(_: PhantomData<u64>, size: i32) -> String {
[INFO] [stdout]    |                                         ^^^^ help: if this is intentional, prefix it with an underscore: `_size`
[INFO] [stdout] 
[INFO] [stdout] 
[INFO] [stdout] warning: 3 warnings emitted
[INFO] [stdout] 
[INFO] [stdout] 
[INFO] [stderr]     Finished test [unoptimized + debuginfo] target(s) in 6.71s
[INFO] running `Command { std: "docker" "inspect" "099e935823be6681574979e2420461a2ad3a7d1fe5b14b0dc7b616d006113f6a", kill_on_drop: false }`
[INFO] running `Command { std: "docker" "rm" "-f" "099e935823be6681574979e2420461a2ad3a7d1fe5b14b0dc7b616d006113f6a", kill_on_drop: false }`
[INFO] [stdout] 099e935823be6681574979e2420461a2ad3a7d1fe5b14b0dc7b616d006113f6a
[INFO] running `Command { std: "docker" "create" "-v" "/var/lib/crater-agent-workspace/builds/worker-34/target:/opt/rustwide/target:rw,Z" "-v" "/var/lib/crater-agent-workspace/builds/worker-34/source:/opt/rustwide/workdir:ro,Z" "-v" "/var/lib/crater-agent-workspace/cargo-home:/opt/rustwide/cargo-home:ro,Z" "-v" "/var/lib/crater-agent-workspace/rustup-home:/opt/rustwide/rustup-home:ro,Z" "-e" "SOURCE_DIR=/opt/rustwide/workdir" "-e" "CARGO_TARGET_DIR=/opt/rustwide/target" "-e" "CARGO_INCREMENTAL=0" "-e" "RUST_BACKTRACE=full" "-e" "RUSTFLAGS=--cap-lints=warn" "-e" "CARGO_HOME=/opt/rustwide/cargo-home" "-e" "RUSTUP_HOME=/opt/rustwide/rustup-home" "-w" "/opt/rustwide/workdir" "-m" "1610612736" "--user" "0:0" "--network" "none" "ghcr.io/rust-lang/crates-build-env/linux@sha256:34b6a614d2c27851fe6cbf88fbd1137609cefab8b10d0615aaeb6fd47975d74e" "/opt/rustwide/cargo-home/bin/cargo" "+beta-2021-08-01" "test" "--frozen", kill_on_drop: false }`
[INFO] [stdout] f08febea1cdcf16d5c6bdfd9f0e73479a6ecfe9d4f7dff2096627ea60b85eabc
[INFO] running `Command { std: "docker" "start" "-a" "f08febea1cdcf16d5c6bdfd9f0e73479a6ecfe9d4f7dff2096627ea60b85eabc", kill_on_drop: false }`
[INFO] [stderr] warning: unused variable: `size`
[INFO] [stderr]  --> src/types.rs:8:42
[INFO] [stderr]   |
[INFO] [stderr] 8 |     fn column_type(_: PhantomData<bool>, size: i32) -> String {
[INFO] [stderr]   |                                          ^^^^ help: if this is intentional, prefix it with an underscore: `_size`
[INFO] [stderr]   |
[INFO] [stderr]   = note: `#[warn(unused_variables)]` on by default
[INFO] [stderr] 
[INFO] [stderr] warning: unused variable: `size`
[INFO] [stderr]   --> src/types.rs:54:41
[INFO] [stderr]    |
[INFO] [stderr] 54 |     fn column_type(_: PhantomData<u32>, size: i32) -> String {
[INFO] [stderr]    |                                         ^^^^ help: if this is intentional, prefix it with an underscore: `_size`
[INFO] [stderr] 
[INFO] [stderr] warning: unused variable: `size`
[INFO] [stderr]   --> src/types.rs:82:41
[INFO] [stderr]    |
[INFO] [stderr] 82 |     fn column_type(_: PhantomData<u64>, size: i32) -> String {
[INFO] [stderr]    |                                         ^^^^ help: if this is intentional, prefix it with an underscore: `_size`
[INFO] [stderr] 
[INFO] [stderr] warning: `debil-mysql` (lib) generated 3 warnings
[INFO] [stderr] warning: `debil-mysql` (lib test) generated 3 warnings (3 duplicates)
[INFO] [stderr]     Finished test [unoptimized + debuginfo] target(s) in 0.19s
[INFO] [stderr]      Running unittests (/opt/rustwide/target/debug/deps/debil_mysql-d8eca9abba1da583)
[INFO] [stdout] 
[INFO] [stderr]      Running tests/custom_impl_table.rs (/opt/rustwide/target/debug/deps/custom_impl_table-de4c13b1b4845813)
[INFO] [stdout] running 0 tests
[INFO] [stdout] 
[INFO] [stdout] test result: ok. 0 passed; 0 failed; 0 ignored; 0 measured; 0 filtered out; finished in 0.00s
[INFO] [stdout] 
[INFO] [stdout] 
[INFO] [stdout] running 1 test
[INFO] [stdout] test migrate_save_and_select ... FAILED
[INFO] [stdout] 
[INFO] [stdout] failures:
[INFO] [stdout] 
[INFO] [stdout] ---- migrate_save_and_select stdout ----
[INFO] [stdout] Error: Io(Io(Os { code: 111, kind: ConnectionRefused, message: "Connection refused" }))
[INFO] [stdout] thread 'migrate_save_and_select' panicked at 'assertion failed: `(left == right)`
[INFO] [stdout]   left: `1`,
[INFO] [stdout]  right: `0`: the test returned a termination value with a non-zero status code (1) which indicates a failure', /rustc/53fd98ca776cb875bc9e5514f56b52eb74f9e7a9/library/test/src/lib.rs:194:5
[INFO] [stdout] stack backtrace:
[INFO] [stdout]    0:     0x55566493b260 - std::backtrace_rs::backtrace::libunwind::trace::hff4d1766e93f64f1
[INFO] [stdout]                                at /rustc/53fd98ca776cb875bc9e5514f56b52eb74f9e7a9/library/std/src/../../backtrace/src/backtrace/libunwind.rs:90:5
[INFO] [stdout]    1:     0x55566493b260 - std::backtrace_rs::backtrace::trace_unsynchronized::h56bbc8eb78770bcb
[INFO] [stdout]                                at /rustc/53fd98ca776cb875bc9e5514f56b52eb74f9e7a9/library/std/src/../../backtrace/src/backtrace/mod.rs:66:5
[INFO] [stdout]    2:     0x55566493b260 - std::sys_common::backtrace::_print_fmt::h5c8e75464faca780
[INFO] [stdout]                                at /rustc/53fd98ca776cb875bc9e5514f56b52eb74f9e7a9/library/std/src/sys_common/backtrace.rs:67:5
[INFO] [stdout]    3:     0x55566493b260 - <std::sys_common::backtrace::_print::DisplayBacktrace as core::fmt::Display>::fmt::h48b88277def8b362
[INFO] [stdout]                                at /rustc/53fd98ca776cb875bc9e5514f56b52eb74f9e7a9/library/std/src/sys_common/backtrace.rs:46:22
[INFO] [stdout]    4:     0x55566495ecbc - core::fmt::write::h3381b3176fe2b3d3
[INFO] [stdout]                                at /rustc/53fd98ca776cb875bc9e5514f56b52eb74f9e7a9/library/core/src/fmt/mod.rs:1115:17
[INFO] [stdout]    5:     0x5556649365f5 - std::io::Write::write_fmt::h5f34a676f60246b5
[INFO] [stdout]                                at /rustc/53fd98ca776cb875bc9e5514f56b52eb74f9e7a9/library/std/src/io/mod.rs:1665:15
[INFO] [stdout]    6:     0x55566493d42b - std::sys_common::backtrace::_print::ha537687d6c17dd0d
[INFO] [stdout]                                at /rustc/53fd98ca776cb875bc9e5514f56b52eb74f9e7a9/library/std/src/sys_common/backtrace.rs:49:5
[INFO] [stdout]    7:     0x55566493d42b - std::sys_common::backtrace::print::h61376ae57d131d72
[INFO] [stdout]                                at /rustc/53fd98ca776cb875bc9e5514f56b52eb74f9e7a9/library/std/src/sys_common/backtrace.rs:36:9
[INFO] [stdout]    8:     0x55566493d42b - std::panicking::default_hook::{{closure}}::h0f7208c0b9644a54
[INFO] [stdout]                                at /rustc/53fd98ca776cb875bc9e5514f56b52eb74f9e7a9/library/std/src/panicking.rs:208:50
[INFO] [stdout]    9:     0x55566493cf3c - std::panicking::default_hook::hdac7fc06578c14ce
[INFO] [stdout]                                at /rustc/53fd98ca776cb875bc9e5514f56b52eb74f9e7a9/library/std/src/panicking.rs:222:9
[INFO] [stdout]   10:     0x55566493daf4 - std::panicking::rust_panic_with_hook::h72b21c283da3d1ef
[INFO] [stdout]                                at /rustc/53fd98ca776cb875bc9e5514f56b52eb74f9e7a9/library/std/src/panicking.rs:622:17
[INFO] [stdout]   11:     0x55566493d5d7 - std::panicking::begin_panic_handler::{{closure}}::he5778f1729cff84a
[INFO] [stdout]                                at /rustc/53fd98ca776cb875bc9e5514f56b52eb74f9e7a9/library/std/src/panicking.rs:519:13
[INFO] [stdout]   12:     0x55566493b73c - std::sys_common::backtrace::__rust_end_short_backtrace::h2d11ca8b453b4b1d
[INFO] [stdout]                                at /rustc/53fd98ca776cb875bc9e5514f56b52eb74f9e7a9/library/std/src/sys_common/backtrace.rs:141:18
[INFO] [stdout]   13:     0x55566493d539 - rust_begin_unwind
[INFO] [stdout]                                at /rustc/53fd98ca776cb875bc9e5514f56b52eb74f9e7a9/library/std/src/panicking.rs:515:5
[INFO] [stdout]   14:     0x5556644ec991 - core::panicking::panic_fmt::hf9de31d4acbce4db
[INFO] [stdout]                                at /rustc/53fd98ca776cb875bc9e5514f56b52eb74f9e7a9/library/core/src/panicking.rs:92:14
[INFO] [stdout]   15:     0x55566495ce5e - core::panicking::assert_failed_inner::h62e8cb2847a6e7ec
[INFO] [stdout]   16:     0x5556648d371a - core::panicking::assert_failed::ha9d1b1919d1a0d31
[INFO] [stdout]                                at /rustc/53fd98ca776cb875bc9e5514f56b52eb74f9e7a9/library/core/src/panicking.rs:117:5
[INFO] [stdout]   17:     0x55566451e092 - test::assert_test_result::h92bc12b5c6811ce3
[INFO] [stdout]                                at /rustc/53fd98ca776cb875bc9e5514f56b52eb74f9e7a9/library/test/src/lib.rs:194:5
[INFO] [stdout]   18:     0x555664522a39 - custom_impl_table::migrate_save_and_select::{{closure}}::hc58beef373ae616d
[INFO] [stdout]                                at /opt/rustwide/workdir/tests/custom_impl_table.rs:59:7
[INFO] [stdout]   19:     0x5556644f8abe - core::ops::function::FnOnce::call_once::h429cbf65d0078022
[INFO] [stdout]                                at /rustc/53fd98ca776cb875bc9e5514f56b52eb74f9e7a9/library/core/src/ops/function.rs:227:5
[INFO] [stdout]   20:     0x555664558cd3 - core::ops::function::FnOnce::call_once::hbb52c4519d3137b0
[INFO] [stdout]                                at /rustc/53fd98ca776cb875bc9e5514f56b52eb74f9e7a9/library/core/src/ops/function.rs:227:5
[INFO] [stdout]   21:     0x555664558cd3 - test::__rust_begin_short_backtrace::h86fe3a2a5a5121af
[INFO] [stdout]                                at /rustc/53fd98ca776cb875bc9e5514f56b52eb74f9e7a9/library/test/src/lib.rs:578:5
[INFO] [stdout]   22:     0x555664557788 - <alloc::boxed::Box<F,A> as core::ops::function::FnOnce<Args>>::call_once::hfd956bc3d57399be
[INFO] [stdout]                                at /rustc/53fd98ca776cb875bc9e5514f56b52eb74f9e7a9/library/alloc/src/boxed.rs:1572:9
[INFO] [stdout]   23:     0x555664557788 - <std::panic::AssertUnwindSafe<F> as core::ops::function::FnOnce<()>>::call_once::h40dc93e0ddb5938a
[INFO] [stdout]                                at /rustc/53fd98ca776cb875bc9e5514f56b52eb74f9e7a9/library/std/src/panic.rs:347:9
[INFO] [stdout]   24:     0x555664557788 - std::panicking::try::do_call::h90d07750cb47c562
[INFO] [stdout]                                at /rustc/53fd98ca776cb875bc9e5514f56b52eb74f9e7a9/library/std/src/panicking.rs:401:40
[INFO] [stdout]   25:     0x555664557788 - std::panicking::try::h063c84733ad2a629
[INFO] [stdout]                                at /rustc/53fd98ca776cb875bc9e5514f56b52eb74f9e7a9/library/std/src/panicking.rs:365:19
[INFO] [stdout]   26:     0x555664557788 - std::panic::catch_unwind::h0c464836a84e7c08
[INFO] [stdout]                                at /rustc/53fd98ca776cb875bc9e5514f56b52eb74f9e7a9/library/std/src/panic.rs:434:14
[INFO] [stdout]   27:     0x555664557788 - test::run_test_in_process::h5cb06ef620b157fc
[INFO] [stdout]                                at /rustc/53fd98ca776cb875bc9e5514f56b52eb74f9e7a9/library/test/src/lib.rs:601:18
[INFO] [stdout]   28:     0x555664557788 - test::run_test::run_test_inner::{{closure}}::h76f677f4b93f9828
[INFO] [stdout]                                at /rustc/53fd98ca776cb875bc9e5514f56b52eb74f9e7a9/library/test/src/lib.rs:493:39
[INFO] [stdout]   29:     0x555664525f1d - test::run_test::run_test_inner::{{closure}}::h366d01fe04f4d67a
[INFO] [stdout]                                at /rustc/53fd98ca776cb875bc9e5514f56b52eb74f9e7a9/library/test/src/lib.rs:520:37
[INFO] [stdout]   30:     0x555664525f1d - std::sys_common::backtrace::__rust_begin_short_backtrace::h7dfa0de4eb395af2
[INFO] [stdout]                                at /rustc/53fd98ca776cb875bc9e5514f56b52eb74f9e7a9/library/std/src/sys_common/backtrace.rs:125:18
[INFO] [stdout]   31:     0x55566452a6e8 - std::thread::Builder::spawn_unchecked::{{closure}}::{{closure}}::hf0a74bb58798037f
[INFO] [stdout]                                at /rustc/53fd98ca776cb875bc9e5514f56b52eb74f9e7a9/library/std/src/thread/mod.rs:476:17
[INFO] [stdout]   32:     0x55566452a6e8 - <std::panic::AssertUnwindSafe<F> as core::ops::function::FnOnce<()>>::call_once::hb024e854818586ac
[INFO] [stdout]                                at /rustc/53fd98ca776cb875bc9e5514f56b52eb74f9e7a9/library/std/src/panic.rs:347:9
[INFO] [stdout]   33:     0x55566452a6e8 - std::panicking::try::do_call::hb2dd9f1d0d48e41d
[INFO] [stdout]                                at /rustc/53fd98ca776cb875bc9e5514f56b52eb74f9e7a9/library/std/src/panicking.rs:401:40
[INFO] [stdout]   34:     0x55566452a6e8 - std::panicking::try::h4717ae7bac8b2bf3
[INFO] [stdout]                                at /rustc/53fd98ca776cb875bc9e5514f56b52eb74f9e7a9/library/std/src/panicking.rs:365:19
[INFO] [stdout]   35:     0x55566452a6e8 - std::panic::catch_unwind::h0dc8a061326ce8d8
[INFO] [stdout]                                at /rustc/53fd98ca776cb875bc9e5514f56b52eb74f9e7a9/library/std/src/panic.rs:434:14
[INFO] [stdout]   36:     0x55566452a6e8 - std::thread::Builder::spawn_unchecked::{{closure}}::haa369e2d6fd00aa1
[INFO] [stdout]                                at /rustc/53fd98ca776cb875bc9e5514f56b52eb74f9e7a9/library/std/src/thread/mod.rs:475:30
[INFO] [stdout]   37:     0x55566452a6e8 - core::ops::function::FnOnce::call_once{{vtable.shim}}::h36dcf3de8b056f17
[INFO] [stdout]                                at /rustc/53fd98ca776cb875bc9e5514f56b52eb74f9e7a9/library/core/src/ops/function.rs:227:5
[INFO] [stdout]   38:     0x555664942d97 - <alloc::boxed::Box<F,A> as core::ops::function::FnOnce<Args>>::call_once::h65c29e4642be2358
[INFO] [stdout]                                at /rustc/53fd98ca776cb875bc9e5514f56b52eb74f9e7a9/library/alloc/src/boxed.rs:1572:9
[INFO] [stdout]   39:     0x555664942d97 - <alloc::boxed::Box<F,A> as core::ops::function::FnOnce<Args>>::call_once::hd0f8f7fbbd9fffbf
[INFO] [stdout]                                at /rustc/53fd98ca776cb875bc9e5514f56b52eb74f9e7a9/library/alloc/src/boxed.rs:1572:9
[INFO] [stdout]   40:     0x555664942d97 - std::sys::unix::thread::Thread::new::thread_start::h2fd22fee3ca77b65
[INFO] [stdout]                                at /rustc/53fd98ca776cb875bc9e5514f56b52eb74f9e7a9/library/std/src/sys/unix/thread.rs:74:17
[INFO] [stdout]   41:     0x7fe33739d609 - start_thread
[INFO] [stdout]   42:     0x7fe33716d293 - clone
[INFO] [stdout]   43:                0x0 - <unknown>
[INFO] [stdout] 
[INFO] [stdout] 
[INFO] [stdout] failures:
[INFO] [stdout]     migrate_save_and_select
[INFO] [stdout] 
[INFO] [stdout] test result: FAILED. 0 passed; 1 failed; 0 ignored; 0 measured; 0 filtered out; finished in 0.04s
[INFO] [stdout] 
[INFO] [stderr] error: test failed, to rerun pass '--test custom_impl_table'
[INFO] running `Command { std: "docker" "inspect" "f08febea1cdcf16d5c6bdfd9f0e73479a6ecfe9d4f7dff2096627ea60b85eabc", kill_on_drop: false }`
[INFO] running `Command { std: "docker" "rm" "-f" "f08febea1cdcf16d5c6bdfd9f0e73479a6ecfe9d4f7dff2096627ea60b85eabc", kill_on_drop: false }`
[INFO] [stdout] f08febea1cdcf16d5c6bdfd9f0e73479a6ecfe9d4f7dff2096627ea60b85eabc
