[INFO] fetching crate db-derive 0.1.8...
[INFO] testing db-derive-0.1.8 against beta-2021-08-01 for beta-1.55-1
[INFO] extracting crate db-derive 0.1.8 into /workspace/builds/worker-89/source
[INFO] validating manifest of crates.io crate db-derive 0.1.8 on toolchain beta-2021-08-01
[INFO] running `Command { std: "/workspace/cargo-home/bin/cargo" "+beta-2021-08-01" "metadata" "--manifest-path" "Cargo.toml" "--no-deps", kill_on_drop: false }`
[INFO] started tweaking crates.io crate db-derive 0.1.8
[INFO] finished tweaking crates.io crate db-derive 0.1.8
[INFO] tweaked toml for crates.io crate db-derive 0.1.8 written to /workspace/builds/worker-89/source/Cargo.toml
[INFO] running `Command { std: "/workspace/cargo-home/bin/cargo" "+beta-2021-08-01" "generate-lockfile" "--manifest-path" "Cargo.toml" "-Zno-index-update", kill_on_drop: false }`
[INFO] running `Command { std: "/workspace/cargo-home/bin/cargo" "+beta-2021-08-01" "fetch" "--manifest-path" "Cargo.toml", kill_on_drop: false }`
[INFO] [stderr]     Blocking waiting for file lock on package cache
[INFO] [stderr]     Blocking waiting for file lock on package cache
[INFO] running `Command { std: "docker" "create" "-v" "/var/lib/crater-agent-workspace/builds/worker-89/target:/opt/rustwide/target:rw,Z" "-v" "/var/lib/crater-agent-workspace/builds/worker-89/source:/opt/rustwide/workdir:ro,Z" "-v" "/var/lib/crater-agent-workspace/cargo-home:/opt/rustwide/cargo-home:ro,Z" "-v" "/var/lib/crater-agent-workspace/rustup-home:/opt/rustwide/rustup-home:ro,Z" "-e" "SOURCE_DIR=/opt/rustwide/workdir" "-e" "CARGO_TARGET_DIR=/opt/rustwide/target" "-e" "CARGO_HOME=/opt/rustwide/cargo-home" "-e" "RUSTUP_HOME=/opt/rustwide/rustup-home" "-w" "/opt/rustwide/workdir" "-m" "1610612736" "--user" "0:0" "--network" "none" "ghcr.io/rust-lang/crates-build-env/linux@sha256:34b6a614d2c27851fe6cbf88fbd1137609cefab8b10d0615aaeb6fd47975d74e" "/opt/rustwide/cargo-home/bin/cargo" "+beta-2021-08-01" "metadata" "--no-deps" "--format-version=1", kill_on_drop: false }`
[INFO] [stdout] ae411f4329ee59d6f350694332bcdb0a25a13749e874764efebd290d9bcc3df6
[INFO] running `Command { std: "docker" "start" "-a" "ae411f4329ee59d6f350694332bcdb0a25a13749e874764efebd290d9bcc3df6", kill_on_drop: false }`
[INFO] running `Command { std: "docker" "inspect" "ae411f4329ee59d6f350694332bcdb0a25a13749e874764efebd290d9bcc3df6", kill_on_drop: false }`
[INFO] running `Command { std: "docker" "rm" "-f" "ae411f4329ee59d6f350694332bcdb0a25a13749e874764efebd290d9bcc3df6", kill_on_drop: false }`
[INFO] [stdout] ae411f4329ee59d6f350694332bcdb0a25a13749e874764efebd290d9bcc3df6
[INFO] running `Command { std: "docker" "create" "-v" "/var/lib/crater-agent-workspace/builds/worker-89/target:/opt/rustwide/target:rw,Z" "-v" "/var/lib/crater-agent-workspace/builds/worker-89/source:/opt/rustwide/workdir:ro,Z" "-v" "/var/lib/crater-agent-workspace/cargo-home:/opt/rustwide/cargo-home:ro,Z" "-v" "/var/lib/crater-agent-workspace/rustup-home:/opt/rustwide/rustup-home:ro,Z" "-e" "SOURCE_DIR=/opt/rustwide/workdir" "-e" "CARGO_TARGET_DIR=/opt/rustwide/target" "-e" "CARGO_INCREMENTAL=0" "-e" "RUST_BACKTRACE=full" "-e" "RUSTFLAGS=--cap-lints=warn" "-e" "CARGO_HOME=/opt/rustwide/cargo-home" "-e" "RUSTUP_HOME=/opt/rustwide/rustup-home" "-w" "/opt/rustwide/workdir" "-m" "1610612736" "--user" "0:0" "--network" "none" "ghcr.io/rust-lang/crates-build-env/linux@sha256:34b6a614d2c27851fe6cbf88fbd1137609cefab8b10d0615aaeb6fd47975d74e" "/opt/rustwide/cargo-home/bin/cargo" "+beta-2021-08-01" "build" "--frozen" "--message-format=json", kill_on_drop: false }`
[INFO] [stdout] b3db58b2ee67738aa97ddda4dc181d1413512d2cba1428f7165a58e56f4e8647
[INFO] running `Command { std: "docker" "start" "-a" "b3db58b2ee67738aa97ddda4dc181d1413512d2cba1428f7165a58e56f4e8647", kill_on_drop: false }`
[INFO] [stderr]     Blocking waiting for file lock on package cache
[INFO] [stderr]    Compiling syn v1.0.74
[INFO] [stderr]    Compiling typenum v1.13.0
[INFO] [stderr]    Compiling futures-core v0.3.16
[INFO] [stderr]    Compiling log v0.4.14
[INFO] [stderr]    Compiling slab v0.4.4
[INFO] [stderr]    Compiling getrandom v0.1.16
[INFO] [stderr]    Compiling proc-macro-hack v0.5.19
[INFO] [stderr]    Compiling proc-macro-nested v0.1.7
[INFO] [stderr]    Compiling futures-sink v0.3.16
[INFO] [stderr]    Compiling futures-task v0.3.16
[INFO] [stderr]    Compiling futures-channel v0.3.16
[INFO] [stderr]    Compiling bytes v0.5.6
[INFO] [stderr]    Compiling smallvec v1.6.1
[INFO] [stderr]    Compiling subtle v2.4.1
[INFO] [stderr]    Compiling futures-io v0.3.16
[INFO] [stderr]    Compiling fallible-iterator v0.2.0
[INFO] [stderr]    Compiling opaque-debug v0.3.0
[INFO] [stderr]    Compiling pin-project-lite v0.2.7
[INFO] [stderr]    Compiling pin-utils v0.1.0
[INFO] [stderr]    Compiling cpufeatures v0.1.5
[INFO] [stderr]    Compiling pkg-config v0.3.19
[INFO] [stderr]    Compiling fnv v1.0.7
[INFO] [stderr]    Compiling siphasher v0.3.6
[INFO] [stderr]    Compiling pin-project-lite v0.1.12
[INFO] [stderr]    Compiling async-trait v0.1.51
[INFO] [stderr]    Compiling ident_case v1.0.1
[INFO] [stderr]    Compiling strsim v0.9.3
[INFO] [stderr]    Compiling md5 v0.7.0
[INFO] [stderr]    Compiling base64 v0.13.0
[INFO] [stderr]    Compiling cc v1.0.69
[INFO] [stderr]    Compiling percent-encoding v2.1.0
[INFO] [stderr]    Compiling linked-hash-map v0.5.4
[INFO] [stderr]    Compiling fallible-streaming-iterator v0.1.9
[INFO] [stderr]    Compiling generic-array v0.14.4
[INFO] [stderr]    Compiling futures-macro v0.3.16
[INFO] [stderr]    Compiling instant v0.1.10
[INFO] [stderr]    Compiling futures-util v0.3.16
[INFO] [stderr]    Compiling lock_api v0.4.4
[INFO] [stderr]    Compiling net2 v0.2.37
[INFO] [stderr]    Compiling stringprep v0.1.2
[INFO] [stderr]    Compiling parking_lot_core v0.8.3
[INFO] [stderr]    Compiling lru-cache v0.1.2
[INFO] [stderr]    Compiling parking_lot v0.11.1
[INFO] [stderr]    Compiling libsqlite3-sys v0.17.3
[INFO] [stderr]    Compiling scheduled-thread-pool v0.2.5
[INFO] [stderr]    Compiling mio v0.6.23
[INFO] [stderr]    Compiling phf_shared v0.8.0
[INFO] [stderr]    Compiling rand_core v0.5.1
[INFO] [stderr]    Compiling r2d2 v0.8.9
[INFO] [stderr]    Compiling phf v0.8.0
[INFO] [stderr]    Compiling rand_chacha v0.2.2
[INFO] [stderr]    Compiling mio-uds v0.6.8
[INFO] [stderr]    Compiling rand v0.7.3
[INFO] [stderr]    Compiling tokio v0.2.25
[INFO] [stderr]    Compiling digest v0.9.0
[INFO] [stderr]    Compiling block-buffer v0.9.0
[INFO] [stderr]    Compiling crypto-mac v0.9.1
[INFO] [stderr]    Compiling hmac v0.9.0
[INFO] [stderr]    Compiling sha2 v0.9.5
[INFO] [stderr]    Compiling postgres-protocol v0.5.3
[INFO] [stderr]    Compiling postgres-types v0.1.3
[INFO] [stderr]    Compiling darling_core v0.10.2
[INFO] [stderr]    Compiling tokio-util v0.3.1
[INFO] [stderr]    Compiling darling_macro v0.10.2
[INFO] [stderr]    Compiling darling v0.10.2
[INFO] [stderr]    Compiling db-derive-impl v0.1.8
[INFO] [stderr]    Compiling rusqlite v0.21.0
[INFO] [stderr]    Compiling futures-executor v0.3.16
[INFO] [stderr]    Compiling futures v0.3.16
[INFO] [stderr]    Compiling tokio-postgres v0.5.5
[INFO] [stderr]    Compiling postgres v0.17.5
[INFO] [stderr]    Compiling db-derive v0.1.8 (/opt/rustwide/workdir)
[INFO] [stderr]     Finished dev [unoptimized + debuginfo] target(s) in 30.02s
[INFO] running `Command { std: "docker" "inspect" "b3db58b2ee67738aa97ddda4dc181d1413512d2cba1428f7165a58e56f4e8647", kill_on_drop: false }`
[INFO] running `Command { std: "docker" "rm" "-f" "b3db58b2ee67738aa97ddda4dc181d1413512d2cba1428f7165a58e56f4e8647", kill_on_drop: false }`
[INFO] [stdout] b3db58b2ee67738aa97ddda4dc181d1413512d2cba1428f7165a58e56f4e8647
[INFO] running `Command { std: "docker" "create" "-v" "/var/lib/crater-agent-workspace/builds/worker-89/target:/opt/rustwide/target:rw,Z" "-v" "/var/lib/crater-agent-workspace/builds/worker-89/source:/opt/rustwide/workdir:ro,Z" "-v" "/var/lib/crater-agent-workspace/cargo-home:/opt/rustwide/cargo-home:ro,Z" "-v" "/var/lib/crater-agent-workspace/rustup-home:/opt/rustwide/rustup-home:ro,Z" "-e" "SOURCE_DIR=/opt/rustwide/workdir" "-e" "CARGO_TARGET_DIR=/opt/rustwide/target" "-e" "CARGO_INCREMENTAL=0" "-e" "RUST_BACKTRACE=full" "-e" "RUSTFLAGS=--cap-lints=warn" "-e" "CARGO_HOME=/opt/rustwide/cargo-home" "-e" "RUSTUP_HOME=/opt/rustwide/rustup-home" "-w" "/opt/rustwide/workdir" "-m" "1610612736" "--user" "0:0" "--network" "none" "ghcr.io/rust-lang/crates-build-env/linux@sha256:34b6a614d2c27851fe6cbf88fbd1137609cefab8b10d0615aaeb6fd47975d74e" "/opt/rustwide/cargo-home/bin/cargo" "+beta-2021-08-01" "test" "--frozen" "--no-run" "--message-format=json", kill_on_drop: false }`
[INFO] [stdout] c9caf9842f4479850c7e2c82ed47884a6d1a1643c24097dd7089eb4efba993bd
[INFO] running `Command { std: "docker" "start" "-a" "c9caf9842f4479850c7e2c82ed47884a6d1a1643c24097dd7089eb4efba993bd", kill_on_drop: false }`
[INFO] [stderr]     Blocking waiting for file lock on package cache
[INFO] [stderr]    Compiling db-derive v0.1.8 (/opt/rustwide/workdir)
[INFO] [stderr]     Finished test [unoptimized + debuginfo] target(s) in 1.08s
[INFO] running `Command { std: "docker" "inspect" "c9caf9842f4479850c7e2c82ed47884a6d1a1643c24097dd7089eb4efba993bd", kill_on_drop: false }`
[INFO] running `Command { std: "docker" "rm" "-f" "c9caf9842f4479850c7e2c82ed47884a6d1a1643c24097dd7089eb4efba993bd", kill_on_drop: false }`
[INFO] [stdout] c9caf9842f4479850c7e2c82ed47884a6d1a1643c24097dd7089eb4efba993bd
[INFO] running `Command { std: "docker" "create" "-v" "/var/lib/crater-agent-workspace/builds/worker-89/target:/opt/rustwide/target:rw,Z" "-v" "/var/lib/crater-agent-workspace/builds/worker-89/source:/opt/rustwide/workdir:ro,Z" "-v" "/var/lib/crater-agent-workspace/cargo-home:/opt/rustwide/cargo-home:ro,Z" "-v" "/var/lib/crater-agent-workspace/rustup-home:/opt/rustwide/rustup-home:ro,Z" "-e" "SOURCE_DIR=/opt/rustwide/workdir" "-e" "CARGO_TARGET_DIR=/opt/rustwide/target" "-e" "CARGO_INCREMENTAL=0" "-e" "RUST_BACKTRACE=full" "-e" "RUSTFLAGS=--cap-lints=warn" "-e" "CARGO_HOME=/opt/rustwide/cargo-home" "-e" "RUSTUP_HOME=/opt/rustwide/rustup-home" "-w" "/opt/rustwide/workdir" "-m" "1610612736" "--user" "0:0" "--network" "none" "ghcr.io/rust-lang/crates-build-env/linux@sha256:34b6a614d2c27851fe6cbf88fbd1137609cefab8b10d0615aaeb6fd47975d74e" "/opt/rustwide/cargo-home/bin/cargo" "+beta-2021-08-01" "test" "--frozen", kill_on_drop: false }`
[INFO] [stdout] e929241b999b1ed16639a4e5c92cd0a2a89345974ea2b50651b9c66728ad7003
[INFO] running `Command { std: "docker" "start" "-a" "e929241b999b1ed16639a4e5c92cd0a2a89345974ea2b50651b9c66728ad7003", kill_on_drop: false }`
[INFO] [stderr]     Finished test [unoptimized + debuginfo] target(s) in 0.06s
[INFO] [stderr]      Running unittests (/opt/rustwide/target/debug/deps/db_derive-bbfafcd330f9583c)
[INFO] [stdout] 
[INFO] [stdout] running 0 tests
[INFO] [stdout] 
[INFO] [stdout] test result: ok. 0 passed; 0 failed; 0 ignored; 0 measured; 0 filtered out; finished in 0.00s
[INFO] [stdout] 
[INFO] [stderr]    Doc-tests db-derive
[INFO] [stdout] 
[INFO] [stdout] running 2 tests
[INFO] [stdout] test src/table.rs - table::Schema::schema_sqlite (line 24) - compile ... ok
[INFO] [stdout] test src/table.rs - table::Table (line 47) - compile ... FAILED
[INFO] [stdout] 
[INFO] [stdout] failures:
[INFO] [stdout] 
[INFO] [stdout] ---- src/table.rs - table::Table (line 47) stdout ----
[INFO] [stdout] error[E0046]: not all trait items implemented, missing: `schema_postgres`, `schema_sqlite`
[INFO] [stdout]  --> src/table.rs:49:10
[INFO] [stdout]   |
[INFO] [stdout] 4 | #[derive(db_derive::Table)]
[INFO] [stdout]   |          ^^^^^^^^^^^^^^^^ missing `schema_postgres`, `schema_sqlite` in implementation
[INFO] [stdout]   |
[INFO] [stdout]   = note: this error originates in the derive macro `db_derive::Table` (in Nightly builds, run with -Z macro-backtrace for more info)
[INFO] [stdout]   = help: implement the missing item: `fn schema_postgres() -> &'static str { todo!() }`
[INFO] [stdout]   = help: implement the missing item: `fn schema_sqlite() -> &'static str { todo!() }`
[INFO] [stdout] 
[INFO] [stdout] error: aborting due to previous error
[INFO] [stdout] 
[INFO] [stdout] For more information about this error, try `rustc --explain E0046`.
[INFO] [stdout] Couldn't compile the test.
[INFO] [stdout] 
[INFO] [stdout] failures:
[INFO] [stdout]     src/table.rs - table::Table (line 47)
[INFO] [stdout] 
[INFO] [stdout] test result: FAILED. 1 passed; 1 failed; 0 ignored; 0 measured; 0 filtered out; finished in 0.12s
[INFO] [stdout] 
[INFO] [stderr] error: test failed, to rerun pass '--doc'
[INFO] running `Command { std: "docker" "inspect" "e929241b999b1ed16639a4e5c92cd0a2a89345974ea2b50651b9c66728ad7003", kill_on_drop: false }`
[INFO] running `Command { std: "docker" "rm" "-f" "e929241b999b1ed16639a4e5c92cd0a2a89345974ea2b50651b9c66728ad7003", kill_on_drop: false }`
[INFO] [stdout] e929241b999b1ed16639a4e5c92cd0a2a89345974ea2b50651b9c66728ad7003
