[INFO] fetching crate datadog-logs 0.2.1...
[INFO] testing datadog-logs-0.2.1 against beta-2021-08-01 for beta-1.55-1
[INFO] extracting crate datadog-logs 0.2.1 into /workspace/builds/worker-35/source
[INFO] validating manifest of crates.io crate datadog-logs 0.2.1 on toolchain beta-2021-08-01
[INFO] running `Command { std: "/workspace/cargo-home/bin/cargo" "+beta-2021-08-01" "metadata" "--manifest-path" "Cargo.toml" "--no-deps", kill_on_drop: false }`
[INFO] started tweaking crates.io crate datadog-logs 0.2.1
[INFO] finished tweaking crates.io crate datadog-logs 0.2.1
[INFO] tweaked toml for crates.io crate datadog-logs 0.2.1 written to /workspace/builds/worker-35/source/Cargo.toml
[INFO] running `Command { std: "/workspace/cargo-home/bin/cargo" "+beta-2021-08-01" "generate-lockfile" "--manifest-path" "Cargo.toml" "-Zno-index-update", kill_on_drop: false }`
[INFO] [stderr]     Blocking waiting for file lock on package cache
[INFO] running `Command { std: "/workspace/cargo-home/bin/cargo" "+beta-2021-08-01" "fetch" "--manifest-path" "Cargo.toml", kill_on_drop: false }`
[INFO] [stderr]     Blocking waiting for file lock on package cache
[INFO] [stderr]     Blocking waiting for file lock on package cache
[INFO] [stderr]  Downloading crates ...
[INFO] [stderr]   Downloaded attohttpc v0.15.0
[INFO] running `Command { std: "docker" "create" "-v" "/var/lib/crater-agent-workspace/builds/worker-35/target:/opt/rustwide/target:rw,Z" "-v" "/var/lib/crater-agent-workspace/builds/worker-35/source:/opt/rustwide/workdir:ro,Z" "-v" "/var/lib/crater-agent-workspace/cargo-home:/opt/rustwide/cargo-home:ro,Z" "-v" "/var/lib/crater-agent-workspace/rustup-home:/opt/rustwide/rustup-home:ro,Z" "-e" "SOURCE_DIR=/opt/rustwide/workdir" "-e" "CARGO_TARGET_DIR=/opt/rustwide/target" "-e" "CARGO_HOME=/opt/rustwide/cargo-home" "-e" "RUSTUP_HOME=/opt/rustwide/rustup-home" "-w" "/opt/rustwide/workdir" "-m" "1610612736" "--user" "0:0" "--network" "none" "ghcr.io/rust-lang/crates-build-env/linux@sha256:34b6a614d2c27851fe6cbf88fbd1137609cefab8b10d0615aaeb6fd47975d74e" "/opt/rustwide/cargo-home/bin/cargo" "+beta-2021-08-01" "metadata" "--no-deps" "--format-version=1", kill_on_drop: false }`
[INFO] [stdout] 9f4f4af92d866c2a49928583f21f33d4ae63a50081f2f2edb218f00d6b969180
[INFO] running `Command { std: "docker" "start" "-a" "9f4f4af92d866c2a49928583f21f33d4ae63a50081f2f2edb218f00d6b969180", kill_on_drop: false }`
[INFO] running `Command { std: "docker" "inspect" "9f4f4af92d866c2a49928583f21f33d4ae63a50081f2f2edb218f00d6b969180", kill_on_drop: false }`
[INFO] running `Command { std: "docker" "rm" "-f" "9f4f4af92d866c2a49928583f21f33d4ae63a50081f2f2edb218f00d6b969180", kill_on_drop: false }`
[INFO] [stdout] 9f4f4af92d866c2a49928583f21f33d4ae63a50081f2f2edb218f00d6b969180
[INFO] running `Command { std: "docker" "create" "-v" "/var/lib/crater-agent-workspace/builds/worker-35/target:/opt/rustwide/target:rw,Z" "-v" "/var/lib/crater-agent-workspace/builds/worker-35/source:/opt/rustwide/workdir:ro,Z" "-v" "/var/lib/crater-agent-workspace/cargo-home:/opt/rustwide/cargo-home:ro,Z" "-v" "/var/lib/crater-agent-workspace/rustup-home:/opt/rustwide/rustup-home:ro,Z" "-e" "SOURCE_DIR=/opt/rustwide/workdir" "-e" "CARGO_TARGET_DIR=/opt/rustwide/target" "-e" "CARGO_INCREMENTAL=0" "-e" "RUST_BACKTRACE=full" "-e" "RUSTFLAGS=--cap-lints=warn" "-e" "CARGO_HOME=/opt/rustwide/cargo-home" "-e" "RUSTUP_HOME=/opt/rustwide/rustup-home" "-w" "/opt/rustwide/workdir" "-m" "1610612736" "--user" "0:0" "--network" "none" "ghcr.io/rust-lang/crates-build-env/linux@sha256:34b6a614d2c27851fe6cbf88fbd1137609cefab8b10d0615aaeb6fd47975d74e" "/opt/rustwide/cargo-home/bin/cargo" "+beta-2021-08-01" "build" "--frozen" "--message-format=json", kill_on_drop: false }`
[INFO] [stdout] 8fa91db2869ea1c6d67155f73d4c98dbd5805cab9e9f21d4f6c6c9a81b01d708
[INFO] running `Command { std: "docker" "start" "-a" "8fa91db2869ea1c6d67155f73d4c98dbd5805cab9e9f21d4f6c6c9a81b01d708", kill_on_drop: false }`
[INFO] [stderr]    Compiling syn v1.0.74
[INFO] [stderr]    Compiling log v0.4.14
[INFO] [stderr]    Compiling futures-core v0.3.16
[INFO] [stderr]    Compiling futures-sink v0.3.16
[INFO] [stderr]    Compiling http v0.2.4
[INFO] [stderr]    Compiling spinning_top v0.2.4
[INFO] [stderr]    Compiling getrandom v0.2.3
[INFO] [stderr]    Compiling flate2 v1.0.20
[INFO] [stderr]    Compiling nanorand v0.6.1
[INFO] [stderr]    Compiling native-tls v0.2.7
[INFO] [stderr]    Compiling attohttpc v0.15.0
[INFO] [stderr]    Compiling pin-project-internal v1.0.8
[INFO] [stderr]    Compiling serde_derive v1.0.127
[INFO] [stderr]    Compiling pin-project v1.0.8
[INFO] [stderr]    Compiling flume v0.10.8
[INFO] [stderr]    Compiling serde v1.0.127
[INFO] [stderr]    Compiling serde_json v1.0.66
[INFO] [stderr]    Compiling datadog-logs v0.2.1 (/opt/rustwide/workdir)
[INFO] [stdout] warning: unused borrow that must be used
[INFO] [stdout]    --> src/logger/logger.rs:259:9
[INFO] [stdout]     |
[INFO] [stdout] 259 |         &self.log(format!("{}", record.args()), level);
[INFO] [stdout]     |         ^^^^^^^^^^^^^^^^^^^^^^^^^^^^^^^^^^^^^^^^^^^^^^
[INFO] [stdout]     |
[INFO] [stdout]     = note: `#[warn(unused_must_use)]` on by default
[INFO] [stdout] 
[INFO] [stdout] 
[INFO] [stdout] warning: 1 warning emitted
[INFO] [stdout] 
[INFO] [stdout] 
[INFO] [stderr]     Finished dev [unoptimized + debuginfo] target(s) in 22.85s
[INFO] running `Command { std: "docker" "inspect" "8fa91db2869ea1c6d67155f73d4c98dbd5805cab9e9f21d4f6c6c9a81b01d708", kill_on_drop: false }`
[INFO] running `Command { std: "docker" "rm" "-f" "8fa91db2869ea1c6d67155f73d4c98dbd5805cab9e9f21d4f6c6c9a81b01d708", kill_on_drop: false }`
[INFO] [stdout] 8fa91db2869ea1c6d67155f73d4c98dbd5805cab9e9f21d4f6c6c9a81b01d708
[INFO] running `Command { std: "docker" "create" "-v" "/var/lib/crater-agent-workspace/builds/worker-35/target:/opt/rustwide/target:rw,Z" "-v" "/var/lib/crater-agent-workspace/builds/worker-35/source:/opt/rustwide/workdir:ro,Z" "-v" "/var/lib/crater-agent-workspace/cargo-home:/opt/rustwide/cargo-home:ro,Z" "-v" "/var/lib/crater-agent-workspace/rustup-home:/opt/rustwide/rustup-home:ro,Z" "-e" "SOURCE_DIR=/opt/rustwide/workdir" "-e" "CARGO_TARGET_DIR=/opt/rustwide/target" "-e" "CARGO_INCREMENTAL=0" "-e" "RUST_BACKTRACE=full" "-e" "RUSTFLAGS=--cap-lints=warn" "-e" "CARGO_HOME=/opt/rustwide/cargo-home" "-e" "RUSTUP_HOME=/opt/rustwide/rustup-home" "-w" "/opt/rustwide/workdir" "-m" "1610612736" "--user" "0:0" "--network" "none" "ghcr.io/rust-lang/crates-build-env/linux@sha256:34b6a614d2c27851fe6cbf88fbd1137609cefab8b10d0615aaeb6fd47975d74e" "/opt/rustwide/cargo-home/bin/cargo" "+beta-2021-08-01" "test" "--frozen" "--no-run" "--message-format=json", kill_on_drop: false }`
[INFO] [stdout] 06faada0c331073143d5686f704fc2ef9621fd6ad06658f0c2b6b0f69915335f
[INFO] running `Command { std: "docker" "start" "-a" "06faada0c331073143d5686f704fc2ef9621fd6ad06658f0c2b6b0f69915335f", kill_on_drop: false }`
[INFO] [stderr]    Compiling mio v0.7.13
[INFO] [stderr]    Compiling tokio-macros v1.3.0
[INFO] [stdout] warning: unused borrow that must be used
[INFO] [stdout]    --> src/logger/logger.rs:259:9
[INFO] [stdout]     |
[INFO] [stdout] 259 |         &self.log(format!("{}", record.args()), level);
[INFO] [stdout]     |         ^^^^^^^^^^^^^^^^^^^^^^^^^^^^^^^^^^^^^^^^^^^^^^
[INFO] [stdout]     |
[INFO] [stdout]     = note: `#[warn(unused_must_use)]` on by default
[INFO] [stdout] 
[INFO] [stdout] 
[INFO] [stdout] warning: 1 warning emitted
[INFO] [stdout] 
[INFO] [stdout] 
[INFO] [stderr]    Compiling tokio v1.9.0
[INFO] [stderr]    Compiling datadog-logs v0.2.1 (/opt/rustwide/workdir)
[INFO] [stdout] warning: unused borrow that must be used
[INFO] [stdout]    --> src/logger/logger.rs:259:9
[INFO] [stdout]     |
[INFO] [stdout] 259 |         &self.log(format!("{}", record.args()), level);
[INFO] [stdout]     |         ^^^^^^^^^^^^^^^^^^^^^^^^^^^^^^^^^^^^^^^^^^^^^^
[INFO] [stdout]     |
[INFO] [stdout]     = note: `#[warn(unused_must_use)]` on by default
[INFO] [stdout] 
[INFO] [stdout] 
[INFO] [stdout] warning: 1 warning emitted
[INFO] [stdout] 
[INFO] [stdout] 
[INFO] [stderr]     Finished test [unoptimized + debuginfo] target(s) in 9.89s
[INFO] running `Command { std: "docker" "inspect" "06faada0c331073143d5686f704fc2ef9621fd6ad06658f0c2b6b0f69915335f", kill_on_drop: false }`
[INFO] running `Command { std: "docker" "rm" "-f" "06faada0c331073143d5686f704fc2ef9621fd6ad06658f0c2b6b0f69915335f", kill_on_drop: false }`
[INFO] [stdout] 06faada0c331073143d5686f704fc2ef9621fd6ad06658f0c2b6b0f69915335f
[INFO] running `Command { std: "docker" "create" "-v" "/var/lib/crater-agent-workspace/builds/worker-35/target:/opt/rustwide/target:rw,Z" "-v" "/var/lib/crater-agent-workspace/builds/worker-35/source:/opt/rustwide/workdir:ro,Z" "-v" "/var/lib/crater-agent-workspace/cargo-home:/opt/rustwide/cargo-home:ro,Z" "-v" "/var/lib/crater-agent-workspace/rustup-home:/opt/rustwide/rustup-home:ro,Z" "-e" "SOURCE_DIR=/opt/rustwide/workdir" "-e" "CARGO_TARGET_DIR=/opt/rustwide/target" "-e" "CARGO_INCREMENTAL=0" "-e" "RUST_BACKTRACE=full" "-e" "RUSTFLAGS=--cap-lints=warn" "-e" "CARGO_HOME=/opt/rustwide/cargo-home" "-e" "RUSTUP_HOME=/opt/rustwide/rustup-home" "-w" "/opt/rustwide/workdir" "-m" "1610612736" "--user" "0:0" "--network" "none" "ghcr.io/rust-lang/crates-build-env/linux@sha256:34b6a614d2c27851fe6cbf88fbd1137609cefab8b10d0615aaeb6fd47975d74e" "/opt/rustwide/cargo-home/bin/cargo" "+beta-2021-08-01" "test" "--frozen", kill_on_drop: false }`
[INFO] [stdout] e2b70090f2741d66cde151afae663b93ce1f4701accc86c742b599bf4d74ded3
[INFO] running `Command { std: "docker" "start" "-a" "e2b70090f2741d66cde151afae663b93ce1f4701accc86c742b599bf4d74ded3", kill_on_drop: false }`
[INFO] [stderr] warning: unused borrow that must be used
[INFO] [stderr]    --> src/logger/logger.rs:259:9
[INFO] [stderr]     |
[INFO] [stderr] 259 |         &self.log(format!("{}", record.args()), level);
[INFO] [stderr]     |         ^^^^^^^^^^^^^^^^^^^^^^^^^^^^^^^^^^^^^^^^^^^^^^
[INFO] [stderr]     |
[INFO] [stderr]     = note: `#[warn(unused_must_use)]` on by default
[INFO] [stderr] 
[INFO] [stderr] warning: `datadog-logs` (lib) generated 1 warning
[INFO] [stderr] warning: `datadog-logs` (lib test) generated 1 warning (1 duplicate)
[INFO] [stderr]     Finished test [unoptimized + debuginfo] target(s) in 0.11s
[INFO] [stderr]      Running unittests (/opt/rustwide/target/debug/deps/datadog_logs-a33860082c9a1a16)
[INFO] [stdout] 
[INFO] [stdout] running 0 tests
[INFO] [stdout] 
[INFO] [stdout] test result: ok. 0 passed; 0 failed; 0 ignored; 0 measured; 0 filtered out; finished in 0.00s
[INFO] [stdout] 
[INFO] [stderr]    Doc-tests datadog-logs
[INFO] [stdout] 
[INFO] [stdout] running 4 tests
[INFO] [stdout] test src/lib.rs - (line 14) ... FAILED
[INFO] [stdout] test src/logger/logger.rs - logger::logger::DataDogLogger::blocking (line 40) ... ok
[INFO] [stdout] test src/logger/logger.rs - logger::logger::DataDogLogger::set_blocking_logger (line 185) ... ok
[INFO] [stdout] test src/logger/logger.rs - logger::logger::DataDogLogger::log (line 149) ... ok
[INFO] [stdout] 
[INFO] [stdout] failures:
[INFO] [stdout] 
[INFO] [stdout] ---- src/lib.rs - (line 14) stdout ----
[INFO] [stdout] error[E0599]: no function or associated item named `set_nonblocking_logger` found for struct `DataDogLogger` in the current scope
[INFO] [stdout]   --> src/lib.rs:22:29
[INFO] [stdout]    |
[INFO] [stdout] 11 | let future = DataDogLogger::set_nonblocking_logger(client, config, LevelFilter::Error).unwrap();
[INFO] [stdout]    |                             ^^^^^^^^^^^^^^^^^^^^^^
[INFO] [stdout]    |                             |
[INFO] [stdout]    |                             function or associated item not found in `DataDogLogger`
[INFO] [stdout]    |                             help: there is an associated function with a similar name: `set_blocking_logger`
[INFO] [stdout] 
[INFO] [stdout] error: aborting due to previous error
[INFO] [stdout] 
[INFO] [stdout] For more information about this error, try `rustc --explain E0599`.
[INFO] [stdout] Couldn't compile the test.
[INFO] [stdout] 
[INFO] [stdout] failures:
[INFO] [stdout]     src/lib.rs - (line 14)
[INFO] [stdout] 
[INFO] [stdout] test result: FAILED. 3 passed; 1 failed; 0 ignored; 0 measured; 0 filtered out; finished in 2.01s
[INFO] [stdout] 
[INFO] [stderr] error: test failed, to rerun pass '--doc'
[INFO] running `Command { std: "docker" "inspect" "e2b70090f2741d66cde151afae663b93ce1f4701accc86c742b599bf4d74ded3", kill_on_drop: false }`
[INFO] running `Command { std: "docker" "rm" "-f" "e2b70090f2741d66cde151afae663b93ce1f4701accc86c742b599bf4d74ded3", kill_on_drop: false }`
[INFO] [stdout] e2b70090f2741d66cde151afae663b93ce1f4701accc86c742b599bf4d74ded3
