[INFO] fetching crate dataGPS 0.1.1...
[INFO] testing dataGPS-0.1.1 against beta-2021-08-01 for beta-1.55-1
[INFO] extracting crate dataGPS 0.1.1 into /workspace/builds/worker-91/source
[INFO] validating manifest of crates.io crate dataGPS 0.1.1 on toolchain beta-2021-08-01
[INFO] running `Command { std: "/workspace/cargo-home/bin/cargo" "+beta-2021-08-01" "metadata" "--manifest-path" "Cargo.toml" "--no-deps", kill_on_drop: false }`
[INFO] started tweaking crates.io crate dataGPS 0.1.1
[INFO] finished tweaking crates.io crate dataGPS 0.1.1
[INFO] tweaked toml for crates.io crate dataGPS 0.1.1 written to /workspace/builds/worker-91/source/Cargo.toml
[INFO] crate crates.io crate dataGPS 0.1.1 already has a lockfile, it will not be regenerated
[INFO] running `Command { std: "/workspace/cargo-home/bin/cargo" "+beta-2021-08-01" "fetch" "--manifest-path" "Cargo.toml", kill_on_drop: false }`
[INFO] [stderr]     Blocking waiting for file lock on package cache
[INFO] [stderr]     Blocking waiting for file lock on package cache
[INFO] running `Command { std: "docker" "create" "-v" "/var/lib/crater-agent-workspace/builds/worker-91/target:/opt/rustwide/target:rw,Z" "-v" "/var/lib/crater-agent-workspace/builds/worker-91/source:/opt/rustwide/workdir:ro,Z" "-v" "/var/lib/crater-agent-workspace/cargo-home:/opt/rustwide/cargo-home:ro,Z" "-v" "/var/lib/crater-agent-workspace/rustup-home:/opt/rustwide/rustup-home:ro,Z" "-e" "SOURCE_DIR=/opt/rustwide/workdir" "-e" "CARGO_TARGET_DIR=/opt/rustwide/target" "-e" "CARGO_HOME=/opt/rustwide/cargo-home" "-e" "RUSTUP_HOME=/opt/rustwide/rustup-home" "-w" "/opt/rustwide/workdir" "-m" "1610612736" "--user" "0:0" "--network" "none" "ghcr.io/rust-lang/crates-build-env/linux@sha256:34b6a614d2c27851fe6cbf88fbd1137609cefab8b10d0615aaeb6fd47975d74e" "/opt/rustwide/cargo-home/bin/cargo" "+beta-2021-08-01" "metadata" "--no-deps" "--format-version=1", kill_on_drop: false }`
[INFO] [stdout] 6d2251d8b6d52572598e82be1338847ead278067ca3d8456719eb98907642fab
[INFO] running `Command { std: "docker" "start" "-a" "6d2251d8b6d52572598e82be1338847ead278067ca3d8456719eb98907642fab", kill_on_drop: false }`
[INFO] running `Command { std: "docker" "inspect" "6d2251d8b6d52572598e82be1338847ead278067ca3d8456719eb98907642fab", kill_on_drop: false }`
[INFO] running `Command { std: "docker" "rm" "-f" "6d2251d8b6d52572598e82be1338847ead278067ca3d8456719eb98907642fab", kill_on_drop: false }`
[INFO] [stdout] 6d2251d8b6d52572598e82be1338847ead278067ca3d8456719eb98907642fab
[INFO] running `Command { std: "docker" "create" "-v" "/var/lib/crater-agent-workspace/builds/worker-91/target:/opt/rustwide/target:rw,Z" "-v" "/var/lib/crater-agent-workspace/builds/worker-91/source:/opt/rustwide/workdir:ro,Z" "-v" "/var/lib/crater-agent-workspace/cargo-home:/opt/rustwide/cargo-home:ro,Z" "-v" "/var/lib/crater-agent-workspace/rustup-home:/opt/rustwide/rustup-home:ro,Z" "-e" "SOURCE_DIR=/opt/rustwide/workdir" "-e" "CARGO_TARGET_DIR=/opt/rustwide/target" "-e" "CARGO_INCREMENTAL=0" "-e" "RUST_BACKTRACE=full" "-e" "RUSTFLAGS=--cap-lints=warn" "-e" "CARGO_HOME=/opt/rustwide/cargo-home" "-e" "RUSTUP_HOME=/opt/rustwide/rustup-home" "-w" "/opt/rustwide/workdir" "-m" "1610612736" "--user" "0:0" "--network" "none" "ghcr.io/rust-lang/crates-build-env/linux@sha256:34b6a614d2c27851fe6cbf88fbd1137609cefab8b10d0615aaeb6fd47975d74e" "/opt/rustwide/cargo-home/bin/cargo" "+beta-2021-08-01" "build" "--frozen" "--message-format=json", kill_on_drop: false }`
[INFO] [stdout] 0618e56dad85191841647cb788ed4f1d44ca8617c84597bf5b0be635f7f1e28a
[INFO] running `Command { std: "docker" "start" "-a" "0618e56dad85191841647cb788ed4f1d44ca8617c84597bf5b0be635f7f1e28a", kill_on_drop: false }`
[INFO] [stderr]    Compiling libc v0.2.77
[INFO] [stderr]    Compiling rpi_embedded v0.1.0
[INFO] [stderr]    Compiling dataGPS v0.1.1 (/opt/rustwide/workdir)
[INFO] [stdout] warning: crate `dataGPS` should have a snake case name
[INFO] [stdout]   |
[INFO] [stdout]   = note: `#[warn(non_snake_case)]` on by default
[INFO] [stdout]   = help: convert the identifier to snake case: `data_gps`
[INFO] [stdout] 
[INFO] [stdout] 
[INFO] [stdout] warning: 1 warning emitted
[INFO] [stdout] 
[INFO] [stdout] 
[INFO] [stdout] warning: variant is never constructed: `Baud57600`
[INFO] [stdout]   --> src/datagps.rs:21:5
[INFO] [stdout]    |
[INFO] [stdout] 21 |     Baud57600,
[INFO] [stdout]    |     ^^^^^^^^^
[INFO] [stdout]    |
[INFO] [stdout]    = note: `#[warn(dead_code)]` on by default
[INFO] [stdout] 
[INFO] [stdout] 
[INFO] [stdout] warning: variant is never constructed: `Baud115200`
[INFO] [stdout]   --> src/datagps.rs:22:5
[INFO] [stdout]    |
[INFO] [stdout] 22 |     Baud115200
[INFO] [stdout]    |     ^^^^^^^^^^
[INFO] [stdout] 
[INFO] [stdout] 
[INFO] [stdout] warning: associated function is never used: `get_time`
[INFO] [stdout]    --> src/datagps.rs:105:12
[INFO] [stdout]     |
[INFO] [stdout] 105 |     pub fn get_time(&mut self) -> String{
[INFO] [stdout]     |            ^^^^^^^^
[INFO] [stdout] 
[INFO] [stdout] 
[INFO] [stdout] warning: associated function is never used: `get_baud_rate`
[INFO] [stdout]    --> src/datagps.rs:121:12
[INFO] [stdout]     |
[INFO] [stdout] 121 |     pub fn get_baud_rate(&self) -> u32{
[INFO] [stdout]     |            ^^^^^^^^^^^^^
[INFO] [stdout] 
[INFO] [stdout] 
[INFO] [stdout] warning: associated function is never used: `set_baud_rate`
[INFO] [stdout]    --> src/datagps.rs:125:12
[INFO] [stdout]     |
[INFO] [stdout] 125 |     pub fn set_baud_rate(&mut self,baud_rate:&Bauds) {
[INFO] [stdout]     |            ^^^^^^^^^^^^^
[INFO] [stdout] 
[INFO] [stdout] 
[INFO] [stdout] warning: crate `dataGPS` should have a snake case name
[INFO] [stdout]   |
[INFO] [stdout]   = note: `#[warn(non_snake_case)]` on by default
[INFO] [stdout]   = help: convert the identifier to snake case: `data_gps`
[INFO] [stdout] 
[INFO] [stdout] 
[INFO] [stdout] warning: 6 warnings emitted
[INFO] [stdout] 
[INFO] [stdout] 
[INFO] [stderr]     Finished dev [unoptimized + debuginfo] target(s) in 4.22s
[INFO] running `Command { std: "docker" "inspect" "0618e56dad85191841647cb788ed4f1d44ca8617c84597bf5b0be635f7f1e28a", kill_on_drop: false }`
[INFO] running `Command { std: "docker" "rm" "-f" "0618e56dad85191841647cb788ed4f1d44ca8617c84597bf5b0be635f7f1e28a", kill_on_drop: false }`
[INFO] [stdout] 0618e56dad85191841647cb788ed4f1d44ca8617c84597bf5b0be635f7f1e28a
[INFO] running `Command { std: "docker" "create" "-v" "/var/lib/crater-agent-workspace/builds/worker-91/target:/opt/rustwide/target:rw,Z" "-v" "/var/lib/crater-agent-workspace/builds/worker-91/source:/opt/rustwide/workdir:ro,Z" "-v" "/var/lib/crater-agent-workspace/cargo-home:/opt/rustwide/cargo-home:ro,Z" "-v" "/var/lib/crater-agent-workspace/rustup-home:/opt/rustwide/rustup-home:ro,Z" "-e" "SOURCE_DIR=/opt/rustwide/workdir" "-e" "CARGO_TARGET_DIR=/opt/rustwide/target" "-e" "CARGO_INCREMENTAL=0" "-e" "RUST_BACKTRACE=full" "-e" "RUSTFLAGS=--cap-lints=warn" "-e" "CARGO_HOME=/opt/rustwide/cargo-home" "-e" "RUSTUP_HOME=/opt/rustwide/rustup-home" "-w" "/opt/rustwide/workdir" "-m" "1610612736" "--user" "0:0" "--network" "none" "ghcr.io/rust-lang/crates-build-env/linux@sha256:34b6a614d2c27851fe6cbf88fbd1137609cefab8b10d0615aaeb6fd47975d74e" "/opt/rustwide/cargo-home/bin/cargo" "+beta-2021-08-01" "test" "--frozen" "--no-run" "--message-format=json", kill_on_drop: false }`
[INFO] [stdout] f8efe7c9f5ca60ce09a2571dab3283d6c934e06a5e33a680a1a9def52bcd7770
[INFO] running `Command { std: "docker" "start" "-a" "f8efe7c9f5ca60ce09a2571dab3283d6c934e06a5e33a680a1a9def52bcd7770", kill_on_drop: false }`
[INFO] [stderr]     Blocking waiting for file lock on package cache
[INFO] [stderr]    Compiling dataGPS v0.1.1 (/opt/rustwide/workdir)
[INFO] [stdout] warning: crate `dataGPS` should have a snake case name
[INFO] [stdout]   |
[INFO] [stdout]   = note: `#[warn(non_snake_case)]` on by default
[INFO] [stdout]   = help: convert the identifier to snake case: `data_gps`
[INFO] [stdout] 
[INFO] [stdout] 
[INFO] [stdout] warning: 1 warning emitted
[INFO] [stdout] 
[INFO] [stdout] 
[INFO] [stdout] warning: variant is never constructed: `Baud57600`
[INFO] [stdout]   --> src/datagps.rs:21:5
[INFO] [stdout]    |
[INFO] [stdout] 21 |     Baud57600,
[INFO] [stdout]    |     ^^^^^^^^^
[INFO] [stdout]    |
[INFO] [stdout]    = note: `#[warn(dead_code)]` on by default
[INFO] [stdout] 
[INFO] [stdout] 
[INFO] [stdout] warning: variant is never constructed: `Baud115200`
[INFO] [stdout]   --> src/datagps.rs:22:5
[INFO] [stdout]    |
[INFO] [stdout] 22 |     Baud115200
[INFO] [stdout]    |     ^^^^^^^^^^
[INFO] [stdout] 
[INFO] [stdout] 
[INFO] [stdout] warning: associated function is never used: `get_time`
[INFO] [stdout]    --> src/datagps.rs:105:12
[INFO] [stdout]     |
[INFO] [stdout] 105 |     pub fn get_time(&mut self) -> String{
[INFO] [stdout]     |            ^^^^^^^^
[INFO] [stdout] 
[INFO] [stdout] 
[INFO] [stdout] warning: associated function is never used: `get_baud_rate`
[INFO] [stdout]    --> src/datagps.rs:121:12
[INFO] [stdout]     |
[INFO] [stdout] 121 |     pub fn get_baud_rate(&self) -> u32{
[INFO] [stdout]     |            ^^^^^^^^^^^^^
[INFO] [stdout] 
[INFO] [stdout] 
[INFO] [stdout] warning: associated function is never used: `set_baud_rate`
[INFO] [stdout]    --> src/datagps.rs:125:12
[INFO] [stdout]     |
[INFO] [stdout] 125 |     pub fn set_baud_rate(&mut self,baud_rate:&Bauds) {
[INFO] [stdout]     |            ^^^^^^^^^^^^^
[INFO] [stdout] 
[INFO] [stdout] 
[INFO] [stdout] warning: crate `dataGPS` should have a snake case name
[INFO] [stdout]   |
[INFO] [stdout]   = note: `#[warn(non_snake_case)]` on by default
[INFO] [stdout]   = help: convert the identifier to snake case: `data_gps`
[INFO] [stdout] 
[INFO] [stdout] 
[INFO] [stdout] warning: crate `dataGPS` should have a snake case name
[INFO] [stdout]   |
[INFO] [stdout]   = note: `#[warn(non_snake_case)]` on by default
[INFO] [stdout]   = help: convert the identifier to snake case: `data_gps`
[INFO] [stdout] 
[INFO] [stdout] 
[INFO] [stdout] warning: 6 warnings emitted
[INFO] [stdout] 
[INFO] [stdout] 
[INFO] [stdout] warning: 1 warning emitted
[INFO] [stdout] 
[INFO] [stdout] 
[INFO] [stderr]     Finished test [unoptimized + debuginfo] target(s) in 0.70s
[INFO] running `Command { std: "docker" "inspect" "f8efe7c9f5ca60ce09a2571dab3283d6c934e06a5e33a680a1a9def52bcd7770", kill_on_drop: false }`
[INFO] running `Command { std: "docker" "rm" "-f" "f8efe7c9f5ca60ce09a2571dab3283d6c934e06a5e33a680a1a9def52bcd7770", kill_on_drop: false }`
[INFO] [stdout] f8efe7c9f5ca60ce09a2571dab3283d6c934e06a5e33a680a1a9def52bcd7770
[INFO] running `Command { std: "docker" "create" "-v" "/var/lib/crater-agent-workspace/builds/worker-91/target:/opt/rustwide/target:rw,Z" "-v" "/var/lib/crater-agent-workspace/builds/worker-91/source:/opt/rustwide/workdir:ro,Z" "-v" "/var/lib/crater-agent-workspace/cargo-home:/opt/rustwide/cargo-home:ro,Z" "-v" "/var/lib/crater-agent-workspace/rustup-home:/opt/rustwide/rustup-home:ro,Z" "-e" "SOURCE_DIR=/opt/rustwide/workdir" "-e" "CARGO_TARGET_DIR=/opt/rustwide/target" "-e" "CARGO_INCREMENTAL=0" "-e" "RUST_BACKTRACE=full" "-e" "RUSTFLAGS=--cap-lints=warn" "-e" "CARGO_HOME=/opt/rustwide/cargo-home" "-e" "RUSTUP_HOME=/opt/rustwide/rustup-home" "-w" "/opt/rustwide/workdir" "-m" "1610612736" "--user" "0:0" "--network" "none" "ghcr.io/rust-lang/crates-build-env/linux@sha256:34b6a614d2c27851fe6cbf88fbd1137609cefab8b10d0615aaeb6fd47975d74e" "/opt/rustwide/cargo-home/bin/cargo" "+beta-2021-08-01" "test" "--frozen", kill_on_drop: false }`
[INFO] [stdout] 60a22a2511d8ecfb973edba0c88fc2c8d9cf9a53ce71a46b6bb483315e5a28c7
[INFO] running `Command { std: "docker" "start" "-a" "60a22a2511d8ecfb973edba0c88fc2c8d9cf9a53ce71a46b6bb483315e5a28c7", kill_on_drop: false }`
[INFO] [stderr] warning: crate `dataGPS` should have a snake case name
[INFO] [stderr]   |
[INFO] [stderr]   = note: `#[warn(non_snake_case)]` on by default
[INFO] [stderr]   = help: convert the identifier to snake case: `data_gps`
[INFO] [stderr] 
[INFO] [stderr] warning: `dataGPS` (lib) generated 1 warning
[INFO] [stderr] warning: `dataGPS` (lib test) generated 1 warning (1 duplicate)
[INFO] [stderr] warning: variant is never constructed: `Baud57600`
[INFO] [stderr]   --> src/datagps.rs:21:5
[INFO] [stderr]    |
[INFO] [stderr] 21 |     Baud57600,
[INFO] [stderr]    |     ^^^^^^^^^
[INFO] [stderr]    |
[INFO] [stderr]    = note: `#[warn(dead_code)]` on by default
[INFO] [stderr] 
[INFO] [stderr] warning: variant is never constructed: `Baud115200`
[INFO] [stderr]   --> src/datagps.rs:22:5
[INFO] [stderr]    |
[INFO] [stderr] 22 |     Baud115200
[INFO] [stderr]    |     ^^^^^^^^^^
[INFO] [stderr] 
[INFO] [stderr] warning: associated function is never used: `get_time`
[INFO] [stderr]    --> src/datagps.rs:105:12
[INFO] [stderr]     |
[INFO] [stderr] 105 |     pub fn get_time(&mut self) -> String{
[INFO] [stderr]     |            ^^^^^^^^
[INFO] [stderr] 
[INFO] [stderr] warning: associated function is never used: `get_baud_rate`
[INFO] [stderr]    --> src/datagps.rs:121:12
[INFO] [stderr]     |
[INFO] [stderr] 121 |     pub fn get_baud_rate(&self) -> u32{
[INFO] [stderr]     |            ^^^^^^^^^^^^^
[INFO] [stderr] 
[INFO] [stderr] warning: associated function is never used: `set_baud_rate`
[INFO] [stderr]    --> src/datagps.rs:125:12
[INFO] [stderr]     |
[INFO] [stderr] 125 |     pub fn set_baud_rate(&mut self,baud_rate:&Bauds) {
[INFO] [stderr]     |            ^^^^^^^^^^^^^
[INFO] [stderr] 
[INFO] [stderr] warning: `dataGPS` (bin "dataGPS" test) generated 6 warnings (1 duplicate)
[INFO] [stderr]     Finished test [unoptimized + debuginfo] target(s) in 0.02s
[INFO] [stderr]      Running unittests (/opt/rustwide/target/debug/deps/dataGPS-2909b96525d014ab)
[INFO] [stderr]      Running unittests (/opt/rustwide/target/debug/deps/dataGPS-caf922cf683e4fb7)
[INFO] [stdout] 
[INFO] [stdout] running 0 tests
[INFO] [stdout] 
[INFO] [stdout] test result: ok. 0 passed; 0 failed; 0 ignored; 0 measured; 0 filtered out; finished in 0.00s
[INFO] [stdout] 
[INFO] [stderr]    Doc-tests dataGPS
[INFO] [stdout] 
[INFO] [stdout] running 0 tests
[INFO] [stdout] 
[INFO] [stdout] test result: ok. 0 passed; 0 failed; 0 ignored; 0 measured; 0 filtered out; finished in 0.00s
[INFO] [stdout] 
[INFO] [stdout] 
[INFO] [stdout] running 2 tests
[INFO] [stdout] test src/datagps.rs - DataGPS::get_latitude (line 88) ... FAILED
[INFO] [stdout] test src/datagps.rs - (line 8) ... FAILED
[INFO] [stdout] 
[INFO] [stdout] failures:
[INFO] [stdout] 
[INFO] [stdout] ---- src/datagps.rs - DataGPS::get_latitude (line 88) stdout ----
[INFO] [stdout] error[E0433]: failed to resolve: use of undeclared type `Bauds`
[INFO] [stdout]  --> src/datagps.rs:90:22
[INFO] [stdout]   |
[INFO] [stdout] 4 | let x = DataGPS::new(Bauds::Baud9600);
[INFO] [stdout]   |                      ^^^^^ use of undeclared type `Bauds`
[INFO] [stdout] 
[INFO] [stdout] error[E0433]: failed to resolve: use of undeclared type `DataGPS`
[INFO] [stdout]  --> src/datagps.rs:90:9
[INFO] [stdout]   |
[INFO] [stdout] 4 | let x = DataGPS::new(Bauds::Baud9600);
[INFO] [stdout]   |         ^^^^^^^ not found in this scope
[INFO] [stdout]   |
[INFO] [stdout] help: consider importing this struct
[INFO] [stdout]   |
[INFO] [stdout] 3 | use dataGPS::DataGPS;
[INFO] [stdout]   |
[INFO] [stdout] 
[INFO] [stdout] error: aborting due to 2 previous errors
[INFO] [stdout] 
[INFO] [stdout] For more information about this error, try `rustc --explain E0433`.
[INFO] [stdout] Couldn't compile the test.
[INFO] [stdout] ---- src/datagps.rs - (line 8) stdout ----
[INFO] [stdout] error[E0433]: failed to resolve: use of undeclared type `Bauds`
[INFO] [stdout]  --> src/datagps.rs:10:22
[INFO] [stdout]   |
[INFO] [stdout] 4 | let x = DataGPS::new(Bauds::Baud9600);
[INFO] [stdout]   |                      ^^^^^ use of undeclared type `Bauds`
[INFO] [stdout] 
[INFO] [stdout] error[E0433]: failed to resolve: use of undeclared type `DataGPS`
[INFO] [stdout]  --> src/datagps.rs:10:9
[INFO] [stdout]   |
[INFO] [stdout] 4 | let x = DataGPS::new(Bauds::Baud9600);
[INFO] [stdout]   |         ^^^^^^^ not found in this scope
[INFO] [stdout]   |
[INFO] [stdout] help: consider importing this struct
[INFO] [stdout]   |
[INFO] [stdout] 3 | use dataGPS::DataGPS;
[INFO] [stdout]   |
[INFO] [stdout] 
[INFO] [stdout] error: aborting due to 2 previous errors
[INFO] [stdout] 
[INFO] [stdout] For more information about this error, try `rustc --explain E0433`.
[INFO] [stdout] Couldn't compile the test.
[INFO] [stdout] 
[INFO] [stdout] failures:
[INFO] [stdout]     src/datagps.rs - (line 8)
[INFO] [stdout]     src/datagps.rs - DataGPS::get_latitude (line 88)
[INFO] [stdout] 
[INFO] [stdout] test result: FAILED. 0 passed; 2 failed; 0 ignored; 0 measured; 0 filtered out; finished in 0.10s
[INFO] [stdout] 
[INFO] [stderr] error: test failed, to rerun pass '--doc'
[INFO] running `Command { std: "docker" "inspect" "60a22a2511d8ecfb973edba0c88fc2c8d9cf9a53ce71a46b6bb483315e5a28c7", kill_on_drop: false }`
[INFO] running `Command { std: "docker" "rm" "-f" "60a22a2511d8ecfb973edba0c88fc2c8d9cf9a53ce71a46b6bb483315e5a28c7", kill_on_drop: false }`
[INFO] [stdout] 60a22a2511d8ecfb973edba0c88fc2c8d9cf9a53ce71a46b6bb483315e5a28c7
