[INFO] fetching crate cute 0.3.0...
[INFO] testing cute-0.3.0 against 1.54.0 for beta-1.55-1
[INFO] extracting crate cute 0.3.0 into /workspace/builds/worker-11/source
[INFO] validating manifest of crates.io crate cute 0.3.0 on toolchain 1.54.0
[INFO] running `Command { std: "/workspace/cargo-home/bin/cargo" "+1.54.0" "metadata" "--manifest-path" "Cargo.toml" "--no-deps", kill_on_drop: false }`
[INFO] started tweaking crates.io crate cute 0.3.0
[INFO] finished tweaking crates.io crate cute 0.3.0
[INFO] tweaked toml for crates.io crate cute 0.3.0 written to /workspace/builds/worker-11/source/Cargo.toml
[INFO] running `Command { std: "/workspace/cargo-home/bin/cargo" "+1.54.0" "generate-lockfile" "--manifest-path" "Cargo.toml" "-Zno-index-update", kill_on_drop: false }`
[INFO] running `Command { std: "/workspace/cargo-home/bin/cargo" "+1.54.0" "fetch" "--manifest-path" "Cargo.toml", kill_on_drop: false }`
[INFO] running `Command { std: "docker" "create" "-v" "/var/lib/crater-agent-workspace/builds/worker-11/target:/opt/rustwide/target:rw,Z" "-v" "/var/lib/crater-agent-workspace/builds/worker-11/source:/opt/rustwide/workdir:ro,Z" "-v" "/var/lib/crater-agent-workspace/cargo-home:/opt/rustwide/cargo-home:ro,Z" "-v" "/var/lib/crater-agent-workspace/rustup-home:/opt/rustwide/rustup-home:ro,Z" "-e" "SOURCE_DIR=/opt/rustwide/workdir" "-e" "CARGO_TARGET_DIR=/opt/rustwide/target" "-e" "CARGO_HOME=/opt/rustwide/cargo-home" "-e" "RUSTUP_HOME=/opt/rustwide/rustup-home" "-w" "/opt/rustwide/workdir" "-m" "1610612736" "--user" "0:0" "--network" "none" "ghcr.io/rust-lang/crates-build-env/linux@sha256:34b6a614d2c27851fe6cbf88fbd1137609cefab8b10d0615aaeb6fd47975d74e" "/opt/rustwide/cargo-home/bin/cargo" "+1.54.0" "metadata" "--no-deps" "--format-version=1", kill_on_drop: false }`
[INFO] [stdout] 68fdb04dbbffffd3cffbfa79f1089eee907ae1a2d6d7abfc2d1d0d778fcf0f1a
[INFO] running `Command { std: "docker" "start" "-a" "68fdb04dbbffffd3cffbfa79f1089eee907ae1a2d6d7abfc2d1d0d778fcf0f1a", kill_on_drop: false }`
[INFO] running `Command { std: "docker" "inspect" "68fdb04dbbffffd3cffbfa79f1089eee907ae1a2d6d7abfc2d1d0d778fcf0f1a", kill_on_drop: false }`
[INFO] running `Command { std: "docker" "rm" "-f" "68fdb04dbbffffd3cffbfa79f1089eee907ae1a2d6d7abfc2d1d0d778fcf0f1a", kill_on_drop: false }`
[INFO] [stdout] 68fdb04dbbffffd3cffbfa79f1089eee907ae1a2d6d7abfc2d1d0d778fcf0f1a
[INFO] running `Command { std: "docker" "create" "-v" "/var/lib/crater-agent-workspace/builds/worker-11/target:/opt/rustwide/target:rw,Z" "-v" "/var/lib/crater-agent-workspace/builds/worker-11/source:/opt/rustwide/workdir:ro,Z" "-v" "/var/lib/crater-agent-workspace/cargo-home:/opt/rustwide/cargo-home:ro,Z" "-v" "/var/lib/crater-agent-workspace/rustup-home:/opt/rustwide/rustup-home:ro,Z" "-e" "SOURCE_DIR=/opt/rustwide/workdir" "-e" "CARGO_TARGET_DIR=/opt/rustwide/target" "-e" "CARGO_INCREMENTAL=0" "-e" "RUST_BACKTRACE=full" "-e" "RUSTFLAGS=--cap-lints=warn" "-e" "CARGO_HOME=/opt/rustwide/cargo-home" "-e" "RUSTUP_HOME=/opt/rustwide/rustup-home" "-w" "/opt/rustwide/workdir" "-m" "1610612736" "--user" "0:0" "--network" "none" "ghcr.io/rust-lang/crates-build-env/linux@sha256:34b6a614d2c27851fe6cbf88fbd1137609cefab8b10d0615aaeb6fd47975d74e" "/opt/rustwide/cargo-home/bin/cargo" "+1.54.0" "build" "--frozen" "--message-format=json", kill_on_drop: false }`
[INFO] [stdout] 21bc8f2fe16c9627367a5d9cc9930c903c7752a842124e3561fa9775bb5096e1
[INFO] running `Command { std: "docker" "start" "-a" "21bc8f2fe16c9627367a5d9cc9930c903c7752a842124e3561fa9775bb5096e1", kill_on_drop: false }`
[INFO] [stderr]     Blocking waiting for file lock on package cache
[INFO] [stderr]    Compiling cute v0.3.0 (/opt/rustwide/workdir)
[INFO] [stderr]     Finished dev [unoptimized + debuginfo] target(s) in 0.99s
[INFO] running `Command { std: "docker" "inspect" "21bc8f2fe16c9627367a5d9cc9930c903c7752a842124e3561fa9775bb5096e1", kill_on_drop: false }`
[INFO] running `Command { std: "docker" "rm" "-f" "21bc8f2fe16c9627367a5d9cc9930c903c7752a842124e3561fa9775bb5096e1", kill_on_drop: false }`
[INFO] [stdout] 21bc8f2fe16c9627367a5d9cc9930c903c7752a842124e3561fa9775bb5096e1
[INFO] running `Command { std: "docker" "create" "-v" "/var/lib/crater-agent-workspace/builds/worker-11/target:/opt/rustwide/target:rw,Z" "-v" "/var/lib/crater-agent-workspace/builds/worker-11/source:/opt/rustwide/workdir:ro,Z" "-v" "/var/lib/crater-agent-workspace/cargo-home:/opt/rustwide/cargo-home:ro,Z" "-v" "/var/lib/crater-agent-workspace/rustup-home:/opt/rustwide/rustup-home:ro,Z" "-e" "SOURCE_DIR=/opt/rustwide/workdir" "-e" "CARGO_TARGET_DIR=/opt/rustwide/target" "-e" "CARGO_INCREMENTAL=0" "-e" "RUST_BACKTRACE=full" "-e" "RUSTFLAGS=--cap-lints=warn" "-e" "CARGO_HOME=/opt/rustwide/cargo-home" "-e" "RUSTUP_HOME=/opt/rustwide/rustup-home" "-w" "/opt/rustwide/workdir" "-m" "1610612736" "--user" "0:0" "--network" "none" "ghcr.io/rust-lang/crates-build-env/linux@sha256:34b6a614d2c27851fe6cbf88fbd1137609cefab8b10d0615aaeb6fd47975d74e" "/opt/rustwide/cargo-home/bin/cargo" "+1.54.0" "test" "--frozen" "--no-run" "--message-format=json", kill_on_drop: false }`
[INFO] [stdout] 34d252ae6b043d8e396a7c6d04e93efa180c26d156ddda148fa7bd0d931373e4
[INFO] running `Command { std: "docker" "start" "-a" "34d252ae6b043d8e396a7c6d04e93efa180c26d156ddda148fa7bd0d931373e4", kill_on_drop: false }`
[INFO] [stderr]    Compiling cute v0.3.0 (/opt/rustwide/workdir)
[INFO] [stderr]     Finished test [unoptimized + debuginfo] target(s) in 1.59s
[INFO] running `Command { std: "docker" "inspect" "34d252ae6b043d8e396a7c6d04e93efa180c26d156ddda148fa7bd0d931373e4", kill_on_drop: false }`
[INFO] running `Command { std: "docker" "rm" "-f" "34d252ae6b043d8e396a7c6d04e93efa180c26d156ddda148fa7bd0d931373e4", kill_on_drop: false }`
[INFO] [stdout] 34d252ae6b043d8e396a7c6d04e93efa180c26d156ddda148fa7bd0d931373e4
[INFO] running `Command { std: "docker" "create" "-v" "/var/lib/crater-agent-workspace/builds/worker-11/target:/opt/rustwide/target:rw,Z" "-v" "/var/lib/crater-agent-workspace/builds/worker-11/source:/opt/rustwide/workdir:ro,Z" "-v" "/var/lib/crater-agent-workspace/cargo-home:/opt/rustwide/cargo-home:ro,Z" "-v" "/var/lib/crater-agent-workspace/rustup-home:/opt/rustwide/rustup-home:ro,Z" "-e" "SOURCE_DIR=/opt/rustwide/workdir" "-e" "CARGO_TARGET_DIR=/opt/rustwide/target" "-e" "CARGO_INCREMENTAL=0" "-e" "RUST_BACKTRACE=full" "-e" "RUSTFLAGS=--cap-lints=warn" "-e" "CARGO_HOME=/opt/rustwide/cargo-home" "-e" "RUSTUP_HOME=/opt/rustwide/rustup-home" "-w" "/opt/rustwide/workdir" "-m" "1610612736" "--user" "0:0" "--network" "none" "ghcr.io/rust-lang/crates-build-env/linux@sha256:34b6a614d2c27851fe6cbf88fbd1137609cefab8b10d0615aaeb6fd47975d74e" "/opt/rustwide/cargo-home/bin/cargo" "+1.54.0" "test" "--frozen", kill_on_drop: false }`
[INFO] [stdout] 1bd4537681302860e0199f20f441f60a59e32bdc986521b0709672b255004246
[INFO] running `Command { std: "docker" "start" "-a" "1bd4537681302860e0199f20f441f60a59e32bdc986521b0709672b255004246", kill_on_drop: false }`
[INFO] [stderr]     Finished test [unoptimized + debuginfo] target(s) in 0.01s
[INFO] [stderr]      Running unittests (/opt/rustwide/target/debug/deps/cute-ee7cc1374bb567d9)
[INFO] [stdout] 
[INFO] [stdout] running 17 tests
[INFO] [stdout] test tests::apply_function_comprehension ... ok
[INFO] [stdout] test tests::apply_user_defined_function ... ok
[INFO] [stdout] test tests::conditional_hashmap_from_range ... ok
[INFO] [stdout] test tests::conditional_hashmap_from_iter ... ok
[INFO] [stdout] test tests::conditional_hashmap_tuple_comprehension ... ok
[INFO] [stdout] test tests::filter_comprehension_two ... ok
[INFO] [stdout] test tests::filter_nested_comprehension ... ok
[INFO] [stdout] test tests::hashmap_comprehension ... ok
[INFO] [stdout] test tests::hashmap_comprehension_three ... ok
[INFO] [stdout] test tests::hashmap_from_iter ... ok
[INFO] [stdout] test tests::hashmap_comprehension_two ... ok
[INFO] [stdout] test tests::hashmap_from_range ... ok
[INFO] [stdout] test tests::hashmap_tuple_comprehension ... ok
[INFO] [stdout] test tests::simple_nested_comprehension ... ok
[INFO] [stdout] test tests::vector_to_iter_comprehension ... ok
[INFO] [stderr]    Doc-tests cute
[INFO] [stdout] test tests::simple_comprehension ... ok
[INFO] [stdout] test tests::filter_comprehension ... ok
[INFO] [stdout] 
[INFO] [stdout] test result: ok. 17 passed; 0 failed; 0 ignored; 0 measured; 0 filtered out; finished in 0.00s
[INFO] [stdout] 
[INFO] [stdout] 
[INFO] [stdout] running 14 tests
[INFO] [stdout] test src/lib.rs - (line 55) ... FAILED
[INFO] [stdout] test src/lib.rs - (line 8) ... FAILED
[INFO] [stdout] test src/lib.rs - (line 69) ... FAILED
[INFO] [stdout] test src/lib.rs - (line 17) ... FAILED
[INFO] [stdout] test src/lib.rs - (line 63) ... FAILED
[INFO] [stdout] test src/lib.rs - (line 49) ... FAILED
[INFO] [stdout] test src/lib.rs - (line 131) ... FAILED
[INFO] [stdout] test src/lib.rs - (line 119) ... FAILED
[INFO] [stdout] test src/lib.rs - (line 35) ... FAILED
[INFO] [stdout] test src/lib.rs - (line 77) ... FAILED
[INFO] [stdout] test src/lib.rs - (line 95) ... FAILED
[INFO] [stdout] test src/lib.rs - (line 107) ... FAILED
[INFO] [stdout] test src/lib.rs - (line 83) ... FAILED
[INFO] [stdout] test src/lib.rs - (line 42) ... FAILED
[INFO] [stdout] 
[INFO] [stdout] failures:
[INFO] [stdout] 
[INFO] [stdout] ---- src/lib.rs - (line 55) stdout ----
[INFO] [stdout] error: cannot find macro `c` in this scope
[INFO] [stdout]  --> src/lib.rs:57:29
[INFO] [stdout]   |
[INFO] [stdout] 4 | let even_flat: Vec<usize> = c![x, for x in y, for y in nested, if x % 2 == 0];
[INFO] [stdout]   |                             ^
[INFO] [stdout] 
[INFO] [stdout] error: aborting due to previous error
[INFO] [stdout] 
[INFO] [stdout] Couldn't compile the test.
[INFO] [stdout] ---- src/lib.rs - (line 8) stdout ----
[INFO] [stdout] error: expected one of `!`, `,`, `.`, `::`, `;`, `?`, `]`, `{`, or an operator, found keyword `for`
[INFO] [stdout]  --> src/lib.rs:9:16
[INFO] [stdout]   |
[INFO] [stdout] 3 | squares = [x*x for x in range(10)]
[INFO] [stdout]   |                ^^^ expected one of 9 possible tokens
[INFO] [stdout] 
[INFO] [stdout] error: aborting due to previous error
[INFO] [stdout] 
[INFO] [stdout] Couldn't compile the test.
[INFO] [stdout] ---- src/lib.rs - (line 69) stdout ----
[INFO] [stdout] error: cannot find macro `c` in this scope
[INFO] [stdout]  --> src/lib.rs:71:24
[INFO] [stdout]   |
[INFO] [stdout] 4 | let output: Vec<i32> = c![x, for x in vec.iter(), if *x >= 0i32];
[INFO] [stdout]   |                        ^
[INFO] [stdout] 
[INFO] [stdout] error: aborting due to previous error
[INFO] [stdout] 
[INFO] [stdout] Couldn't compile the test.
[INFO] [stdout] ---- src/lib.rs - (line 17) stdout ----
[INFO] [stdout] error[E0468]: an `extern crate` loading macros must be at the crate root
[INFO] [stdout]  --> src/lib.rs:19:1
[INFO] [stdout]   |
[INFO] [stdout] 4 | extern crate cute;
[INFO] [stdout]   | ^^^^^^^^^^^^^^^^^^
[INFO] [stdout] 
[INFO] [stdout] error: aborting due to previous error
[INFO] [stdout] 
[INFO] [stdout] For more information about this error, try `rustc --explain E0468`.
[INFO] [stdout] Couldn't compile the test.
[INFO] [stdout] ---- src/lib.rs - (line 63) stdout ----
[INFO] [stdout] error: cannot find macro `c` in this scope
[INFO] [stdout]  --> src/lib.rs:65:24
[INFO] [stdout]   |
[INFO] [stdout] 4 | let output: Vec<i32> = c![x*2, for x in vec.iter()];
[INFO] [stdout]   |                        ^
[INFO] [stdout] 
[INFO] [stdout] error: aborting due to previous error
[INFO] [stdout] 
[INFO] [stdout] Couldn't compile the test.
[INFO] [stdout] ---- src/lib.rs - (line 49) stdout ----
[INFO] [stdout] error: cannot find macro `c` in this scope
[INFO] [stdout]  --> src/lib.rs:51:24
[INFO] [stdout]   |
[INFO] [stdout] 4 | let flat: Vec<usize> = c![x, for x in y, for y in nested];
[INFO] [stdout]   |                        ^
[INFO] [stdout] 
[INFO] [stdout] error: aborting due to previous error
[INFO] [stdout] 
[INFO] [stdout] Couldn't compile the test.
[INFO] [stdout] ---- src/lib.rs - (line 131) stdout ----
[INFO] [stdout] error: cannot find macro `c` in this scope
[INFO] [stdout]  --> src/lib.rs:133:11
[INFO] [stdout]   |
[INFO] [stdout] 4 | let map = c! {*key => key*key, for key in vec![1,2].iter(), if *key % 2 == 0};
[INFO] [stdout]   |           ^
[INFO] [stdout] 
[INFO] [stdout] error[E0412]: cannot find type `HashMap` in this scope
[INFO] [stdout]  --> src/lib.rs:134:12
[INFO] [stdout]   |
[INFO] [stdout] 5 | let mut e: HashMap<i32, i32> = HashMap::new();
[INFO] [stdout]   |            ^^^^^^^ not found in this scope
[INFO] [stdout]   |
[INFO] [stdout] help: consider importing this struct
[INFO] [stdout]   |
[INFO] [stdout] 3 | use std::collections::HashMap;
[INFO] [stdout]   |
[INFO] [stdout] 
[INFO] [stdout] error[E0433]: failed to resolve: use of undeclared type `HashMap`
[INFO] [stdout]  --> src/lib.rs:134:32
[INFO] [stdout]   |
[INFO] [stdout] 5 | let mut e: HashMap<i32, i32> = HashMap::new();
[INFO] [stdout]   |                                ^^^^^^^ not found in this scope
[INFO] [stdout]   |
[INFO] [stdout] help: consider importing this struct
[INFO] [stdout]   |
[INFO] [stdout] 3 | use std::collections::HashMap;
[INFO] [stdout]   |
[INFO] [stdout] 
[INFO] [stdout] error: aborting due to 3 previous errors
[INFO] [stdout] 
[INFO] [stdout] Some errors have detailed explanations: E0412, E0433.
[INFO] [stdout] For more information about an error, try `rustc --explain E0412`.
[INFO] [stdout] Couldn't compile the test.
[INFO] [stdout] ---- src/lib.rs - (line 119) stdout ----
[INFO] [stdout] error: cannot find macro `c` in this scope
[INFO] [stdout]  --> src/lib.rs:122:11
[INFO] [stdout]   |
[INFO] [stdout] 5 | let map = c! {key => val, for (key, val) in v, if val == 1 || val == 2};
[INFO] [stdout]   |           ^
[INFO] [stdout] 
[INFO] [stdout] error[E0412]: cannot find type `HashMap` in this scope
[INFO] [stdout]  --> src/lib.rs:124:19
[INFO] [stdout]   |
[INFO] [stdout] 7 | let mut expected: HashMap<&str, i32> = HashMap::new();
[INFO] [stdout]   |                   ^^^^^^^ not found in this scope
[INFO] [stdout]   |
[INFO] [stdout] help: consider importing this struct
[INFO] [stdout]   |
[INFO] [stdout] 3 | use std::collections::HashMap;
[INFO] [stdout]   |
[INFO] [stdout] 
[INFO] [stdout] error[E0433]: failed to resolve: use of undeclared type `HashMap`
[INFO] [stdout]  --> src/lib.rs:124:40
[INFO] [stdout]   |
[INFO] [stdout] 7 | let mut expected: HashMap<&str, i32> = HashMap::new();
[INFO] [stdout]   |                                        ^^^^^^^ not found in this scope
[INFO] [stdout]   |
[INFO] [stdout] help: consider importing this struct
[INFO] [stdout]   |
[INFO] [stdout] 3 | use std::collections::HashMap;
[INFO] [stdout]   |
[INFO] [stdout] 
[INFO] [stdout] error: aborting due to 3 previous errors
[INFO] [stdout] 
[INFO] [stdout] Some errors have detailed explanations: E0412, E0433.
[INFO] [stdout] For more information about an error, try `rustc --explain E0412`.
[INFO] [stdout] Couldn't compile the test.
[INFO] [stdout] ---- src/lib.rs - (line 35) stdout ----
[INFO] [stdout] error: cannot find macro `c` in this scope
[INFO] [stdout]  --> src/lib.rs:37:17
[INFO] [stdout]   |
[INFO] [stdout] 4 | let v_squared = c![x*x, for x in v];
[INFO] [stdout]   |                 ^
[INFO] [stdout] 
[INFO] [stdout] error: aborting due to previous error
[INFO] [stdout] 
[INFO] [stdout] Couldn't compile the test.
[INFO] [stdout] ---- src/lib.rs - (line 77) stdout ----
[INFO] [stdout] error: cannot find macro `c` in this scope
[INFO] [stdout]  --> src/lib.rs:79:24
[INFO] [stdout]   |
[INFO] [stdout] 4 | let output: Vec<i32> = c![x.abs(), for x in vec.iter()];
[INFO] [stdout]   |                        ^
[INFO] [stdout] 
[INFO] [stdout] error: aborting due to previous error
[INFO] [stdout] 
[INFO] [stdout] Couldn't compile the test.
[INFO] [stdout] ---- src/lib.rs - (line 95) stdout ----
[INFO] [stdout] error: cannot find macro `c` in this scope
[INFO] [stdout]  --> src/lib.rs:97:11
[INFO] [stdout]   |
[INFO] [stdout] 4 | let map = c!{key => key.to_uppercase(), for key in v};
[INFO] [stdout]   |           ^
[INFO] [stdout] 
[INFO] [stdout] error[E0412]: cannot find type `HashMap` in this scope
[INFO] [stdout]  --> src/lib.rs:99:19
[INFO] [stdout]   |
[INFO] [stdout] 6 | let mut expected: HashMap<&str, String> = HashMap::new();
[INFO] [stdout]   |                   ^^^^^^^ not found in this scope
[INFO] [stdout]   |
[INFO] [stdout] help: consider importing this struct
[INFO] [stdout]   |
[INFO] [stdout] 2 | use std::collections::HashMap;
[INFO] [stdout]   |
[INFO] [stdout] 
[INFO] [stdout] error[E0433]: failed to resolve: use of undeclared type `HashMap`
[INFO] [stdout]  --> src/lib.rs:99:43
[INFO] [stdout]   |
[INFO] [stdout] 6 | let mut expected: HashMap<&str, String> = HashMap::new();
[INFO] [stdout]   |                                           ^^^^^^^ not found in this scope
[INFO] [stdout]   |
[INFO] [stdout] help: consider importing this struct
[INFO] [stdout]   |
[INFO] [stdout] 2 | use std::collections::HashMap;
[INFO] [stdout]   |
[INFO] [stdout] 
[INFO] [stdout] error: aborting due to 3 previous errors
[INFO] [stdout] 
[INFO] [stdout] Some errors have detailed explanations: E0412, E0433.
[INFO] [stdout] For more information about an error, try `rustc --explain E0412`.
[INFO] [stdout] Couldn't compile the test.
[INFO] [stdout] ---- src/lib.rs - (line 107) stdout ----
[INFO] [stdout] error: cannot find macro `c` in this scope
[INFO] [stdout]  --> src/lib.rs:109:11
[INFO] [stdout]   |
[INFO] [stdout] 4 | let map = c!{key => val, for (key, val) in v};
[INFO] [stdout]   |           ^
[INFO] [stdout] 
[INFO] [stdout] error[E0412]: cannot find type `HashMap` in this scope
[INFO] [stdout]  --> src/lib.rs:111:19
[INFO] [stdout]   |
[INFO] [stdout] 6 | let mut expected: HashMap<&str, i32> = HashMap::new();
[INFO] [stdout]   |                   ^^^^^^^ not found in this scope
[INFO] [stdout]   |
[INFO] [stdout] help: consider importing this struct
[INFO] [stdout]   |
[INFO] [stdout] 2 | use std::collections::HashMap;
[INFO] [stdout]   |
[INFO] [stdout] 
[INFO] [stdout] error[E0433]: failed to resolve: use of undeclared type `HashMap`
[INFO] [stdout]  --> src/lib.rs:111:40
[INFO] [stdout]   |
[INFO] [stdout] 6 | let mut expected: HashMap<&str, i32> = HashMap::new();
[INFO] [stdout]   |                                        ^^^^^^^ not found in this scope
[INFO] [stdout]   |
[INFO] [stdout] help: consider importing this struct
[INFO] [stdout]   |
[INFO] [stdout] 2 | use std::collections::HashMap;
[INFO] [stdout]   |
[INFO] [stdout] 
[INFO] [stdout] error: aborting due to 3 previous errors
[INFO] [stdout] 
[INFO] [stdout] Some errors have detailed explanations: E0412, E0433.
[INFO] [stdout] For more information about an error, try `rustc --explain E0412`.
[INFO] [stdout] Couldn't compile the test.
[INFO] [stdout] ---- src/lib.rs - (line 83) stdout ----
[INFO] [stdout] error: cannot find macro `c` in this scope
[INFO] [stdout]  --> src/lib.rs:89:25
[INFO] [stdout]   |
[INFO] [stdout] 8 | let squares: Vec<i32> = c![square(x), for x in vec];
[INFO] [stdout]   |                         ^
[INFO] [stdout] 
[INFO] [stdout] error: aborting due to previous error
[INFO] [stdout] 
[INFO] [stdout] Couldn't compile the test.
[INFO] [stdout] ---- src/lib.rs - (line 42) stdout ----
[INFO] [stdout] error: cannot find macro `c` in this scope
[INFO] [stdout]  --> src/lib.rs:43:15
[INFO] [stdout]   |
[INFO] [stdout] 3 | let squares = c![x*x, for x in 0..10, if x % 2 == 0];
[INFO] [stdout]   |               ^
[INFO] [stdout] 
[INFO] [stdout] error: aborting due to previous error
[INFO] [stdout] 
[INFO] [stdout] Couldn't compile the test.
[INFO] [stdout] 
[INFO] [stdout] failures:
[INFO] [stdout]     src/lib.rs - (line 107)
[INFO] [stdout]     src/lib.rs - (line 119)
[INFO] [stdout]     src/lib.rs - (line 131)
[INFO] [stdout]     src/lib.rs - (line 17)
[INFO] [stdout]     src/lib.rs - (line 35)
[INFO] [stdout]     src/lib.rs - (line 42)
[INFO] [stdout]     src/lib.rs - (line 49)
[INFO] [stdout]     src/lib.rs - (line 55)
[INFO] [stdout]     src/lib.rs - (line 63)
[INFO] [stdout]     src/lib.rs - (line 69)
[INFO] [stdout]     src/lib.rs - (line 77)
[INFO] [stdout]     src/lib.rs - (line 8)
[INFO] [stdout]     src/lib.rs - (line 83)
[INFO] [stdout]     src/lib.rs - (line 95)
[INFO] [stdout] 
[INFO] [stdout] test result: FAILED. 0 passed; 14 failed; 0 ignored; 0 measured; 0 filtered out; finished in 0.35s
[INFO] [stdout] 
[INFO] [stderr] error: test failed, to rerun pass '--doc'
[INFO] running `Command { std: "docker" "inspect" "1bd4537681302860e0199f20f441f60a59e32bdc986521b0709672b255004246", kill_on_drop: false }`
[INFO] running `Command { std: "docker" "rm" "-f" "1bd4537681302860e0199f20f441f60a59e32bdc986521b0709672b255004246", kill_on_drop: false }`
[INFO] [stdout] 1bd4537681302860e0199f20f441f60a59e32bdc986521b0709672b255004246
