[INFO] fetching crate cursive-async-view 0.5.0...
[INFO] testing cursive-async-view-0.5.0 against beta-2021-08-01 for beta-1.55-1
[INFO] extracting crate cursive-async-view 0.5.0 into /workspace/builds/worker-61/source
[INFO] validating manifest of crates.io crate cursive-async-view 0.5.0 on toolchain beta-2021-08-01
[INFO] running `Command { std: "/workspace/cargo-home/bin/cargo" "+beta-2021-08-01" "metadata" "--manifest-path" "Cargo.toml" "--no-deps", kill_on_drop: false }`
[INFO] started tweaking crates.io crate cursive-async-view 0.5.0
[INFO] finished tweaking crates.io crate cursive-async-view 0.5.0
[INFO] tweaked toml for crates.io crate cursive-async-view 0.5.0 written to /workspace/builds/worker-61/source/Cargo.toml
[INFO] crate crates.io crate cursive-async-view 0.5.0 already has a lockfile, it will not be regenerated
[INFO] running `Command { std: "/workspace/cargo-home/bin/cargo" "+beta-2021-08-01" "fetch" "--manifest-path" "Cargo.toml", kill_on_drop: false }`
[INFO] [stderr]     Blocking waiting for file lock on package cache
[INFO] [stderr]     Blocking waiting for file lock on package cache
[INFO] running `Command { std: "docker" "create" "-v" "/var/lib/crater-agent-workspace/builds/worker-61/target:/opt/rustwide/target:rw,Z" "-v" "/var/lib/crater-agent-workspace/builds/worker-61/source:/opt/rustwide/workdir:ro,Z" "-v" "/var/lib/crater-agent-workspace/cargo-home:/opt/rustwide/cargo-home:ro,Z" "-v" "/var/lib/crater-agent-workspace/rustup-home:/opt/rustwide/rustup-home:ro,Z" "-e" "SOURCE_DIR=/opt/rustwide/workdir" "-e" "CARGO_TARGET_DIR=/opt/rustwide/target" "-e" "CARGO_HOME=/opt/rustwide/cargo-home" "-e" "RUSTUP_HOME=/opt/rustwide/rustup-home" "-w" "/opt/rustwide/workdir" "-m" "1610612736" "--user" "0:0" "--network" "none" "ghcr.io/rust-lang/crates-build-env/linux@sha256:34b6a614d2c27851fe6cbf88fbd1137609cefab8b10d0615aaeb6fd47975d74e" "/opt/rustwide/cargo-home/bin/cargo" "+beta-2021-08-01" "metadata" "--no-deps" "--format-version=1", kill_on_drop: false }`
[INFO] [stdout] 577a4cce68a105df3b00b109641a9c9cb9d4fb0dbd637196878737f8f67c3ce1
[INFO] running `Command { std: "docker" "start" "-a" "577a4cce68a105df3b00b109641a9c9cb9d4fb0dbd637196878737f8f67c3ce1", kill_on_drop: false }`
[INFO] running `Command { std: "docker" "inspect" "577a4cce68a105df3b00b109641a9c9cb9d4fb0dbd637196878737f8f67c3ce1", kill_on_drop: false }`
[INFO] running `Command { std: "docker" "rm" "-f" "577a4cce68a105df3b00b109641a9c9cb9d4fb0dbd637196878737f8f67c3ce1", kill_on_drop: false }`
[INFO] [stdout] 577a4cce68a105df3b00b109641a9c9cb9d4fb0dbd637196878737f8f67c3ce1
[INFO] running `Command { std: "docker" "create" "-v" "/var/lib/crater-agent-workspace/builds/worker-61/target:/opt/rustwide/target:rw,Z" "-v" "/var/lib/crater-agent-workspace/builds/worker-61/source:/opt/rustwide/workdir:ro,Z" "-v" "/var/lib/crater-agent-workspace/cargo-home:/opt/rustwide/cargo-home:ro,Z" "-v" "/var/lib/crater-agent-workspace/rustup-home:/opt/rustwide/rustup-home:ro,Z" "-e" "SOURCE_DIR=/opt/rustwide/workdir" "-e" "CARGO_TARGET_DIR=/opt/rustwide/target" "-e" "CARGO_INCREMENTAL=0" "-e" "RUST_BACKTRACE=full" "-e" "RUSTFLAGS=--cap-lints=warn" "-e" "CARGO_HOME=/opt/rustwide/cargo-home" "-e" "RUSTUP_HOME=/opt/rustwide/rustup-home" "-w" "/opt/rustwide/workdir" "-m" "1610612736" "--user" "0:0" "--network" "none" "ghcr.io/rust-lang/crates-build-env/linux@sha256:34b6a614d2c27851fe6cbf88fbd1137609cefab8b10d0615aaeb6fd47975d74e" "/opt/rustwide/cargo-home/bin/cargo" "+beta-2021-08-01" "build" "--frozen" "--message-format=json", kill_on_drop: false }`
[INFO] [stdout] 45e9a34a4d779888d7fb368b26e4c69fdf604aa8dd65be21587320d882fc026e
[INFO] running `Command { std: "docker" "start" "-a" "45e9a34a4d779888d7fb368b26e4c69fdf604aa8dd65be21587320d882fc026e", kill_on_drop: false }`
[INFO] [stderr]    Compiling syn v1.0.60
[INFO] [stderr]    Compiling libc v0.2.87
[INFO] [stderr]    Compiling ident_case v1.0.1
[INFO] [stderr]    Compiling strsim v0.9.3
[INFO] [stderr]    Compiling version_check v0.9.2
[INFO] [stderr]    Compiling getrandom v0.2.2
[INFO] [stderr]    Compiling doc-comment v0.3.3
[INFO] [stderr]    Compiling array-macro v1.0.5
[INFO] [stderr]    Compiling once_cell v1.7.2
[INFO] [stderr]    Compiling xi-unicode v0.3.0
[INFO] [stderr]    Compiling unicode-segmentation v1.7.1
[INFO] [stderr]    Compiling send_wrapper v0.5.0
[INFO] [stderr]    Compiling interpolation v0.2.0
[INFO] [stderr]    Compiling crossbeam-utils v0.8.3
[INFO] [stderr]    Compiling memoffset v0.6.1
[INFO] [stderr]    Compiling owning_ref v0.4.1
[INFO] [stderr]    Compiling quote v1.0.9
[INFO] [stderr]    Compiling ahash v0.6.3
[INFO] [stderr]    Compiling time v0.1.43
[INFO] [stderr]    Compiling crossbeam-epoch v0.9.3
[INFO] [stderr]    Compiling crossbeam-channel v0.5.0
[INFO] [stderr]    Compiling crossbeam-queue v0.3.1
[INFO] [stderr]    Compiling chrono v0.4.19
[INFO] [stderr]    Compiling crossbeam-deque v0.8.0
[INFO] [stderr]    Compiling crossbeam v0.8.0
[INFO] [stderr]    Compiling darling_core v0.10.2
[INFO] [stderr]    Compiling enum-map-derive v0.4.6
[INFO] [stderr]    Compiling darling_macro v0.10.2
[INFO] [stderr]    Compiling enum-map v0.6.4
[INFO] [stderr]    Compiling darling v0.10.2
[INFO] [stderr]    Compiling wasmer_enumset_derive v0.5.0
[INFO] [stderr]    Compiling wasmer_enumset v1.0.1
[INFO] [stderr]    Compiling cursive_core v0.2.2
[INFO] [stderr]    Compiling cursive-async-view v0.5.0 (/opt/rustwide/workdir)
[INFO] [stderr]     Finished dev [unoptimized + debuginfo] target(s) in 20.09s
[INFO] running `Command { std: "docker" "inspect" "45e9a34a4d779888d7fb368b26e4c69fdf604aa8dd65be21587320d882fc026e", kill_on_drop: false }`
[INFO] running `Command { std: "docker" "rm" "-f" "45e9a34a4d779888d7fb368b26e4c69fdf604aa8dd65be21587320d882fc026e", kill_on_drop: false }`
[INFO] [stdout] 45e9a34a4d779888d7fb368b26e4c69fdf604aa8dd65be21587320d882fc026e
[INFO] running `Command { std: "docker" "create" "-v" "/var/lib/crater-agent-workspace/builds/worker-61/target:/opt/rustwide/target:rw,Z" "-v" "/var/lib/crater-agent-workspace/builds/worker-61/source:/opt/rustwide/workdir:ro,Z" "-v" "/var/lib/crater-agent-workspace/cargo-home:/opt/rustwide/cargo-home:ro,Z" "-v" "/var/lib/crater-agent-workspace/rustup-home:/opt/rustwide/rustup-home:ro,Z" "-e" "SOURCE_DIR=/opt/rustwide/workdir" "-e" "CARGO_TARGET_DIR=/opt/rustwide/target" "-e" "CARGO_INCREMENTAL=0" "-e" "RUST_BACKTRACE=full" "-e" "RUSTFLAGS=--cap-lints=warn" "-e" "CARGO_HOME=/opt/rustwide/cargo-home" "-e" "RUSTUP_HOME=/opt/rustwide/rustup-home" "-w" "/opt/rustwide/workdir" "-m" "1610612736" "--user" "0:0" "--network" "none" "ghcr.io/rust-lang/crates-build-env/linux@sha256:34b6a614d2c27851fe6cbf88fbd1137609cefab8b10d0615aaeb6fd47975d74e" "/opt/rustwide/cargo-home/bin/cargo" "+beta-2021-08-01" "test" "--frozen" "--no-run" "--message-format=json", kill_on_drop: false }`
[INFO] [stdout] 372e3429a8a449ae8dfc46b1d2612c08a67e3af78aee6bb5e6c593b88e1010f3
[INFO] running `Command { std: "docker" "start" "-a" "372e3429a8a449ae8dfc46b1d2612c08a67e3af78aee6bb5e6c593b88e1010f3", kill_on_drop: false }`
[INFO] [stderr]     Blocking waiting for file lock on package cache
[INFO] [stderr]    Compiling pkg-config v0.3.19
[INFO] [stderr]    Compiling cc v1.0.67
[INFO] [stderr]    Compiling signal-hook v0.3.6
[INFO] [stderr]    Compiling signal-hook-registry v1.3.0
[INFO] [stderr]    Compiling term_size v0.3.2
[INFO] [stderr]    Compiling ncurses v5.101.0
[INFO] [stderr]    Compiling cursive v0.16.3
[INFO] [stderr]    Compiling cursive-async-view v0.5.0 (/opt/rustwide/workdir)
[INFO] [stderr]     Finished test [unoptimized + debuginfo] target(s) in 10.22s
[INFO] running `Command { std: "docker" "inspect" "372e3429a8a449ae8dfc46b1d2612c08a67e3af78aee6bb5e6c593b88e1010f3", kill_on_drop: false }`
[INFO] running `Command { std: "docker" "rm" "-f" "372e3429a8a449ae8dfc46b1d2612c08a67e3af78aee6bb5e6c593b88e1010f3", kill_on_drop: false }`
[INFO] [stdout] 372e3429a8a449ae8dfc46b1d2612c08a67e3af78aee6bb5e6c593b88e1010f3
[INFO] running `Command { std: "docker" "create" "-v" "/var/lib/crater-agent-workspace/builds/worker-61/target:/opt/rustwide/target:rw,Z" "-v" "/var/lib/crater-agent-workspace/builds/worker-61/source:/opt/rustwide/workdir:ro,Z" "-v" "/var/lib/crater-agent-workspace/cargo-home:/opt/rustwide/cargo-home:ro,Z" "-v" "/var/lib/crater-agent-workspace/rustup-home:/opt/rustwide/rustup-home:ro,Z" "-e" "SOURCE_DIR=/opt/rustwide/workdir" "-e" "CARGO_TARGET_DIR=/opt/rustwide/target" "-e" "CARGO_INCREMENTAL=0" "-e" "RUST_BACKTRACE=full" "-e" "RUSTFLAGS=--cap-lints=warn" "-e" "CARGO_HOME=/opt/rustwide/cargo-home" "-e" "RUSTUP_HOME=/opt/rustwide/rustup-home" "-w" "/opt/rustwide/workdir" "-m" "1610612736" "--user" "0:0" "--network" "none" "ghcr.io/rust-lang/crates-build-env/linux@sha256:34b6a614d2c27851fe6cbf88fbd1137609cefab8b10d0615aaeb6fd47975d74e" "/opt/rustwide/cargo-home/bin/cargo" "+beta-2021-08-01" "test" "--frozen", kill_on_drop: false }`
[INFO] [stdout] c798baf5ac389178685e75b1e01be28f01924f584785e2d9c45ecc6821757e9d
[INFO] running `Command { std: "docker" "start" "-a" "c798baf5ac389178685e75b1e01be28f01924f584785e2d9c45ecc6821757e9d", kill_on_drop: false }`
[INFO] [stderr]     Finished test [unoptimized + debuginfo] target(s) in 0.08s
[INFO] [stderr]      Running unittests (/opt/rustwide/target/debug/deps/cursive_async_view-7ddf8432204187b3)
[INFO] [stdout] 
[INFO] [stdout] running 0 tests
[INFO] [stdout] 
[INFO] [stdout] test result: ok. 0 passed; 0 failed; 0 ignored; 0 measured; 0 filtered out; finished in 0.00s
[INFO] [stdout] 
[INFO] [stderr]    Doc-tests cursive-async-view
[INFO] [stdout] 
[INFO] [stdout] running 13 tests
[INFO] [stdout] test src/lib.rs - (line 187) ... FAILED
[INFO] [stdout] test src/lib.rs - (line 41) ... FAILED
[INFO] [stdout] test src/infinite.rs - infinite::AsyncView (line 301) ... FAILED
[INFO] [stdout] test src/progress.rs - progress::AsyncProgressView (line 242) ... FAILED
[INFO] [stdout] test src/lib.rs - (line 73) ... FAILED
[INFO] [stdout] test src/lib.rs - (line 159) ... FAILED
[INFO] [stdout] test src/lib.rs - (line 219) ... FAILED
[INFO] [stdout] test src/infinite.rs - infinite::default_animation (line 39) ... ok
[INFO] [stdout] test src/progress.rs - progress::default_progress (line 45) ... ok
[INFO] [stdout] test src/infinite.rs - infinite::default_error (line 123) ... ok
[INFO] [stdout] test src/infinite.rs - infinite::AsyncView (line 264) ... ok
[INFO] [stdout] test src/progress.rs - progress::default_progress_error (line 125) ... ok
[INFO] [stdout] test src/lib.rs - (line 13) ... ok
[INFO] [stdout] 
[INFO] [stdout] failures:
[INFO] [stdout] 
[INFO] [stdout] ---- src/lib.rs - (line 187) stdout ----
[INFO] [stdout] Couldn't compile the test.
[INFO] [stdout] ---- src/lib.rs - (line 41) stdout ----
[INFO] [stdout] Couldn't compile the test.
[INFO] [stdout] ---- src/infinite.rs - infinite::AsyncView (line 301) stdout ----
[INFO] [stdout] Couldn't compile the test.
[INFO] [stdout] ---- src/progress.rs - progress::AsyncProgressView (line 242) stdout ----
[INFO] [stdout] Couldn't compile the test.
[INFO] [stdout] ---- src/lib.rs - (line 73) stdout ----
[INFO] [stdout] Couldn't compile the test.
[INFO] [stdout] ---- src/lib.rs - (line 159) stdout ----
[INFO] [stdout] Couldn't compile the test.
[INFO] [stdout] ---- src/lib.rs - (line 219) stdout ----
[INFO] [stdout] Couldn't compile the test.
[INFO] [stdout] 
[INFO] [stdout] failures:
[INFO] [stdout]     src/infinite.rs - infinite::AsyncView (line 301)
[INFO] [stdout]     src/lib.rs - (line 159)
[INFO] [stdout]     src/lib.rs - (line 187)
[INFO] [stdout]     src/lib.rs - (line 219)
[INFO] [stdout]     src/lib.rs - (line 41)
[INFO] [stdout]     src/lib.rs - (line 73)
[INFO] [stdout]     src/progress.rs - progress::AsyncProgressView (line 242)
[INFO] [stdout] 
[INFO] [stdout] test result: FAILED. 6 passed; 7 failed; 0 ignored; 0 measured; 0 filtered out; finished in 6.79s
[INFO] [stdout] 
[INFO] [stderr] error: test failed, to rerun pass '--doc'
[INFO] running `Command { std: "docker" "inspect" "c798baf5ac389178685e75b1e01be28f01924f584785e2d9c45ecc6821757e9d", kill_on_drop: false }`
[INFO] running `Command { std: "docker" "rm" "-f" "c798baf5ac389178685e75b1e01be28f01924f584785e2d9c45ecc6821757e9d", kill_on_drop: false }`
[INFO] [stdout] c798baf5ac389178685e75b1e01be28f01924f584785e2d9c45ecc6821757e9d
