[INFO] fetching crate css-color-parser2 1.0.1...
[INFO] testing css-color-parser2-1.0.1 against 1.54.0 for beta-1.55-1
[INFO] extracting crate css-color-parser2 1.0.1 into /workspace/builds/worker-103/source
[INFO] validating manifest of crates.io crate css-color-parser2 1.0.1 on toolchain 1.54.0
[INFO] running `Command { std: "/workspace/cargo-home/bin/cargo" "+1.54.0" "metadata" "--manifest-path" "Cargo.toml" "--no-deps", kill_on_drop: false }`
[INFO] started tweaking crates.io crate css-color-parser2 1.0.1
[INFO] finished tweaking crates.io crate css-color-parser2 1.0.1
[INFO] tweaked toml for crates.io crate css-color-parser2 1.0.1 written to /workspace/builds/worker-103/source/Cargo.toml
[INFO] running `Command { std: "/workspace/cargo-home/bin/cargo" "+1.54.0" "generate-lockfile" "--manifest-path" "Cargo.toml" "-Zno-index-update", kill_on_drop: false }`
[INFO] running `Command { std: "/workspace/cargo-home/bin/cargo" "+1.54.0" "fetch" "--manifest-path" "Cargo.toml", kill_on_drop: false }`
[INFO] [stderr]     Blocking waiting for file lock on package cache
[INFO] running `Command { std: "docker" "create" "-v" "/var/lib/crater-agent-workspace/builds/worker-103/target:/opt/rustwide/target:rw,Z" "-v" "/var/lib/crater-agent-workspace/builds/worker-103/source:/opt/rustwide/workdir:ro,Z" "-v" "/var/lib/crater-agent-workspace/cargo-home:/opt/rustwide/cargo-home:ro,Z" "-v" "/var/lib/crater-agent-workspace/rustup-home:/opt/rustwide/rustup-home:ro,Z" "-e" "SOURCE_DIR=/opt/rustwide/workdir" "-e" "CARGO_TARGET_DIR=/opt/rustwide/target" "-e" "CARGO_HOME=/opt/rustwide/cargo-home" "-e" "RUSTUP_HOME=/opt/rustwide/rustup-home" "-w" "/opt/rustwide/workdir" "-m" "1610612736" "--user" "0:0" "--network" "none" "ghcr.io/rust-lang/crates-build-env/linux@sha256:34b6a614d2c27851fe6cbf88fbd1137609cefab8b10d0615aaeb6fd47975d74e" "/opt/rustwide/cargo-home/bin/cargo" "+1.54.0" "metadata" "--no-deps" "--format-version=1", kill_on_drop: false }`
[INFO] [stdout] dceefeb1505a74966c5ab838c10b0b3ee4d9e927570e36b884cfdaa65a3f0492
[INFO] running `Command { std: "docker" "start" "-a" "dceefeb1505a74966c5ab838c10b0b3ee4d9e927570e36b884cfdaa65a3f0492", kill_on_drop: false }`
[INFO] running `Command { std: "docker" "inspect" "dceefeb1505a74966c5ab838c10b0b3ee4d9e927570e36b884cfdaa65a3f0492", kill_on_drop: false }`
[INFO] running `Command { std: "docker" "rm" "-f" "dceefeb1505a74966c5ab838c10b0b3ee4d9e927570e36b884cfdaa65a3f0492", kill_on_drop: false }`
[INFO] [stdout] dceefeb1505a74966c5ab838c10b0b3ee4d9e927570e36b884cfdaa65a3f0492
[INFO] running `Command { std: "docker" "create" "-v" "/var/lib/crater-agent-workspace/builds/worker-103/target:/opt/rustwide/target:rw,Z" "-v" "/var/lib/crater-agent-workspace/builds/worker-103/source:/opt/rustwide/workdir:ro,Z" "-v" "/var/lib/crater-agent-workspace/cargo-home:/opt/rustwide/cargo-home:ro,Z" "-v" "/var/lib/crater-agent-workspace/rustup-home:/opt/rustwide/rustup-home:ro,Z" "-e" "SOURCE_DIR=/opt/rustwide/workdir" "-e" "CARGO_TARGET_DIR=/opt/rustwide/target" "-e" "CARGO_INCREMENTAL=0" "-e" "RUST_BACKTRACE=full" "-e" "RUSTFLAGS=--cap-lints=warn" "-e" "CARGO_HOME=/opt/rustwide/cargo-home" "-e" "RUSTUP_HOME=/opt/rustwide/rustup-home" "-w" "/opt/rustwide/workdir" "-m" "1610612736" "--user" "0:0" "--network" "none" "ghcr.io/rust-lang/crates-build-env/linux@sha256:34b6a614d2c27851fe6cbf88fbd1137609cefab8b10d0615aaeb6fd47975d74e" "/opt/rustwide/cargo-home/bin/cargo" "+1.54.0" "build" "--frozen" "--message-format=json", kill_on_drop: false }`
[INFO] [stdout] 7de65444512594d638888aebc0580ec882a9b8beff230ea2f89846a752e8a6f4
[INFO] running `Command { std: "docker" "start" "-a" "7de65444512594d638888aebc0580ec882a9b8beff230ea2f89846a752e8a6f4", kill_on_drop: false }`
[INFO] [stderr]    Compiling css-color-parser2 v1.0.1 (/opt/rustwide/workdir)
[INFO] [stderr]     Finished dev [unoptimized + debuginfo] target(s) in 0.59s
[INFO] running `Command { std: "docker" "inspect" "7de65444512594d638888aebc0580ec882a9b8beff230ea2f89846a752e8a6f4", kill_on_drop: false }`
[INFO] running `Command { std: "docker" "rm" "-f" "7de65444512594d638888aebc0580ec882a9b8beff230ea2f89846a752e8a6f4", kill_on_drop: false }`
[INFO] [stdout] 7de65444512594d638888aebc0580ec882a9b8beff230ea2f89846a752e8a6f4
[INFO] running `Command { std: "docker" "create" "-v" "/var/lib/crater-agent-workspace/builds/worker-103/target:/opt/rustwide/target:rw,Z" "-v" "/var/lib/crater-agent-workspace/builds/worker-103/source:/opt/rustwide/workdir:ro,Z" "-v" "/var/lib/crater-agent-workspace/cargo-home:/opt/rustwide/cargo-home:ro,Z" "-v" "/var/lib/crater-agent-workspace/rustup-home:/opt/rustwide/rustup-home:ro,Z" "-e" "SOURCE_DIR=/opt/rustwide/workdir" "-e" "CARGO_TARGET_DIR=/opt/rustwide/target" "-e" "CARGO_INCREMENTAL=0" "-e" "RUST_BACKTRACE=full" "-e" "RUSTFLAGS=--cap-lints=warn" "-e" "CARGO_HOME=/opt/rustwide/cargo-home" "-e" "RUSTUP_HOME=/opt/rustwide/rustup-home" "-w" "/opt/rustwide/workdir" "-m" "1610612736" "--user" "0:0" "--network" "none" "ghcr.io/rust-lang/crates-build-env/linux@sha256:34b6a614d2c27851fe6cbf88fbd1137609cefab8b10d0615aaeb6fd47975d74e" "/opt/rustwide/cargo-home/bin/cargo" "+1.54.0" "test" "--frozen" "--no-run" "--message-format=json", kill_on_drop: false }`
[INFO] [stdout] c2f425ef65ff9b333f9514bd48936b5285c6d29af9333b07e681c60f970625f0
[INFO] running `Command { std: "docker" "start" "-a" "c2f425ef65ff9b333f9514bd48936b5285c6d29af9333b07e681c60f970625f0", kill_on_drop: false }`
[INFO] [stderr]    Compiling css-color-parser2 v1.0.1 (/opt/rustwide/workdir)
[INFO] [stderr]     Finished test [unoptimized + debuginfo] target(s) in 1.44s
[INFO] running `Command { std: "docker" "inspect" "c2f425ef65ff9b333f9514bd48936b5285c6d29af9333b07e681c60f970625f0", kill_on_drop: false }`
[INFO] running `Command { std: "docker" "rm" "-f" "c2f425ef65ff9b333f9514bd48936b5285c6d29af9333b07e681c60f970625f0", kill_on_drop: false }`
[INFO] [stdout] c2f425ef65ff9b333f9514bd48936b5285c6d29af9333b07e681c60f970625f0
[INFO] running `Command { std: "docker" "create" "-v" "/var/lib/crater-agent-workspace/builds/worker-103/target:/opt/rustwide/target:rw,Z" "-v" "/var/lib/crater-agent-workspace/builds/worker-103/source:/opt/rustwide/workdir:ro,Z" "-v" "/var/lib/crater-agent-workspace/cargo-home:/opt/rustwide/cargo-home:ro,Z" "-v" "/var/lib/crater-agent-workspace/rustup-home:/opt/rustwide/rustup-home:ro,Z" "-e" "SOURCE_DIR=/opt/rustwide/workdir" "-e" "CARGO_TARGET_DIR=/opt/rustwide/target" "-e" "CARGO_INCREMENTAL=0" "-e" "RUST_BACKTRACE=full" "-e" "RUSTFLAGS=--cap-lints=warn" "-e" "CARGO_HOME=/opt/rustwide/cargo-home" "-e" "RUSTUP_HOME=/opt/rustwide/rustup-home" "-w" "/opt/rustwide/workdir" "-m" "1610612736" "--user" "0:0" "--network" "none" "ghcr.io/rust-lang/crates-build-env/linux@sha256:34b6a614d2c27851fe6cbf88fbd1137609cefab8b10d0615aaeb6fd47975d74e" "/opt/rustwide/cargo-home/bin/cargo" "+1.54.0" "test" "--frozen", kill_on_drop: false }`
[INFO] [stdout] 526d24d426d09ea65020ac0135a029e997f850e869f2421e9771256be0c1c359
[INFO] running `Command { std: "docker" "start" "-a" "526d24d426d09ea65020ac0135a029e997f850e869f2421e9771256be0c1c359", kill_on_drop: false }`
[INFO] [stdout] 
[INFO] [stderr]     Finished test [unoptimized + debuginfo] target(s) in 0.05s
[INFO] [stdout] running 13 tests
[INFO] [stderr]      Running unittests (/opt/rustwide/target/debug/deps/css_color_parser2-fe6ea73e3e7e4941)
[INFO] [stdout] test tests::abc123 ... ok
[INFO] [stdout] test tests::rgb_range_test ... ignored
[INFO] [stdout] test tests::rgb ... ok
[INFO] [stdout] test tests::rgba_range_test ... ignored
[INFO] [stdout] test tests::abc ... ok
[INFO] [stdout] test tests::hsl_non_spec_compliant ... ok
[INFO] [stdout] test tests::named_color ... ok
[INFO] [stdout] test tests::rgba ... ok
[INFO] [stdout] test tests::hsl ... ok
[INFO] [stdout] test tests::hsla ... ok
[INFO] [stderr]    Doc-tests css-color-parser2
[INFO] [stdout] test tests::hsla_invalid - should panic ... ok
[INFO] [stdout] test tests::invalid_color2 - should panic ... ok
[INFO] [stdout] test tests::invalid_color1 - should panic ... ok
[INFO] [stdout] 
[INFO] [stdout] test result: ok. 11 passed; 0 failed; 2 ignored; 0 measured; 0 filtered out; finished in 0.12s
[INFO] [stdout] 
[INFO] [stdout] 
[INFO] [stdout] running 1 test
[INFO] [stdout] test src/lib.rs - (line 46) ... FAILED
[INFO] [stdout] 
[INFO] [stdout] failures:
[INFO] [stdout] 
[INFO] [stdout] ---- src/lib.rs - (line 46) stdout ----
[INFO] [stdout] error[E0432]: unresolved import `css_color_parser`
[INFO] [stdout]  --> src/lib.rs:47:5
[INFO] [stdout]   |
[INFO] [stdout] 3 | use css_color_parser::Color as CssColor;
[INFO] [stdout]   |     ^^^^^^^^^^^^^^^^ use of undeclared crate or module `css_color_parser`
[INFO] [stdout] 
[INFO] [stdout] error: aborting due to previous error
[INFO] [stdout] 
[INFO] [stdout] For more information about this error, try `rustc --explain E0432`.
[INFO] [stdout] Couldn't compile the test.
[INFO] [stdout] 
[INFO] [stdout] failures:
[INFO] [stdout]     src/lib.rs - (line 46)
[INFO] [stdout] 
[INFO] [stdout] test result: FAILED. 0 passed; 1 failed; 0 ignored; 0 measured; 0 filtered out; finished in 0.11s
[INFO] [stdout] 
[INFO] [stderr] error: test failed, to rerun pass '--doc'
[INFO] running `Command { std: "docker" "inspect" "526d24d426d09ea65020ac0135a029e997f850e869f2421e9771256be0c1c359", kill_on_drop: false }`
[INFO] running `Command { std: "docker" "rm" "-f" "526d24d426d09ea65020ac0135a029e997f850e869f2421e9771256be0c1c359", kill_on_drop: false }`
[INFO] [stdout] 526d24d426d09ea65020ac0135a029e997f850e869f2421e9771256be0c1c359
