[INFO] fetching crate cskk 0.3.0...
[INFO] testing cskk-0.3.0 against beta-2021-08-01 for beta-1.55-1
[INFO] extracting crate cskk 0.3.0 into /workspace/builds/worker-75/source
[INFO] validating manifest of crates.io crate cskk 0.3.0 on toolchain beta-2021-08-01
[INFO] running `Command { std: "/workspace/cargo-home/bin/cargo" "+beta-2021-08-01" "metadata" "--manifest-path" "Cargo.toml" "--no-deps", kill_on_drop: false }`
[INFO] started tweaking crates.io crate cskk 0.3.0
[INFO] finished tweaking crates.io crate cskk 0.3.0
[INFO] tweaked toml for crates.io crate cskk 0.3.0 written to /workspace/builds/worker-75/source/Cargo.toml
[INFO] running `Command { std: "/workspace/cargo-home/bin/cargo" "+beta-2021-08-01" "generate-lockfile" "--manifest-path" "Cargo.toml" "-Zno-index-update", kill_on_drop: false }`
[INFO] [stderr]     Blocking waiting for file lock on package cache
[INFO] running `Command { std: "/workspace/cargo-home/bin/cargo" "+beta-2021-08-01" "fetch" "--manifest-path" "Cargo.toml", kill_on_drop: false }`
[INFO] [stderr]     Blocking waiting for file lock on package cache
[INFO] [stderr]     Blocking waiting for file lock on package cache
[INFO] [stderr]  Downloading crates ...
[INFO] [stderr]   Downloaded enum-display-derive v0.1.1
[INFO] [stderr]   Downloaded sequence_trie v0.3.6
[INFO] [stderr]   Downloaded encoding_rs_io v0.1.7
[INFO] [stderr]   Downloaded xkbcommon v0.4.0
[INFO] running `Command { std: "docker" "create" "-v" "/var/lib/crater-agent-workspace/builds/worker-75/target:/opt/rustwide/target:rw,Z" "-v" "/var/lib/crater-agent-workspace/builds/worker-75/source:/opt/rustwide/workdir:ro,Z" "-v" "/var/lib/crater-agent-workspace/cargo-home:/opt/rustwide/cargo-home:ro,Z" "-v" "/var/lib/crater-agent-workspace/rustup-home:/opt/rustwide/rustup-home:ro,Z" "-e" "SOURCE_DIR=/opt/rustwide/workdir" "-e" "CARGO_TARGET_DIR=/opt/rustwide/target" "-e" "CARGO_HOME=/opt/rustwide/cargo-home" "-e" "RUSTUP_HOME=/opt/rustwide/rustup-home" "-w" "/opt/rustwide/workdir" "-m" "1610612736" "--user" "0:0" "--network" "none" "ghcr.io/rust-lang/crates-build-env/linux@sha256:34b6a614d2c27851fe6cbf88fbd1137609cefab8b10d0615aaeb6fd47975d74e" "/opt/rustwide/cargo-home/bin/cargo" "+beta-2021-08-01" "metadata" "--no-deps" "--format-version=1", kill_on_drop: false }`
[INFO] [stdout] 5d4424d234af391d1a1f980a68157aa2650f21beec6e6d6528859955cd2a7733
[INFO] running `Command { std: "docker" "start" "-a" "5d4424d234af391d1a1f980a68157aa2650f21beec6e6d6528859955cd2a7733", kill_on_drop: false }`
[INFO] running `Command { std: "docker" "inspect" "5d4424d234af391d1a1f980a68157aa2650f21beec6e6d6528859955cd2a7733", kill_on_drop: false }`
[INFO] running `Command { std: "docker" "rm" "-f" "5d4424d234af391d1a1f980a68157aa2650f21beec6e6d6528859955cd2a7733", kill_on_drop: false }`
[INFO] [stdout] 5d4424d234af391d1a1f980a68157aa2650f21beec6e6d6528859955cd2a7733
[INFO] running `Command { std: "docker" "create" "-v" "/var/lib/crater-agent-workspace/builds/worker-75/target:/opt/rustwide/target:rw,Z" "-v" "/var/lib/crater-agent-workspace/builds/worker-75/source:/opt/rustwide/workdir:ro,Z" "-v" "/var/lib/crater-agent-workspace/cargo-home:/opt/rustwide/cargo-home:ro,Z" "-v" "/var/lib/crater-agent-workspace/rustup-home:/opt/rustwide/rustup-home:ro,Z" "-e" "SOURCE_DIR=/opt/rustwide/workdir" "-e" "CARGO_TARGET_DIR=/opt/rustwide/target" "-e" "CARGO_INCREMENTAL=0" "-e" "RUST_BACKTRACE=full" "-e" "RUSTFLAGS=--cap-lints=warn" "-e" "CARGO_HOME=/opt/rustwide/cargo-home" "-e" "RUSTUP_HOME=/opt/rustwide/rustup-home" "-w" "/opt/rustwide/workdir" "-m" "1610612736" "--user" "0:0" "--network" "none" "ghcr.io/rust-lang/crates-build-env/linux@sha256:34b6a614d2c27851fe6cbf88fbd1137609cefab8b10d0615aaeb6fd47975d74e" "/opt/rustwide/cargo-home/bin/cargo" "+beta-2021-08-01" "build" "--frozen" "--message-format=json", kill_on_drop: false }`
[INFO] [stdout] abb0ecf71766c66e8c9bd2394e453b6d1afec06d2205ca0a864c6766fcaf4e79
[INFO] running `Command { std: "docker" "start" "-a" "abb0ecf71766c66e8c9bd2394e453b6d1afec06d2205ca0a864c6766fcaf4e79", kill_on_drop: false }`
[INFO] [stderr]    Compiling encoding_rs_io v0.1.7
[INFO] [stderr]    Compiling xkbcommon v0.4.0
[INFO] [stderr]    Compiling thiserror-impl v1.0.26
[INFO] [stderr]    Compiling enum-display-derive v0.1.1
[INFO] [stderr]    Compiling serde v1.0.127
[INFO] [stderr]    Compiling thiserror v1.0.26
[INFO] [stderr]    Compiling toml v0.5.8
[INFO] [stderr]    Compiling serde_json v1.0.66
[INFO] [stderr]    Compiling sequence_trie v0.3.6
[INFO] [stderr]    Compiling cskk v0.3.0 (/opt/rustwide/workdir)
[INFO] [stderr]     Finished dev [unoptimized + debuginfo] target(s) in 12.42s
[INFO] running `Command { std: "docker" "inspect" "abb0ecf71766c66e8c9bd2394e453b6d1afec06d2205ca0a864c6766fcaf4e79", kill_on_drop: false }`
[INFO] running `Command { std: "docker" "rm" "-f" "abb0ecf71766c66e8c9bd2394e453b6d1afec06d2205ca0a864c6766fcaf4e79", kill_on_drop: false }`
[INFO] [stdout] abb0ecf71766c66e8c9bd2394e453b6d1afec06d2205ca0a864c6766fcaf4e79
[INFO] running `Command { std: "docker" "create" "-v" "/var/lib/crater-agent-workspace/builds/worker-75/target:/opt/rustwide/target:rw,Z" "-v" "/var/lib/crater-agent-workspace/builds/worker-75/source:/opt/rustwide/workdir:ro,Z" "-v" "/var/lib/crater-agent-workspace/cargo-home:/opt/rustwide/cargo-home:ro,Z" "-v" "/var/lib/crater-agent-workspace/rustup-home:/opt/rustwide/rustup-home:ro,Z" "-e" "SOURCE_DIR=/opt/rustwide/workdir" "-e" "CARGO_TARGET_DIR=/opt/rustwide/target" "-e" "CARGO_INCREMENTAL=0" "-e" "RUST_BACKTRACE=full" "-e" "RUSTFLAGS=--cap-lints=warn" "-e" "CARGO_HOME=/opt/rustwide/cargo-home" "-e" "RUSTUP_HOME=/opt/rustwide/rustup-home" "-w" "/opt/rustwide/workdir" "-m" "1610612736" "--user" "0:0" "--network" "none" "ghcr.io/rust-lang/crates-build-env/linux@sha256:34b6a614d2c27851fe6cbf88fbd1137609cefab8b10d0615aaeb6fd47975d74e" "/opt/rustwide/cargo-home/bin/cargo" "+beta-2021-08-01" "test" "--frozen" "--no-run" "--message-format=json", kill_on_drop: false }`
[INFO] [stdout] 2a47ef5ce5a15b7f4055909364cee26a996923bc13e02d8e0ccd26ea7a1b9cf7
[INFO] running `Command { std: "docker" "start" "-a" "2a47ef5ce5a15b7f4055909364cee26a996923bc13e02d8e0ccd26ea7a1b9cf7", kill_on_drop: false }`
[INFO] [stderr]    Compiling humantime v2.1.0
[INFO] [stderr]    Compiling regex v1.5.4
[INFO] [stderr]    Compiling env_logger v0.8.4
[INFO] [stderr]    Compiling cskk v0.3.0 (/opt/rustwide/workdir)
[INFO] [stderr]     Finished test [unoptimized + debuginfo] target(s) in 7.84s
[INFO] running `Command { std: "docker" "inspect" "2a47ef5ce5a15b7f4055909364cee26a996923bc13e02d8e0ccd26ea7a1b9cf7", kill_on_drop: false }`
[INFO] running `Command { std: "docker" "rm" "-f" "2a47ef5ce5a15b7f4055909364cee26a996923bc13e02d8e0ccd26ea7a1b9cf7", kill_on_drop: false }`
[INFO] [stdout] 2a47ef5ce5a15b7f4055909364cee26a996923bc13e02d8e0ccd26ea7a1b9cf7
[INFO] running `Command { std: "docker" "create" "-v" "/var/lib/crater-agent-workspace/builds/worker-75/target:/opt/rustwide/target:rw,Z" "-v" "/var/lib/crater-agent-workspace/builds/worker-75/source:/opt/rustwide/workdir:ro,Z" "-v" "/var/lib/crater-agent-workspace/cargo-home:/opt/rustwide/cargo-home:ro,Z" "-v" "/var/lib/crater-agent-workspace/rustup-home:/opt/rustwide/rustup-home:ro,Z" "-e" "SOURCE_DIR=/opt/rustwide/workdir" "-e" "CARGO_TARGET_DIR=/opt/rustwide/target" "-e" "CARGO_INCREMENTAL=0" "-e" "RUST_BACKTRACE=full" "-e" "RUSTFLAGS=--cap-lints=warn" "-e" "CARGO_HOME=/opt/rustwide/cargo-home" "-e" "RUSTUP_HOME=/opt/rustwide/rustup-home" "-w" "/opt/rustwide/workdir" "-m" "1610612736" "--user" "0:0" "--network" "none" "ghcr.io/rust-lang/crates-build-env/linux@sha256:34b6a614d2c27851fe6cbf88fbd1137609cefab8b10d0615aaeb6fd47975d74e" "/opt/rustwide/cargo-home/bin/cargo" "+beta-2021-08-01" "test" "--frozen", kill_on_drop: false }`
[INFO] [stdout] 2c9dcf2f259f99f0011fad627032869001f24ffd44e83101f1084c70e5f47daa
[INFO] running `Command { std: "docker" "start" "-a" "2c9dcf2f259f99f0011fad627032869001f24ffd44e83101f1084c70e5f47daa", kill_on_drop: false }`
[INFO] [stderr]     Finished test [unoptimized + debuginfo] target(s) in 0.02s
[INFO] [stderr]      Running unittests (/opt/rustwide/target/debug/deps/cskk-a4d9e0006e5f6e90)
[INFO] [stdout] 
[INFO] [stdout] running 45 tests
[INFO] [stdout] test command_handler::direct_mode_command_handler::tests::get_instruction ... ok
[INFO] [stdout] test command_handler::direct_mode_command_handler::tests::can_process_single ... ok
[INFO] [stdout] test command_handler::direct_mode_command_handler::tests::switch_mode ... ok
[INFO] [stdout] test command_handler::kana_precomposition_handler::tests::can_process_single ... ok
[INFO] [stdout] test command_handler::direct_mode_command_handler::tests::can_process_intermediate ... ok
[INFO] [stdout] test command_handler::direct_mode_command_handler::tests::handler_works ... ok
[INFO] [stdout] test command_handler::kana_precomposition_handler::tests::can_process_intermediate ... ok
[INFO] [stdout] test command_handler::direct_mode_command_handler::tests::consume_ctrl_j_on_non_modechange ... ok
[INFO] [stdout] test dictionary::candidate::test::skk_jisyo_string_no_annotation ... ok
[INFO] [stdout] test command_handler::kana_precomposition_handler::tests::go_to_okuri_submode ... ok
[INFO] [stdout] test command_handler::kana_precomposition_handler::tests::delegate_to_compositionselection_on_space ... ok
[INFO] [stdout] test dictionary::dictentry::test::insert ... ok
[INFO] [stdout] test dictionary::dictentry::test::remove ... ok
[INFO] [stdout] test dictionary::dictentry::test::split_candidate_okuri_ari ... ok
[INFO] [stdout] test dictionary::dictentry::test::split_candidate_okuri_nashi ... ok
[INFO] [stdout] test dictionary::dictentry::test::split_candidate_with_space_in_annotation ... ok
[INFO] [stdout] test env::tests::search_xdg_dirs ... ignored
[INFO] [stdout] test dictionary::dictentry::test::to_string ... ok
[INFO] [stdout] test kana_builder::tests::ant_tree_convert ... ok
[INFO] [stdout] test kana_builder::tests::combine_capital ... ok
[INFO] [stdout] test kana_builder::tests::can_continue ... ok
[INFO] [stdout] test kana_builder::tests::combine_no_unprocessed ... ok
[INFO] [stdout] test kana_builder::tests::convert ... ok
[INFO] [stdout] test kana_builder::tests::combine_with_unprocessed ... ok
[INFO] [stdout] test kana_builder::tests::converter_from_string ... ok
[INFO] [stdout] test keyevent::tests::from_keysym ... ok
[INFO] [stdout] test keyevent::tests::deserialize_seq ... ok
[INFO] [stdout] test keyevent::tests::get_symbol_char ... ok
[INFO] [stdout] test kana_form_changer::tests::sanity_check ... ok
[INFO] [stdout] test kana_form_changer::tests::adjust_kana_string ... ok
[INFO] [stdout] test keyevent::tests::get_symbol_char_no_display ... ok
[INFO] [stdout] test kana_form_changer::tests::adjust_kana_string_small_tu ... ok
[INFO] [stdout] test keyevent::tests::keyevent_from_str ... ok
[INFO] [stdout] test keyevent::tests::keyevent_to_string ... ok
[INFO] [stdout] test dictionary::user_dictionary::test::userdict ... FAILED
[INFO] [stdout] test unit_tests::poll_output ... ok
[INFO] [stdout] test unit_tests::process_period ... ok
[INFO] [stdout] test unit_tests::process_backspace ... ok
[INFO] [stdout] test unit_tests::dont_process_return_in_direct ... ok
[INFO] [stdout] test unit_tests::get_preedit_register_mode ... ok
[INFO] [stdout] test command_handler::kana_composition_handler::tests::can_process_single ... ok
[INFO] [stdout] test unit_tests::will_process ... ok
[INFO] [stdout] test unit_tests::retrieve_output ... ok
[INFO] [stdout] test unit_tests::process_key_event ... ok
[INFO] [stdout] test unit_tests::get_preedit ... ok
[INFO] [stdout] 
[INFO] [stdout] failures:
[INFO] [stdout] 
[INFO] [stdout] ---- dictionary::user_dictionary::test::userdict stdout ----
[INFO] [stdout] [2021-08-07T00:28:27Z WARN  cskk::dictionary::file_dictionary] Dict is ill formatted. Ignored line 
[INFO] [stdout] [2021-08-07T00:28:27Z DEBUG cskk::dictionary::user_dictionary] Select midashi: "あああ"
[INFO] [stdout] Error: IoError(Os { code: 30, kind: ReadOnlyFilesystem, message: "Read-only file system" })
[INFO] [stdout] thread 'dictionary::user_dictionary::test::userdict' panicked at 'assertion failed: `(left == right)`
[INFO] [stdout]   left: `1`,
[INFO] [stdout]  right: `0`: the test returned a termination value with a non-zero status code (1) which indicates a failure', /rustc/53fd98ca776cb875bc9e5514f56b52eb74f9e7a9/library/test/src/lib.rs:194:5
[INFO] [stdout] stack backtrace:
[INFO] [stdout]    0:     0x558007b22880 - std::backtrace_rs::backtrace::libunwind::trace::hff4d1766e93f64f1
[INFO] [stdout]                                at /rustc/53fd98ca776cb875bc9e5514f56b52eb74f9e7a9/library/std/src/../../backtrace/src/backtrace/libunwind.rs:90:5
[INFO] [stdout]    1:     0x558007b22880 - std::backtrace_rs::backtrace::trace_unsynchronized::h56bbc8eb78770bcb
[INFO] [stdout]                                at /rustc/53fd98ca776cb875bc9e5514f56b52eb74f9e7a9/library/std/src/../../backtrace/src/backtrace/mod.rs:66:5
[INFO] [stdout]    2:     0x558007b22880 - std::sys_common::backtrace::_print_fmt::h5c8e75464faca780
[INFO] [stdout]                                at /rustc/53fd98ca776cb875bc9e5514f56b52eb74f9e7a9/library/std/src/sys_common/backtrace.rs:67:5
[INFO] [stdout]    3:     0x558007b22880 - <std::sys_common::backtrace::_print::DisplayBacktrace as core::fmt::Display>::fmt::h48b88277def8b362
[INFO] [stdout]                                at /rustc/53fd98ca776cb875bc9e5514f56b52eb74f9e7a9/library/std/src/sys_common/backtrace.rs:46:22
[INFO] [stdout]    4:     0x558007b465fc - core::fmt::write::h3381b3176fe2b3d3
[INFO] [stdout]                                at /rustc/53fd98ca776cb875bc9e5514f56b52eb74f9e7a9/library/core/src/fmt/mod.rs:1115:17
[INFO] [stdout]    5:     0x558007b1f715 - std::io::Write::write_fmt::h5f34a676f60246b5
[INFO] [stdout]                                at /rustc/53fd98ca776cb875bc9e5514f56b52eb74f9e7a9/library/std/src/io/mod.rs:1665:15
[INFO] [stdout]    6:     0x558007b24a1b - std::sys_common::backtrace::_print::ha537687d6c17dd0d
[INFO] [stdout]                                at /rustc/53fd98ca776cb875bc9e5514f56b52eb74f9e7a9/library/std/src/sys_common/backtrace.rs:49:5
[INFO] [stdout]    7:     0x558007b24a1b - std::sys_common::backtrace::print::h61376ae57d131d72
[INFO] [stdout]                                at /rustc/53fd98ca776cb875bc9e5514f56b52eb74f9e7a9/library/std/src/sys_common/backtrace.rs:36:9
[INFO] [stdout]    8:     0x558007b24a1b - std::panicking::default_hook::{{closure}}::h0f7208c0b9644a54
[INFO] [stdout]                                at /rustc/53fd98ca776cb875bc9e5514f56b52eb74f9e7a9/library/std/src/panicking.rs:208:50
[INFO] [stdout]    9:     0x558007b2452c - std::panicking::default_hook::hdac7fc06578c14ce
[INFO] [stdout]                                at /rustc/53fd98ca776cb875bc9e5514f56b52eb74f9e7a9/library/std/src/panicking.rs:222:9
[INFO] [stdout]   10:     0x558007b250e4 - std::panicking::rust_panic_with_hook::h72b21c283da3d1ef
[INFO] [stdout]                                at /rustc/53fd98ca776cb875bc9e5514f56b52eb74f9e7a9/library/std/src/panicking.rs:622:17
[INFO] [stdout]   11:     0x558007b24bc7 - std::panicking::begin_panic_handler::{{closure}}::he5778f1729cff84a
[INFO] [stdout]                                at /rustc/53fd98ca776cb875bc9e5514f56b52eb74f9e7a9/library/std/src/panicking.rs:519:13
[INFO] [stdout]   12:     0x558007b22d5c - std::sys_common::backtrace::__rust_end_short_backtrace::h2d11ca8b453b4b1d
[INFO] [stdout]                                at /rustc/53fd98ca776cb875bc9e5514f56b52eb74f9e7a9/library/std/src/sys_common/backtrace.rs:141:18
[INFO] [stdout]   13:     0x558007b24b29 - rust_begin_unwind
[INFO] [stdout]                                at /rustc/53fd98ca776cb875bc9e5514f56b52eb74f9e7a9/library/std/src/panicking.rs:515:5
[INFO] [stdout]   14:     0x5580077d88c1 - core::panicking::panic_fmt::hf9de31d4acbce4db
[INFO] [stdout]                                at /rustc/53fd98ca776cb875bc9e5514f56b52eb74f9e7a9/library/core/src/panicking.rs:92:14
[INFO] [stdout]   15:     0x558007b44ffe - core::panicking::assert_failed_inner::h62e8cb2847a6e7ec
[INFO] [stdout]   16:     0x55800781fe4a - core::panicking::assert_failed::he3f006e460d6e6f6
[INFO] [stdout]                                at /rustc/53fd98ca776cb875bc9e5514f56b52eb74f9e7a9/library/core/src/panicking.rs:117:5
[INFO] [stdout]   17:     0x558007811596 - test::assert_test_result::h6a1dafbf85ef6e46
[INFO] [stdout]                                at /rustc/53fd98ca776cb875bc9e5514f56b52eb74f9e7a9/library/test/src/lib.rs:194:5
[INFO] [stdout]   18:     0x558007824a19 - cskk::dictionary::user_dictionary::test::userdict::{{closure}}::h7e25a875d4e94d20
[INFO] [stdout]                                at /opt/rustwide/workdir/src/dictionary/user_dictionary.rs:161:5
[INFO] [stdout]   19:     0x558007816dae - core::ops::function::FnOnce::call_once::hd6e415d05b10a8c2
[INFO] [stdout]                                at /rustc/53fd98ca776cb875bc9e5514f56b52eb74f9e7a9/library/core/src/ops/function.rs:227:5
[INFO] [stdout]   20:     0x558007a866e3 - core::ops::function::FnOnce::call_once::hbb52c4519d3137b0
[INFO] [stdout]                                at /rustc/53fd98ca776cb875bc9e5514f56b52eb74f9e7a9/library/core/src/ops/function.rs:227:5
[INFO] [stdout]   21:     0x558007a866e3 - test::__rust_begin_short_backtrace::h86fe3a2a5a5121af
[INFO] [stdout]                                at /rustc/53fd98ca776cb875bc9e5514f56b52eb74f9e7a9/library/test/src/lib.rs:578:5
[INFO] [stdout]   22:     0x558007a85198 - <alloc::boxed::Box<F,A> as core::ops::function::FnOnce<Args>>::call_once::hfd956bc3d57399be
[INFO] [stdout]                                at /rustc/53fd98ca776cb875bc9e5514f56b52eb74f9e7a9/library/alloc/src/boxed.rs:1572:9
[INFO] [stdout]   23:     0x558007a85198 - <std::panic::AssertUnwindSafe<F> as core::ops::function::FnOnce<()>>::call_once::h40dc93e0ddb5938a
[INFO] [stdout]                                at /rustc/53fd98ca776cb875bc9e5514f56b52eb74f9e7a9/library/std/src/panic.rs:347:9
[INFO] [stdout]   24:     0x558007a85198 - std::panicking::try::do_call::h90d07750cb47c562
[INFO] [stdout]                                at /rustc/53fd98ca776cb875bc9e5514f56b52eb74f9e7a9/library/std/src/panicking.rs:401:40
[INFO] [stdout]   25:     0x558007a85198 - std::panicking::try::h063c84733ad2a629
[INFO] [stdout]                                at /rustc/53fd98ca776cb875bc9e5514f56b52eb74f9e7a9/library/std/src/panicking.rs:365:19
[INFO] [stdout]   26:     0x558007a85198 - std::panic::catch_unwind::h0c464836a84e7c08
[INFO] [stdout]                                at /rustc/53fd98ca776cb875bc9e5514f56b52eb74f9e7a9/library/std/src/panic.rs:434:14
[INFO] [stdout]   27:     0x558007a85198 - test::run_test_in_process::h5cb06ef620b157fc
[INFO] [stdout]                                at /rustc/53fd98ca776cb875bc9e5514f56b52eb74f9e7a9/library/test/src/lib.rs:601:18
[INFO] [stdout]   28:     0x558007a85198 - test::run_test::run_test_inner::{{closure}}::h76f677f4b93f9828
[INFO] [stdout]                                at /rustc/53fd98ca776cb875bc9e5514f56b52eb74f9e7a9/library/test/src/lib.rs:493:39
[INFO] [stdout]   29:     0x558007a5392d - test::run_test::run_test_inner::{{closure}}::h366d01fe04f4d67a
[INFO] [stdout]                                at /rustc/53fd98ca776cb875bc9e5514f56b52eb74f9e7a9/library/test/src/lib.rs:520:37
[INFO] [stdout]   30:     0x558007a5392d - std::sys_common::backtrace::__rust_begin_short_backtrace::h7dfa0de4eb395af2
[INFO] [stdout]                                at /rustc/53fd98ca776cb875bc9e5514f56b52eb74f9e7a9/library/std/src/sys_common/backtrace.rs:125:18
[INFO] [stdout]   31:     0x558007a580f8 - std::thread::Builder::spawn_unchecked::{{closure}}::{{closure}}::hf0a74bb58798037f
[INFO] [stdout]                                at /rustc/53fd98ca776cb875bc9e5514f56b52eb74f9e7a9/library/std/src/thread/mod.rs:476:17
[INFO] [stdout]   32:     0x558007a580f8 - <std::panic::AssertUnwindSafe<F> as core::ops::function::FnOnce<()>>::call_once::hb024e854818586ac
[INFO] [stdout]                                at /rustc/53fd98ca776cb875bc9e5514f56b52eb74f9e7a9/library/std/src/panic.rs:347:9
[INFO] [stdout]   33:     0x558007a580f8 - std::panicking::try::do_call::hb2dd9f1d0d48e41d
[INFO] [stdout]                                at /rustc/53fd98ca776cb875bc9e5514f56b52eb74f9e7a9/library/std/src/panicking.rs:401:40
[INFO] [stdout]   34:     0x558007a580f8 - std::panicking::try::h4717ae7bac8b2bf3
[INFO] [stdout]                                at /rustc/53fd98ca776cb875bc9e5514f56b52eb74f9e7a9/library/std/src/panicking.rs:365:19
[INFO] [stdout]   35:     0x558007a580f8 - std::panic::catch_unwind::h0dc8a061326ce8d8
[INFO] [stdout]                                at /rustc/53fd98ca776cb875bc9e5514f56b52eb74f9e7a9/library/std/src/panic.rs:434:14
[INFO] [stdout]   36:     0x558007a580f8 - std::thread::Builder::spawn_unchecked::{{closure}}::haa369e2d6fd00aa1
[INFO] [stdout]                                at /rustc/53fd98ca776cb875bc9e5514f56b52eb74f9e7a9/library/std/src/thread/mod.rs:475:30
[INFO] [stdout]   37:     0x558007a580f8 - core::ops::function::FnOnce::call_once{{vtable.shim}}::h36dcf3de8b056f17
[INFO] [stdout]                                at /rustc/53fd98ca776cb875bc9e5514f56b52eb74f9e7a9/library/core/src/ops/function.rs:227:5
[INFO] [stdout]   38:     0x558007b29fe7 - <alloc::boxed::Box<F,A> as core::ops::function::FnOnce<Args>>::call_once::h65c29e4642be2358
[INFO] [stdout]                                at /rustc/53fd98ca776cb875bc9e5514f56b52eb74f9e7a9/library/alloc/src/boxed.rs:1572:9
[INFO] [stdout]   39:     0x558007b29fe7 - <alloc::boxed::Box<F,A> as core::ops::function::FnOnce<Args>>::call_once::hd0f8f7fbbd9fffbf
[INFO] [stdout]                                at /rustc/53fd98ca776cb875bc9e5514f56b52eb74f9e7a9/library/alloc/src/boxed.rs:1572:9
[INFO] [stdout]   40:     0x558007b29fe7 - std::sys::unix::thread::Thread::new::thread_start::h2fd22fee3ca77b65
[INFO] [stdout]                                at /rustc/53fd98ca776cb875bc9e5514f56b52eb74f9e7a9/library/std/src/sys/unix/thread.rs:74:17
[INFO] [stdout]   41:     0x7fb9e289d609 - start_thread
[INFO] [stdout]   42:     0x7fb9e266f293 - clone
[INFO] [stdout]   43:                0x0 - <unknown>
[INFO] [stdout] 
[INFO] [stdout] 
[INFO] [stdout] failures:
[INFO] [stdout]     dictionary::user_dictionary::test::userdict
[INFO] [stdout] 
[INFO] [stdout] test result: FAILED. 43 passed; 1 failed; 1 ignored; 0 measured; 0 filtered out; finished in 0.16s
[INFO] [stdout] 
[INFO] [stderr] error: test failed, to rerun pass '--lib'
[INFO] running `Command { std: "docker" "inspect" "2c9dcf2f259f99f0011fad627032869001f24ffd44e83101f1084c70e5f47daa", kill_on_drop: false }`
[INFO] running `Command { std: "docker" "rm" "-f" "2c9dcf2f259f99f0011fad627032869001f24ffd44e83101f1084c70e5f47daa", kill_on_drop: false }`
[INFO] [stdout] 2c9dcf2f259f99f0011fad627032869001f24ffd44e83101f1084c70e5f47daa
