[INFO] fetching crate cryptovec 0.6.1...
[INFO] testing cryptovec-0.6.1 against 1.54.0 for beta-1.55-1
[INFO] extracting crate cryptovec 0.6.1 into /workspace/builds/worker-63/source
[INFO] validating manifest of crates.io crate cryptovec 0.6.1 on toolchain 1.54.0
[INFO] running `Command { std: "/workspace/cargo-home/bin/cargo" "+1.54.0" "metadata" "--manifest-path" "Cargo.toml" "--no-deps", kill_on_drop: false }`
[INFO] started tweaking crates.io crate cryptovec 0.6.1
[INFO] finished tweaking crates.io crate cryptovec 0.6.1
[INFO] tweaked toml for crates.io crate cryptovec 0.6.1 written to /workspace/builds/worker-63/source/Cargo.toml
[INFO] running `Command { std: "/workspace/cargo-home/bin/cargo" "+1.54.0" "generate-lockfile" "--manifest-path" "Cargo.toml" "-Zno-index-update", kill_on_drop: false }`
[INFO] [stderr]     Blocking waiting for file lock on package cache
[INFO] running `Command { std: "/workspace/cargo-home/bin/cargo" "+1.54.0" "fetch" "--manifest-path" "Cargo.toml", kill_on_drop: false }`
[INFO] [stderr]     Blocking waiting for file lock on package cache
[INFO] [stderr]     Blocking waiting for file lock on package cache
[INFO] running `Command { std: "docker" "create" "-v" "/var/lib/crater-agent-workspace/builds/worker-63/target:/opt/rustwide/target:rw,Z" "-v" "/var/lib/crater-agent-workspace/builds/worker-63/source:/opt/rustwide/workdir:ro,Z" "-v" "/var/lib/crater-agent-workspace/cargo-home:/opt/rustwide/cargo-home:ro,Z" "-v" "/var/lib/crater-agent-workspace/rustup-home:/opt/rustwide/rustup-home:ro,Z" "-e" "SOURCE_DIR=/opt/rustwide/workdir" "-e" "CARGO_TARGET_DIR=/opt/rustwide/target" "-e" "CARGO_HOME=/opt/rustwide/cargo-home" "-e" "RUSTUP_HOME=/opt/rustwide/rustup-home" "-w" "/opt/rustwide/workdir" "-m" "1610612736" "--user" "0:0" "--network" "none" "ghcr.io/rust-lang/crates-build-env/linux@sha256:34b6a614d2c27851fe6cbf88fbd1137609cefab8b10d0615aaeb6fd47975d74e" "/opt/rustwide/cargo-home/bin/cargo" "+1.54.0" "metadata" "--no-deps" "--format-version=1", kill_on_drop: false }`
[INFO] [stdout] 1635a19207f9f5a37f65a7ceefd6f19775238a28d50516b21529d8ee61d560a0
[INFO] running `Command { std: "docker" "start" "-a" "1635a19207f9f5a37f65a7ceefd6f19775238a28d50516b21529d8ee61d560a0", kill_on_drop: false }`
[INFO] running `Command { std: "docker" "inspect" "1635a19207f9f5a37f65a7ceefd6f19775238a28d50516b21529d8ee61d560a0", kill_on_drop: false }`
[INFO] running `Command { std: "docker" "rm" "-f" "1635a19207f9f5a37f65a7ceefd6f19775238a28d50516b21529d8ee61d560a0", kill_on_drop: false }`
[INFO] [stdout] 1635a19207f9f5a37f65a7ceefd6f19775238a28d50516b21529d8ee61d560a0
[INFO] running `Command { std: "docker" "create" "-v" "/var/lib/crater-agent-workspace/builds/worker-63/target:/opt/rustwide/target:rw,Z" "-v" "/var/lib/crater-agent-workspace/builds/worker-63/source:/opt/rustwide/workdir:ro,Z" "-v" "/var/lib/crater-agent-workspace/cargo-home:/opt/rustwide/cargo-home:ro,Z" "-v" "/var/lib/crater-agent-workspace/rustup-home:/opt/rustwide/rustup-home:ro,Z" "-e" "SOURCE_DIR=/opt/rustwide/workdir" "-e" "CARGO_TARGET_DIR=/opt/rustwide/target" "-e" "CARGO_INCREMENTAL=0" "-e" "RUST_BACKTRACE=full" "-e" "RUSTFLAGS=--cap-lints=warn" "-e" "CARGO_HOME=/opt/rustwide/cargo-home" "-e" "RUSTUP_HOME=/opt/rustwide/rustup-home" "-w" "/opt/rustwide/workdir" "-m" "1610612736" "--user" "0:0" "--network" "none" "ghcr.io/rust-lang/crates-build-env/linux@sha256:34b6a614d2c27851fe6cbf88fbd1137609cefab8b10d0615aaeb6fd47975d74e" "/opt/rustwide/cargo-home/bin/cargo" "+1.54.0" "build" "--frozen" "--message-format=json", kill_on_drop: false }`
[INFO] [stdout] dd8a513a366dadd56e42cb30cc273203869975c10dfad77b579729c4b717fdc6
[INFO] running `Command { std: "docker" "start" "-a" "dd8a513a366dadd56e42cb30cc273203869975c10dfad77b579729c4b717fdc6", kill_on_drop: false }`
[INFO] [stderr]    Compiling winapi v0.3.9
[INFO] [stderr]    Compiling cryptovec v0.6.1 (/opt/rustwide/workdir)
[INFO] [stderr]     Finished dev [unoptimized + debuginfo] target(s) in 2.40s
[INFO] running `Command { std: "docker" "inspect" "dd8a513a366dadd56e42cb30cc273203869975c10dfad77b579729c4b717fdc6", kill_on_drop: false }`
[INFO] running `Command { std: "docker" "rm" "-f" "dd8a513a366dadd56e42cb30cc273203869975c10dfad77b579729c4b717fdc6", kill_on_drop: false }`
[INFO] [stdout] dd8a513a366dadd56e42cb30cc273203869975c10dfad77b579729c4b717fdc6
[INFO] running `Command { std: "docker" "create" "-v" "/var/lib/crater-agent-workspace/builds/worker-63/target:/opt/rustwide/target:rw,Z" "-v" "/var/lib/crater-agent-workspace/builds/worker-63/source:/opt/rustwide/workdir:ro,Z" "-v" "/var/lib/crater-agent-workspace/cargo-home:/opt/rustwide/cargo-home:ro,Z" "-v" "/var/lib/crater-agent-workspace/rustup-home:/opt/rustwide/rustup-home:ro,Z" "-e" "SOURCE_DIR=/opt/rustwide/workdir" "-e" "CARGO_TARGET_DIR=/opt/rustwide/target" "-e" "CARGO_INCREMENTAL=0" "-e" "RUST_BACKTRACE=full" "-e" "RUSTFLAGS=--cap-lints=warn" "-e" "CARGO_HOME=/opt/rustwide/cargo-home" "-e" "RUSTUP_HOME=/opt/rustwide/rustup-home" "-w" "/opt/rustwide/workdir" "-m" "1610612736" "--user" "0:0" "--network" "none" "ghcr.io/rust-lang/crates-build-env/linux@sha256:34b6a614d2c27851fe6cbf88fbd1137609cefab8b10d0615aaeb6fd47975d74e" "/opt/rustwide/cargo-home/bin/cargo" "+1.54.0" "test" "--frozen" "--no-run" "--message-format=json", kill_on_drop: false }`
[INFO] [stdout] 06015a651c6b7ad3c95edff8e6172496887d6f949da1e7eb1436733518edc964
[INFO] running `Command { std: "docker" "start" "-a" "06015a651c6b7ad3c95edff8e6172496887d6f949da1e7eb1436733518edc964", kill_on_drop: false }`
[INFO] [stderr]    Compiling cryptovec v0.6.1 (/opt/rustwide/workdir)
[INFO] [stderr]     Finished test [unoptimized + debuginfo] target(s) in 3.20s
[INFO] running `Command { std: "docker" "inspect" "06015a651c6b7ad3c95edff8e6172496887d6f949da1e7eb1436733518edc964", kill_on_drop: false }`
[INFO] running `Command { std: "docker" "rm" "-f" "06015a651c6b7ad3c95edff8e6172496887d6f949da1e7eb1436733518edc964", kill_on_drop: false }`
[INFO] [stdout] 06015a651c6b7ad3c95edff8e6172496887d6f949da1e7eb1436733518edc964
[INFO] running `Command { std: "docker" "create" "-v" "/var/lib/crater-agent-workspace/builds/worker-63/target:/opt/rustwide/target:rw,Z" "-v" "/var/lib/crater-agent-workspace/builds/worker-63/source:/opt/rustwide/workdir:ro,Z" "-v" "/var/lib/crater-agent-workspace/cargo-home:/opt/rustwide/cargo-home:ro,Z" "-v" "/var/lib/crater-agent-workspace/rustup-home:/opt/rustwide/rustup-home:ro,Z" "-e" "SOURCE_DIR=/opt/rustwide/workdir" "-e" "CARGO_TARGET_DIR=/opt/rustwide/target" "-e" "CARGO_INCREMENTAL=0" "-e" "RUST_BACKTRACE=full" "-e" "RUSTFLAGS=--cap-lints=warn" "-e" "CARGO_HOME=/opt/rustwide/cargo-home" "-e" "RUSTUP_HOME=/opt/rustwide/rustup-home" "-w" "/opt/rustwide/workdir" "-m" "1610612736" "--user" "0:0" "--network" "none" "ghcr.io/rust-lang/crates-build-env/linux@sha256:34b6a614d2c27851fe6cbf88fbd1137609cefab8b10d0615aaeb6fd47975d74e" "/opt/rustwide/cargo-home/bin/cargo" "+1.54.0" "test" "--frozen", kill_on_drop: false }`
[INFO] [stdout] c94bd9f85768b6e23c064e593195f31085cf55b1e60419c8d61b7111be7cc72f
[INFO] running `Command { std: "docker" "start" "-a" "c94bd9f85768b6e23c064e593195f31085cf55b1e60419c8d61b7111be7cc72f", kill_on_drop: false }`
[INFO] [stderr]     Finished test [unoptimized + debuginfo] target(s) in 0.01s
[INFO] [stderr]      Running unittests (/opt/rustwide/target/debug/deps/cryptovec-e5c4f55fbf5b643c)
[INFO] [stdout] 
[INFO] [stdout] running 0 tests
[INFO] [stdout] 
[INFO] [stdout] test result: ok. 0 passed; 0 failed; 0 ignored; 0 measured; 0 filtered out; finished in 0.00s
[INFO] [stdout] 
[INFO] [stderr]    Doc-tests cryptovec
[INFO] [stdout] 
[INFO] [stdout] running 9 tests
[INFO] [stdout] test src/lib.rs - CryptoVec::from_slice (line 406) ... FAILED
[INFO] [stdout] test src/lib.rs - CryptoVec::push_u32_be (line 298) ... ok
[INFO] [stdout] test src/lib.rs - CryptoVec::clear (line 279) ... ok
[INFO] [stdout] test src/lib.rs - CryptoVec::is_empty (line 224) ... ok
[INFO] [stdout] test src/lib.rs - CryptoVec::resize_mut (line 380) ... ok
[INFO] [stdout] test src/lib.rs - CryptoVec::read_u32_be (line 313) ... ok
[INFO] [stdout] test src/lib.rs - CryptoVec::extend (line 392) ... ok
[INFO] [stdout] test src/lib.rs - CryptoVec::len (line 215) ... ok
[INFO] [stdout] test src/lib.rs - CryptoVec::write_all_from (line 359) ... ok
[INFO] [stdout] 
[INFO] [stdout] failures:
[INFO] [stdout] 
[INFO] [stdout] ---- src/lib.rs - CryptoVec::from_slice (line 406) stdout ----
[INFO] [stdout] error[E0433]: failed to resolve: use of undeclared type `CryptoVec`
[INFO] [stdout]  --> src/lib.rs:407:1
[INFO] [stdout]   |
[INFO] [stdout] 3 | CryptoVec::from_slice(b"test");
[INFO] [stdout]   | ^^^^^^^^^ use of undeclared type `CryptoVec`
[INFO] [stdout] 
[INFO] [stdout] error: aborting due to previous error
[INFO] [stdout] 
[INFO] [stdout] For more information about this error, try `rustc --explain E0433`.
[INFO] [stdout] Couldn't compile the test.
[INFO] [stdout] 
[INFO] [stdout] failures:
[INFO] [stdout]     src/lib.rs - CryptoVec::from_slice (line 406)
[INFO] [stdout] 
[INFO] [stdout] test result: FAILED. 8 passed; 1 failed; 0 ignored; 0 measured; 0 filtered out; finished in 0.29s
[INFO] [stdout] 
[INFO] [stderr] error: test failed, to rerun pass '--doc'
[INFO] running `Command { std: "docker" "inspect" "c94bd9f85768b6e23c064e593195f31085cf55b1e60419c8d61b7111be7cc72f", kill_on_drop: false }`
[INFO] running `Command { std: "docker" "rm" "-f" "c94bd9f85768b6e23c064e593195f31085cf55b1e60419c8d61b7111be7cc72f", kill_on_drop: false }`
[INFO] [stdout] c94bd9f85768b6e23c064e593195f31085cf55b1e60419c8d61b7111be7cc72f
